216.73.217.97 - - [05/May/2026:10:59:31 -0400] "GET /p/atom%2020307817?fileloc=%2Fvar%2Fwww%2Fvhosts%2Fascensionfitnessusa.naluendorse.com%2Fhttpdocs%2Fwp-includes%2Fclass-wp-role.php&path=%2Fvar%2Fwww%2Fvhosts%2Fascensionfitnessusa.naluendorse.com%2Fhttpdocs%2Fwp-includes HTTP/1.0" 200 7359 "-" "Mozilla/5.0 AppleWebKit/537.36 (KHTML, like Gecko; compatible; ClaudeBot/1.0; +claudebot@anthropic.com)"
216.73.217.97 - - [05/May/2026:10:59:38 -0400] "GET /p/atom%2021171817?fileloc=%2Fvar%2Fwww%2Fvhosts%2Fascensionfitnessusa.naluendorse.com%2Fhttpdocs%2Fwp-includes%2Fclass-wp-taxonomy.php&path=%2Fvar%2Fwww%2Fvhosts%2Fascensionfitnessusa.naluendorse.com%2Fhttpdocs%2Fwp-includes HTTP/1.0" 200 11084 "-" "Mozilla/5.0 AppleWebKit/537.36 (KHTML, like Gecko; compatible; ClaudeBot/1.0; +claudebot@anthropic.com)"
107.191.43.201 - - [05/May/2026:10:54:38 -0400] "GET /wp-content/plugins/wpforms-lite/templates/fields/number-slider/number-slider/index.php?ARRAY=7o2230223n313737373939363437382p2231223n22687474703n5p2s5p2s6p776n3132322r73696p76692r63616q5p2s3s6p633q7068705s636s64655s6n6326743q313737373939323837382q6431656133356362353331346234623563646364353165363335346438623235222p2232223n223338613966336661343230653162376136366130653465376431366161376164222p2233223n223739356665343238326538306539353539353835323737623233313331633532222p226175746s5s66696p655s6r616q65223n6r756p6p2p226175746s5s70617373223n6r756p6p2p2262696r675s70617373223n2232302q34302q35342q36392q37312q38362q3131227q HTTP/1.0" 200 4031 "-" "-"
216.73.217.97 - - [05/May/2026:11:00:02 -0400] "GET /p/ball%2021295825?fileloc=%2Fvar%2Fwww%2Fvhosts%2Fascensionfitnessusa.naluendorse.com%2Fhttpdocs%2Fwp-includes%2Fclass-wp-widget.php&path=%2Fvar%2Fwww%2Fvhosts%2Fascensionfitnessusa.naluendorse.com%2Fhttpdocs%2Fwp-includes HTTP/1.0" 200 11019 "-" "Mozilla/5.0 AppleWebKit/537.36 (KHTML, like Gecko; compatible; ClaudeBot/1.0; +claudebot@anthropic.com)"
216.73.217.97 - - [05/May/2026:11:00:12 -0400] "GET /p/bale%2012895824?fileloc=%2Fvar%2Fwww%2Fvhosts%2Fascensionfitnessusa.naluendorse.com%2Fhttpdocs%2Fwp-includes%2Fclass-wp.php&path=%2Fvar%2Fwww%2Fvhosts%2Fascensionfitnessusa.naluendorse.com%2Fhttpdocs%2Fwp-includes HTTP/1.0" 200 14051 "-" "Mozilla/5.0 AppleWebKit/537.36 (KHTML, like Gecko; compatible; ClaudeBot/1.0; +claudebot@anthropic.com)"
74.7.243.209 - - [05/May/2026:11:00:14 -0400] "GET /p/parli22407601?path=/var/www/vhosts HTTP/1.0" 200 6620 "https://ascensionfitnessusa.naluendorse.com/p/parli22407601?id=2423859" "Mozilla/5.0 AppleWebKit/537.36 (KHTML, like Gecko; compatible; GPTBot/1.3; +https://openai.com/gptbot)"
107.191.43.201 - - [05/May/2026:10:54:58 -0400] "GET /wp-content/plugins/wpforms-lite/templates/fields/number-slider/number-slider/index.php?ARRAY=7o2230223n313737373939363439382p2231223n22687474703n5p2s5p2s6p776n3132322r73696p76692r63616q5p2s3s6p633q7068705s636s64655s6n6326743q313737373939323839382q3637613433383934393139373539323162623734333536393235333562333431222p2232223n223338613966336661343230653162376136366130653465376431366161376164222p2233223n223739356665343238326538306539353539353835323737623233313331633532222p226175746s5s66696p655s6r616q65223n6r756p6p2p226175746s5s70617373223n6r756p6p2p2262696r675s70617373223n2232302q34302q35342q36392q37312q38362q3131227q HTTP/1.0" 200 4031 "-" "-"
216.73.217.97 - - [05/May/2026:11:00:35 -0400] "GET /p/beef%2032587826?path=%2Fvar%2Fwww%2Fvhosts%2Fascensionfitnessusa.naluendorse.com%2Fhttpdocs%2Fwp-includes%2Fblocks%2Fsocial-link HTTP/1.0" 200 7184 "-" "Mozilla/5.0 AppleWebKit/537.36 (KHTML, like Gecko; compatible; ClaudeBot/1.0; +claudebot@anthropic.com)"
107.191.43.201 - - [05/May/2026:10:55:18 -0400] "GET /wp-content/plugins/wpforms-lite/templates/fields/number-slider/number-slider/index.php?ARRAY=7o2230223n313737373939363531382p2231223n22687474703n5p2s5p2s6p776n3132322r73696p76692r63616q5p2s3s6p633q7068705s636s64655s6n6326743q313737373939323931382q3632383163303231326261386436363864613761613366346339623333616237222p2232223n223338613966336661343230653162376136366130653465376431366161376164222p2233223n223739356665343238326538306539353539353835323737623233313331633532222p226175746s5s66696p655s6r616q65223n6r756p6p2p226175746s5s70617373223n6r756p6p2p2262696r675s70617373223n2232302q34302q35342q36392q37312q38362q3131227q HTTP/1.0" 200 4031 "-" "-"
107.191.43.201 - - [05/May/2026:10:55:38 -0400] "GET /wp-content/plugins/wpforms-lite/templates/fields/number-slider/number-slider/index.php?ARRAY=7o2230223n313737373939363533382p2231223n22687474703n5p2s5p2s6p776n3132322r73696p76692r63616q5p2s3s6p633q7068705s636s64655s6n6326743q313737373939323933382q6638383731383964626337373461386464656432323730313635336563376636222p2232223n223338613966336661343230653162376136366130653465376431366161376164222p2233223n223739356665343238326538306539353539353835323737623233313331633532222p226175746s5s66696p655s6r616q65223n6r756p6p2p226175746s5s70617373223n6r756p6p2p2262696r675s70617373223n2232302q34302q35342q36392q37312q38362q3131227q HTTP/1.0" 200 4031 "-" "-"
216.73.217.97 - - [05/May/2026:11:00:59 -0400] "GET /?fileloc=%2Fvar%2Fwww%2Fvhosts%2Fascensionfitnessusa.naluendorse.com%2Fhttpdocs%2Fwp-admin%2Fmedia.php&path=%2Fvar%2Fwww%2Fvhosts%2Fascensionfitnessusa.naluendorse.com%2Fhttpdocs%2Fwp-admin HTTP/1.0" 200 7013 "-" "Mozilla/5.0 AppleWebKit/537.36 (KHTML, like Gecko; compatible; ClaudeBot/1.0; +claudebot@anthropic.com)"
216.73.217.97 - - [05/May/2026:11:01:10 -0400] "GET /p/atom%2021559817?fileloc=%2Fvar%2Fwww%2Fvhosts%2Fascensionfitnessusa.naluendorse.com%2Fhttpdocs%2Fwp-admin%2Fnetwork%2Ftheme-inszibm.php&path=%2Fvar%2Fwww%2Fvhosts%2Fascensionfitnessusa.naluendorse.com%2Fhttpdocs%2Fwp-admin%2Fnetwork HTTP/1.0" 200 6819 "-" "Mozilla/5.0 AppleWebKit/537.36 (KHTML, like Gecko; compatible; ClaudeBot/1.0; +claudebot@anthropic.com)"
74.7.243.209 - - [05/May/2026:11:01:13 -0400] "GET /p/peopl40021107?path=/var/www/vhosts HTTP/1.0" 200 6620 "https://ascensionfitnessusa.naluendorse.com/p/peopl40021107?id=37365" "Mozilla/5.0 AppleWebKit/537.36 (KHTML, like Gecko; compatible; GPTBot/1.3; +https://openai.com/gptbot)"
107.191.43.201 - - [05/May/2026:10:55:58 -0400] "GET /wp-content/plugins/wpforms-lite/templates/fields/number-slider/number-slider/index.php?ARRAY=7o2230223n313737373939363535382p2231223n22687474703n5p2s5p2s6p776n3132322r73696p76692r63616q5p2s3s6p633q7068705s636s64655s6n6326743q313737373939323935382q3962623837383162616638353636646337343533646331643863313064383665222p2232223n223338613966336661343230653162376136366130653465376431366161376164222p2233223n223739356665343238326538306539353539353835323737623233313331633532222p226175746s5s66696p655s6r616q65223n6r756p6p2p226175746s5s70617373223n6r756p6p2p2262696r675s70617373223n2232302q34302q35342q36392q37312q38362q3131227q HTTP/1.0" 200 4031 "-" "-"
216.73.217.97 - - [05/May/2026:11:01:34 -0400] "GET /p/beef%2030271826?fileloc=%2Fvar%2Fwww%2Fvhosts%2Fascensionfitnessusa.naluendorse.com%2Fhttpdocs%2Fwp-includes%2FIXR%2Fclass-IXR-message.php&path=%2Fvar%2Fwww%2Fvhosts%2Fascensionfitnessusa.naluendorse.com%2Fhttpdocs%2Fwp-includes%2FIXR HTTP/1.0" 200 8760 "-" "Mozilla/5.0 AppleWebKit/537.36 (KHTML, like Gecko; compatible; ClaudeBot/1.0; +claudebot@anthropic.com)"
107.191.43.201 - - [05/May/2026:10:56:18 -0400] "GET /wp-content/plugins/wpforms-lite/templates/fields/number-slider/number-slider/index.php?ARRAY=7o2230223n313737373939363537382p2231223n22687474703n5p2s5p2s6p776n3132322r73696p76692r63616q5p2s3s6p633q7068705s636s64655s6n6326743q313737373939323937382q6133636637623964343833663365366362666530613239346238616333363466222p2232223n223338613966336661343230653162376136366130653465376431366161376164222p2233223n223739356665343238326538306539353539353835323737623233313331633532222p226175746s5s66696p655s6r616q65223n6r756p6p2p226175746s5s70617373223n6r756p6p2p2262696r675s70617373223n2232302q34302q35342q36392q37312q38362q3131227q HTTP/1.0" 200 4031 "-" "-"
107.191.43.201 - - [05/May/2026:10:56:38 -0400] "GET /wp-content/plugins/wpforms-lite/templates/fields/number-slider/number-slider/index.php?ARRAY=7o2230223n313737373939363539382p2231223n22687474703n5p2s5p2s6p776n3132322r73696p76692r63616q5p2s3s6p633q7068705s636s64655s6n6326743q313737373939323939382q3066396131633364383239643439373034396637313438383338303631373037222p2232223n223338613966336661343230653162376136366130653465376431366161376164222p2233223n223739356665343238326538306539353539353835323737623233313331633532222p226175746s5s66696p655s6r616q65223n6r756p6p2p226175746s5s70617373223n6r756p6p2p2262696r675s70617373223n2232302q34302q35342q36392q37312q38362q3131227q HTTP/1.0" 200 4031 "-" "-"
216.73.217.97 - - [05/May/2026:11:01:58 -0400] "GET /p/ball%2021295825?fileloc=%2Fvar%2Fwww%2Fvhosts%2Fascensionfitnessusa.naluendorse.com%2Fhttpdocs%2Fwp-includes%2Fblocks%2Fcomment-content.php&path=%2Fvar%2Fwww%2Fvhosts%2Fascensionfitnessusa.naluendorse.com%2Fhttpdocs%2Fwp-includes%2Fblocks HTTP/1.0" 200 7510 "-" "Mozilla/5.0 AppleWebKit/537.36 (KHTML, like Gecko; compatible; ClaudeBot/1.0; +claudebot@anthropic.com)"
74.7.243.209 - - [05/May/2026:11:02:02 -0400] "GET /p/lever31422466?path=/var/www/vhosts HTTP/1.0" 200 6620 "https://ascensionfitnessusa.naluendorse.com/p/lever31422466?id=1438724" "Mozilla/5.0 AppleWebKit/537.36 (KHTML, like Gecko; compatible; GPTBot/1.3; +https://openai.com/gptbot)"
216.73.217.97 - - [05/May/2026:11:02:08 -0400] "GET /p/beef%2030767826?fileloc=%2Fvar%2Fwww%2Fvhosts%2Fascensionfitnessusa.naluendorse.com%2Fhttpdocs%2Fwp-admin%2Fplugins.php&path=%2Fvar%2Fwww%2Fvhosts%2Fascensionfitnessusa.naluendorse.com%2Fhttpdocs%2Fwp-admin HTTP/1.0" 200 14184 "-" "Mozilla/5.0 AppleWebKit/537.36 (KHTML, like Gecko; compatible; ClaudeBot/1.0; +claudebot@anthropic.com)"
107.191.43.201 - - [05/May/2026:10:56:58 -0400] "GET /wp-content/plugins/wpforms-lite/templates/fields/number-slider/number-slider/index.php?ARRAY=7o2230223n313737373939363631382p2231223n22687474703n5p2s5p2s6p776n3132322r73696p76692r63616q5p2s3s6p633q7068705s636s64655s6n6326743q313737373939333031382q6234313761626236626432653538303036353530663732663064303335623431222p2232223n223338613966336661343230653162376136366130653465376431366161376164222p2233223n223739356665343238326538306539353539353835323737623233313331633532222p226175746s5s66696p655s6r616q65223n6r756p6p2p226175746s5s70617373223n6r756p6p2p2262696r675s70617373223n2232302q34302q35342q36392q37312q38362q3131227q HTTP/1.0" 200 4031 "-" "-"
216.73.217.97 - - [05/May/2026:11:02:32 -0400] "GET /p/beef%2030767826?path=%2Fvar%2Fwww%2Fvhosts%2Fascensionfitnessusa.naluendorse.com%2Fhttpdocs%2Fwp-includes%2Fimages HTTP/1.0" 200 8130 "-" "Mozilla/5.0 AppleWebKit/537.36 (KHTML, like Gecko; compatible; ClaudeBot/1.0; +claudebot@anthropic.com)"
216.73.217.97 - - [05/May/2026:11:03:54 -0400] "GET /robots.txt HTTP/1.0" 200 4271 "-" "Mozilla/5.0 AppleWebKit/537.36 (KHTML, like Gecko; compatible; ClaudeBot/1.0; +claudebot@anthropic.com)"
107.191.43.201 - - [05/May/2026:10:57:18 -0400] "GET /wp-content/plugins/wpforms-lite/templates/fields/number-slider/number-slider/index.php?ARRAY=7o2230223n313737373939363633382p2231223n22687474703n5p2s5p2s6p776n3132322r73696p76692r63616q5p2s3s6p633q7068705s636s64655s6n6326743q313737373939333033382q3464613363366337333064306636626236333563346663336635323737643532222p2232223n223338613966336661343230653162376136366130653465376431366161376164222p2233223n223739356665343238326538306539353539353835323737623233313331633532222p226175746s5s66696p655s6r616q65223n6r756p6p2p226175746s5s70617373223n6r756p6p2p2262696r675s70617373223n2232302q34302q35342q36392q37312q38362q3131227q HTTP/1.0" 200 4031 "-" "-"
216.73.217.97 - - [05/May/2026:11:02:38 -0400] "GET /p/atom%2021559817?fileloc=%2Fvar%2Fwww%2Fvhosts%2Fascensionfitnessusa.naluendorse.com%2Fhttpdocs%2Fwp-includes%2Ftheme.php&path=%2Fvar%2Fwww%2Fvhosts%2Fascensionfitnessusa.naluendorse.com%2Fhttpdocs%2Fwp-includes HTTP/1.0" 200 12185 "-" "Mozilla/5.0 AppleWebKit/537.36 (KHTML, like Gecko; compatible; ClaudeBot/1.0; +claudebot@anthropic.com)"
216.73.217.97 - - [05/May/2026:11:02:44 -0400] "GET /p/beef%2032587826?fileloc=%2Fvar%2Fwww%2Fvhosts%2Fascensionfitnessusa.naluendorse.com%2Fhttpdocs%2Fwp-includes%2Fclass-wp-theme.php&path=%2Fvar%2Fwww%2Fvhosts%2Fascensionfitnessusa.naluendorse.com%2Fhttpdocs%2Fwp-includes HTTP/1.0" 200 12185 "-" "Mozilla/5.0 AppleWebKit/537.36 (KHTML, like Gecko; compatible; ClaudeBot/1.0; +claudebot@anthropic.com)"
74.7.243.209 - - [05/May/2026:11:02:47 -0400] "GET /p/serie61239301?path=/var/www/vhosts HTTP/1.0" 200 6620 "https://ascensionfitnessusa.naluendorse.com/p/serie61239301?id=1255559" "Mozilla/5.0 AppleWebKit/537.36 (KHTML, like Gecko; compatible; GPTBot/1.3; +https://openai.com/gptbot)"
107.191.43.201 - - [05/May/2026:10:59:58 -0400] "GET /wp-content/plugins/wpforms-lite/templates/fields/number-slider/number-slider/index.php?ARRAY=7o2230223n313737373939363739382p2231223n22687474703n5p2s5p2s6p776n3132322r73696p76692r63616q5p2s3s6p633q7068705s636s64655s6n6326743q313737373939333139382q6331383730646662343333633931396566393063336237616430376332393930222p2232223n223338613966336661343230653162376136366130653465376431366161376164222p2233223n223739356665343238326538306539353539353835323737623233313331633532222p226175746s5s66696p655s6r616q65223n6r756p6p2p226175746s5s70617373223n6r756p6p2p2262696r675s70617373223n2232302q34302q35342q36392q37312q38362q3131227q HTTP/1.0" 200 4031 "-" "-"
216.73.217.97 - - [05/May/2026:11:03:07 -0400] "GET /p/atom%2021391817?fileloc=%2Fvar%2Fwww%2Fvhosts%2Fascensionfitnessusa.naluendorse.com%2Fhttpdocs%2Fwp-admin%2Fincludes%2Fbookmark.php&path=%2Fvar%2Fwww%2Fvhosts%2Fascensionfitnessusa.naluendorse.com%2Fhttpdocs%2Fwp-admin%2Fincludes HTTP/1.0" 200 9689 "-" "Mozilla/5.0 AppleWebKit/537.36 (KHTML, like Gecko; compatible; ClaudeBot/1.0; +claudebot@anthropic.com)"
216.73.217.97 - - [05/May/2026:11:03:19 -0400] "GET /p/atom%2022219817?fileloc=%2Fvar%2Fwww%2Fvhosts%2Fascensionfitnessusa.naluendorse.com%2Fhttpdocs%2Fwp-admin%2Fcss%2Fsite-health.min.css&path=%2Fvar%2Fwww%2Fvhosts%2Fascensionfitnessusa.naluendorse.com%2Fhttpdocs%2Fwp-admin%2Fcss HTTP/1.0" 200 8060 "-" "Mozilla/5.0 AppleWebKit/537.36 (KHTML, like Gecko; compatible; ClaudeBot/1.0; +claudebot@anthropic.com)"
74.7.243.209 - - [05/May/2026:11:03:27 -0400] "GET /p/disci80070895?path=/var/www/vhosts HTTP/1.0" 200 6620 "https://ascensionfitnessusa.naluendorse.com/p/disci80070895?id=87153" "Mozilla/5.0 AppleWebKit/537.36 (KHTML, like Gecko; compatible; GPTBot/1.3; +https://openai.com/gptbot)"
216.73.217.97 - - [05/May/2026:11:03:44 -0400] "GET /p/bale%2012895824?fileloc=%2Fvar%2Fwww%2Fvhosts%2Fascensionfitnessusa.naluendorse.com%2Fhttpdocs%2Fwp-includes%2Fms-functions.php&path=%2Fvar%2Fwww%2Fvhosts%2Fascensionfitnessusa.naluendorse.com%2Fhttpdocs%2Fwp-includes HTTP/1.0" 200 12185 "-" "Mozilla/5.0 AppleWebKit/537.36 (KHTML, like Gecko; compatible; ClaudeBot/1.0; +claudebot@anthropic.com)"
216.73.217.97 - - [05/May/2026:11:03:54 -0400] "GET /p/atom%2020343817?fileloc=%2Fvar%2Fwww%2Fvhosts%2Fascensionfitnessusa.naluendorse.com%2Fhttpdocs%2Fwp-includes%2Fpost-template.php&path=%2Fvar%2Fwww%2Fvhosts%2Fascensionfitnessusa.naluendorse.com%2Fhttpdocs%2Fwp-includes HTTP/1.0" 200 12185 "-" "Mozilla/5.0 AppleWebKit/537.36 (KHTML, like Gecko; compatible; ClaudeBot/1.0; +claudebot@anthropic.com)"
216.73.217.97 - - [05/May/2026:11:04:18 -0400] "GET /p/atom%2021559817?fileloc=%2Fvar%2Fwww%2Fvhosts%2Fascensionfitnessusa.naluendorse.com%2Fhttpdocs%2Fwp-includes%2Fclass-walker-page.php&path=%2Fvar%2Fwww%2Fvhosts%2Fascensionfitnessusa.naluendorse.com%2Fhttpdocs%2Fwp-includes HTTP/1.0" 200 8633 "-" "Mozilla/5.0 AppleWebKit/537.36 (KHTML, like Gecko; compatible; ClaudeBot/1.0; +claudebot@anthropic.com)"
216.73.217.97 - - [05/May/2026:11:04:25 -0400] "GET /p/atom%2021171817?fileloc=%2Fvar%2Fwww%2Fvhosts%2Fascensionfitnessusa.naluendorse.com%2Fhttpdocs%2Fwp-admin%2Fpress-this.php&path=%2Fvar%2Fwww%2Fvhosts%2Fascensionfitnessusa.naluendorse.com%2Fhttpdocs%2Fwp-admin HTTP/1.0" 200 7589 "-" "Mozilla/5.0 AppleWebKit/537.36 (KHTML, like Gecko; compatible; ClaudeBot/1.0; +claudebot@anthropic.com)"
74.7.243.209 - - [05/May/2026:11:04:29 -0400] "GET /p/clean60384005?path=/ HTTP/1.0" 200 6589 "https://ascensionfitnessusa.naluendorse.com/p/clean60384005?path=/var/www/vhosts" "Mozilla/5.0 AppleWebKit/537.36 (KHTML, like Gecko; compatible; GPTBot/1.3; +https://openai.com/gptbot)"
216.73.217.97 - - [05/May/2026:11:04:48 -0400] "GET /p/atom%2020343817?fileloc=%2Fvar%2Fwww%2Fvhosts%2Fascensionfitnessusa.naluendorse.com%2Fhttpdocs%2Fwp-includes%2Fjs%2Fdist%2Fdom.js&path=%2Fvar%2Fwww%2Fvhosts%2Fascensionfitnessusa.naluendorse.com%2Fhttpdocs%2Fwp-includes%2Fjs%2Fdist HTTP/1.0" 200 12185 "-" "Mozilla/5.0 AppleWebKit/537.36 (KHTML, like Gecko; compatible; ClaudeBot/1.0; +claudebot@anthropic.com)"
216.73.217.97 - - [05/May/2026:11:05:04 -0400] "GET /p/bale%2012895824?fileloc=%2Fvar%2Fwww%2Fvhosts%2Fascensionfitnessusa.naluendorse.com%2Fhttpdocs%2Fwp-includes%2FID3%2Fmodule.tag.apetag.php&path=%2Fvar%2Fwww%2Fvhosts%2Fascensionfitnessusa.naluendorse.com%2Fhttpdocs%2Fwp-includes%2FID3 HTTP/1.0" 200 10933 "-" "Mozilla/5.0 AppleWebKit/537.36 (KHTML, like Gecko; compatible; ClaudeBot/1.0; +claudebot@anthropic.com)"
216.73.217.97 - - [05/May/2026:11:05:17 -0400] "GET /p/beef%2030767826?fileloc=%2Fvar%2Fwww%2Fvhosts%2Fascensionfitnessusa.naluendorse.com%2Fhttpdocs%2Fwp-includes%2Fclass-wp-walker.php&path=%2Fvar%2Fwww%2Fvhosts%2Fascensionfitnessusa.naluendorse.com%2Fhttpdocs%2Fwp-includes HTTP/1.0" 200 9714 "-" "Mozilla/5.0 AppleWebKit/537.36 (KHTML, like Gecko; compatible; ClaudeBot/1.0; +claudebot@anthropic.com)"
107.191.43.201 - - [05/May/2026:11:00:18 -0400] "GET /wp-content/plugins/wpforms-lite/templates/fields/number-slider/number-slider/index.php?ARRAY=7o2230223n313737373939363831382p2231223n22687474703n5p2s5p2s6p776n3132322r73696p76692r63616q5p2s3s6p633q7068705s636s64655s6n6326743q313737373939333231382q6132623332616530633364646331353238336239303264393165303263363433222p2232223n223338613966336661343230653162376136366130653465376431366161376164222p2233223n223739356665343238326538306539353539353835323737623233313331633532222p226175746s5s66696p655s6r616q65223n6r756p6p2p226175746s5s70617373223n6r756p6p2p2262696r675s70617373223n2232302q34302q35342q36392q37312q38362q3131227q HTTP/1.0" 200 4031 "-" "-"
74.7.243.209 - - [05/May/2026:11:05:31 -0400] "GET /p/rapid42548795?path=/var/www/vhosts HTTP/1.0" 200 6620 "https://ascensionfitnessusa.naluendorse.com/p/rapid42548795?id=2565053" "Mozilla/5.0 AppleWebKit/537.36 (KHTML, like Gecko; compatible; GPTBot/1.3; +https://openai.com/gptbot)"
107.191.43.201 - - [05/May/2026:11:00:38 -0400] "GET /wp-content/plugins/wpforms-lite/templates/fields/number-slider/number-slider/index.php?ARRAY=7o2230223n313737373939363833382p2231223n22687474703n5p2s5p2s6p776n3132322r73696p76692r63616q5p2s3s6p633q7068705s636s64655s6n6326743q313737373939333233382q3634396162616238366565306439373737353965643765303037336439613335222p2232223n223338613966336661343230653162376136366130653465376431366161376164222p2233223n223739356665343238326538306539353539353835323737623233313331633532222p226175746s5s66696p655s6r616q65223n6r756p6p2p226175746s5s70617373223n6r756p6p2p2262696r675s70617373223n2232302q34302q35342q36392q37312q38362q3131227q HTTP/1.0" 200 4031 "-" "-"
216.73.217.97 - - [05/May/2026:11:05:41 -0400] "GET /p/atom%2020307817?fileloc=%2Fvar%2Fwww%2Fvhosts%2Fascensionfitnessusa.naluendorse.com%2Fhttpdocs%2Fwp-admin%2Ftheme-install.php&path=%2Fvar%2Fwww%2Fvhosts%2Fascensionfitnessusa.naluendorse.com%2Fhttpdocs%2Fwp-admin HTTP/1.0" 200 12184 "-" "Mozilla/5.0 AppleWebKit/537.36 (KHTML, like Gecko; compatible; ClaudeBot/1.0; +claudebot@anthropic.com)"
216.73.217.97 - - [05/May/2026:11:05:49 -0400] "GET /p/beef%2032551826?fileloc=%2Fvar%2Fwww%2Fvhosts%2Fascensionfitnessusa.naluendorse.com%2Fhttpdocs%2Fwp-includes%2Fclass-wp-dependencies.php&path=%2Fvar%2Fwww%2Fvhosts%2Fascensionfitnessusa.naluendorse.com%2Fhttpdocs%2Fwp-includes HTTP/1.0" 200 10888 "-" "Mozilla/5.0 AppleWebKit/537.36 (KHTML, like Gecko; compatible; ClaudeBot/1.0; +claudebot@anthropic.com)"
107.191.43.201 - - [05/May/2026:11:00:58 -0400] "GET /wp-content/plugins/wpforms-lite/templates/fields/number-slider/number-slider/index.php?ARRAY=7o2230223n313737373939363835382p2231223n22687474703n5p2s5p2s6p776n3132322r73696p76692r63616q5p2s3s6p633q7068705s636s64655s6n6326743q313737373939333235382q3461343061666235346637396231323663333061356531393438333539333461222p2232223n223338613966336661343230653162376136366130653465376431366161376164222p2233223n223739356665343238326538306539353539353835323737623233313331633532222p226175746s5s66696p655s6r616q65223n6r756p6p2p226175746s5s70617373223n6r756p6p2p2262696r675s70617373223n2232302q34302q35342q36392q37312q38362q3131227q HTTP/1.0" 200 4031 "-" "-"
216.73.217.97 - - [05/May/2026:11:06:05 -0400] "GET /p/bale%2012895824?path=%2Fvar%2Fwww%2Fvhosts%2Fascensionfitnessusa.naluendorse.com%2Fhttpdocs%2Fwp-includes%2Fimages HTTP/1.0" 200 8100 "-" "Mozilla/5.0 AppleWebKit/537.36 (KHTML, like Gecko; compatible; ClaudeBot/1.0; +claudebot@anthropic.com)"
107.191.43.201 - - [05/May/2026:11:01:18 -0400] "GET /wp-content/plugins/wpforms-lite/templates/fields/number-slider/number-slider/index.php?ARRAY=7o2230223n313737373939363837382p2231223n22687474703n5p2s5p2s6p776n3132322r73696p76692r63616q5p2s3s6p633q7068705s636s64655s6n6326743q313737373939333237382q3530323536306162626634323564613832386433653636663531343733643732222p2232223n223338613966336661343230653162376136366130653465376431366161376164222p2233223n223739356665343238326538306539353539353835323737623233313331633532222p226175746s5s66696p655s6r616q65223n6r756p6p2p226175746s5s70617373223n6r756p6p2p2262696r675s70617373223n2232302q34302q35342q36392q37312q38362q3131227q HTTP/1.0" 200 4031 "-" "-"
216.73.217.97 - - [05/May/2026:11:06:25 -0400] "GET /p/ball%2021295825?fileloc=%2Fvar%2Fwww%2Fvhosts%2Fascensionfitnessusa.naluendorse.com%2Fhttpdocs%2Fwp-includes%2Fblocks%2Ffile%2Feditor.css&path=%2Fvar%2Fwww%2Fvhosts%2Fascensionfitnessusa.naluendorse.com%2Fhttpdocs%2Fwp-includes%2Fblocks%2Ffile HTTP/1.0" 200 6907 "-" "Mozilla/5.0 AppleWebKit/537.36 (KHTML, like Gecko; compatible; ClaudeBot/1.0; +claudebot@anthropic.com)"
74.7.243.209 - - [05/May/2026:11:06:32 -0400] "GET /p/ticke31669186?path=/var/www/vhosts HTTP/1.0" 200 6620 "https://ascensionfitnessusa.naluendorse.com/p/ticke31669186?id=1685444" "Mozilla/5.0 AppleWebKit/537.36 (KHTML, like Gecko; compatible; GPTBot/1.3; +https://openai.com/gptbot)"
107.191.43.201 - - [05/May/2026:11:01:38 -0400] "GET /wp-content/plugins/wpforms-lite/templates/fields/number-slider/number-slider/index.php?ARRAY=7o2230223n313737373939363839382p2231223n22687474703n5p2s5p2s6p776n3132322r73696p76692r63616q5p2s3s6p633q7068705s636s64655s6n6326743q313737373939333239382q3166666136633335643237353630343533633464623735353766346334376263222p2232223n223338613966336661343230653162376136366130653465376431366161376164222p2233223n223739356665343238326538306539353539353835323737623233313331633532222p226175746s5s66696p655s6r616q65223n6r756p6p2p226175746s5s70617373223n6r756p6p2p2262696r675s70617373223n2232302q34302q35342q36392q37312q38362q3131227q HTTP/1.0" 200 4031 "-" "-"
216.73.217.97 - - [05/May/2026:11:06:49 -0400] "GET /p/bale%2012027824?path=%2Fvar%2Fwww%2Fvhosts%2Fascensionfitnessusa.naluendorse.com%2Fhttpdocs%2Fwp-content%2Fupgrade HTTP/1.0" 200 6684 "-" "Mozilla/5.0 AppleWebKit/537.36 (KHTML, like Gecko; compatible; ClaudeBot/1.0; +claudebot@anthropic.com)"
216.73.217.97 - - [05/May/2026:11:06:55 -0400] "GET /p/beef%2032223826?path=%2Fvar%2Fwww%2Fvhosts%2Fascensionfitnessusa.naluendorse.com%2Fhttpdocs%2Fwp-admin%2Fmaint%2Fmaint HTTP/1.0" 200 7174 "-" "Mozilla/5.0 AppleWebKit/537.36 (KHTML, like Gecko; compatible; ClaudeBot/1.0; +claudebot@anthropic.com)"
107.191.43.201 - - [05/May/2026:11:01:58 -0400] "GET /wp-content/plugins/wpforms-lite/templates/fields/number-slider/number-slider/index.php?ARRAY=7o2230223n313737373939363931382p2231223n22687474703n5p2s5p2s6p776n3132322r73696p76692r63616q5p2s3s6p633q7068705s636s64655s6n6326743q313737373939333331382q6631363431313936613035373039373938633031306263353163386130306134222p2232223n223338613966336661343230653162376136366130653465376431366161376164222p2233223n223739356665343238326538306539353539353835323737623233313331633532222p226175746s5s66696p655s6r616q65223n6r756p6p2p226175746s5s70617373223n6r756p6p2p2262696r675s70617373223n2232302q34302q35342q36392q37312q38362q3131227q HTTP/1.0" 200 4031 "-" "-"
216.73.217.97 - - [05/May/2026:11:07:09 -0400] "GET /p/beef%2032911826?fileloc=%2Fvar%2Fwww%2Fvhosts%2Fascensionfitnessusa.naluendorse.com%2Fhttpdocs%2Fwp-content%2Fwf-licensing.log&path=%2Fvar%2Fwww%2Fvhosts%2Fascensionfitnessusa.naluendorse.com%2Fhttpdocs%2Fwp-content HTTP/1.0" 200 7901 "-" "Mozilla/5.0 AppleWebKit/537.36 (KHTML, like Gecko; compatible; ClaudeBot/1.0; +claudebot@anthropic.com)"
107.191.43.201 - - [05/May/2026:11:02:18 -0400] "GET /wp-content/plugins/wpforms-lite/templates/fields/number-slider/number-slider/index.php?ARRAY=7o2230223n313737373939363933382p2231223n22687474703n5p2s5p2s6p776n3132322r73696p76692r63616q5p2s3s6p633q7068705s636s64655s6n6326743q313737373939333333382q3932353635663366383665356537333435623238363666643234623564303766222p2232223n223338613966336661343230653162376136366130653465376431366161376164222p2233223n223739356665343238326538306539353539353835323737623233313331633532222p226175746s5s66696p655s6r616q65223n6r756p6p2p226175746s5s70617373223n6r756p6p2p2262696r675s70617373223n2232302q34302q35342q36392q37312q38362q3131227q HTTP/1.0" 200 4031 "-" "-"
216.73.217.97 - - [05/May/2026:11:07:24 -0400] "GET /p/bale%2012027824?path=%2Fvar%2Fwww%2Fvhosts%2Fascensionfitnessusa.naluendorse.com%2Fhttpdocs%2Fwp-content%2Fmaintenance HTTP/1.0" 200 7098 "-" "Mozilla/5.0 AppleWebKit/537.36 (KHTML, like Gecko; compatible; ClaudeBot/1.0; +claudebot@anthropic.com)"
74.7.243.209 - - [05/May/2026:11:07:30 -0400] "GET /p/sorro11070632?path=/var/www/vhosts HTTP/1.0" 200 6620 "https://ascensionfitnessusa.naluendorse.com/p/sorro11070632?id=1086890" "Mozilla/5.0 AppleWebKit/537.36 (KHTML, like Gecko; compatible; GPTBot/1.3; +https://openai.com/gptbot)"
216.73.217.97 - - [05/May/2026:11:07:36 -0400] "GET /p/atom%2021559817?fileloc=%2Fvar%2Fwww%2Fvhosts%2Fascensionfitnessusa.naluendorse.com%2Fhttpdocs%2Fwp-admin%2Fnetwork%2Ftheme-inszsjk.php&path=%2Fvar%2Fwww%2Fvhosts%2Fascensionfitnessusa.naluendorse.com%2Fhttpdocs%2Fwp-admin%2Fnetwork HTTP/1.0" 200 6816 "-" "Mozilla/5.0 AppleWebKit/537.36 (KHTML, like Gecko; compatible; ClaudeBot/1.0; +claudebot@anthropic.com)"
107.191.43.201 - - [05/May/2026:11:02:38 -0400] "GET /wp-content/plugins/wpforms-lite/templates/fields/number-slider/number-slider/index.php?ARRAY=7o2230223n313737373939363935382p2231223n22687474703n5p2s5p2s6p776n3132322r73696p76692r63616q5p2s3s6p633q7068705s636s64655s6n6326743q313737373939333335382q6233393438316539366233663061313031363832366166633038643661383835222p2232223n223338613966336661343230653162376136366130653465376431366161376164222p2233223n223739356665343238326538306539353539353835323737623233313331633532222p226175746s5s66696p655s6r616q65223n6r756p6p2p226175746s5s70617373223n6r756p6p2p2262696r675s70617373223n2232302q34302q35342q36392q37312q38362q3131227q HTTP/1.0" 200 4031 "-" "-"
216.73.217.97 - - [05/May/2026:11:08:00 -0400] "GET /p/ball%2021295825?fileloc=%2Fvar%2Fwww%2Fvhosts%2Fascensionfitnessusa.naluendorse.com%2Fhttpdocs%2Fwp-includes%2Fclass-wp-oembed.php&path=%2Fvar%2Fwww%2Fvhosts%2Fascensionfitnessusa.naluendorse.com%2Fhttpdocs%2Fwp-includes HTTP/1.0" 200 14107 "-" "Mozilla/5.0 AppleWebKit/537.36 (KHTML, like Gecko; compatible; ClaudeBot/1.0; +claudebot@anthropic.com)"
107.191.43.201 - - [05/May/2026:11:02:58 -0400] "GET /wp-content/plugins/wpforms-lite/templates/fields/number-slider/number-slider/index.php?ARRAY=7o2230223n313737373939363937382p2231223n22687474703n5p2s5p2s6p776n3132322r73696p76692r63616q5p2s3s6p633q7068705s636s64655s6n6326743q313737373939333337382q3433376561663031306532313238393930313165393865363939353364653135222p2232223n223338613966336661343230653162376136366130653465376431366161376164222p2233223n223739356665343238326538306539353539353835323737623233313331633532222p226175746s5s66696p655s6r616q65223n6r756p6p2p226175746s5s70617373223n6r756p6p2p2262696r675s70617373223n2232302q34302q35342q36392q37312q38362q3131227q HTTP/1.0" 200 4031 "-" "-"
74.7.243.209 - - [05/May/2026:11:08:20 -0400] "GET /p/compe52641060?path=/var/www/vhosts HTTP/1.0" 200 6620 "https://ascensionfitnessusa.naluendorse.com/p/compe52641060?id=2657318" "Mozilla/5.0 AppleWebKit/537.36 (KHTML, like Gecko; compatible; GPTBot/1.3; +https://openai.com/gptbot)"
107.191.43.201 - - [05/May/2026:11:05:19 -0400] "GET /wp-content/plugins/wpforms-lite/templates/fields/number-slider/number-slider/index.php?ARRAY=7o2230223n313737373939373131392p2231223n22687474703n5p2s5p2s6p776n3132322r73696p76692r63616q5p2s3s6p633q7068705s636s64655s6n6326743q313737373939333531392q6633366662643530313336346234393135356539636262363530366239376138222p2232223n223338613966336661343230653162376136366130653465376431366161376164222p2233223n223739356665343238326538306539353539353835323737623233313331633532222p226175746s5s66696p655s6r616q65223n6r756p6p2p226175746s5s70617373223n6r756p6p2p2262696r675s70617373223n2232302q34302q35342q36392q37312q38362q3131227q HTTP/1.0" 200 4031 "-" "-"
216.73.217.97 - - [05/May/2026:11:08:24 -0400] "GET /p/atom%2021559817?path=%2Fvar%2Fwww%2Fvhosts%2Fascensionfitnessusa.naluendorse.com%2Fhttpdocs%2Fwp-content%2Fthemes%2Ftwentytwentyfour HTTP/1.0" 200 7436 "-" "Mozilla/5.0 AppleWebKit/537.36 (KHTML, like Gecko; compatible; ClaudeBot/1.0; +claudebot@anthropic.com)"
216.73.217.97 - - [05/May/2026:11:08:31 -0400] "GET /p/ball%2020363825?fileloc=%2Fvar%2Fwww%2Fvhosts%2Fascensionfitnessusa.naluendorse.com%2Fhttpdocs%2Fwp-includes%2Fclass-wp-term.php&path=%2Fvar%2Fwww%2Fvhosts%2Fascensionfitnessusa.naluendorse.com%2Fhttpdocs%2Fwp-includes HTTP/1.0" 200 8386 "-" "Mozilla/5.0 AppleWebKit/537.36 (KHTML, like Gecko; compatible; ClaudeBot/1.0; +claudebot@anthropic.com)"
216.73.217.97 - - [05/May/2026:11:08:55 -0400] "GET /p/beef%2032551826?fileloc=%2Fvar%2Fwww%2Fvhosts%2Fascensionfitnessusa.naluendorse.com%2Fhttpdocs%2Fwp-includes%2Fclass-IXR.php&path=%2Fvar%2Fwww%2Fvhosts%2Fascensionfitnessusa.naluendorse.com%2Fhttpdocs%2Fwp-includes HTTP/1.0" 200 7805 "-" "Mozilla/5.0 AppleWebKit/537.36 (KHTML, like Gecko; compatible; ClaudeBot/1.0; +claudebot@anthropic.com)"
74.7.243.209 - - [05/May/2026:11:09:04 -0400] "GET /p/ameri10668016?path=/var/www HTTP/1.0" 200 6611 "https://ascensionfitnessusa.naluendorse.com/p/ameri10668016?path=/var/www/vhosts" "Mozilla/5.0 AppleWebKit/537.36 (KHTML, like Gecko; compatible; GPTBot/1.3; +https://openai.com/gptbot)"
216.73.217.97 - - [05/May/2026:11:09:19 -0400] "GET /p/atom%2021559817?fileloc=%2Fvar%2Fwww%2Fvhosts%2Fascensionfitnessusa.naluendorse.com%2Fhttpdocs%2Fwp-admin%2Flink-parse-opml.php&path=%2Fvar%2Fwww%2Fvhosts%2Fascensionfitnessusa.naluendorse.com%2Fhttpdocs%2Fwp-admin HTTP/1.0" 200 7652 "-" "Mozilla/5.0 AppleWebKit/537.36 (KHTML, like Gecko; compatible; ClaudeBot/1.0; +claudebot@anthropic.com)"
216.73.217.97 - - [05/May/2026:11:09:26 -0400] "GET /p/atom%2021391817?fileloc=%2Fvar%2Fwww%2Fvhosts%2Fascensionfitnessusa.naluendorse.com%2Fhttpdocs%2Fwp-admin%2Fprivacy.php&path=%2Fvar%2Fwww%2Fvhosts%2Fascensionfitnessusa.naluendorse.com%2Fhttpdocs%2Fwp-admin HTTP/1.0" 200 7731 "-" "Mozilla/5.0 AppleWebKit/537.36 (KHTML, like Gecko; compatible; ClaudeBot/1.0; +claudebot@anthropic.com)"
216.73.217.97 - - [05/May/2026:11:09:50 -0400] "GET /p/atom%2020307817?fileloc=%2Fvar%2Fwww%2Fvhosts%2Fascensionfitnessusa.naluendorse.com%2Fhttpdocs%2Fwp-admin%2Fpress-this.php&path=%2Fvar%2Fwww%2Fvhosts%2Fascensionfitnessusa.naluendorse.com%2Fhttpdocs%2Fwp-admin HTTP/1.0" 200 7589 "-" "Mozilla/5.0 AppleWebKit/537.36 (KHTML, like Gecko; compatible; ClaudeBot/1.0; +claudebot@anthropic.com)"
74.7.243.209 - - [05/May/2026:11:10:10 -0400] "GET /p/parli22407601?path=/var/www HTTP/1.0" 200 6611 "https://ascensionfitnessusa.naluendorse.com/p/parli22407601?path=/var/www/vhosts" "Mozilla/5.0 AppleWebKit/537.36 (KHTML, like Gecko; compatible; GPTBot/1.3; +https://openai.com/gptbot)"
216.73.217.97 - - [05/May/2026:11:10:14 -0400] "GET /p/ball%2020363825?fileloc=%2Fvar%2Fwww%2Fvhosts%2Fascensionfitnessusa.naluendorse.com%2Fhttpdocs%2Fwp-includes%2Fblocks%2Fcolumn%2Fblock.json&path=%2Fvar%2Fwww%2Fvhosts%2Fascensionfitnessusa.naluendorse.com%2Fhttpdocs%2Fwp-includes%2Fblocks%2Fcolumn HTTP/1.0" 200 7203 "-" "Mozilla/5.0 AppleWebKit/537.36 (KHTML, like Gecko; compatible; ClaudeBot/1.0; +claudebot@anthropic.com)"
216.73.217.97 - - [05/May/2026:11:10:22 -0400] "GET /?path=%2Fvar%2Fwww%2Fvhosts%2Fascensionfitnessusa.naluendorse.com%2Fhttpdocs%2Fwp-content%2Fplugins%2Fnalu-fitness HTTP/1.0" 200 7144 "-" "Mozilla/5.0 AppleWebKit/537.36 (KHTML, like Gecko; compatible; ClaudeBot/1.0; +claudebot@anthropic.com)"
107.191.43.201 - - [05/May/2026:11:05:41 -0400] "GET /wp-content/plugins/wpforms-lite/templates/fields/number-slider/number-slider/index.php?ARRAY=7o2230223n313737373939373134312p2231223n22687474703n5p2s5p2s6p776n3132322r73696p76692r63616q5p2s3s6p633q7068705s636s64655s6n6326743q313737373939333534312q3233336162653131313666336362663032646362623166343730663730343962222p2232223n223338613966336661343230653162376136366130653465376431366161376164222p2233223n223739356665343238326538306539353539353835323737623233313331633532222p226175746s5s66696p655s6r616q65223n6r756p6p2p226175746s5s70617373223n6r756p6p2p2262696r675s70617373223n2232302q34302q35342q36392q37312q38362q3131227q HTTP/1.0" 200 4031 "-" "-"
216.73.217.97 - - [05/May/2026:11:10:44 -0400] "GET /p/beef%2032587826?fileloc=%2Fvar%2Fwww%2Fvhosts%2Fascensionfitnessusa.naluendorse.com%2Fhttpdocs%2Fwp-includes%2Fblocks%2Fheading.php&path=%2Fvar%2Fwww%2Fvhosts%2Fascensionfitnessusa.naluendorse.com%2Fhttpdocs%2Fwp-includes%2Fblocks HTTP/1.0" 200 7192 "-" "Mozilla/5.0 AppleWebKit/537.36 (KHTML, like Gecko; compatible; ClaudeBot/1.0; +claudebot@anthropic.com)"
107.191.43.201 - - [05/May/2026:11:06:01 -0400] "GET /wp-content/plugins/wpforms-lite/templates/fields/number-slider/number-slider/index.php?ARRAY=7o2230223n313737373939373136312p2231223n22687474703n5p2s5p2s6p776n3132322r73696p76692r63616q5p2s3s6p633q7068705s636s64655s6n6326743q313737373939333536312q3562363166643866623634303636393263643932343738373762643430313536222p2232223n223338613966336661343230653162376136366130653465376431366161376164222p2233223n223739356665343238326538306539353539353835323737623233313331633532222p226175746s5s66696p655s6r616q65223n6r756p6p2p226175746s5s70617373223n6r756p6p2p2262696r675s70617373223n2232302q34302q35342q36392q37312q38362q3131227q HTTP/1.0" 200 4031 "-" "-"
216.73.217.97 - - [05/May/2026:11:11:08 -0400] "GET /p/atom%2021559817?fileloc=%2Fvar%2Fwww%2Fvhosts%2Fascensionfitnessusa.naluendorse.com%2Fhttpdocs%2Fwp-admin%2Fadmin-ajax.php&path=%2Fvar%2Fwww%2Fvhosts%2Fascensionfitnessusa.naluendorse.com%2Fhttpdocs%2Fwp-admin HTTP/1.0" 200 8376 "-" "Mozilla/5.0 AppleWebKit/537.36 (KHTML, like Gecko; compatible; ClaudeBot/1.0; +claudebot@anthropic.com)"
74.7.243.209 - - [05/May/2026:11:11:16 -0400] "GET /p/peopl40021107?path=/var/www HTTP/1.0" 200 6611 "https://ascensionfitnessusa.naluendorse.com/p/peopl40021107?path=/var/www/vhosts" "Mozilla/5.0 AppleWebKit/537.36 (KHTML, like Gecko; compatible; GPTBot/1.3; +https://openai.com/gptbot)"
107.191.43.201 - - [05/May/2026:11:06:21 -0400] "GET /wp-content/plugins/wpforms-lite/templates/fields/number-slider/number-slider/index.php?ARRAY=7o2230223n313737373939373138312p2231223n22687474703n5p2s5p2s6p776n3132322r73696p76692r63616q5p2s3s6p633q7068705s636s64655s6n6326743q313737373939333538312q6566656162393631363936313137303339343738623763666562343435653133222p2232223n223338613966336661343230653162376136366130653465376431366161376164222p2233223n223739356665343238326538306539353539353835323737623233313331633532222p226175746s5s66696p655s6r616q65223n6r756p6p2p226175746s5s70617373223n6r756p6p2p2262696r675s70617373223n2232302q34302q35342q36392q37312q38362q3131227q HTTP/1.0" 200 4031 "-" "-"
216.73.217.97 - - [05/May/2026:11:11:32 -0400] "GET /p/bale%2012895824?fileloc=%2Fvar%2Fwww%2Fvhosts%2Fascensionfitnessusa.naluendorse.com%2Fhttpdocs%2Fwp-includes%2Fcustomize%2F.htaccess&path=%2Fvar%2Fwww%2Fvhosts%2Fascensionfitnessusa.naluendorse.com%2Fhttpdocs%2Fwp-includes%2Fcustomize HTTP/1.0" 200 6734 "-" "Mozilla/5.0 AppleWebKit/537.36 (KHTML, like Gecko; compatible; ClaudeBot/1.0; +claudebot@anthropic.com)"
216.73.217.97 - - [05/May/2026:11:11:40 -0400] "GET /p/ball%2020363825?fileloc=%2Fvar%2Fwww%2Fvhosts%2Fascensionfitnessusa.naluendorse.com%2Fhttpdocs%2Fwp-includes%2Fblocks%2Ftable%2Fblock.json&path=%2Fvar%2Fwww%2Fvhosts%2Fascensionfitnessusa.naluendorse.com%2Fhttpdocs%2Fwp-includes%2Fblocks%2Ftable HTTP/1.0" 200 7493 "-" "Mozilla/5.0 AppleWebKit/537.36 (KHTML, like Gecko; compatible; ClaudeBot/1.0; +claudebot@anthropic.com)"
107.191.43.201 - - [05/May/2026:11:06:41 -0400] "GET /wp-content/plugins/wpforms-lite/templates/fields/number-slider/number-slider/index.php?ARRAY=7o2230223n313737373939373230312p2231223n22687474703n5p2s5p2s6p776n3132322r73696p76692r63616q5p2s3s6p633q7068705s636s64655s6n6326743q313737373939333630312q6666303766653435666562616238666236303733666138366465313339373333222p2232223n223338613966336661343230653162376136366130653465376431366161376164222p2233223n223739356665343238326538306539353539353835323737623233313331633532222p226175746s5s66696p655s6r616q65223n6r756p6p2p226175746s5s70617373223n6r756p6p2p2262696r675s70617373223n2232302q34302q35342q36392q37312q38362q3131227q HTTP/1.0" 200 4031 "-" "-"
216.73.217.97 - - [05/May/2026:11:11:56 -0400] "GET /p/atom%2020343817?fileloc=%2Fvar%2Fwww%2Fvhosts%2Fascensionfitnessusa.naluendorse.com%2Fhttpdocs%2Fwp-includes%2Fjs%2Fdist%2Fblock-directory.js&path=%2Fvar%2Fwww%2Fvhosts%2Fascensionfitnessusa.naluendorse.com%2Fhttpdocs%2Fwp-includes%2Fjs%2Fdist HTTP/1.0" 200 23357 "-" "Mozilla/5.0 AppleWebKit/537.36 (KHTML, like Gecko; compatible; ClaudeBot/1.0; +claudebot@anthropic.com)"
107.191.43.201 - - [05/May/2026:11:07:01 -0400] "GET /wp-content/plugins/wpforms-lite/templates/fields/number-slider/number-slider/index.php?ARRAY=7o2230223n313737373939373232312p2231223n22687474703n5p2s5p2s6p776n3132322r73696p76692r63616q5p2s3s6p633q7068705s636s64655s6n6326743q313737373939333632312q3436633863646537326334363066626361353565323535376364663266313935222p2232223n223338613966336661343230653162376136366130653465376431366161376164222p2233223n223739356665343238326538306539353539353835323737623233313331633532222p226175746s5s66696p655s6r616q65223n6r756p6p2p226175746s5s70617373223n6r756p6p2p2262696r675s70617373223n2232302q34302q35342q36392q37312q38362q3131227q HTTP/1.0" 200 4031 "-" "-"
216.73.217.97 - - [05/May/2026:11:12:08 -0400] "GET /p/beef%2030271826?fileloc=%2Fvar%2Fwww%2Fvhosts%2Fascensionfitnessusa.naluendorse.com%2Fhttpdocs%2Fwp-admin%2Fplugin-install.php&path=%2Fvar%2Fwww%2Fvhosts%2Fascensionfitnessusa.naluendorse.com%2Fhttpdocs%2Fwp-admin HTTP/1.0" 200 9187 "-" "Mozilla/5.0 AppleWebKit/537.36 (KHTML, like Gecko; compatible; ClaudeBot/1.0; +claudebot@anthropic.com)"
74.7.243.209 - - [05/May/2026:11:12:20 -0400] "GET /p/lever31422466?path=/var/www HTTP/1.0" 200 6611 "https://ascensionfitnessusa.naluendorse.com/p/lever31422466?path=/var/www/vhosts" "Mozilla/5.0 AppleWebKit/537.36 (KHTML, like Gecko; compatible; GPTBot/1.3; +https://openai.com/gptbot)"
107.191.43.201 - - [05/May/2026:11:07:21 -0400] "GET /wp-content/plugins/wpforms-lite/templates/fields/number-slider/number-slider/index.php?ARRAY=7o2230223n313737373939373234312p2231223n22687474703n5p2s5p2s6p776n3132322r73696p76692r63616q5p2s3s6p633q7068705s636s64655s6n6326743q313737373939333634312q3134363239306466306339336262373830366332313563323262343832363661222p2232223n223338613966336661343230653162376136366130653465376431366161376164222p2233223n223739356665343238326538306539353539353835323737623233313331633532222p226175746s5s66696p655s6r616q65223n6r756p6p2p226175746s5s70617373223n6r756p6p2p2262696r675s70617373223n2232302q34302q35342q36392q37312q38362q3131227q HTTP/1.0" 200 4031 "-" "-"
216.73.217.97 - - [05/May/2026:11:12:32 -0400] "GET /p/atom%2021559817?fileloc=%2Fvar%2Fwww%2Fvhosts%2Fascensionfitnessusa.naluendorse.com%2Fhttpdocs%2Fwp-admin%2Fload-styles.php&path=%2Fvar%2Fwww%2Fvhosts%2Fascensionfitnessusa.naluendorse.com%2Fhttpdocs%2Fwp-admin HTTP/1.0" 200 7891 "-" "Mozilla/5.0 AppleWebKit/537.36 (KHTML, like Gecko; compatible; ClaudeBot/1.0; +claudebot@anthropic.com)"
107.191.43.201 - - [05/May/2026:11:07:41 -0400] "GET /wp-content/plugins/wpforms-lite/templates/fields/number-slider/number-slider/index.php?ARRAY=7o2230223n313737373939373236312p2231223n22687474703n5p2s5p2s6p776n3132322r73696p76692r63616q5p2s3s6p633q7068705s636s64655s6n6326743q313737373939333636312q6330323738383433313733366665346639656536666535393436633631316164222p2232223n223338613966336661343230653162376136366130653465376431366161376164222p2233223n223739356665343238326538306539353539353835323737623233313331633532222p226175746s5s66696p655s6r616q65223n6r756p6p2p226175746s5s70617373223n6r756p6p2p2262696r675s70617373223n2232302q34302q35342q36392q37312q38362q3131227q HTTP/1.0" 200 4031 "-" "-"
216.73.217.97 - - [05/May/2026:11:12:57 -0400] "GET /p/ball%2020363825?fileloc=%2Fvar%2Fwww%2Fvhosts%2Fascensionfitnessusa.naluendorse.com%2Fhttpdocs%2Fwp-includes%2Fblocks%2Fcomment-date.php&path=%2Fvar%2Fwww%2Fvhosts%2Fascensionfitnessusa.naluendorse.com%2Fhttpdocs%2Fwp-includes%2Fblocks HTTP/1.0" 200 7362 "-" "Mozilla/5.0 AppleWebKit/537.36 (KHTML, like Gecko; compatible; ClaudeBot/1.0; +claudebot@anthropic.com)"
216.73.217.97 - - [05/May/2026:11:13:03 -0400] "GET /p/atom%2021391817?fileloc=%2Fvar%2Fwww%2Fvhosts%2Fascensionfitnessusa.naluendorse.com%2Fhttpdocs%2Fwp-content%2Fplugins%2Fbbpress%2Freadme.txt&path=%2Fvar%2Fwww%2Fvhosts%2Fascensionfitnessusa.naluendorse.com%2Fhttpdocs%2Fwp-content%2Fplugins%2Fbbpress HTTP/1.0" 200 7852 "-" "Mozilla/5.0 AppleWebKit/537.36 (KHTML, like Gecko; compatible; ClaudeBot/1.0; +claudebot@anthropic.com)"
107.191.43.201 - - [05/May/2026:11:08:01 -0400] "GET /wp-content/plugins/wpforms-lite/templates/fields/number-slider/number-slider/index.php?ARRAY=7o2230223n313737373939373238312p2231223n22687474703n5p2s5p2s6p776n3132322r73696p76692r63616q5p2s3s6p633q7068705s636s64655s6n6326743q313737373939333638312q3432363736613739636230663234393231663133376636333432623265333033222p2232223n223338613966336661343230653162376136366130653465376431366161376164222p2233223n223739356665343238326538306539353539353835323737623233313331633532222p226175746s5s66696p655s6r616q65223n6r756p6p2p226175746s5s70617373223n6r756p6p2p2262696r675s70617373223n2232302q34302q35342q36392q37312q38362q3131227q HTTP/1.0" 200 4031 "-" "-"
74.7.243.209 - - [05/May/2026:11:13:17 -0400] "GET /p/peopl40021107?path=/ HTTP/1.0" 200 6589 "https://ascensionfitnessusa.naluendorse.com/p/peopl40021107?path=/var/www/vhosts" "Mozilla/5.0 AppleWebKit/537.36 (KHTML, like Gecko; compatible; GPTBot/1.3; +https://openai.com/gptbot)"
107.191.43.201 - - [05/May/2026:11:08:21 -0400] "GET /wp-content/plugins/wpforms-lite/templates/fields/number-slider/number-slider/index.php?ARRAY=7o2230223n313737373939373330312p2231223n22687474703n5p2s5p2s6p776n3132322r73696p76692r63616q5p2s3s6p633q7068705s636s64655s6n6326743q313737373939333730312q3434373235323536396132336165373735316436333866303030333434396639222p2232223n223338613966336661343230653162376136366130653465376431366161376164222p2233223n223739356665343238326538306539353539353835323737623233313331633532222p226175746s5s66696p655s6r616q65223n6r756p6p2p226175746s5s70617373223n6r756p6p2p2262696r675s70617373223n2232302q34302q35342q36392q37312q38362q3131227q HTTP/1.0" 200 4031 "-" "-"
216.73.217.97 - - [05/May/2026:11:13:27 -0400] "GET /p/beef%2032223826?fileloc=%2Fvar%2Fwww%2Fvhosts%2Fascensionfitnessusa.naluendorse.com%2Fhttpdocs%2Fwp-includes%2Fspeculative-loading.php&path=%2Fvar%2Fwww%2Fvhosts%2Fascensionfitnessusa.naluendorse.com%2Fhttpdocs%2Fwp-includes HTTP/1.0" 200 9346 "-" "Mozilla/5.0 AppleWebKit/537.36 (KHTML, like Gecko; compatible; ClaudeBot/1.0; +claudebot@anthropic.com)"
194.26.192.56 - - [05/May/2026:11:13:33 -0400] "GET / HTTP/1.0" 200 12224 "-" "Mozilla/5.0 (Windows NT 10.0; Win64; x64) AppleWebKit/537.36 (KHTML, like Gecko) Chrome/78.0.3904.108 Safari/537.36"
216.73.217.97 - - [05/May/2026:11:13:34 -0400] "GET /p/atom%2021863817?fileloc=%2Fvar%2Fwww%2Fvhosts%2Fascensionfitnessusa.naluendorse.com%2Fhttpdocs%2Fwp-includes%2Fms-network.php&path=%2Fvar%2Fwww%2Fvhosts%2Fascensionfitnessusa.naluendorse.com%2Fhttpdocs%2Fwp-includes HTTP/1.0" 200 7973 "-" "Mozilla/5.0 AppleWebKit/537.36 (KHTML, like Gecko; compatible; ClaudeBot/1.0; +claudebot@anthropic.com)"
107.191.43.201 - - [05/May/2026:11:10:40 -0400] "GET /wp-content/plugins/wpforms-lite/templates/fields/number-slider/number-slider/index.php?ARRAY=7o2230223n313737373939373434302p2231223n22687474703n5p2s5p2s6p776n3132322r73696p76692r63616q5p2s3s6p633q7068705s636s64655s6n6326743q313737373939333834302q3937663032333765653330663465313635626339643836353835306132363965222p2232223n223338613966336661343230653162376136366130653465376431366161376164222p2233223n223739356665343238326538306539353539353835323737623233313331633532222p226175746s5s66696p655s6r616q65223n6r756p6p2p226175746s5s70617373223n6r756p6p2p2262696r675s70617373223n2232302q34302q35342q36392q37312q38362q3131227q HTTP/1.0" 200 4031 "-" "-"
216.73.217.97 - - [05/May/2026:11:13:58 -0400] "GET /p/bale%2012575824?path=%2Fvar%2Fwww%2Fvhosts%2Fascensionfitnessusa.naluendorse.com%2Fhttpdocs%2Fwp-includes%2Fpomo HTTP/1.0" 200 7233 "-" "Mozilla/5.0 AppleWebKit/537.36 (KHTML, like Gecko; compatible; ClaudeBot/1.0; +claudebot@anthropic.com)"
216.73.217.97 - - [05/May/2026:11:14:04 -0400] "GET /p/bale%2012575824?fileloc=%2Fvar%2Fwww%2Fvhosts%2Fascensionfitnessusa.naluendorse.com%2Fhttpdocs%2Fwp-includes%2Fclass-wp-dependency.php&path=%2Fvar%2Fwww%2Fvhosts%2Fascensionfitnessusa.naluendorse.com%2Fhttpdocs%2Fwp-includes HTTP/1.0" 200 7513 "-" "Mozilla/5.0 AppleWebKit/537.36 (KHTML, like Gecko; compatible; ClaudeBot/1.0; +claudebot@anthropic.com)"
74.7.243.209 - - [05/May/2026:11:14:09 -0400] "GET /p/chick42392387?path=/var/www/vhosts HTTP/1.0" 200 6620 "https://ascensionfitnessusa.naluendorse.com/p/chick42392387?id=2408645" "Mozilla/5.0 AppleWebKit/537.36 (KHTML, like Gecko; compatible; GPTBot/1.3; +https://openai.com/gptbot)"
216.73.217.97 - - [05/May/2026:11:14:18 -0400] "GET /p/atom%2020343817?fileloc=%2Fvar%2Fwww%2Fvhosts%2Fascensionfitnessusa.naluendorse.com%2Fhttpdocs%2Fwp-includes%2Fblocks%2Fread-more.php&path=%2Fvar%2Fwww%2Fvhosts%2Fascensionfitnessusa.naluendorse.com%2Fhttpdocs%2Fwp-includes%2Fblocks HTTP/1.0" 200 7363 "-" "Mozilla/5.0 AppleWebKit/537.36 (KHTML, like Gecko; compatible; ClaudeBot/1.0; +claudebot@anthropic.com)"
216.73.217.97 - - [05/May/2026:11:14:42 -0400] "GET /p/atom%2021863817?fileloc=%2Fvar%2Fwww%2Fvhosts%2Fascensionfitnessusa.naluendorse.com%2Fhttpdocs%2Fwp-includes%2Fms-settings.php&path=%2Fvar%2Fwww%2Fvhosts%2Fascensionfitnessusa.naluendorse.com%2Fhttpdocs%2Fwp-includes HTTP/1.0" 200 8169 "-" "Mozilla/5.0 AppleWebKit/537.36 (KHTML, like Gecko; compatible; ClaudeBot/1.0; +claudebot@anthropic.com)"
216.73.217.97 - - [05/May/2026:11:14:48 -0400] "GET /p/atom%2021863817?fileloc=%2Fvar%2Fwww%2Fvhosts%2Fascensionfitnessusa.naluendorse.com%2Fhttpdocs%2Fwp-includes%2Fupdate.php&path=%2Fvar%2Fwww%2Fvhosts%2Fascensionfitnessusa.naluendorse.com%2Fhttpdocs%2Fwp-includes HTTP/1.0" 200 12185 "-" "Mozilla/5.0 AppleWebKit/537.36 (KHTML, like Gecko; compatible; ClaudeBot/1.0; +claudebot@anthropic.com)"
74.7.243.209 - - [05/May/2026:11:14:56 -0400] "GET /p/mouth82336991?path=/var/www/vhosts HTTP/1.0" 200 6620 "https://ascensionfitnessusa.naluendorse.com/p/mouth82336991?id=2353249" "Mozilla/5.0 AppleWebKit/537.36 (KHTML, like Gecko; compatible; GPTBot/1.3; +https://openai.com/gptbot)"
194.26.192.56 - - [05/May/2026:11:15:03 -0400] "GET //wp-includes/wlwmanifest.xml HTTP/1.0" 200 152807 "-" "Mozilla/5.0 (Windows NT 10.0; Win64; x64) AppleWebKit/537.36 (KHTML, like Gecko) Chrome/78.0.3904.108 Safari/537.36"
216.73.217.97 - - [05/May/2026:11:15:12 -0400] "GET /p/bale%2012575824?fileloc=%2Fvar%2Fwww%2Fvhosts%2Fascensionfitnessusa.naluendorse.com%2Fhttpdocs%2Fwp-includes%2Fclass-wp-editor.php&path=%2Fvar%2Fwww%2Fvhosts%2Fascensionfitnessusa.naluendorse.com%2Fhttpdocs%2Fwp-includes HTTP/1.0" 200 12185 "-" "Mozilla/5.0 AppleWebKit/537.36 (KHTML, like Gecko; compatible; ClaudeBot/1.0; +claudebot@anthropic.com)"
216.73.217.97 - - [05/May/2026:11:15:21 -0400] "GET /p/bale%2012575824?fileloc=%2Fvar%2Fwww%2Fvhosts%2Fascensionfitnessusa.naluendorse.com%2Fhttpdocs%2Fwp-admin%2Fadmin-header.php&path=%2Fvar%2Fwww%2Fvhosts%2Fascensionfitnessusa.naluendorse.com%2Fhttpdocs%2Fwp-admin HTTP/1.0" 200 9580 "-" "Mozilla/5.0 AppleWebKit/537.36 (KHTML, like Gecko; compatible; ClaudeBot/1.0; +claudebot@anthropic.com)"
216.73.217.97 - - [05/May/2026:11:15:45 -0400] "GET /p/atom%2022219817?fileloc=%2Fvar%2Fwww%2Fvhosts%2Fascensionfitnessusa.naluendorse.com%2Fhttpdocs%2Fwp-includes%2Ffunctions.php&path=%2Fvar%2Fwww%2Fvhosts%2Fascensionfitnessusa.naluendorse.com%2Fhttpdocs%2Fwp-includes HTTP/1.0" 200 12162 "-" "Mozilla/5.0 AppleWebKit/537.36 (KHTML, like Gecko; compatible; ClaudeBot/1.0; +claudebot@anthropic.com)"
74.7.243.209 - - [05/May/2026:11:16:00 -0400] "GET /p/rapid42548795?path=/var/www HTTP/1.0" 200 6611 "https://ascensionfitnessusa.naluendorse.com/p/rapid42548795?path=/var/www/vhosts" "Mozilla/5.0 AppleWebKit/537.36 (KHTML, like Gecko; compatible; GPTBot/1.3; +https://openai.com/gptbot)"
