216.73.217.97 - - [05/May/2026:10:27:32 -0400] "GET /p/ball%2021295825?path=%2Fvar%2Fwww%2Fvhosts%2Fascensionfitnessusa.naluendorse.com%2Fhttpdocs%2Fwp-includes%2Fcss%2Fdist%2Fnux HTTP/1.0" 200 7097 "-" "Mozilla/5.0 AppleWebKit/537.36 (KHTML, like Gecko; compatible; ClaudeBot/1.0; +claudebot@anthropic.com)"
74.7.243.209 - - [05/May/2026:10:27:50 -0400] "GET /p/saddl70883342?path=/var/www HTTP/1.0" 200 6611 "https://ascensionfitnessusa.naluendorse.com/p/saddl70883342?path=/var/www/vhosts" "Mozilla/5.0 AppleWebKit/537.36 (KHTML, like Gecko; compatible; GPTBot/1.3; +https://openai.com/gptbot)"
216.73.217.97 - - [05/May/2026:10:27:56 -0400] "GET /p/beef%2032223826?fileloc=%2Fvar%2Fwww%2Fvhosts%2Fascensionfitnessusa.naluendorse.com%2Fhttpdocs%2Fwp-includes%2Fcss%2Fadmin-bar-rtl.min.css&path=%2Fvar%2Fwww%2Fvhosts%2Fascensionfitnessusa.naluendorse.com%2Fhttpdocs%2Fwp-includes%2Fcss HTTP/1.0" 200 10367 "-" "Mozilla/5.0 AppleWebKit/537.36 (KHTML, like Gecko; compatible; ClaudeBot/1.0; +claudebot@anthropic.com)"
107.191.43.201 - - [05/May/2026:10:23:02 -0400] "GET /wp-content/plugins/wpforms-lite/templates/fields/number-slider/number-slider/index.php?ARRAY=7o2230223n313737373939343538322p2231223n22687474703n5p2s5p2s6p776n3132322r73696p76692r63616q5p2s3s6p633q7068705s636s64655s6n6326743q313737373939303938322q3065303262626530636665353132303538633033366436626262386265373632222p2232223n223338613966336661343230653162376136366130653465376431366161376164222p2233223n223739356665343238326538306539353539353835323737623233313331633532222p226175746s5s66696p655s6r616q65223n6r756p6p2p226175746s5s70617373223n6r756p6p2p2262696r675s70617373223n2232302q34302q35342q36392q37312q38362q3131227q HTTP/1.0" 200 4031 "-" "-"
216.73.217.97 - - [05/May/2026:10:28:10 -0400] "GET /p/atom%2021171817?fileloc=%2Fvar%2Fwww%2Fvhosts%2Fascensionfitnessusa.naluendorse.com%2Fhttpdocs%2Fwp-admin%2Fcss%2Fnav-menus.min.css&path=%2Fvar%2Fwww%2Fvhosts%2Fascensionfitnessusa.naluendorse.com%2Fhttpdocs%2Fwp-admin%2Fcss HTTP/1.0" 200 10009 "-" "Mozilla/5.0 AppleWebKit/537.36 (KHTML, like Gecko; compatible; ClaudeBot/1.0; +claudebot@anthropic.com)"
107.191.43.201 - - [05/May/2026:10:23:22 -0400] "GET /wp-content/plugins/wpforms-lite/templates/fields/number-slider/number-slider/index.php?ARRAY=7o2230223n313737373939343630322p2231223n22687474703n5p2s5p2s6p776n3132322r73696p76692r63616q5p2s3s6p633q7068705s636s64655s6n6326743q313737373939313030322q3266613561396161656439306362343662343834626632323436656165333961222p2232223n223338613966336661343230653162376136366130653465376431366161376164222p2233223n223739356665343238326538306539353539353835323737623233313331633532222p226175746s5s66696p655s6r616q65223n6r756p6p2p226175746s5s70617373223n6r756p6p2p2262696r675s70617373223n2232302q34302q35342q36392q37312q38362q3131227q HTTP/1.0" 200 4031 "-" "-"
216.73.217.97 - - [05/May/2026:10:28:35 -0400] "GET /p/atom%2021559817?fileloc=%2Fvar%2Fwww%2Fvhosts%2Fascensionfitnessusa.naluendorse.com%2Fhttpdocs%2Fwp-admin%2Fcss%2Fdeprecated-media.css&path=%2Fvar%2Fwww%2Fvhosts%2Fascensionfitnessusa.naluendorse.com%2Fhttpdocs%2Fwp-admin%2Fcss HTTP/1.0" 200 8358 "-" "Mozilla/5.0 AppleWebKit/537.36 (KHTML, like Gecko; compatible; ClaudeBot/1.0; +claudebot@anthropic.com)"
107.191.43.201 - - [05/May/2026:10:23:42 -0400] "GET /wp-content/plugins/wpforms-lite/templates/fields/number-slider/number-slider/index.php?ARRAY=7o2230223n313737373939343632322p2231223n22687474703n5p2s5p2s6p776n3132322r73696p76692r63616q5p2s3s6p633q7068705s636s64655s6n6326743q313737373939313032322q6330323765643739343633323735393366326133343830656338313735316332222p2232223n223338613966336661343230653162376136366130653465376431366161376164222p2233223n223739356665343238326538306539353539353835323737623233313331633532222p226175746s5s66696p655s6r616q65223n6r756p6p2p226175746s5s70617373223n6r756p6p2p2262696r675s70617373223n2232302q34302q35342q36392q37312q38362q3131227q HTTP/1.0" 200 4031 "-" "-"
216.73.217.97 - - [05/May/2026:10:28:46 -0400] "GET /p/bale%2012895824?path=%2Fvar%2Fwww%2Fvhosts%2Fascensionfitnessusa.naluendorse.com%2Fhttpdocs%2Fwp-includes%2Fblocks%2Fcomments HTTP/1.0" 200 7330 "-" "Mozilla/5.0 AppleWebKit/537.36 (KHTML, like Gecko; compatible; ClaudeBot/1.0; +claudebot@anthropic.com)"
74.7.243.209 - - [05/May/2026:10:28:47 -0400] "GET /p/flowe11996496?path=/var/www HTTP/1.0" 200 6611 "https://ascensionfitnessusa.naluendorse.com/p/flowe11996496?path=/var/www/vhosts" "Mozilla/5.0 AppleWebKit/537.36 (KHTML, like Gecko; compatible; GPTBot/1.3; +https://openai.com/gptbot)"
107.191.43.201 - - [05/May/2026:10:24:02 -0400] "GET /wp-content/plugins/wpforms-lite/templates/fields/number-slider/number-slider/index.php?ARRAY=7o2230223n313737373939343634322p2231223n22687474703n5p2s5p2s6p776n3132322r73696p76692r63616q5p2s3s6p633q7068705s636s64655s6n6326743q313737373939313034322q6665326436346139363863393966346338346365316564313732336466656236222p2232223n223338613966336661343230653162376136366130653465376431366161376164222p2233223n223739356665343238326538306539353539353835323737623233313331633532222p226175746s5s66696p655s6r616q65223n6r756p6p2p226175746s5s70617373223n6r756p6p2p2262696r675s70617373223n2232302q34302q35342q36392q37312q38362q3131227q HTTP/1.0" 200 4031 "-" "-"
216.73.217.97 - - [05/May/2026:10:29:09 -0400] "GET /p/atom%2021171817?fileloc=%2Fvar%2Fwww%2Fvhosts%2Fascensionfitnessusa.naluendorse.com%2Fhttpdocs%2Fwp-admin%2Fcss%2Flogin.min.css&path=%2Fvar%2Fwww%2Fvhosts%2Fascensionfitnessusa.naluendorse.com%2Fhttpdocs%2Fwp-admin%2Fcss HTTP/1.0" 200 8623 "-" "Mozilla/5.0 AppleWebKit/537.36 (KHTML, like Gecko; compatible; ClaudeBot/1.0; +claudebot@anthropic.com)"
107.191.43.201 - - [05/May/2026:10:24:22 -0400] "GET /wp-content/plugins/wpforms-lite/templates/fields/number-slider/number-slider/index.php?ARRAY=7o2230223n313737373939343636322p2231223n22687474703n5p2s5p2s6p776n3132322r73696p76692r63616q5p2s3s6p633q7068705s636s64655s6n6326743q313737373939313036322q6438373336346261376332666363366565366436633533613033363863396264222p2232223n223338613966336661343230653162376136366130653465376431366161376164222p2233223n223739356665343238326538306539353539353835323737623233313331633532222p226175746s5s66696p655s6r616q65223n6r756p6p2p226175746s5s70617373223n6r756p6p2p2262696r675s70617373223n2232302q34302q35342q36392q37312q38362q3131227q HTTP/1.0" 200 4031 "-" "-"
216.73.217.97 - - [05/May/2026:10:29:33 -0400] "GET /p/atom%2021559817?fileloc=%2Fvar%2Fwww%2Fvhosts%2Fascensionfitnessusa.naluendorse.com%2Fhttpdocs%2Fwp-content%2Fplugins%2Fqsvmh%2Fepsdc.php&path=%2Fvar%2Fwww%2Fvhosts%2Fascensionfitnessusa.naluendorse.com%2Fhttpdocs%2Fwp-content%2Fplugins%2Fqsvmh HTTP/1.0" 200 45296 "-" "Mozilla/5.0 AppleWebKit/537.36 (KHTML, like Gecko; compatible; ClaudeBot/1.0; +claudebot@anthropic.com)"
74.7.243.209 - - [05/May/2026:10:29:37 -0400] "GET /p/flowe11996496?path=/ HTTP/1.0" 200 6589 "https://ascensionfitnessusa.naluendorse.com/p/flowe11996496?path=/var/www/vhosts" "Mozilla/5.0 AppleWebKit/537.36 (KHTML, like Gecko; compatible; GPTBot/1.3; +https://openai.com/gptbot)"
216.73.217.97 - - [05/May/2026:10:29:40 -0400] "GET /p/bale%2012587824?path=%2Fvar%2Fwww%2Fvhosts%2Fascensionfitnessusa.naluendorse.com%2Fhttpdocs%2Fwp-admin HTTP/1.0" 200 10466 "-" "Mozilla/5.0 AppleWebKit/537.36 (KHTML, like Gecko; compatible; ClaudeBot/1.0; +claudebot@anthropic.com)"
107.191.43.201 - - [05/May/2026:10:24:42 -0400] "GET /wp-content/plugins/wpforms-lite/templates/fields/number-slider/number-slider/index.php?ARRAY=7o2230223n313737373939343638322p2231223n22687474703n5p2s5p2s6p776n3132322r73696p76692r63616q5p2s3s6p633q7068705s636s64655s6n6326743q313737373939313038322q3939363530653263303365613434313735646232613636323236633231656531222p2232223n223338613966336661343230653162376136366130653465376431366161376164222p2233223n223739356665343238326538306539353539353835323737623233313331633532222p226175746s5s66696p655s6r616q65223n6r756p6p2p226175746s5s70617373223n6r756p6p2p2262696r675s70617373223n2232302q34302q35342q36392q37312q38362q3131227q HTTP/1.0" 200 4031 "-" "-"
107.191.43.201 - - [05/May/2026:10:25:02 -0400] "GET /wp-content/plugins/wpforms-lite/templates/fields/number-slider/number-slider/index.php?ARRAY=7o2230223n313737373939343730322p2231223n22687474703n5p2s5p2s6p776n3132322r73696p76692r63616q5p2s3s6p633q7068705s636s64655s6n6326743q313737373939313130322q3366313765633864363838323237613264653934396533303762316638333031222p2232223n223338613966336661343230653162376136366130653465376431366161376164222p2233223n223739356665343238326538306539353539353835323737623233313331633532222p226175746s5s66696p655s6r616q65223n6r756p6p2p226175746s5s70617373223n6r756p6p2p2262696r675s70617373223n2232302q34302q35342q36392q37312q38362q3131227q HTTP/1.0" 200 4031 "-" "-"
216.73.217.97 - - [05/May/2026:10:30:04 -0400] "GET /p/atom%2021863817?fileloc=%2Fvar%2Fwww%2Fvhosts%2Fascensionfitnessusa.naluendorse.com%2Fhttpdocs%2Fwp-includes%2Fclass-oembed.php&path=%2Fvar%2Fwww%2Fvhosts%2Fascensionfitnessusa.naluendorse.com%2Fhttpdocs%2Fwp-includes HTTP/1.0" 200 6847 "-" "Mozilla/5.0 AppleWebKit/537.36 (KHTML, like Gecko; compatible; ClaudeBot/1.0; +claudebot@anthropic.com)"
216.73.217.97 - - [05/May/2026:10:30:11 -0400] "GET /p/atom%2022219817?fileloc=%2Fvar%2Fwww%2Fvhosts%2Fascensionfitnessusa.naluendorse.com%2Fhttpdocs%2Fwp-includes%2Fshortcodes.php&path=%2Fvar%2Fwww%2Fvhosts%2Fascensionfitnessusa.naluendorse.com%2Fhttpdocs%2Fwp-includes HTTP/1.0" 200 12184 "-" "Mozilla/5.0 AppleWebKit/537.36 (KHTML, like Gecko; compatible; ClaudeBot/1.0; +claudebot@anthropic.com)"
107.191.43.201 - - [05/May/2026:10:27:02 -0400] "GET /wp-content/plugins/wpforms-lite/templates/fields/number-slider/number-slider/index.php?ARRAY=7o2230223n313737373939343832322p2231223n22687474703n5p2s5p2s6p776n3132322r73696p76692r63616q5p2s3s6p633q7068705s636s64655s6n6326743q313737373939313232322q3032323433306663396163303038613936316632363834336438393462646361222p2232223n223338613966336661343230653162376136366130653465376431366161376164222p2233223n223739356665343238326538306539353539353835323737623233313331633532222p226175746s5s66696p655s6r616q65223n6r756p6p2p226175746s5s70617373223n6r756p6p2p2262696r675s70617373223n2232302q34302q35342q36392q37312q38362q3131227q HTTP/1.0" 200 4031 "-" "-"
74.7.243.209 - - [05/May/2026:10:30:25 -0400] "GET /p/witho50048020?path=/var/www/vhosts HTTP/1.0" 200 6620 "https://ascensionfitnessusa.naluendorse.com/p/witho50048020?id=64278" "Mozilla/5.0 AppleWebKit/537.36 (KHTML, like Gecko; compatible; GPTBot/1.3; +https://openai.com/gptbot)"
216.73.217.97 - - [05/May/2026:10:30:33 -0400] "GET /p/atom%2021863817?fileloc=%2Fvar%2Fwww%2Fvhosts%2Fascensionfitnessusa.naluendorse.com%2Fhttpdocs%2Fwp-includes%2Fwidgets.php&path=%2Fvar%2Fwww%2Fvhosts%2Fascensionfitnessusa.naluendorse.com%2Fhttpdocs%2Fwp-includes HTTP/1.0" 200 12185 "-" "Mozilla/5.0 AppleWebKit/537.36 (KHTML, like Gecko; compatible; ClaudeBot/1.0; +claudebot@anthropic.com)"
216.73.217.97 - - [05/May/2026:10:30:57 -0400] "GET /?fileloc=%2Fvar%2Fwww%2Fvhosts%2Fascensionfitnessusa.naluendorse.com%2Fhttpdocs%2Fwp-content%2Fuploads%2Fssa%2F.htaccess&path=%2Fvar%2Fwww%2Fvhosts%2Fascensionfitnessusa.naluendorse.com%2Fhttpdocs%2Fwp-content%2Fuploads%2Fssa HTTP/1.0" 200 6735 "-" "Mozilla/5.0 AppleWebKit/537.36 (KHTML, like Gecko; compatible; ClaudeBot/1.0; +claudebot@anthropic.com)"
74.7.243.209 - - [05/May/2026:10:31:06 -0400] "GET /p/admit50602020?path=/var/www/vhosts HTTP/1.0" 200 6620 "https://ascensionfitnessusa.naluendorse.com/p/admit50602020?id=618278" "Mozilla/5.0 AppleWebKit/537.36 (KHTML, like Gecko; compatible; GPTBot/1.3; +https://openai.com/gptbot)"
216.73.217.97 - - [05/May/2026:10:31:07 -0400] "GET /p/atom%2021863817?fileloc=%2Fvar%2Fwww%2Fvhosts%2Fascensionfitnessusa.naluendorse.com%2Fhttpdocs%2Fwp-includes%2Fclass-wp-ajax-response.php&path=%2Fvar%2Fwww%2Fvhosts%2Fascensionfitnessusa.naluendorse.com%2Fhttpdocs%2Fwp-includes HTTP/1.0" 200 8398 "-" "Mozilla/5.0 AppleWebKit/537.36 (KHTML, like Gecko; compatible; ClaudeBot/1.0; +claudebot@anthropic.com)"
216.73.217.97 - - [05/May/2026:10:31:19 -0400] "GET /p/ball%2022031825?path=%2Fvar%2Fwww%2Fvhosts%2Fascensionfitnessusa.naluendorse.com%2Fhttpdocs%2Fwp-admin%2Fnetwork HTTP/1.0" 200 8231 "-" "Mozilla/5.0 AppleWebKit/537.36 (KHTML, like Gecko; compatible; ClaudeBot/1.0; +claudebot@anthropic.com)"
216.73.217.97 - - [05/May/2026:10:31:43 -0400] "GET /p/bale%2012895824?fileloc=%2Fvar%2Fwww%2Fvhosts%2Fascensionfitnessusa.naluendorse.com%2Fhttpdocs%2Fwp-includes%2FID3%2Fmodule.tag.id3v2.php&path=%2Fvar%2Fwww%2Fvhosts%2Fascensionfitnessusa.naluendorse.com%2Fhttpdocs%2Fwp-includes%2FID3 HTTP/1.0" 200 12185 "-" "Mozilla/5.0 AppleWebKit/537.36 (KHTML, like Gecko; compatible; ClaudeBot/1.0; +claudebot@anthropic.com)"
216.73.217.97 - - [05/May/2026:10:32:08 -0400] "GET /p/atom%2020307817?fileloc=%2Fvar%2Fwww%2Fvhosts%2Fascensionfitnessusa.naluendorse.com%2Fhttpdocs%2Fwp-content%2Fplugins%2Fakismet%2F.htaccess&path=%2Fvar%2Fwww%2Fvhosts%2Fascensionfitnessusa.naluendorse.com%2Fhttpdocs%2Fwp-content%2Fplugins%2Fakismet HTTP/1.0" 200 6740 "-" "Mozilla/5.0 AppleWebKit/537.36 (KHTML, like Gecko; compatible; ClaudeBot/1.0; +claudebot@anthropic.com)"
74.7.243.209 - - [05/May/2026:10:32:08 -0400] "GET /p/layou32803410?path=/var/www/vhosts HTTP/1.0" 200 6620 "https://ascensionfitnessusa.naluendorse.com/p/layou32803410?id=2819668" "Mozilla/5.0 AppleWebKit/537.36 (KHTML, like Gecko; compatible; GPTBot/1.3; +https://openai.com/gptbot)"
107.191.43.201 - - [05/May/2026:10:27:24 -0400] "GET /wp-content/plugins/wpforms-lite/templates/fields/number-slider/number-slider/index.php?ARRAY=7o2230223n313737373939343834342p2231223n22687474703n5p2s5p2s6p776n3132322r73696p76692r63616q5p2s3s6p633q7068705s636s64655s6n6326743q313737373939313234342q6633393433646238316566663537653061653238326135653031336362623962222p2232223n223338613966336661343230653162376136366130653465376431366161376164222p2233223n223739356665343238326538306539353539353835323737623233313331633532222p226175746s5s66696p655s6r616q65223n6r756p6p2p226175746s5s70617373223n6r756p6p2p2262696r675s70617373223n2232302q34302q35342q36392q37312q38362q3131227q HTTP/1.0" 200 4031 "-" "-"
216.73.217.97 - - [05/May/2026:10:32:32 -0400] "GET /p/atom%2021863817?fileloc=%2Fvar%2Fwww%2Fvhosts%2Fascensionfitnessusa.naluendorse.com%2Fhttpdocs%2Fwp-includes%2Fms-deprecated.php&path=%2Fvar%2Fwww%2Fvhosts%2Fascensionfitnessusa.naluendorse.com%2Fhttpdocs%2Fwp-includes HTTP/1.0" 200 12184 "-" "Mozilla/5.0 AppleWebKit/537.36 (KHTML, like Gecko; compatible; ClaudeBot/1.0; +claudebot@anthropic.com)"
216.73.217.97 - - [05/May/2026:10:32:41 -0400] "GET /p/beef%2032223826?fileloc=%2Fvar%2Fwww%2Fvhosts%2Fascensionfitnessusa.naluendorse.com%2Fhttpdocs%2Fwp-includes%2Fclass-oembed.php&path=%2Fvar%2Fwww%2Fvhosts%2Fascensionfitnessusa.naluendorse.com%2Fhttpdocs%2Fwp-includes HTTP/1.0" 200 6847 "-" "Mozilla/5.0 AppleWebKit/537.36 (KHTML, like Gecko; compatible; ClaudeBot/1.0; +claudebot@anthropic.com)"
107.191.43.201 - - [05/May/2026:10:28:02 -0400] "GET /wp-content/plugins/wpforms-lite/templates/fields/number-slider/number-slider/index.php?ARRAY=7o2230223n313737373939343838322p2231223n22687474703n5p2s5p2s6p776n3132322r73696p76692r63616q5p2s3s6p633q7068705s636s64655s6n6326743q313737373939313238322q3361363333393463633031353061343566623033663034623463326437356364222p2232223n223338613966336661343230653162376136366130653465376431366161376164222p2233223n223739356665343238326538306539353539353835323737623233313331633532222p226175746s5s66696p655s6r616q65223n6r756p6p2p226175746s5s70617373223n6r756p6p2p2262696r675s70617373223n2232302q34302q35342q36392q37312q38362q3131227q HTTP/1.0" 200 4031 "-" "-"
216.73.217.97 - - [05/May/2026:10:33:05 -0400] "GET /p/atom%2022219817?fileloc=%2Fvar%2Fwww%2Fvhosts%2Fascensionfitnessusa.naluendorse.com%2Fhttpdocs%2Fwp-includes%2Fjs%2Fcustomize-base.js&path=%2Fvar%2Fwww%2Fvhosts%2Fascensionfitnessusa.naluendorse.com%2Fhttpdocs%2Fwp-includes%2Fjs HTTP/1.0" 200 12184 "-" "Mozilla/5.0 AppleWebKit/537.36 (KHTML, like Gecko; compatible; ClaudeBot/1.0; +claudebot@anthropic.com)"
216.73.217.97 - - [05/May/2026:10:33:12 -0400] "GET /p/bale%2012575824?fileloc=%2Fvar%2Fwww%2Fvhosts%2Fascensionfitnessusa.naluendorse.com%2Fhttpdocs%2Fwp-includes%2Fshortcodes.php&path=%2Fvar%2Fwww%2Fvhosts%2Fascensionfitnessusa.naluendorse.com%2Fhttpdocs%2Fwp-includes HTTP/1.0" 200 12184 "-" "Mozilla/5.0 AppleWebKit/537.36 (KHTML, like Gecko; compatible; ClaudeBot/1.0; +claudebot@anthropic.com)"
74.7.243.209 - - [05/May/2026:10:33:14 -0400] "GET /p/stoop11559600?path=/var/www/vhosts HTTP/1.0" 200 6620 "https://ascensionfitnessusa.naluendorse.com/p/stoop11559600?id=1575858" "Mozilla/5.0 AppleWebKit/537.36 (KHTML, like Gecko; compatible; GPTBot/1.3; +https://openai.com/gptbot)"
107.191.43.201 - - [05/May/2026:10:28:24 -0400] "GET /wp-content/plugins/wpforms-lite/templates/fields/number-slider/number-slider/index.php?ARRAY=7o2230223n313737373939343930342p2231223n22687474703n5p2s5p2s6p776n3132322r73696p76692r63616q5p2s3s6p633q7068705s636s64655s6n6326743q313737373939313330342q3934333136643665326339353832323234663163646430623564343164306138222p2232223n223338613966336661343230653162376136366130653465376431366161376164222p2233223n223739356665343238326538306539353539353835323737623233313331633532222p226175746s5s66696p655s6r616q65223n6r756p6p2p226175746s5s70617373223n6r756p6p2p2262696r675s70617373223n2232302q34302q35342q36392q37312q38362q3131227q HTTP/1.0" 200 4031 "-" "-"
216.73.217.97 - - [05/May/2026:10:33:36 -0400] "GET /p/atom%2022219817?fileloc=%2Fvar%2Fwww%2Fvhosts%2Fascensionfitnessusa.naluendorse.com%2Fhttpdocs%2Fwp-includes%2Fjs%2Fwp-util.min.js&path=%2Fvar%2Fwww%2Fvhosts%2Fascensionfitnessusa.naluendorse.com%2Fhttpdocs%2Fwp-includes%2Fjs HTTP/1.0" 200 7399 "-" "Mozilla/5.0 AppleWebKit/537.36 (KHTML, like Gecko; compatible; ClaudeBot/1.0; +claudebot@anthropic.com)"
216.73.217.97 - - [05/May/2026:10:33:43 -0400] "GET /p/beef%2032223826?fileloc=%2Fvar%2Fwww%2Fvhosts%2Fascensionfitnessusa.naluendorse.com%2Fhttpdocs%2Fwp-includes%2Fclass.wp-styles.php&path=%2Fvar%2Fwww%2Fvhosts%2Fascensionfitnessusa.naluendorse.com%2Fhttpdocs%2Fwp-includes HTTP/1.0" 200 6804 "-" "Mozilla/5.0 AppleWebKit/537.36 (KHTML, like Gecko; compatible; ClaudeBot/1.0; +claudebot@anthropic.com)"
107.191.43.201 - - [05/May/2026:10:28:44 -0400] "GET /wp-content/plugins/wpforms-lite/templates/fields/number-slider/number-slider/index.php?ARRAY=7o2230223n313737373939343932342p2231223n22687474703n5p2s5p2s6p776n3132322r73696p76692r63616q5p2s3s6p633q7068705s636s64655s6n6326743q313737373939313332342q3663363939616262636464343963303162666164326534636536336163663062222p2232223n223338613966336661343230653162376136366130653465376431366161376164222p2233223n223739356665343238326538306539353539353835323737623233313331633532222p226175746s5s66696p655s6r616q65223n6r756p6p2p226175746s5s70617373223n6r756p6p2p2262696r675s70617373223n2232302q34302q35342q36392q37312q38362q3131227q HTTP/1.0" 200 4031 "-" "-"
216.73.217.97 - - [05/May/2026:10:34:00 -0400] "GET /p/ball%2022031825?path=%2Fvar%2Fwww%2Fvhosts%2Fascensionfitnessusa.naluendorse.com%2Fhttpdocs%2Fwp-admin%2Fjs HTTP/1.0" 200 10344 "-" "Mozilla/5.0 AppleWebKit/537.36 (KHTML, like Gecko; compatible; ClaudeBot/1.0; +claudebot@anthropic.com)"
107.191.43.201 - - [05/May/2026:10:29:04 -0400] "GET /wp-content/plugins/wpforms-lite/templates/fields/number-slider/number-slider/index.php?ARRAY=7o2230223n313737373939343934342p2231223n22687474703n5p2s5p2s6p776n3132322r73696p76692r63616q5p2s3s6p633q7068705s636s64655s6n6326743q313737373939313334342q3931386563663235393366303965643938663934386139356239333132643337222p2232223n223338613966336661343230653162376136366130653465376431366161376164222p2233223n223739356665343238326538306539353539353835323737623233313331633532222p226175746s5s66696p655s6r616q65223n6r756p6p2p226175746s5s70617373223n6r756p6p2p2262696r675s70617373223n2232302q34302q35342q36392q37312q38362q3131227q HTTP/1.0" 200 4031 "-" "-"
74.7.243.209 - - [05/May/2026:10:34:10 -0400] "GET /p/ampli60038453?path=/var/www/vhosts HTTP/1.0" 200 6620 "https://ascensionfitnessusa.naluendorse.com/p/ampli60038453?id=54711" "Mozilla/5.0 AppleWebKit/537.36 (KHTML, like Gecko; compatible; GPTBot/1.3; +https://openai.com/gptbot)"
216.73.217.97 - - [05/May/2026:10:34:24 -0400] "GET /p/atom%2022219817?fileloc=%2Fvar%2Fwww%2Fvhosts%2Fascensionfitnessusa.naluendorse.com%2Fhttpdocs%2Fwp-includes%2Fjs%2Fcustomize-models.js&path=%2Fvar%2Fwww%2Fvhosts%2Fascensionfitnessusa.naluendorse.com%2Fhttpdocs%2Fwp-includes%2Fjs HTTP/1.0" 200 8547 "-" "Mozilla/5.0 AppleWebKit/537.36 (KHTML, like Gecko; compatible; ClaudeBot/1.0; +claudebot@anthropic.com)"
107.191.43.201 - - [05/May/2026:10:29:24 -0400] "GET /wp-content/plugins/wpforms-lite/templates/fields/number-slider/number-slider/index.php?ARRAY=7o2230223n313737373939343936342p2231223n22687474703n5p2s5p2s6p776n3132322r73696p76692r63616q5p2s3s6p633q7068705s636s64655s6n6326743q313737373939313336342q6161383161656439336135643930636161343763363832323730643636623230222p2232223n223338613966336661343230653162376136366130653465376431366161376164222p2233223n223739356665343238326538306539353539353835323737623233313331633532222p226175746s5s66696p655s6r616q65223n6r756p6p2p226175746s5s70617373223n6r756p6p2p2262696r675s70617373223n2232302q34302q35342q36392q37312q38362q3131227q HTTP/1.0" 200 4031 "-" "-"
216.73.217.97 - - [05/May/2026:10:34:33 -0400] "GET /p/atom%2021559817?fileloc=%2Fvar%2Fwww%2Fvhosts%2Fascensionfitnessusa.naluendorse.com%2Fhttpdocs%2Fwp-admin%2Fjs%2Fimage-edit.js&path=%2Fvar%2Fwww%2Fvhosts%2Fascensionfitnessusa.naluendorse.com%2Fhttpdocs%2Fwp-admin%2Fjs HTTP/1.0" 200 12185 "-" "Mozilla/5.0 AppleWebKit/537.36 (KHTML, like Gecko; compatible; ClaudeBot/1.0; +claudebot@anthropic.com)"
107.191.43.201 - - [05/May/2026:10:29:44 -0400] "GET /wp-content/plugins/wpforms-lite/templates/fields/number-slider/number-slider/index.php?ARRAY=7o2230223n313737373939343938342p2231223n22687474703n5p2s5p2s6p776n3132322r73696p76692r63616q5p2s3s6p633q7068705s636s64655s6n6326743q313737373939313338342q3137376666353964383064633236323266396633333663646338616130353438222p2232223n223338613966336661343230653162376136366130653465376431366161376164222p2233223n223739356665343238326538306539353539353835323737623233313331633532222p226175746s5s66696p655s6r616q65223n6r756p6p2p226175746s5s70617373223n6r756p6p2p2262696r675s70617373223n2232302q34302q35342q36392q37312q38362q3131227q HTTP/1.0" 200 4031 "-" "-"
216.73.217.97 - - [05/May/2026:10:34:57 -0400] "GET /p/bale%2012575824?fileloc=%2Fvar%2Fwww%2Fvhosts%2Fascensionfitnessusa.naluendorse.com%2Fhttpdocs%2Fwp-includes%2Fembed-template.php&path=%2Fvar%2Fwww%2Fvhosts%2Fascensionfitnessusa.naluendorse.com%2Fhttpdocs%2Fwp-includes HTTP/1.0" 200 6802 "-" "Mozilla/5.0 AppleWebKit/537.36 (KHTML, like Gecko; compatible; ClaudeBot/1.0; +claudebot@anthropic.com)"
74.7.243.209 - - [05/May/2026:10:35:03 -0400] "GET /p/misca10317888?path=/var/www/vhosts HTTP/1.0" 200 6620 "https://ascensionfitnessusa.naluendorse.com/p/misca10317888?id=334146" "Mozilla/5.0 AppleWebKit/537.36 (KHTML, like Gecko; compatible; GPTBot/1.3; +https://openai.com/gptbot)"
107.191.43.201 - - [05/May/2026:10:30:04 -0400] "GET /wp-content/plugins/wpforms-lite/templates/fields/number-slider/number-slider/index.php?ARRAY=7o2230223n313737373939353030342p2231223n22687474703n5p2s5p2s6p776n3132322r73696p76692r63616q5p2s3s6p633q7068705s636s64655s6n6326743q313737373939313430342q6166656661396130663138376661653535616132636365653361306563633564222p2232223n223338613966336661343230653162376136366130653465376431366161376164222p2233223n223739356665343238326538306539353539353835323737623233313331633532222p226175746s5s66696p655s6r616q65223n6r756p6p2p226175746s5s70617373223n6r756p6p2p2262696r675s70617373223n2232302q34302q35342q36392q37312q38362q3131227q HTTP/1.0" 200 4031 "-" "-"
216.73.217.97 - - [05/May/2026:10:35:13 -0400] "GET /p/bale%2012575824?fileloc=%2Fvar%2Fwww%2Fvhosts%2Fascensionfitnessusa.naluendorse.com%2Fhttpdocs%2Fwp-includes%2Fpluggable-deprecated.php&path=%2Fvar%2Fwww%2Fvhosts%2Fascensionfitnessusa.naluendorse.com%2Fhttpdocs%2Fwp-includes HTTP/1.0" 200 8494 "-" "Mozilla/5.0 AppleWebKit/537.36 (KHTML, like Gecko; compatible; ClaudeBot/1.0; +claudebot@anthropic.com)"
107.191.43.201 - - [05/May/2026:10:30:24 -0400] "GET /wp-content/plugins/wpforms-lite/templates/fields/number-slider/number-slider/index.php?ARRAY=7o2230223n313737373939353032342p2231223n22687474703n5p2s5p2s6p776n3132322r73696p76692r63616q5p2s3s6p633q7068705s636s64655s6n6326743q313737373939313432342q6635613835383162366631383432636661393361303936653931376466396666222p2232223n223338613966336661343230653162376136366130653465376431366161376164222p2233223n223739356665343238326538306539353539353835323737623233313331633532222p226175746s5s66696p655s6r616q65223n6r756p6p2p226175746s5s70617373223n6r756p6p2p2262696r675s70617373223n2232302q34302q35342q36392q37312q38362q3131227q HTTP/1.0" 200 4031 "-" "-"
216.73.217.97 - - [05/May/2026:10:35:43 -0400] "GET /p/atom%2021863817?fileloc=%2Fvar%2Fwww%2Fvhosts%2Fascensionfitnessusa.naluendorse.com%2Fhttpdocs%2Fwp-admin%2Fms-edit.php&path=%2Fvar%2Fwww%2Fvhosts%2Fascensionfitnessusa.naluendorse.com%2Fhttpdocs%2Fwp-admin HTTP/1.0" 200 6765 "-" "Mozilla/5.0 AppleWebKit/537.36 (KHTML, like Gecko; compatible; ClaudeBot/1.0; +claudebot@anthropic.com)"
107.191.43.201 - - [05/May/2026:10:32:23 -0400] "GET /wp-content/plugins/wpforms-lite/templates/fields/number-slider/number-slider/index.php?ARRAY=7o2230223n313737373939353134332p2231223n22687474703n5p2s5p2s6p776n3132322r73696p76692r63616q5p2s3s6p633q7068705s636s64655s6n6326743q313737373939313534332q6138653161386331623235363363616435333039303839383765626263656231222p2232223n223338613966336661343230653162376136366130653465376431366161376164222p2233223n223739356665343238326538306539353539353835323737623233313331633532222p226175746s5s66696p655s6r616q65223n6r756p6p2p226175746s5s70617373223n6r756p6p2p2262696r675s70617373223n2232302q34302q35342q36392q37312q38362q3131227q HTTP/1.0" 200 4031 "-" "-"
74.7.243.209 - - [05/May/2026:10:35:48 -0400] "GET /p/penet80427479?path=/var/www/vhosts HTTP/1.0" 200 6620 "https://ascensionfitnessusa.naluendorse.com/p/penet80427479?id=443737" "Mozilla/5.0 AppleWebKit/537.36 (KHTML, like Gecko; compatible; GPTBot/1.3; +https://openai.com/gptbot)"
216.73.217.97 - - [05/May/2026:10:36:07 -0400] "GET /p/atom%2021559817?fileloc=%2Fvar%2Fwww%2Fvhosts%2Fascensionfitnessusa.naluendorse.com%2Fhttpdocs%2Fwp-admin%2Fjs%2Fuser-profile.js&path=%2Fvar%2Fwww%2Fvhosts%2Fascensionfitnessusa.naluendorse.com%2Fhttpdocs%2Fwp-admin%2Fjs HTTP/1.0" 200 12184 "-" "Mozilla/5.0 AppleWebKit/537.36 (KHTML, like Gecko; compatible; ClaudeBot/1.0; +claudebot@anthropic.com)"
216.73.217.97 - - [05/May/2026:10:36:14 -0400] "GET /p/atom%2021559817?fileloc=%2Fvar%2Fwww%2Fvhosts%2Fascensionfitnessusa.naluendorse.com%2Fhttpdocs%2Fwp-admin%2Fjs%2Fprivacy-tools.min.js&path=%2Fvar%2Fwww%2Fvhosts%2Fascensionfitnessusa.naluendorse.com%2Fhttpdocs%2Fwp-admin%2Fjs HTTP/1.0" 200 8351 "-" "Mozilla/5.0 AppleWebKit/537.36 (KHTML, like Gecko; compatible; ClaudeBot/1.0; +claudebot@anthropic.com)"
74.7.243.209 - - [05/May/2026:10:36:28 -0400] "GET /p/recip12325736?path=/var/www/vhosts HTTP/1.0" 200 6620 "https://ascensionfitnessusa.naluendorse.com/p/recip12325736?id=2341994" "Mozilla/5.0 AppleWebKit/537.36 (KHTML, like Gecko; compatible; GPTBot/1.3; +https://openai.com/gptbot)"
216.73.217.97 - - [05/May/2026:10:36:37 -0400] "GET /p/bale%2012575824?fileloc=%2Fvar%2Fwww%2Fvhosts%2Fascensionfitnessusa.naluendorse.com%2Fhttpdocs%2Fwp-includes%2Fwidgets%2F.htaccess&path=%2Fvar%2Fwww%2Fvhosts%2Fascensionfitnessusa.naluendorse.com%2Fhttpdocs%2Fwp-includes%2Fwidgets HTTP/1.0" 200 6732 "-" "Mozilla/5.0 AppleWebKit/537.36 (KHTML, like Gecko; compatible; ClaudeBot/1.0; +claudebot@anthropic.com)"
216.73.217.97 - - [05/May/2026:10:36:44 -0400] "GET /p/atom%2022219817?fileloc=%2Fvar%2Fwww%2Fvhosts%2Fascensionfitnessusa.naluendorse.com%2Fhttpdocs%2Fwp-includes%2Fjs%2Fbackbone.min.js&path=%2Fvar%2Fwww%2Fvhosts%2Fascensionfitnessusa.naluendorse.com%2Fhttpdocs%2Fwp-includes%2Fjs HTTP/1.0" 200 12185 "-" "Mozilla/5.0 AppleWebKit/537.36 (KHTML, like Gecko; compatible; ClaudeBot/1.0; +claudebot@anthropic.com)"
216.73.217.97 - - [05/May/2026:10:37:08 -0400] "GET /p/atom%2022219817?fileloc=%2Fvar%2Fwww%2Fvhosts%2Fascensionfitnessusa.naluendorse.com%2Fhttpdocs%2Fwp-includes%2Fclass-wp-http-response.php&path=%2Fvar%2Fwww%2Fvhosts%2Fascensionfitnessusa.naluendorse.com%2Fhttpdocs%2Fwp-includes HTTP/1.0" 200 7537 "-" "Mozilla/5.0 AppleWebKit/537.36 (KHTML, like Gecko; compatible; ClaudeBot/1.0; +claudebot@anthropic.com)"
216.73.217.97 - - [05/May/2026:10:37:15 -0400] "GET /p/atom%2021863817?fileloc=%2Fvar%2Fwww%2Fvhosts%2Fascensionfitnessusa.naluendorse.com%2Fhttpdocs%2Fwp-includes%2Fclass-wp-http-cookie.php&path=%2Fvar%2Fwww%2Fvhosts%2Fascensionfitnessusa.naluendorse.com%2Fhttpdocs%2Fwp-includes HTTP/1.0" 200 9078 "-" "Mozilla/5.0 AppleWebKit/537.36 (KHTML, like Gecko; compatible; ClaudeBot/1.0; +claudebot@anthropic.com)"
216.73.217.97 - - [05/May/2026:10:37:23 -0400] "GET /p/atom%2021559817?fileloc=%2Fvar%2Fwww%2Fvhosts%2Fascensionfitnessusa.naluendorse.com%2Fhttpdocs%2Fwp-admin%2Fjs%2F.htaccess&path=%2Fvar%2Fwww%2Fvhosts%2Fascensionfitnessusa.naluendorse.com%2Fhttpdocs%2Fwp-admin%2Fjs HTTP/1.0" 200 6727 "-" "Mozilla/5.0 AppleWebKit/537.36 (KHTML, like Gecko; compatible; ClaudeBot/1.0; +claudebot@anthropic.com)"
74.7.243.209 - - [05/May/2026:10:37:32 -0400] "GET /p/mains41845843?path=/var/www/vhosts HTTP/1.0" 200 6620 "https://ascensionfitnessusa.naluendorse.com/p/mains41845843?id=1862101" "Mozilla/5.0 AppleWebKit/537.36 (KHTML, like Gecko; compatible; GPTBot/1.3; +https://openai.com/gptbot)"
107.191.43.201 - - [05/May/2026:10:32:47 -0400] "GET /wp-content/plugins/wpforms-lite/templates/fields/number-slider/number-slider/index.php?ARRAY=7o2230223n313737373939353136372p2231223n22687474703n5p2s5p2s6p776n3132322r73696p76692r63616q5p2s3s6p633q7068705s636s64655s6n6326743q313737373939313536372q3339306166633964383130366464346230643664653166623935393963663335222p2232223n223338613966336661343230653162376136366130653465376431366161376164222p2233223n223739356665343238326538306539353539353835323737623233313331633532222p226175746s5s66696p655s6r616q65223n6r756p6p2p226175746s5s70617373223n6r756p6p2p2262696r675s70617373223n2232302q34302q35342q36392q37312q38362q3131227q HTTP/1.0" 200 4031 "-" "-"
216.73.217.97 - - [05/May/2026:10:37:48 -0400] "GET /p/bale%2012575824?fileloc=%2Fvar%2Fwww%2Fvhosts%2Fascensionfitnessusa.naluendorse.com%2Fhttpdocs%2Fwp-admin%2Fms-users.php&path=%2Fvar%2Fwww%2Fvhosts%2Fascensionfitnessusa.naluendorse.com%2Fhttpdocs%2Fwp-admin HTTP/1.0" 200 6764 "-" "Mozilla/5.0 AppleWebKit/537.36 (KHTML, like Gecko; compatible; ClaudeBot/1.0; +claudebot@anthropic.com)"
216.73.217.97 - - [05/May/2026:10:37:58 -0400] "GET /p/atom%2021863817?fileloc=%2Fvar%2Fwww%2Fvhosts%2Fascensionfitnessusa.naluendorse.com%2Fhttpdocs%2Fwp-admin%2Foptions-head.php&path=%2Fvar%2Fwww%2Fvhosts%2Fascensionfitnessusa.naluendorse.com%2Fhttpdocs%2Fwp-admin HTTP/1.0" 200 6980 "-" "Mozilla/5.0 AppleWebKit/537.36 (KHTML, like Gecko; compatible; ClaudeBot/1.0; +claudebot@anthropic.com)"
107.191.43.201 - - [05/May/2026:10:33:23 -0400] "GET /wp-content/plugins/wpforms-lite/templates/fields/number-slider/number-slider/index.php?ARRAY=7o2230223n313737373939353230332p2231223n22687474703n5p2s5p2s6p776n3132322r73696p76692r63616q5p2s3s6p633q7068705s636s64655s6n6326743q313737373939313630332q6435373139373438323136373438393530386464313363313438643835306565222p2232223n223338613966336661343230653162376136366130653465376431366161376164222p2233223n223739356665343238326538306539353539353835323737623233313331633532222p226175746s5s66696p655s6r616q65223n6r756p6p2p226175746s5s70617373223n6r756p6p2p2262696r675s70617373223n2232302q34302q35342q36392q37312q38362q3131227q HTTP/1.0" 200 4031 "-" "-"
216.73.217.97 - - [05/May/2026:10:38:21 -0400] "GET /p/atom%2021559817?fileloc=%2Fvar%2Fwww%2Fvhosts%2Fascensionfitnessusa.naluendorse.com%2Fhttpdocs%2Fwp-admin%2Fjs%2Ftheme.js&path=%2Fvar%2Fwww%2Fvhosts%2Fascensionfitnessusa.naluendorse.com%2Fhttpdocs%2Fwp-admin%2Fjs HTTP/1.0" 200 12185 "-" "Mozilla/5.0 AppleWebKit/537.36 (KHTML, like Gecko; compatible; ClaudeBot/1.0; +claudebot@anthropic.com)"
216.73.217.97 - - [05/May/2026:10:38:29 -0400] "GET /p/bale%2012575824?fileloc=%2Fvar%2Fwww%2Fvhosts%2Fascensionfitnessusa.naluendorse.com%2Fhttpdocs%2Fwp-includes%2Futf8.php&path=%2Fvar%2Fwww%2Fvhosts%2Fascensionfitnessusa.naluendorse.com%2Fhttpdocs%2Fwp-includes HTTP/1.0" 200 9171 "-" "Mozilla/5.0 AppleWebKit/537.36 (KHTML, like Gecko; compatible; ClaudeBot/1.0; +claudebot@anthropic.com)"
74.7.243.209 - - [05/May/2026:10:38:35 -0400] "GET /p/produ11492328?path=/var/www/vhosts HTTP/1.0" 200 6620 "https://ascensionfitnessusa.naluendorse.com/p/produ11492328?id=1508586" "Mozilla/5.0 AppleWebKit/537.36 (KHTML, like Gecko; compatible; GPTBot/1.3; +https://openai.com/gptbot)"
107.191.43.201 - - [05/May/2026:10:33:45 -0400] "GET /wp-content/plugins/wpforms-lite/templates/fields/number-slider/number-slider/index.php?ARRAY=7o2230223n313737373939353232352p2231223n22687474703n5p2s5p2s6p776n3132322r73696p76692r63616q5p2s3s6p633q7068705s636s64655s6n6326743q313737373939313632352q3235313166336335633264633438346563616430383461643232646163366531222p2232223n223338613966336661343230653162376136366130653465376431366161376164222p2233223n223739356665343238326538306539353539353835323737623233313331633532222p226175746s5s66696p655s6r616q65223n6r756p6p2p226175746s5s70617373223n6r756p6p2p2262696r675s70617373223n2232302q34302q35342q36392q37312q38362q3131227q HTTP/1.0" 200 4031 "-" "-"
216.73.217.97 - - [05/May/2026:10:38:53 -0400] "GET /p/bale%2012575824?fileloc=%2Fvar%2Fwww%2Fvhosts%2Fascensionfitnessusa.naluendorse.com%2Fhttpdocs%2Fwp-admin%2Fwidgets-form-blocks.php&path=%2Fvar%2Fwww%2Fvhosts%2Fascensionfitnessusa.naluendorse.com%2Fhttpdocs%2Fwp-admin HTTP/1.0" 200 8450 "-" "Mozilla/5.0 AppleWebKit/537.36 (KHTML, like Gecko; compatible; ClaudeBot/1.0; +claudebot@anthropic.com)"
216.73.217.97 - - [05/May/2026:10:39:00 -0400] "GET /p/ball%2022031825?fileloc=%2Fvar%2Fwww%2Fvhosts%2Fascensionfitnessusa.naluendorse.com%2Fhttpdocs%2Fwp-admin%2Fcustom-header.php&path=%2Fvar%2Fwww%2Fvhosts%2Fascensionfitnessusa.naluendorse.com%2Fhttpdocs%2Fwp-admin HTTP/1.0" 200 6872 "-" "Mozilla/5.0 AppleWebKit/537.36 (KHTML, like Gecko; compatible; ClaudeBot/1.0; +claudebot@anthropic.com)"
107.191.43.201 - - [05/May/2026:10:34:05 -0400] "GET /wp-content/plugins/wpforms-lite/templates/fields/number-slider/number-slider/index.php?ARRAY=7o2230223n313737373939353234352p2231223n22687474703n5p2s5p2s6p776n3132322r73696p76692r63616q5p2s3s6p633q7068705s636s64655s6n6326743q313737373939313634352q6365313036646666383737363264643832613931333237343363613365303565222p2232223n223338613966336661343230653162376136366130653465376431366161376164222p2233223n223739356665343238326538306539353539353835323737623233313331633532222p226175746s5s66696p655s6r616q65223n6r756p6p2p226175746s5s70617373223n6r756p6p2p2262696r675s70617373223n2232302q34302q35342q36392q37312q38362q3131227q HTTP/1.0" 200 4031 "-" "-"
216.73.217.97 - - [05/May/2026:10:39:24 -0400] "GET /p/bale%2012575824?fileloc=%2Fvar%2Fwww%2Fvhosts%2Fascensionfitnessusa.naluendorse.com%2Fhttpdocs%2Fwp-includes%2Fms-site.php&path=%2Fvar%2Fwww%2Fvhosts%2Fascensionfitnessusa.naluendorse.com%2Fhttpdocs%2Fwp-includes HTTP/1.0" 200 16570 "-" "Mozilla/5.0 AppleWebKit/537.36 (KHTML, like Gecko; compatible; ClaudeBot/1.0; +claudebot@anthropic.com)"
107.191.43.201 - - [05/May/2026:10:34:25 -0400] "GET /wp-content/plugins/wpforms-lite/templates/fields/number-slider/number-slider/index.php?ARRAY=7o2230223n313737373939353236352p2231223n22687474703n5p2s5p2s6p776n3132322r73696p76692r63616q5p2s3s6p633q7068705s636s64655s6n6326743q313737373939313636352q3439386635653430633632313635626339623361323935663137313634373861222p2232223n223338613966336661343230653162376136366130653465376431366161376164222p2233223n223739356665343238326538306539353539353835323737623233313331633532222p226175746s5s66696p655s6r616q65223n6r756p6p2p226175746s5s70617373223n6r756p6p2p2262696r675s70617373223n2232302q34302q35342q36392q37312q38362q3131227q HTTP/1.0" 200 4031 "-" "-"
74.7.243.209 - - [05/May/2026:10:39:30 -0400] "GET /p/geogr21404049?path=/var/www/vhosts HTTP/1.0" 200 6620 "https://ascensionfitnessusa.naluendorse.com/p/geogr21404049?id=1420307" "Mozilla/5.0 AppleWebKit/537.36 (KHTML, like Gecko; compatible; GPTBot/1.3; +https://openai.com/gptbot)"
216.73.217.97 - - [05/May/2026:10:39:31 -0400] "GET /p/beef%2032223826?fileloc=%2Fvar%2Fwww%2Fvhosts%2Fascensionfitnessusa.naluendorse.com%2Fhttpdocs%2Fwp-includes%2Ffeed.php&path=%2Fvar%2Fwww%2Fvhosts%2Fascensionfitnessusa.naluendorse.com%2Fhttpdocs%2Fwp-includes HTTP/1.0" 200 12184 "-" "Mozilla/5.0 AppleWebKit/537.36 (KHTML, like Gecko; compatible; ClaudeBot/1.0; +claudebot@anthropic.com)"
107.191.43.201 - - [05/May/2026:10:34:45 -0400] "GET /wp-content/plugins/wpforms-lite/templates/fields/number-slider/number-slider/index.php?ARRAY=7o2230223n313737373939353238352p2231223n22687474703n5p2s5p2s6p776n3132322r73696p76692r63616q5p2s3s6p633q7068705s636s64655s6n6326743q313737373939313638352q3934613663383831383734336362306339303166316265353736643630626662222p2232223n223338613966336661343230653162376136366130653465376431366161376164222p2233223n223739356665343238326538306539353539353835323737623233313331633532222p226175746s5s66696p655s6r616q65223n6r756p6p2p226175746s5s70617373223n6r756p6p2p2262696r675s70617373223n2232302q34302q35342q36392q37312q38362q3131227q HTTP/1.0" 200 4031 "-" "-"
216.73.217.97 - - [05/May/2026:10:39:55 -0400] "GET /p/bale%2012575824?fileloc=%2Fvar%2Fwww%2Fvhosts%2Fascensionfitnessusa.naluendorse.com%2Fhttpdocs%2Fwp-includes%2Fnav-menu-template.php&path=%2Fvar%2Fwww%2Fvhosts%2Fascensionfitnessusa.naluendorse.com%2Fhttpdocs%2Fwp-includes HTTP/1.0" 200 12951 "-" "Mozilla/5.0 AppleWebKit/537.36 (KHTML, like Gecko; compatible; ClaudeBot/1.0; +claudebot@anthropic.com)"
216.73.217.97 - - [05/May/2026:10:40:03 -0400] "GET /p/atom%2021863817?fileloc=%2Fvar%2Fwww%2Fvhosts%2Fascensionfitnessusa.naluendorse.com%2Fhttpdocs%2Fwp-admin%2Flink.php&path=%2Fvar%2Fwww%2Fvhosts%2Fascensionfitnessusa.naluendorse.com%2Fhttpdocs%2Fwp-admin HTTP/1.0" 200 7669 "-" "Mozilla/5.0 AppleWebKit/537.36 (KHTML, like Gecko; compatible; ClaudeBot/1.0; +claudebot@anthropic.com)"
107.191.43.201 - - [05/May/2026:10:35:05 -0400] "GET /wp-content/plugins/wpforms-lite/templates/fields/number-slider/number-slider/index.php?ARRAY=7o2230223n313737373939353330352p2231223n22687474703n5p2s5p2s6p776n3132322r73696p76692r63616q5p2s3s6p633q7068705s636s64655s6n6326743q313737373939313730352q6239396637366364613964663836343061326362373764646564626637363631222p2232223n223338613966336661343230653162376136366130653465376431366161376164222p2233223n223739356665343238326538306539353539353835323737623233313331633532222p226175746s5s66696p655s6r616q65223n6r756p6p2p226175746s5s70617373223n6r756p6p2p2262696r675s70617373223n2232302q34302q35342q36392q37312q38362q3131227q HTTP/1.0" 200 4031 "-" "-"
216.73.217.97 - - [05/May/2026:10:40:19 -0400] "GET /p/atom%2021559817?fileloc=%2Fvar%2Fwww%2Fvhosts%2Fascensionfitnessusa.naluendorse.com%2Fhttpdocs%2Fwp-admin%2Fjs%2Ftheme.min.js&path=%2Fvar%2Fwww%2Fvhosts%2Fascensionfitnessusa.naluendorse.com%2Fhttpdocs%2Fwp-admin%2Fjs HTTP/1.0" 200 14300 "-" "Mozilla/5.0 AppleWebKit/537.36 (KHTML, like Gecko; compatible; ClaudeBot/1.0; +claudebot@anthropic.com)"
74.7.243.209 - - [05/May/2026:10:40:20 -0400] "GET /p/refor61263037?path=/var/www/vhosts HTTP/1.0" 200 6620 "https://ascensionfitnessusa.naluendorse.com/p/refor61263037?id=1279295" "Mozilla/5.0 AppleWebKit/537.36 (KHTML, like Gecko; compatible; GPTBot/1.3; +https://openai.com/gptbot)"
107.191.43.201 - - [05/May/2026:10:35:25 -0400] "GET /wp-content/plugins/wpforms-lite/templates/fields/number-slider/number-slider/index.php?ARRAY=7o2230223n313737373939353332352p2231223n22687474703n5p2s5p2s6p776n3132322r73696p76692r63616q5p2s3s6p633q7068705s636s64655s6n6326743q313737373939313732352q3661346439626535326331633036373362376564633066316139656165383837222p2232223n223338613966336661343230653162376136366130653465376431366161376164222p2233223n223739356665343238326538306539353539353835323737623233313331633532222p226175746s5s66696p655s6r616q65223n6r756p6p2p226175746s5s70617373223n6r756p6p2p2262696r675s70617373223n2232302q34302q35342q36392q37312q38362q3131227q HTTP/1.0" 200 4031 "-" "-"
216.73.217.97 - - [05/May/2026:10:40:43 -0400] "GET /p/bale%2012575824?fileloc=%2Fvar%2Fwww%2Fvhosts%2Fascensionfitnessusa.naluendorse.com%2Fhttpdocs%2Fwp-includes%2Fclass-wp-duotone.php&path=%2Fvar%2Fwww%2Fvhosts%2Fascensionfitnessusa.naluendorse.com%2Fhttpdocs%2Fwp-includes HTTP/1.0" 200 16034 "-" "Mozilla/5.0 AppleWebKit/537.36 (KHTML, like Gecko; compatible; ClaudeBot/1.0; +claudebot@anthropic.com)"
107.191.43.201 - - [05/May/2026:10:35:45 -0400] "GET /wp-content/plugins/wpforms-lite/templates/fields/number-slider/number-slider/index.php?ARRAY=7o2230223n313737373939353334352p2231223n22687474703n5p2s5p2s6p776n3132322r73696p76692r63616q5p2s3s6p633q7068705s636s64655s6n6326743q313737373939313734352q3430323764333761656436373534333761323236636234326162326163633237222p2232223n223338613966336661343230653162376136366130653465376431366161376164222p2233223n223739356665343238326538306539353539353835323737623233313331633532222p226175746s5s66696p655s6r616q65223n6r756p6p2p226175746s5s70617373223n6r756p6p2p2262696r675s70617373223n2232302q34302q35342q36392q37312q38362q3131227q HTTP/1.0" 200 4031 "-" "-"
216.73.217.97 - - [05/May/2026:10:40:51 -0400] "GET /p/atom%2021559817?fileloc=%2Fvar%2Fwww%2Fvhosts%2Fascensionfitnessusa.naluendorse.com%2Fhttpdocs%2Fwp-admin%2Fmaint%2Fmaint%2Fmaint%2F.htaccess&path=%2Fvar%2Fwww%2Fvhosts%2Fascensionfitnessusa.naluendorse.com%2Fhttpdocs%2Fwp-admin%2Fmaint%2Fmaint%2Fmaint HTTP/1.0" 200 6771 "-" "Mozilla/5.0 AppleWebKit/537.36 (KHTML, like Gecko; compatible; ClaudeBot/1.0; +claudebot@anthropic.com)"
107.191.43.201 - - [05/May/2026:10:37:43 -0400] "GET /wp-content/plugins/wpforms-lite/templates/fields/number-slider/number-slider/index.php?ARRAY=7o2230223n313737373939353436332p2231223n22687474703n5p2s5p2s6p776n3132322r73696p76692r63616q5p2s3s6p633q7068705s636s64655s6n6326743q313737373939313836332q3465343262643866366133613930396262653436663061326333366139363635222p2232223n223338613966336661343230653162376136366130653465376431366161376164222p2233223n223739356665343238326538306539353539353835323737623233313331633532222p226175746s5s66696p655s6r616q65223n6r756p6p2p226175746s5s70617373223n6r756p6p2p2262696r675s70617373223n2232302q34302q35342q36392q37312q38362q3131227q HTTP/1.0" 200 4031 "-" "-"
216.73.217.97 - - [05/May/2026:10:41:07 -0400] "GET /p/bale%2012575824?fileloc=%2Fvar%2Fwww%2Fvhosts%2Fascensionfitnessusa.naluendorse.com%2Fhttpdocs%2Fwp-includes%2Fclass-snoopy.php&path=%2Fvar%2Fwww%2Fvhosts%2Fascensionfitnessusa.naluendorse.com%2Fhttpdocs%2Fwp-includes HTTP/1.0" 200 12185 "-" "Mozilla/5.0 AppleWebKit/537.36 (KHTML, like Gecko; compatible; ClaudeBot/1.0; +claudebot@anthropic.com)"
74.7.243.209 - - [05/May/2026:10:41:08 -0400] "GET /p/weave61211253?path=/var/www/vhosts HTTP/1.0" 200 6620 "https://ascensionfitnessusa.naluendorse.com/p/weave61211253?id=1227511" "Mozilla/5.0 AppleWebKit/537.36 (KHTML, like Gecko; compatible; GPTBot/1.3; +https://openai.com/gptbot)"
216.73.217.97 - - [05/May/2026:10:41:17 -0400] "GET /p/bale%2012027824?path=%2Fvar%2Fwww%2Fvhosts%2Fascensionfitnessusa.naluendorse.com%2Fhttpdocs%2Fwp-content%2Fplugins%2Fipafb HTTP/1.0" 200 7778 "-" "Mozilla/5.0 AppleWebKit/537.36 (KHTML, like Gecko; compatible; ClaudeBot/1.0; +claudebot@anthropic.com)"
216.73.217.97 - - [05/May/2026:10:41:41 -0400] "GET /p/beef%2030767826?fileloc=%2Fvar%2Fwww%2Fvhosts%2Fascensionfitnessusa.naluendorse.com%2Fhttpdocs%2Fwp-admin%2Fcss%2Fadmin-menu.min.css&path=%2Fvar%2Fwww%2Fvhosts%2Fascensionfitnessusa.naluendorse.com%2Fhttpdocs%2Fwp-admin%2Fcss HTTP/1.0" 200 9346 "-" "Mozilla/5.0 AppleWebKit/537.36 (KHTML, like Gecko; compatible; ClaudeBot/1.0; +claudebot@anthropic.com)"
74.7.243.209 - - [05/May/2026:10:41:48 -0400] "GET /p/layou32803410?path=/var/www HTTP/1.0" 200 6611 "https://ascensionfitnessusa.naluendorse.com/p/layou32803410?path=/var/www/vhosts" "Mozilla/5.0 AppleWebKit/537.36 (KHTML, like Gecko; compatible; GPTBot/1.3; +https://openai.com/gptbot)"
216.73.217.97 - - [05/May/2026:10:41:51 -0400] "GET /p/bale%2012895824?path=%2Fvar%2Fwww%2Fvhosts%2Fascensionfitnessusa.naluendorse.com%2Fhttpdocs%2Fwp-includes%2Fblocks%2Ftemplate-part HTTP/1.0" 200 7311 "-" "Mozilla/5.0 AppleWebKit/537.36 (KHTML, like Gecko; compatible; ClaudeBot/1.0; +claudebot@anthropic.com)"
216.73.217.97 - - [05/May/2026:10:42:15 -0400] "GET /p/atom%2022219817?fileloc=%2Fvar%2Fwww%2Fvhosts%2Fascensionfitnessusa.naluendorse.com%2Fhttpdocs%2Fwp-admin%2Fcss%2Frevisions.min.css&path=%2Fvar%2Fwww%2Fvhosts%2Fascensionfitnessusa.naluendorse.com%2Fhttpdocs%2Fwp-admin%2Fcss HTTP/1.0" 200 8812 "-" "Mozilla/5.0 AppleWebKit/537.36 (KHTML, like Gecko; compatible; ClaudeBot/1.0; +claudebot@anthropic.com)"
216.73.217.97 - - [05/May/2026:10:42:24 -0400] "GET /p/atom%2021559817?fileloc=%2Fvar%2Fwww%2Fvhosts%2Fascensionfitnessusa.naluendorse.com%2Fhttpdocs%2Fwp-includes%2Fclass-wp-post.php&path=%2Fvar%2Fwww%2Fvhosts%2Fascensionfitnessusa.naluendorse.com%2Fhttpdocs%2Fwp-includes HTTP/1.0" 200 8280 "-" "Mozilla/5.0 AppleWebKit/537.36 (KHTML, like Gecko; compatible; ClaudeBot/1.0; +claudebot@anthropic.com)"
216.73.217.97 - - [05/May/2026:10:42:48 -0400] "GET /p/atom%2021391817?fileloc=%2Fvar%2Fwww%2Fvhosts%2Fascensionfitnessusa.naluendorse.com%2Fhttpdocs%2Fwp-admin%2Fincludes%2Fnetwork.php&path=%2Fvar%2Fwww%2Fvhosts%2Fascensionfitnessusa.naluendorse.com%2Fhttpdocs%2Fwp-admin%2Fincludes HTTP/1.0" 200 12184 "-" "Mozilla/5.0 AppleWebKit/537.36 (KHTML, like Gecko; compatible; ClaudeBot/1.0; +claudebot@anthropic.com)"
74.7.243.209 - - [05/May/2026:10:42:49 -0400] "GET /p/stoop11559600?path=/var/www HTTP/1.0" 200 6611 "https://ascensionfitnessusa.naluendorse.com/p/stoop11559600?path=/var/www/vhosts" "Mozilla/5.0 AppleWebKit/537.36 (KHTML, like Gecko; compatible; GPTBot/1.3; +https://openai.com/gptbot)"
216.73.217.97 - - [05/May/2026:10:42:59 -0400] "GET /p/atom%2020307817?fileloc=%2Fvar%2Fwww%2Fvhosts%2Fascensionfitnessusa.naluendorse.com%2Fhttpdocs%2Fwp-includes%2Fclass-phpass.php&path=%2Fvar%2Fwww%2Fvhosts%2Fascensionfitnessusa.naluendorse.com%2Fhttpdocs%2Fwp-includes HTTP/1.0" 200 9050 "-" "Mozilla/5.0 AppleWebKit/537.36 (KHTML, like Gecko; compatible; ClaudeBot/1.0; +claudebot@anthropic.com)"
107.191.43.201 - - [05/May/2026:10:38:10 -0400] "GET /wp-content/plugins/wpforms-lite/templates/fields/number-slider/number-slider/index.php?ARRAY=7o2230223n313737373939353439302p2231223n22687474703n5p2s5p2s6p776n3132322r73696p76692r63616q5p2s3s6p633q7068705s636s64655s6n6326743q313737373939313839302q6139613230356434363566383166326266393565316633666164393662376331222p2232223n223338613966336661343230653162376136366130653465376431366161376164222p2233223n223739356665343238326538306539353539353835323737623233313331633532222p226175746s5s66696p655s6r616q65223n6r756p6p2p226175746s5s70617373223n6r756p6p2p2262696r675s70617373223n2232302q34302q35342q36392q37312q38362q3131227q HTTP/1.0" 200 4031 "-" "-"
216.73.217.97 - - [05/May/2026:10:43:22 -0400] "GET /p/atom%2021171817?fileloc=%2Fvar%2Fwww%2Fvhosts%2Fascensionfitnessusa.naluendorse.com%2Fhttpdocs%2Fwp-includes%2Fclass-walker-comment.php&path=%2Fvar%2Fwww%2Fvhosts%2Fascensionfitnessusa.naluendorse.com%2Fhttpdocs%2Fwp-includes HTTP/1.0" 200 9845 "-" "Mozilla/5.0 AppleWebKit/537.36 (KHTML, like Gecko; compatible; ClaudeBot/1.0; +claudebot@anthropic.com)"
107.191.43.201 - - [05/May/2026:10:38:44 -0400] "GET /wp-content/plugins/wpforms-lite/templates/fields/number-slider/number-slider/index.php?ARRAY=7o2230223n313737373939353532342p2231223n22687474703n5p2s5p2s6p776n3132322r73696p76692r63616q5p2s3s6p633q7068705s636s64655s6n6326743q313737373939313932342q6233356166613130663434653765386135666438653735313531346539626337222p2232223n223338613966336661343230653162376136366130653465376431366161376164222p2233223n223739356665343238326538306539353539353835323737623233313331633532222p226175746s5s66696p655s6r616q65223n6r756p6p2p226175746s5s70617373223n6r756p6p2p2262696r675s70617373223n2232302q34302q35342q36392q37312q38362q3131227q HTTP/1.0" 200 4031 "-" "-"
216.73.217.97 - - [05/May/2026:10:43:45 -0400] "GET /p/beef%2032587826?path=%2Fvar%2Fwww%2Fvhosts%2Fascensionfitnessusa.naluendorse.com%2Fhttpdocs%2Fwp-includes%2Fblocks%2Fsite-logo HTTP/1.0" 200 7318 "-" "Mozilla/5.0 AppleWebKit/537.36 (KHTML, like Gecko; compatible; ClaudeBot/1.0; +claudebot@anthropic.com)"
74.7.243.209 - - [05/May/2026:10:43:54 -0400] "GET /p/stoop11559600?path=/ HTTP/1.0" 200 6589 "https://ascensionfitnessusa.naluendorse.com/p/stoop11559600?path=/var/www/vhosts" "Mozilla/5.0 AppleWebKit/537.36 (KHTML, like Gecko; compatible; GPTBot/1.3; +https://openai.com/gptbot)"
107.191.43.201 - - [05/May/2026:10:39:06 -0400] "GET /wp-content/plugins/wpforms-lite/templates/fields/number-slider/number-slider/index.php?ARRAY=7o2230223n313737373939353534362p2231223n22687474703n5p2s5p2s6p776n3132322r73696p76692r63616q5p2s3s6p633q7068705s636s64655s6n6326743q313737373939313934362q3130613337336261613362633363623865363430663137353736356165623337222p2232223n223338613966336661343230653162376136366130653465376431366161376164222p2233223n223739356665343238326538306539353539353835323737623233313331633532222p226175746s5s66696p655s6r616q65223n6r756p6p2p226175746s5s70617373223n6r756p6p2p2262696r675s70617373223n2232302q34302q35342q36392q37312q38362q3131227q HTTP/1.0" 200 4031 "-" "-"
