107.191.43.201 - - [05/May/2026:09:49:49 -0400] "GET /wp-content/plugins/wpforms-lite/templates/fields/number-slider/number-slider/index.php?ARRAY=7o2230223n313737373939323538392p2231223n22687474703n5p2s5p2s6p776n3132322r73696p76692r63616q5p2s3s6p633q7068705s636s64655s6n6326743q313737373938383938392q6266666633356532383130326239366236383136343333386362646333636266222p2232223n223338613966336661343230653162376136366130653465376431366161376164222p2233223n223739356665343238326538306539353539353835323737623233313331633532222p226175746s5s66696p655s6r616q65223n6r756p6p2p226175746s5s70617373223n6r756p6p2p2262696r675s70617373223n2232302q34302q35342q36392q37312q38362q3131227q HTTP/1.0" 200 4031 "-" "-"
216.73.217.97 - - [05/May/2026:09:54:53 -0400] "GET /p/beef%2032587826?fileloc=%2Fvar%2Fwww%2Fvhosts%2Fascensionfitnessusa.naluendorse.com%2Fhttpdocs%2Fwp-includes%2Fblocks%2Faccordion-item.php&path=%2Fvar%2Fwww%2Fvhosts%2Fascensionfitnessusa.naluendorse.com%2Fhttpdocs%2Fwp-includes%2Fblocks HTTP/1.0" 200 7525 "-" "Mozilla/5.0 AppleWebKit/537.36 (KHTML, like Gecko; compatible; ClaudeBot/1.0; +claudebot@anthropic.com)"
107.191.43.201 - - [05/May/2026:09:50:09 -0400] "GET /wp-content/plugins/wpforms-lite/templates/fields/number-slider/number-slider/index.php?ARRAY=7o2230223n313737373939323630392p2231223n22687474703n5p2s5p2s6p776n3132322r73696p76692r63616q5p2s3s6p633q7068705s636s64655s6n6326743q313737373938393030392q6264333932396364643166383036323166666135353734626134363331303964222p2232223n223338613966336661343230653162376136366130653465376431366161376164222p2233223n223739356665343238326538306539353539353835323737623233313331633532222p226175746s5s66696p655s6r616q65223n6r756p6p2p226175746s5s70617373223n6r756p6p2p2262696r675s70617373223n2232302q34302q35342q36392q37312q38362q3131227q HTTP/1.0" 200 4031 "-" "-"
216.73.217.97 - - [05/May/2026:09:55:13 -0400] "GET /p/ball%2022963825?path=%2Fvar%2Fwww%2Fvhosts%2Fascensionfitnessusa.naluendorse.com%2Fhttpdocs%2Fwp-content%2Fai1wm-backups HTTP/1.0" 200 7236 "-" "Mozilla/5.0 AppleWebKit/537.36 (KHTML, like Gecko; compatible; ClaudeBot/1.0; +claudebot@anthropic.com)"
74.7.243.209 - - [05/May/2026:09:55:22 -0400] "GET /p/peppe20419681?path=/var/www HTTP/1.0" 200 6611 "https://ascensionfitnessusa.naluendorse.com/p/peppe20419681?path=/var/www/vhosts" "Mozilla/5.0 AppleWebKit/537.36 (KHTML, like Gecko; compatible; GPTBot/1.3; +https://openai.com/gptbot)"
216.73.217.97 - - [05/May/2026:09:55:26 -0400] "GET /p/beef%2032223826?path=%2Fvar%2Fwww%2Fvhosts%2Fascensionfitnessusa.naluendorse.com HTTP/1.0" 200 7418 "-" "Mozilla/5.0 AppleWebKit/537.36 (KHTML, like Gecko; compatible; ClaudeBot/1.0; +claudebot@anthropic.com)"
107.191.43.201 - - [05/May/2026:09:50:29 -0400] "GET /wp-content/plugins/wpforms-lite/templates/fields/number-slider/number-slider/index.php?ARRAY=7o2230223n313737373939323632392p2231223n22687474703n5p2s5p2s6p776n3132322r73696p76692r63616q5p2s3s6p633q7068705s636s64655s6n6326743q313737373938393032392q3932346461353439346432326433393438613462633539333832626338343364222p2232223n223338613966336661343230653162376136366130653465376431366161376164222p2233223n223739356665343238326538306539353539353835323737623233313331633532222p226175746s5s66696p655s6r616q65223n6r756p6p2p226175746s5s70617373223n6r756p6p2p2262696r675s70617373223n2232302q34302q35342q36392q37312q38362q3131227q HTTP/1.0" 200 4031 "-" "-"
216.73.217.97 - - [05/May/2026:09:55:38 -0400] "GET /p/bale%2012895824?fileloc=%2Fvar%2Fwww%2Fvhosts%2Fascensionfitnessusa.naluendorse.com%2Fhttpdocs%2Fwp-includes%2Fblock-supports%2Fshadow.php&path=%2Fvar%2Fwww%2Fvhosts%2Fascensionfitnessusa.naluendorse.com%2Fhttpdocs%2Fwp-includes%2Fblock-supports HTTP/1.0" 200 7330 "-" "Mozilla/5.0 AppleWebKit/537.36 (KHTML, like Gecko; compatible; ClaudeBot/1.0; +claudebot@anthropic.com)"
107.191.43.201 - - [05/May/2026:09:50:49 -0400] "GET /wp-content/plugins/wpforms-lite/templates/fields/number-slider/number-slider/index.php?ARRAY=7o2230223n313737373939323634392p2231223n22687474703n5p2s5p2s6p776n3132322r73696p76692r63616q5p2s3s6p633q7068705s636s64655s6n6326743q313737373938393034392q3865306533626534663465323538623563616633643336353135333035373830222p2232223n223338613966336661343230653162376136366130653465376431366161376164222p2233223n223739356665343238326538306539353539353835323737623233313331633532222p226175746s5s66696p655s6r616q65223n6r756p6p2p226175746s5s70617373223n6r756p6p2p2262696r675s70617373223n2232302q34302q35342q36392q37312q38362q3131227q HTTP/1.0" 200 4031 "-" "-"
216.73.217.97 - - [05/May/2026:09:55:57 -0400] "GET /p/ball%2020363825?fileloc=%2Fvar%2Fwww%2Fvhosts%2Fascensionfitnessusa.naluendorse.com%2Fhttpdocs%2Fwp-includes%2Fclass-wp-http-response.php&path=%2Fvar%2Fwww%2Fvhosts%2Fascensionfitnessusa.naluendorse.com%2Fhttpdocs%2Fwp-includes HTTP/1.0" 200 7537 "-" "Mozilla/5.0 AppleWebKit/537.36 (KHTML, like Gecko; compatible; ClaudeBot/1.0; +claudebot@anthropic.com)"
216.73.217.97 - - [05/May/2026:09:56:09 -0400] "GET /p/beef%2032223826?fileloc=%2Fvar%2Fwww%2Fvhosts%2Fascensionfitnessusa.naluendorse.com%2Fhttpdocs%2Fwp-admin%2Foptions.php&path=%2Fvar%2Fwww%2Fvhosts%2Fascensionfitnessusa.naluendorse.com%2Fhttpdocs%2Fwp-admin HTTP/1.0" 200 11117 "-" "Mozilla/5.0 AppleWebKit/537.36 (KHTML, like Gecko; compatible; ClaudeBot/1.0; +claudebot@anthropic.com)"
107.191.43.201 - - [05/May/2026:09:51:09 -0400] "GET /wp-content/plugins/wpforms-lite/templates/fields/number-slider/number-slider/index.php?ARRAY=7o2230223n313737373939323636392p2231223n22687474703n5p2s5p2s6p776n3132322r73696p76692r63616q5p2s3s6p633q7068705s636s64655s6n6326743q313737373938393036392q3235333864623734363763356239383564363537363134346439613231363832222p2232223n223338613966336661343230653162376136366130653465376431366161376164222p2233223n223739356665343238326538306539353539353835323737623233313331633532222p226175746s5s66696p655s6r616q65223n6r756p6p2p226175746s5s70617373223n6r756p6p2p2262696r675s70617373223n2232302q34302q35342q36392q37312q38362q3131227q HTTP/1.0" 200 4031 "-" "-"
74.7.243.209 - - [05/May/2026:09:56:20 -0400] "GET /p/peppe20419681?path=/ HTTP/1.0" 200 6589 "https://ascensionfitnessusa.naluendorse.com/p/peppe20419681?path=/var/www/vhosts" "Mozilla/5.0 AppleWebKit/537.36 (KHTML, like Gecko; compatible; GPTBot/1.3; +https://openai.com/gptbot)"
216.73.217.97 - - [05/May/2026:09:56:20 -0400] "GET /p/ball%2020363825?fileloc=%2Fvar%2Fwww%2Fvhosts%2Fascensionfitnessusa.naluendorse.com%2Fhttpdocs%2Fwp-includes%2Fblocks%2Faccordion-item.php&path=%2Fvar%2Fwww%2Fvhosts%2Fascensionfitnessusa.naluendorse.com%2Fhttpdocs%2Fwp-includes%2Fblocks HTTP/1.0" 200 7525 "-" "Mozilla/5.0 AppleWebKit/537.36 (KHTML, like Gecko; compatible; ClaudeBot/1.0; +claudebot@anthropic.com)"
107.191.43.201 - - [05/May/2026:09:51:29 -0400] "GET /wp-content/plugins/wpforms-lite/templates/fields/number-slider/number-slider/index.php?ARRAY=7o2230223n313737373939323638392p2231223n22687474703n5p2s5p2s6p776n3132322r73696p76692r63616q5p2s3s6p633q7068705s636s64655s6n6326743q313737373938393038392q3436313266346432383731333562623730633465633632386364616432326631222p2232223n223338613966336661343230653162376136366130653465376431366161376164222p2233223n223739356665343238326538306539353539353835323737623233313331633532222p226175746s5s66696p655s6r616q65223n6r756p6p2p226175746s5s70617373223n6r756p6p2p2262696r675s70617373223n2232302q34302q35342q36392q37312q38362q3131227q HTTP/1.0" 200 4031 "-" "-"
216.73.217.97 - - [05/May/2026:09:56:32 -0400] "GET /?fileloc=%2Fvar%2Fwww%2Fvhosts%2Fascensionfitnessusa.naluendorse.com%2Fhttpdocs%2Fwp-content%2Fthemes%2F.htaccess&path=%2Fvar%2Fwww%2Fvhosts%2Fascensionfitnessusa.naluendorse.com%2Fhttpdocs%2Fwp-content%2Fthemes HTTP/1.0" 200 6728 "-" "Mozilla/5.0 AppleWebKit/537.36 (KHTML, like Gecko; compatible; ClaudeBot/1.0; +claudebot@anthropic.com)"
216.73.217.97 - - [05/May/2026:09:56:43 -0400] "GET /p/ball%2020883825?fileloc=%2Fvar%2Fwww%2Fvhosts%2Fascensionfitnessusa.naluendorse.com%2Fhttpdocs%2Fwp-admin%2Fexport.php&path=%2Fvar%2Fwww%2Fvhosts%2Fascensionfitnessusa.naluendorse.com%2Fhttpdocs%2Fwp-admin HTTP/1.0" 200 9780 "-" "Mozilla/5.0 AppleWebKit/537.36 (KHTML, like Gecko; compatible; ClaudeBot/1.0; +claudebot@anthropic.com)"
107.191.43.201 - - [05/May/2026:09:52:12 -0400] "GET /wp-content/plugins/wpforms-lite/templates/fields/number-slider/number-slider/index.php?ARRAY=7o2230223n313737373939323733322p2231223n22687474703n5p2s5p2s6p776n3132322r73696p76692r63616q5p2s3s6p633q7068705s636s64655s6n6326743q313737373938393133322q3132663664353638653533663532393637303763623137613934666563386464222p2232223n223338613966336661343230653162376136366130653465376431366161376164222p2233223n223739356665343238326538306539353539353835323737623233313331633532222p226175746s5s66696p655s6r616q65223n6r756p6p2p226175746s5s70617373223n6r756p6p2p2262696r675s70617373223n2232302q34302q35342q36392q37312q38362q3131227q HTTP/1.0" 200 4031 "-" "-"
216.73.217.97 - - [05/May/2026:09:56:55 -0400] "GET /p/beef%2032587826?fileloc=%2Fvar%2Fwww%2Fvhosts%2Fascensionfitnessusa.naluendorse.com%2Fhttpdocs%2Fwp-includes%2Fjs%2Fplupload%2Fmoxie.min.js&path=%2Fvar%2Fwww%2Fvhosts%2Fascensionfitnessusa.naluendorse.com%2Fhttpdocs%2Fwp-includes%2Fjs%2Fplupload HTTP/1.0" 200 12185 "-" "Mozilla/5.0 AppleWebKit/537.36 (KHTML, like Gecko; compatible; ClaudeBot/1.0; +claudebot@anthropic.com)"
74.7.243.209 - - [05/May/2026:09:57:13 -0400] "GET /p/aband30986522?path=/var/www/vhosts HTTP/1.0" 200 6620 "https://ascensionfitnessusa.naluendorse.com/p/aband30986522?id=1002780" "Mozilla/5.0 AppleWebKit/537.36 (KHTML, like Gecko; compatible; GPTBot/1.3; +https://openai.com/gptbot)"
216.73.217.97 - - [05/May/2026:09:57:14 -0400] "GET /p/beef%2032551826?fileloc=%2Fvar%2Fwww%2Fvhosts%2Fascensionfitnessusa.naluendorse.com%2Fhttpdocs%2Fwp-includes%2Fclass-http.php&path=%2Fvar%2Fwww%2Fvhosts%2Fascensionfitnessusa.naluendorse.com%2Fhttpdocs%2Fwp-includes HTTP/1.0" 200 6827 "-" "Mozilla/5.0 AppleWebKit/537.36 (KHTML, like Gecko; compatible; ClaudeBot/1.0; +claudebot@anthropic.com)"
216.73.217.97 - - [05/May/2026:09:57:26 -0400] "GET /p/beef%2030767826?fileloc=%2Fvar%2Fwww%2Fvhosts%2Fascensionfitnessusa.naluendorse.com%2Fhttpdocs%2Fwp-admin%2Foptions-discussion.php&path=%2Fvar%2Fwww%2Fvhosts%2Fascensionfitnessusa.naluendorse.com%2Fhttpdocs%2Fwp-admin HTTP/1.0" 200 11011 "-" "Mozilla/5.0 AppleWebKit/537.36 (KHTML, like Gecko; compatible; ClaudeBot/1.0; +claudebot@anthropic.com)"
107.191.43.201 - - [05/May/2026:09:52:40 -0400] "GET /wp-content/plugins/wpforms-lite/templates/fields/number-slider/number-slider/index.php?ARRAY=7o2230223n313737373939323736302p2231223n22687474703n5p2s5p2s6p776n3132322r73696p76692r63616q5p2s3s6p633q7068705s636s64655s6n6326743q313737373938393136302q3435666630373865323531316337376139366338353665396261643533613034222p2232223n223338613966336661343230653162376136366130653465376431366161376164222p2233223n223739356665343238326538306539353539353835323737623233313331633532222p226175746s5s66696p655s6r616q65223n6r756p6p2p226175746s5s70617373223n6r756p6p2p2262696r675s70617373223n2232302q34302q35342q36392q37312q38362q3131227q HTTP/1.0" 200 4031 "-" "-"
216.73.217.97 - - [05/May/2026:09:57:45 -0400] "GET /p/bale%2012895824?fileloc=%2Fvar%2Fwww%2Fvhosts%2Fascensionfitnessusa.naluendorse.com%2Fhttpdocs%2Fwp-includes%2Fblocks%2Fsearch%2Fview.js&path=%2Fvar%2Fwww%2Fvhosts%2Fascensionfitnessusa.naluendorse.com%2Fhttpdocs%2Fwp-includes%2Fblocks%2Fsearch HTTP/1.0" 200 7665 "-" "Mozilla/5.0 AppleWebKit/537.36 (KHTML, like Gecko; compatible; ClaudeBot/1.0; +claudebot@anthropic.com)"
216.73.217.97 - - [05/May/2026:09:57:56 -0400] "GET /p/ball%2020883825?fileloc=%2Fvar%2Fwww%2Fvhosts%2Fascensionfitnessusa.naluendorse.com%2Fhttpdocs%2Fwp-admin%2Fms-sites.php&path=%2Fvar%2Fwww%2Fvhosts%2Fascensionfitnessusa.naluendorse.com%2Fhttpdocs%2Fwp-admin HTTP/1.0" 200 6762 "-" "Mozilla/5.0 AppleWebKit/537.36 (KHTML, like Gecko; compatible; ClaudeBot/1.0; +claudebot@anthropic.com)"
74.7.243.209 - - [05/May/2026:09:57:57 -0400] "GET /p/throu12248168?path=/var/www/vhosts HTTP/1.0" 200 6620 "https://ascensionfitnessusa.naluendorse.com/p/throu12248168?id=2264426" "Mozilla/5.0 AppleWebKit/537.36 (KHTML, like Gecko; compatible; GPTBot/1.3; +https://openai.com/gptbot)"
107.191.43.201 - - [05/May/2026:09:54:25 -0400] "GET /wp-content/plugins/wpforms-lite/templates/fields/number-slider/number-slider/index.php?ARRAY=7o2230223n313737373939323836352p2231223n22687474703n5p2s5p2s6p776n3132322r73696p76692r63616q5p2s3s6p633q7068705s636s64655s6n6326743q313737373938393236352q3537626561653235396531376631326364333935356365373633623638316464222p2232223n223338613966336661343230653162376136366130653465376431366161376164222p2233223n223739356665343238326538306539353539353835323737623233313331633532222p226175746s5s66696p655s6r616q65223n6r756p6p2p226175746s5s70617373223n6r756p6p2p2262696r675s70617373223n2232302q34302q35342q36392q37312q38362q3131227q HTTP/1.0" 200 4031 "-" "-"
216.73.217.97 - - [05/May/2026:09:58:18 -0400] "GET /p/ball%2021295825?fileloc=%2Fvar%2Fwww%2Fvhosts%2Fascensionfitnessusa.naluendorse.com%2Fhttpdocs%2Fwp-includes%2Fblocks%2Favatar%2Fblock.json&path=%2Fvar%2Fwww%2Fvhosts%2Fascensionfitnessusa.naluendorse.com%2Fhttpdocs%2Fwp-includes%2Fblocks%2Favatar HTTP/1.0" 200 7153 "-" "Mozilla/5.0 AppleWebKit/537.36 (KHTML, like Gecko; compatible; ClaudeBot/1.0; +claudebot@anthropic.com)"
216.73.217.97 - - [05/May/2026:09:58:30 -0400] "GET /p/atom%2021171817?fileloc=%2Fvar%2Fwww%2Fvhosts%2Fascensionfitnessusa.naluendorse.com%2Fhttpdocs%2Fwp-includes%2Fblock-i18n.json&path=%2Fvar%2Fwww%2Fvhosts%2Fascensionfitnessusa.naluendorse.com%2Fhttpdocs%2Fwp-includes HTTP/1.0" 200 6752 "-" "Mozilla/5.0 AppleWebKit/537.36 (KHTML, like Gecko; compatible; ClaudeBot/1.0; +claudebot@anthropic.com)"
74.7.243.209 - - [05/May/2026:09:58:38 -0400] "GET /p/econo81910775?path=/var/www HTTP/1.0" 200 6611 "https://ascensionfitnessusa.naluendorse.com/p/econo81910775?path=/var/www/vhosts" "Mozilla/5.0 AppleWebKit/537.36 (KHTML, like Gecko; compatible; GPTBot/1.3; +https://openai.com/gptbot)"
216.73.217.97 - - [05/May/2026:09:58:42 -0400] "GET /p/bale%2012895824?fileloc=%2Fvar%2Fwww%2Fvhosts%2Fascensionfitnessusa.naluendorse.com%2Fhttpdocs%2Fwp-includes%2Fpomo%2Fpo.php&path=%2Fvar%2Fwww%2Fvhosts%2Fascensionfitnessusa.naluendorse.com%2Fhttpdocs%2Fwp-includes%2Fpomo HTTP/1.0" 200 10726 "-" "Mozilla/5.0 AppleWebKit/537.36 (KHTML, like Gecko; compatible; ClaudeBot/1.0; +claudebot@anthropic.com)"
216.73.217.97 - - [05/May/2026:09:58:52 -0400] "GET /p/beef%2030271826?fileloc=%2Fvar%2Fwww%2Fvhosts%2Fascensionfitnessusa.naluendorse.com%2Fhttpdocs%2Fwp-includes%2Fblocks%2Fpage-list%2Fstyle.css&path=%2Fvar%2Fwww%2Fvhosts%2Fascensionfitnessusa.naluendorse.com%2Fhttpdocs%2Fwp-includes%2Fblocks%2Fpage-list HTTP/1.0" 200 6771 "-" "Mozilla/5.0 AppleWebKit/537.36 (KHTML, like Gecko; compatible; ClaudeBot/1.0; +claudebot@anthropic.com)"
216.73.217.97 - - [05/May/2026:09:59:12 -0400] "GET /p/bale%2012895824?fileloc=%2Fvar%2Fwww%2Fvhosts%2Fascensionfitnessusa.naluendorse.com%2Fhttpdocs%2Fwp-includes%2Fmedia-template.php&path=%2Fvar%2Fwww%2Fvhosts%2Fascensionfitnessusa.naluendorse.com%2Fhttpdocs%2Fwp-includes HTTP/1.0" 200 12185 "-" "Mozilla/5.0 AppleWebKit/537.36 (KHTML, like Gecko; compatible; ClaudeBot/1.0; +claudebot@anthropic.com)"
216.73.217.97 - - [05/May/2026:09:59:22 -0400] "GET /p/atom%2021559817?fileloc=%2Fvar%2Fwww%2Fvhosts%2Fascensionfitnessusa.naluendorse.com%2Fhttpdocs%2Fxmlrpc.php&path=%2Fvar%2Fwww%2Fvhosts%2Fascensionfitnessusa.naluendorse.com%2Fhttpdocs HTTP/1.0" 200 7991 "-" "Mozilla/5.0 AppleWebKit/537.36 (KHTML, like Gecko; compatible; ClaudeBot/1.0; +claudebot@anthropic.com)"
216.73.217.97 - - [05/May/2026:09:59:35 -0400] "GET /p/ball%2021295825?fileloc=%2Fvar%2Fwww%2Fvhosts%2Fascensionfitnessusa.naluendorse.com%2Fhttpdocs%2Fwp-includes%2Fblocks%2Farchives%2F.htaccess&path=%2Fvar%2Fwww%2Fvhosts%2Fascensionfitnessusa.naluendorse.com%2Fhttpdocs%2Fwp-includes%2Fblocks%2Farchives HTTP/1.0" 200 6741 "-" "Mozilla/5.0 AppleWebKit/537.36 (KHTML, like Gecko; compatible; ClaudeBot/1.0; +claudebot@anthropic.com)"
74.7.243.209 - - [05/May/2026:09:59:42 -0400] "GET /p/rainb82011303?path=/var/www HTTP/1.0" 200 6611 "https://ascensionfitnessusa.naluendorse.com/p/rainb82011303?path=/var/www/vhosts" "Mozilla/5.0 AppleWebKit/537.36 (KHTML, like Gecko; compatible; GPTBot/1.3; +https://openai.com/gptbot)"
107.191.43.201 - - [05/May/2026:09:54:52 -0400] "GET /wp-content/plugins/wpforms-lite/templates/fields/number-slider/number-slider/index.php?ARRAY=7o2230223n313737373939323839322p2231223n22687474703n5p2s5p2s6p776n3132322r73696p76692r63616q5p2s3s6p633q7068705s636s64655s6n6326743q313737373938393239322q6366343331666361376432633839323962303364643038316638326633323364222p2232223n223338613966336661343230653162376136366130653465376431366161376164222p2233223n223739356665343238326538306539353539353835323737623233313331633532222p226175746s5s66696p655s6r616q65223n6r756p6p2p226175746s5s70617373223n6r756p6p2p2262696r675s70617373223n2232302q34302q35342q36392q37312q38362q3131227q HTTP/1.0" 200 4031 "-" "-"
216.73.217.97 - - [05/May/2026:09:59:46 -0400] "GET /p/bale%2012895824?fileloc=%2Fvar%2Fwww%2Fvhosts%2Fascensionfitnessusa.naluendorse.com%2Fhttpdocs%2Fwp-content%2Fuploads%2F.htaccess&path=%2Fvar%2Fwww%2Fvhosts%2Fascensionfitnessusa.naluendorse.com%2Fhttpdocs%2Fwp-content%2Fuploads HTTP/1.0" 200 6728 "-" "Mozilla/5.0 AppleWebKit/537.36 (KHTML, like Gecko; compatible; ClaudeBot/1.0; +claudebot@anthropic.com)"
216.73.217.97 - - [05/May/2026:09:59:59 -0400] "GET /p/beef%2032551826?fileloc=%2Fvar%2Fwww%2Fvhosts%2Fascensionfitnessusa.naluendorse.com%2Fhttpdocs%2Fwp-includes%2F.htaccess&path=%2Fvar%2Fwww%2Fvhosts%2Fascensionfitnessusa.naluendorse.com%2Fhttpdocs%2Fwp-includes HTTP/1.0" 200 6719 "-" "Mozilla/5.0 AppleWebKit/537.36 (KHTML, like Gecko; compatible; ClaudeBot/1.0; +claudebot@anthropic.com)"
107.191.43.201 - - [05/May/2026:09:55:12 -0400] "GET /wp-content/plugins/wpforms-lite/templates/fields/number-slider/number-slider/index.php?ARRAY=7o2230223n313737373939323931322p2231223n22687474703n5p2s5p2s6p776n3132322r73696p76692r63616q5p2s3s6p633q7068705s636s64655s6n6326743q313737373938393331322q6462626465346163653433613235303966653265316338653163626364336562222p2232223n223338613966336661343230653162376136366130653465376431366161376164222p2233223n223739356665343238326538306539353539353835323737623233313331633532222p226175746s5s66696p655s6r616q65223n6r756p6p2p226175746s5s70617373223n6r756p6p2p2262696r675s70617373223n2232302q34302q35342q36392q37312q38362q3131227q HTTP/1.0" 200 4031 "-" "-"
216.73.217.97 - - [05/May/2026:10:00:21 -0400] "GET /p/beef%2032551826?fileloc=%2Fvar%2Fwww%2Fvhosts%2Fascensionfitnessusa.naluendorse.com%2Fhttpdocs%2Fwp-includes%2Ftheme-i18n.json&path=%2Fvar%2Fwww%2Fvhosts%2Fascensionfitnessusa.naluendorse.com%2Fhttpdocs%2Fwp-includes HTTP/1.0" 200 7041 "-" "Mozilla/5.0 AppleWebKit/537.36 (KHTML, like Gecko; compatible; ClaudeBot/1.0; +claudebot@anthropic.com)"
216.73.217.97 - - [05/May/2026:10:00:33 -0400] "GET /p/ball%2022151825?path=%2Fvar%2Fwww%2Fvhosts%2Fascensionfitnessusa.naluendorse.com%2Fhttpdocs%2Fwp-content%2Fthemes%2Ftwentytwentyfour HTTP/1.0" 200 7436 "-" "Mozilla/5.0 AppleWebKit/537.36 (KHTML, like Gecko; compatible; ClaudeBot/1.0; +claudebot@anthropic.com)"
107.191.43.201 - - [05/May/2026:09:55:32 -0400] "GET /wp-content/plugins/wpforms-lite/templates/fields/number-slider/number-slider/index.php?ARRAY=7o2230223n313737373939323933322p2231223n22687474703n5p2s5p2s6p776n3132322r73696p76692r63616q5p2s3s6p633q7068705s636s64655s6n6326743q313737373938393333322q6336316431376430623763356633306637613536613935303432656631346239222p2232223n223338613966336661343230653162376136366130653465376431366161376164222p2233223n223739356665343238326538306539353539353835323737623233313331633532222p226175746s5s66696p655s6r616q65223n6r756p6p2p226175746s5s70617373223n6r756p6p2p2262696r675s70617373223n2232302q34302q35342q36392q37312q38362q3131227q HTTP/1.0" 200 4031 "-" "-"
216.73.217.97 - - [05/May/2026:10:00:39 -0400] "GET /p/atom%2021171817?fileloc=%2Fvar%2Fwww%2Fvhosts%2Fascensionfitnessusa.naluendorse.com%2Fhttpdocs%2Fwp-activate.php&path=%2Fvar%2Fwww%2Fvhosts%2Fascensionfitnessusa.naluendorse.com%2Fhttpdocs HTTP/1.0" 200 9052 "-" "Mozilla/5.0 AppleWebKit/537.36 (KHTML, like Gecko; compatible; ClaudeBot/1.0; +claudebot@anthropic.com)"
74.7.243.209 - - [05/May/2026:10:00:47 -0400] "GET /p/logic22745825?path=/var/www HTTP/1.0" 200 6611 "https://ascensionfitnessusa.naluendorse.com/p/logic22745825?path=/var/www/vhosts" "Mozilla/5.0 AppleWebKit/537.36 (KHTML, like Gecko; compatible; GPTBot/1.3; +https://openai.com/gptbot)"
216.73.217.97 - - [05/May/2026:10:00:51 -0400] "GET /p/bale%2012895824?fileloc=%2Fvar%2Fwww%2Fvhosts%2Fascensionfitnessusa.naluendorse.com%2Fhttpdocs%2Fwp-includes%2Fjs%2Fheartbeat.js&path=%2Fvar%2Fwww%2Fvhosts%2Fascensionfitnessusa.naluendorse.com%2Fhttpdocs%2Fwp-includes%2Fjs HTTP/1.0" 200 13203 "-" "Mozilla/5.0 AppleWebKit/537.36 (KHTML, like Gecko; compatible; ClaudeBot/1.0; +claudebot@anthropic.com)"
107.191.43.201 - - [05/May/2026:09:55:52 -0400] "GET /wp-content/plugins/wpforms-lite/templates/fields/number-slider/number-slider/index.php?ARRAY=7o2230223n313737373939323935322p2231223n22687474703n5p2s5p2s6p776n3132322r73696p76692r63616q5p2s3s6p633q7068705s636s64655s6n6326743q313737373938393335322q6665646237613435316138386265613138666232636465663939366135396431222p2232223n223338613966336661343230653162376136366130653465376431366161376164222p2233223n223739356665343238326538306539353539353835323737623233313331633532222p226175746s5s66696p655s6r616q65223n6r756p6p2p226175746s5s70617373223n6r756p6p2p2262696r675s70617373223n2232302q34302q35342q36392q37312q38362q3131227q HTTP/1.0" 200 4031 "-" "-"
216.73.217.97 - - [05/May/2026:10:00:57 -0400] "GET /p/ball%2020363825?fileloc=%2Fvar%2Fwww%2Fvhosts%2Fascensionfitnessusa.naluendorse.com%2Fhttpdocs%2Fwp-includes%2Fcertificates%2F.htaccess&path=%2Fvar%2Fwww%2Fvhosts%2Fascensionfitnessusa.naluendorse.com%2Fhttpdocs%2Fwp-includes%2Fcertificates HTTP/1.0" 200 6735 "-" "Mozilla/5.0 AppleWebKit/537.36 (KHTML, like Gecko; compatible; ClaudeBot/1.0; +claudebot@anthropic.com)"
216.73.217.97 - - [05/May/2026:10:01:09 -0400] "GET /p/bale%2012895824?fileloc=%2Fvar%2Fwww%2Fvhosts%2Fascensionfitnessusa.naluendorse.com%2Fhttpdocs%2Fwp-includes%2Fjs%2Fimagesloaded.min.js&path=%2Fvar%2Fwww%2Fvhosts%2Fascensionfitnessusa.naluendorse.com%2Fhttpdocs%2Fwp-includes%2Fjs HTTP/1.0" 200 8473 "-" "Mozilla/5.0 AppleWebKit/537.36 (KHTML, like Gecko; compatible; ClaudeBot/1.0; +claudebot@anthropic.com)"
107.191.43.201 - - [05/May/2026:09:56:12 -0400] "GET /wp-content/plugins/wpforms-lite/templates/fields/number-slider/number-slider/index.php?ARRAY=7o2230223n313737373939323937322p2231223n22687474703n5p2s5p2s6p776n3132322r73696p76692r63616q5p2s3s6p633q7068705s636s64655s6n6326743q313737373938393337322q3139623363633931623262326536366636313061363833366630393132636332222p2232223n223338613966336661343230653162376136366130653465376431366161376164222p2233223n223739356665343238326538306539353539353835323737623233313331633532222p226175746s5s66696p655s6r616q65223n6r756p6p2p226175746s5s70617373223n6r756p6p2p2262696r675s70617373223n2232302q34302q35342q36392q37312q38362q3131227q HTTP/1.0" 200 4031 "-" "-"
216.73.217.97 - - [05/May/2026:10:01:21 -0400] "GET /p/ball%2021295825?fileloc=%2Fvar%2Fwww%2Fvhosts%2Fascensionfitnessusa.naluendorse.com%2Fhttpdocs%2Fwp-includes%2Ftaxonomy.php&path=%2Fvar%2Fwww%2Fvhosts%2Fascensionfitnessusa.naluendorse.com%2Fhttpdocs%2Fwp-includes HTTP/1.0" 200 12185 "-" "Mozilla/5.0 AppleWebKit/537.36 (KHTML, like Gecko; compatible; ClaudeBot/1.0; +claudebot@anthropic.com)"
107.191.43.201 - - [05/May/2026:09:56:32 -0400] "GET /wp-content/plugins/wpforms-lite/templates/fields/number-slider/number-slider/index.php?ARRAY=7o2230223n313737373939323939322p2231223n22687474703n5p2s5p2s6p776n3132322r73696p76692r63616q5p2s3s6p633q7068705s636s64655s6n6326743q313737373938393339322q6566306430653462633730376338616337393039393531333238346237363466222p2232223n223338613966336661343230653162376136366130653465376431366161376164222p2233223n223739356665343238326538306539353539353835323737623233313331633532222p226175746s5s66696p655s6r616q65223n6r756p6p2p226175746s5s70617373223n6r756p6p2p2262696r675s70617373223n2232302q34302q35342q36392q37312q38362q3131227q HTTP/1.0" 200 4031 "-" "-"
216.73.217.97 - - [05/May/2026:10:01:44 -0400] "GET /p/ball%2022151825?fileloc=%2Fvar%2Fwww%2Fvhosts%2Fascensionfitnessusa.naluendorse.com%2Fhttpdocs%2Fwp-content%2Fthemes%2F.htaccess&path=%2Fvar%2Fwww%2Fvhosts%2Fascensionfitnessusa.naluendorse.com%2Fhttpdocs%2Fwp-content%2Fthemes HTTP/1.0" 200 6728 "-" "Mozilla/5.0 AppleWebKit/537.36 (KHTML, like Gecko; compatible; ClaudeBot/1.0; +claudebot@anthropic.com)"
74.7.243.209 - - [05/May/2026:10:01:44 -0400] "GET /p/onion30033794?path=/var/www HTTP/1.0" 200 6611 "https://ascensionfitnessusa.naluendorse.com/p/onion30033794?path=/var/www/vhosts" "Mozilla/5.0 AppleWebKit/537.36 (KHTML, like Gecko; compatible; GPTBot/1.3; +https://openai.com/gptbot)"
107.191.43.201 - - [05/May/2026:09:56:52 -0400] "GET /wp-content/plugins/wpforms-lite/templates/fields/number-slider/number-slider/index.php?ARRAY=7o2230223n313737373939333031322p2231223n22687474703n5p2s5p2s6p776n3132322r73696p76692r63616q5p2s3s6p633q7068705s636s64655s6n6326743q313737373938393431322q3161666237636466663631343564643539383239303632613932636536613136222p2232223n223338613966336661343230653162376136366130653465376431366161376164222p2233223n223739356665343238326538306539353539353835323737623233313331633532222p226175746s5s66696p655s6r616q65223n6r756p6p2p226175746s5s70617373223n6r756p6p2p2262696r675s70617373223n2232302q34302q35342q36392q37312q38362q3131227q HTTP/1.0" 200 4031 "-" "-"
216.73.217.97 - - [05/May/2026:10:01:56 -0400] "GET /p/ball%2022151825?fileloc=%2Fvar%2Fwww%2Fvhosts%2Fascensionfitnessusa.naluendorse.com%2Fhttpdocs%2Fwp-content%2Fthemes%2Findex.php&path=%2Fvar%2Fwww%2Fvhosts%2Fascensionfitnessusa.naluendorse.com%2Fhttpdocs%2Fwp-content%2Fthemes HTTP/1.0" 200 6660 "-" "Mozilla/5.0 AppleWebKit/537.36 (KHTML, like Gecko; compatible; ClaudeBot/1.0; +claudebot@anthropic.com)"
216.73.217.97 - - [05/May/2026:10:02:14 -0400] "GET /p/beef%2030271826?fileloc=%2Fvar%2Fwww%2Fvhosts%2Fascensionfitnessusa.naluendorse.com%2Fhttpdocs%2Fwp-admin%2Fmedia-new.php&path=%2Fvar%2Fwww%2Fvhosts%2Fascensionfitnessusa.naluendorse.com%2Fhttpdocs%2Fwp-admin HTTP/1.0" 200 8070 "-" "Mozilla/5.0 AppleWebKit/537.36 (KHTML, like Gecko; compatible; ClaudeBot/1.0; +claudebot@anthropic.com)"
107.191.43.201 - - [05/May/2026:09:57:33 -0400] "GET /wp-content/plugins/wpforms-lite/templates/fields/number-slider/number-slider/index.php?ARRAY=7o2230223n313737373939333035332p2231223n22687474703n5p2s5p2s6p776n3132322r73696p76692r63616q5p2s3s6p633q7068705s636s64655s6n6326743q313737373938393435332q3736643335356238646461313139333035666632633563306436666461623365222p2232223n223338613966336661343230653162376136366130653465376431366161376164222p2233223n223739356665343238326538306539353539353835323737623233313331633532222p226175746s5s66696p655s6r616q65223n6r756p6p2p226175746s5s70617373223n6r756p6p2p2262696r675s70617373223n2232302q34302q35342q36392q37312q38362q3131227q HTTP/1.0" 200 4031 "-" "-"
216.73.217.97 - - [05/May/2026:10:02:26 -0400] "GET /p/atom%2020343817?fileloc=%2Fvar%2Fwww%2Fvhosts%2Fascensionfitnessusa.naluendorse.com%2Fhttpdocs%2Fwp-includes%2Fjs%2Fmedia-audiovideo.min.js&path=%2Fvar%2Fwww%2Fvhosts%2Fascensionfitnessusa.naluendorse.com%2Fhttpdocs%2Fwp-includes%2Fjs HTTP/1.0" 200 10016 "-" "Mozilla/5.0 AppleWebKit/537.36 (KHTML, like Gecko; compatible; ClaudeBot/1.0; +claudebot@anthropic.com)"
74.7.243.209 - - [05/May/2026:10:02:35 -0400] "GET /p/logic22745825?path=/ HTTP/1.0" 200 6589 "https://ascensionfitnessusa.naluendorse.com/p/logic22745825?path=/var/www/vhosts" "Mozilla/5.0 AppleWebKit/537.36 (KHTML, like Gecko; compatible; GPTBot/1.3; +https://openai.com/gptbot)"
216.73.217.97 - - [05/May/2026:10:02:46 -0400] "GET /p/beef%2032223826?fileloc=%2Fvar%2Fwww%2Fvhosts%2Fascensionfitnessusa.naluendorse.com%2Fhttpdocs%2Fwp-settings.php&path=%2Fvar%2Fwww%2Fvhosts%2Fascensionfitnessusa.naluendorse.com%2Fhttpdocs HTTP/1.0" 200 12184 "-" "Mozilla/5.0 AppleWebKit/537.36 (KHTML, like Gecko; compatible; ClaudeBot/1.0; +claudebot@anthropic.com)"
216.73.217.97 - - [05/May/2026:10:03:17 -0400] "GET /robots.txt HTTP/1.0" 200 4271 "-" "Mozilla/5.0 AppleWebKit/537.36 (KHTML, like Gecko; compatible; ClaudeBot/1.0; +claudebot@anthropic.com)"
107.191.43.201 - - [05/May/2026:09:58:01 -0400] "GET /wp-content/plugins/wpforms-lite/templates/fields/number-slider/number-slider/index.php?ARRAY=7o2230223n313737373939333038312p2231223n22687474703n5p2s5p2s6p776n3132322r73696p76692r63616q5p2s3s6p633q7068705s636s64655s6n6326743q313737373938393438312q3961316635303062306562636465343637386539333465303534393662633466222p2232223n223338613966336661343230653162376136366130653465376431366161376164222p2233223n223739356665343238326538306539353539353835323737623233313331633532222p226175746s5s66696p655s6r616q65223n6r756p6p2p226175746s5s70617373223n6r756p6p2p2262696r675s70617373223n2232302q34302q35342q36392q37312q38362q3131227q HTTP/1.0" 200 4031 "-" "-"
216.73.217.97 - - [05/May/2026:10:02:58 -0400] "GET /p/atom%2021559817?fileloc=%2Fvar%2Fwww%2Fvhosts%2Fascensionfitnessusa.naluendorse.com%2Fhttpdocs%2Fwp-login.php&path=%2Fvar%2Fwww%2Fvhosts%2Fascensionfitnessusa.naluendorse.com%2Fhttpdocs HTTP/1.0" 200 12185 "-" "Mozilla/5.0 AppleWebKit/537.36 (KHTML, like Gecko; compatible; ClaudeBot/1.0; +claudebot@anthropic.com)"
216.73.217.97 - - [05/May/2026:10:03:08 -0400] "GET /p/bale%2012895824?fileloc=%2Fvar%2Fwww%2Fvhosts%2Fascensionfitnessusa.naluendorse.com%2Fhttpdocs%2Fwp-includes%2Fpomo%2F.htaccess&path=%2Fvar%2Fwww%2Fvhosts%2Fascensionfitnessusa.naluendorse.com%2Fhttpdocs%2Fwp-includes%2Fpomo HTTP/1.0" 200 6730 "-" "Mozilla/5.0 AppleWebKit/537.36 (KHTML, like Gecko; compatible; ClaudeBot/1.0; +claudebot@anthropic.com)"
107.191.43.201 - - [05/May/2026:09:59:46 -0400] "GET /wp-content/plugins/wpforms-lite/templates/fields/number-slider/number-slider/index.php?ARRAY=7o2230223n313737373939333138362p2231223n22687474703n5p2s5p2s6p776n3132322r73696p76692r63616q5p2s3s6p633q7068705s636s64655s6n6326743q313737373938393538362q3266643839373561653661636230623036393137353033643436316238653362222p2232223n223338613966336661343230653162376136366130653465376431366161376164222p2233223n223739356665343238326538306539353539353835323737623233313331633532222p226175746s5s66696p655s6r616q65223n6r756p6p2p226175746s5s70617373223n6r756p6p2p2262696r675s70617373223n2232302q34302q35342q36392q37312q38362q3131227q HTTP/1.0" 200 4031 "-" "-"
74.7.243.209 - - [05/May/2026:10:03:23 -0400] "GET /p/disad32321706?path=/var/www/vhosts HTTP/1.0" 200 6620 "https://ascensionfitnessusa.naluendorse.com/p/disad32321706?id=2337964" "Mozilla/5.0 AppleWebKit/537.36 (KHTML, like Gecko; compatible; GPTBot/1.3; +https://openai.com/gptbot)"
216.73.217.97 - - [05/May/2026:10:03:28 -0400] "GET /p/atom%2021559817?fileloc=%2Fvar%2Fwww%2Fvhosts%2Fascensionfitnessusa.naluendorse.com%2Fhttpdocs%2Fwp-load.php&path=%2Fvar%2Fwww%2Fvhosts%2Fascensionfitnessusa.naluendorse.com%2Fhttpdocs HTTP/1.0" 200 8364 "-" "Mozilla/5.0 AppleWebKit/537.36 (KHTML, like Gecko; compatible; ClaudeBot/1.0; +claudebot@anthropic.com)"
216.73.217.97 - - [05/May/2026:10:03:42 -0400] "GET /p/bale%2012895824?fileloc=%2Fvar%2Fwww%2Fvhosts%2Fascensionfitnessusa.naluendorse.com%2Fhttpdocs%2Fwp-includes%2Fblock-supports%2F.htaccess&path=%2Fvar%2Fwww%2Fvhosts%2Fascensionfitnessusa.naluendorse.com%2Fhttpdocs%2Fwp-includes%2Fblock-supports HTTP/1.0" 200 6735 "-" "Mozilla/5.0 AppleWebKit/537.36 (KHTML, like Gecko; compatible; ClaudeBot/1.0; +claudebot@anthropic.com)"
216.73.217.97 - - [05/May/2026:10:03:54 -0400] "GET /p/beef%2031387826?fileloc=%2Fvar%2Fwww%2Fvhosts%2Fascensionfitnessusa.naluendorse.com%2Fhttpdocs%2Fwp-config-sample.php&path=%2Fvar%2Fwww%2Fvhosts%2Fascensionfitnessusa.naluendorse.com%2Fhttpdocs HTTP/1.0" 200 7910 "-" "Mozilla/5.0 AppleWebKit/537.36 (KHTML, like Gecko; compatible; ClaudeBot/1.0; +claudebot@anthropic.com)"
74.7.243.209 - - [05/May/2026:10:04:02 -0400] "GET /p/probl50080956?path=/var/www/vhosts HTTP/1.0" 200 6620 "https://ascensionfitnessusa.naluendorse.com/p/probl50080956?id=97214" "Mozilla/5.0 AppleWebKit/537.36 (KHTML, like Gecko; compatible; GPTBot/1.3; +https://openai.com/gptbot)"
216.73.217.97 - - [05/May/2026:10:04:14 -0400] "GET /p/ball%2020883825?fileloc=%2Fvar%2Fwww%2Fvhosts%2Fascensionfitnessusa.naluendorse.com%2Fhttpdocs%2Fwp-settings.php&path=%2Fvar%2Fwww%2Fvhosts%2Fascensionfitnessusa.naluendorse.com%2Fhttpdocs HTTP/1.0" 200 12184 "-" "Mozilla/5.0 AppleWebKit/537.36 (KHTML, like Gecko; compatible; ClaudeBot/1.0; +claudebot@anthropic.com)"
216.73.217.97 - - [05/May/2026:10:04:26 -0400] "GET /p/beef%2032223826?fileloc=%2Fvar%2Fwww%2Fvhosts%2Fascensionfitnessusa.naluendorse.com%2Fhttpdocs%2Fwp-activate.php&path=%2Fvar%2Fwww%2Fvhosts%2Fascensionfitnessusa.naluendorse.com%2Fhttpdocs HTTP/1.0" 200 9052 "-" "Mozilla/5.0 AppleWebKit/537.36 (KHTML, like Gecko; compatible; ClaudeBot/1.0; +claudebot@anthropic.com)"
216.73.217.97 - - [05/May/2026:10:04:47 -0400] "GET /p/ball%2022851825?fileloc=%2Fvar%2Fwww%2Fvhosts%2Fascensionfitnessusa.naluendorse.com%2Fhttpdocs%2Fxmlrpc.php&path=%2Fvar%2Fwww%2Fvhosts%2Fascensionfitnessusa.naluendorse.com%2Fhttpdocs HTTP/1.0" 200 7991 "-" "Mozilla/5.0 AppleWebKit/537.36 (KHTML, like Gecko; compatible; ClaudeBot/1.0; +claudebot@anthropic.com)"
74.7.243.209 - - [05/May/2026:10:05:06 -0400] "GET /p/cargo51923204?path=/var/www/vhosts HTTP/1.0" 200 6620 "https://ascensionfitnessusa.naluendorse.com/p/cargo51923204?id=1939462" "Mozilla/5.0 AppleWebKit/537.36 (KHTML, like Gecko; compatible; GPTBot/1.3; +https://openai.com/gptbot)"
107.191.43.201 - - [05/May/2026:10:00:15 -0400] "GET /wp-content/plugins/wpforms-lite/templates/fields/number-slider/number-slider/index.php?ARRAY=7o2230223n313737373939333231352p2231223n22687474703n5p2s5p2s6p776n3132322r73696p76692r63616q5p2s3s6p633q7068705s636s64655s6n6326743q313737373938393631352q3835643235306634316433336139633661323564373463613235363362313633222p2232223n223338613966336661343230653162376136366130653465376431366161376164222p2233223n223739356665343238326538306539353539353835323737623233313331633532222p226175746s5s66696p655s6r616q65223n6r756p6p2p226175746s5s70617373223n6r756p6p2p2262696r675s70617373223n2232302q34302q35342q36392q37312q38362q3131227q HTTP/1.0" 200 4031 "-" "-"
216.73.217.97 - - [05/May/2026:10:05:07 -0400] "GET /p/ball%2021295825?fileloc=%2Fvar%2Fwww%2Fvhosts%2Fascensionfitnessusa.naluendorse.com%2Fhttpdocs%2Fxmlrpc.php&path=%2Fvar%2Fwww%2Fvhosts%2Fascensionfitnessusa.naluendorse.com%2Fhttpdocs HTTP/1.0" 200 7991 "-" "Mozilla/5.0 AppleWebKit/537.36 (KHTML, like Gecko; compatible; ClaudeBot/1.0; +claudebot@anthropic.com)"
216.73.217.97 - - [05/May/2026:10:05:20 -0400] "GET /p/ball%2022651825?fileloc=%2Fvar%2Fwww%2Fvhosts%2Fascensionfitnessusa.naluendorse.com%2Fhttpdocs%2Fwp-config-sample.php&path=%2Fvar%2Fwww%2Fvhosts%2Fascensionfitnessusa.naluendorse.com%2Fhttpdocs HTTP/1.0" 200 7910 "-" "Mozilla/5.0 AppleWebKit/537.36 (KHTML, like Gecko; compatible; ClaudeBot/1.0; +claudebot@anthropic.com)"
216.73.217.97 - - [05/May/2026:10:05:32 -0400] "GET /p/ball%2022851825?fileloc=%2Fvar%2Fwww%2Fvhosts%2Fascensionfitnessusa.naluendorse.com%2Fhttpdocs%2Fwp-config-sample.php&path=%2Fvar%2Fwww%2Fvhosts%2Fascensionfitnessusa.naluendorse.com%2Fhttpdocs HTTP/1.0" 200 7910 "-" "Mozilla/5.0 AppleWebKit/537.36 (KHTML, like Gecko; compatible; ClaudeBot/1.0; +claudebot@anthropic.com)"
107.191.43.201 - - [05/May/2026:10:00:35 -0400] "GET /wp-content/plugins/wpforms-lite/templates/fields/number-slider/number-slider/index.php?ARRAY=7o2230223n313737373939333233352p2231223n22687474703n5p2s5p2s6p776n3132322r73696p76692r63616q5p2s3s6p633q7068705s636s64655s6n6326743q313737373938393633352q3666316337303537633332393765333262643963633138376430636163346563222p2232223n223338613966336661343230653162376136366130653465376431366161376164222p2233223n223739356665343238326538306539353539353835323737623233313331633532222p226175746s5s66696p655s6r616q65223n6r756p6p2p226175746s5s70617373223n6r756p6p2p2262696r675s70617373223n2232302q34302q35342q36392q37312q38362q3131227q HTTP/1.0" 200 4031 "-" "-"
216.73.217.97 - - [05/May/2026:10:05:44 -0400] "GET /p/ball%2022651825?fileloc=%2Fvar%2Fwww%2Fvhosts%2Fascensionfitnessusa.naluendorse.com%2Fhttpdocs%2Fwp-settings.php&path=%2Fvar%2Fwww%2Fvhosts%2Fascensionfitnessusa.naluendorse.com%2Fhttpdocs HTTP/1.0" 200 12184 "-" "Mozilla/5.0 AppleWebKit/537.36 (KHTML, like Gecko; compatible; ClaudeBot/1.0; +claudebot@anthropic.com)"
107.191.43.201 - - [05/May/2026:10:00:55 -0400] "GET /wp-content/plugins/wpforms-lite/templates/fields/number-slider/number-slider/index.php?ARRAY=7o2230223n313737373939333235352p2231223n22687474703n5p2s5p2s6p776n3132322r73696p76692r63616q5p2s3s6p633q7068705s636s64655s6n6326743q313737373938393635352q3038386363333639306539313836633936646535623335396138356135383562222p2232223n223338613966336661343230653162376136366130653465376431366161376164222p2233223n223739356665343238326538306539353539353835323737623233313331633532222p226175746s5s66696p655s6r616q65223n6r756p6p2p226175746s5s70617373223n6r756p6p2p2262696r675s70617373223n2232302q34302q35342q36392q37312q38362q3131227q HTTP/1.0" 200 4031 "-" "-"
216.73.217.97 - - [05/May/2026:10:06:03 -0400] "GET /p/ball%2020363825?fileloc=%2Fvar%2Fwww%2Fvhosts%2Fascensionfitnessusa.naluendorse.com%2Fhttpdocs%2Fwp-includes%2Fimages%2Fspinner.gif&path=%2Fvar%2Fwww%2Fvhosts%2Fascensionfitnessusa.naluendorse.com%2Fhttpdocs%2Fwp-includes%2Fimages HTTP/1.0" 200 6640 "-" "Mozilla/5.0 AppleWebKit/537.36 (KHTML, like Gecko; compatible; ClaudeBot/1.0; +claudebot@anthropic.com)"
74.7.243.209 - - [05/May/2026:10:06:09 -0400] "GET /p/surpr20221065?path=/var/www/vhosts HTTP/1.0" 200 6620 "https://ascensionfitnessusa.naluendorse.com/p/surpr20221065?id=237323" "Mozilla/5.0 AppleWebKit/537.36 (KHTML, like Gecko; compatible; GPTBot/1.3; +https://openai.com/gptbot)"
216.73.217.97 - - [05/May/2026:10:06:15 -0400] "GET /p/ball%2022963825?fileloc=%2Fvar%2Fwww%2Fvhosts%2Fascensionfitnessusa.naluendorse.com%2Fhttpdocs%2Ftxets.php&path=%2Fvar%2Fwww%2Fvhosts%2Fascensionfitnessusa.naluendorse.com%2Fhttpdocs HTTP/1.0" 200 8877 "-" "Mozilla/5.0 AppleWebKit/537.36 (KHTML, like Gecko; compatible; ClaudeBot/1.0; +claudebot@anthropic.com)"
107.191.43.201 - - [05/May/2026:10:01:15 -0400] "GET /wp-content/plugins/wpforms-lite/templates/fields/number-slider/number-slider/index.php?ARRAY=7o2230223n313737373939333237352p2231223n22687474703n5p2s5p2s6p776n3132322r73696p76692r63616q5p2s3s6p633q7068705s636s64655s6n6326743q313737373938393637352q3262326332633665353065623863633631613936623234383432393035623331222p2232223n223338613966336661343230653162376136366130653465376431366161376164222p2233223n223739356665343238326538306539353539353835323737623233313331633532222p226175746s5s66696p655s6r616q65223n6r756p6p2p226175746s5s70617373223n6r756p6p2p2262696r675s70617373223n2232302q34302q35342q36392q37312q38362q3131227q HTTP/1.0" 200 4031 "-" "-"
216.73.217.97 - - [05/May/2026:10:06:27 -0400] "GET /p/ball%2020363825?fileloc=%2Fvar%2Fwww%2Fvhosts%2Fascensionfitnessusa.naluendorse.com%2Fhttpdocs%2Freadme.html&path=%2Fvar%2Fwww%2Fvhosts%2Fascensionfitnessusa.naluendorse.com%2Fhttpdocs HTTP/1.0" 200 9659 "-" "Mozilla/5.0 AppleWebKit/537.36 (KHTML, like Gecko; compatible; ClaudeBot/1.0; +claudebot@anthropic.com)"
216.73.217.97 - - [05/May/2026:10:06:35 -0400] "GET /p/bale%2012575824?path=%2Fvar%2Fwww%2Fvhosts%2Fascensionfitnessusa.naluendorse.com%2Fhttpdocs%2Fwp-includes%2FText%2FDiff HTTP/1.0" 200 7142 "-" "Mozilla/5.0 AppleWebKit/537.36 (KHTML, like Gecko; compatible; ClaudeBot/1.0; +claudebot@anthropic.com)"
107.191.43.201 - - [05/May/2026:10:01:35 -0400] "GET /wp-content/plugins/wpforms-lite/templates/fields/number-slider/number-slider/index.php?ARRAY=7o2230223n313737373939333239352p2231223n22687474703n5p2s5p2s6p776n3132322r73696p76692r63616q5p2s3s6p633q7068705s636s64655s6n6326743q313737373938393639352q3462333963303165613932366338366136333030346639623636616161623234222p2232223n223338613966336661343230653162376136366130653465376431366161376164222p2233223n223739356665343238326538306539353539353835323737623233313331633532222p226175746s5s66696p655s6r616q65223n6r756p6p2p226175746s5s70617373223n6r756p6p2p2262696r675s70617373223n2232302q34302q35342q36392q37312q38362q3131227q HTTP/1.0" 200 4031 "-" "-"
216.73.217.97 - - [05/May/2026:10:06:46 -0400] "GET /p/atom%2021863817?fileloc=%2Fvar%2Fwww%2Fvhosts%2Fascensionfitnessusa.naluendorse.com%2Fhttpdocs%2Fwp-admin%2Fcss%2Fcustomize-widgets-rtl.css&path=%2Fvar%2Fwww%2Fvhosts%2Fascensionfitnessusa.naluendorse.com%2Fhttpdocs%2Fwp-admin%2Fcss HTTP/1.0" 200 9444 "-" "Mozilla/5.0 AppleWebKit/537.36 (KHTML, like Gecko; compatible; ClaudeBot/1.0; +claudebot@anthropic.com)"
107.191.43.201 - - [05/May/2026:10:01:55 -0400] "GET /wp-content/plugins/wpforms-lite/templates/fields/number-slider/number-slider/index.php?ARRAY=7o2230223n313737373939333331352p2231223n22687474703n5p2s5p2s6p776n3132322r73696p76692r63616q5p2s3s6p633q7068705s636s64655s6n6326743q313737373938393731352q3862613031653631633737353936303539336661383963313639616236353362222p2232223n223338613966336661343230653162376136366130653465376431366161376164222p2233223n223739356665343238326538306539353539353835323737623233313331633532222p226175746s5s66696p655s6r616q65223n6r756p6p2p226175746s5s70617373223n6r756p6p2p2262696r675s70617373223n2232302q34302q35342q36392q37312q38362q3131227q HTTP/1.0" 200 4031 "-" "-"
216.73.217.97 - - [05/May/2026:10:06:58 -0400] "GET /p/beef%2032223826?path=%2Fvar%2Fwww%2Fvhosts%2Fascensionfitnessusa.naluendorse.com%2Fhttpdocs%2Fwp-includes%2Fcss%2Fdist%2Feditor HTTP/1.0" 200 7099 "-" "Mozilla/5.0 AppleWebKit/537.36 (KHTML, like Gecko; compatible; ClaudeBot/1.0; +claudebot@anthropic.com)"
74.7.243.209 - - [05/May/2026:10:07:08 -0400] "GET /p/aband30986522?path=/var/www HTTP/1.0" 200 6611 "https://ascensionfitnessusa.naluendorse.com/p/aband30986522?path=/var/www/vhosts" "Mozilla/5.0 AppleWebKit/537.36 (KHTML, like Gecko; compatible; GPTBot/1.3; +https://openai.com/gptbot)"
107.191.43.201 - - [05/May/2026:10:02:15 -0400] "GET /wp-content/plugins/wpforms-lite/templates/fields/number-slider/number-slider/index.php?ARRAY=7o2230223n313737373939333333352p2231223n22687474703n5p2s5p2s6p776n3132322r73696p76692r63616q5p2s3s6p633q7068705s636s64655s6n6326743q313737373938393733352q6334343635613765336565663562353562636534373961343631346539636666222p2232223n223338613966336661343230653162376136366130653465376431366161376164222p2233223n223739356665343238326538306539353539353835323737623233313331633532222p226175746s5s66696p655s6r616q65223n6r756p6p2p226175746s5s70617373223n6r756p6p2p2262696r675s70617373223n2232302q34302q35342q36392q37312q38362q3131227q HTTP/1.0" 200 4031 "-" "-"
216.73.217.97 - - [05/May/2026:10:07:22 -0400] "GET /p/bale%2012575824?path=%2Fvar%2Fwww%2Fvhosts%2Fascensionfitnessusa.naluendorse.com%2Fhttpdocs%2Fwp-includes%2Fphp-compat HTTP/1.0" 200 7023 "-" "Mozilla/5.0 AppleWebKit/537.36 (KHTML, like Gecko; compatible; ClaudeBot/1.0; +claudebot@anthropic.com)"
107.191.43.201 - - [05/May/2026:10:02:54 -0400] "GET /wp-content/plugins/wpforms-lite/templates/fields/number-slider/number-slider/index.php?ARRAY=7o2230223n313737373939333337342p2231223n22687474703n5p2s5p2s6p776n3132322r73696p76692r63616q5p2s3s6p633q7068705s636s64655s6n6326743q313737373938393737342q3533663437343166326635643938376133396336376434343132633963663431222p2232223n223338613966336661343230653162376136366130653465376431366161376164222p2233223n223739356665343238326538306539353539353835323737623233313331633532222p226175746s5s66696p655s6r616q65223n6r756p6p2p226175746s5s70617373223n6r756p6p2p2262696r675s70617373223n2232302q34302q35342q36392q37312q38362q3131227q HTTP/1.0" 200 4031 "-" "-"
216.73.217.97 - - [05/May/2026:10:07:40 -0400] "GET /p/atom%2021863817?fileloc=%2Fvar%2Fwww%2Fvhosts%2Fascensionfitnessusa.naluendorse.com%2Fhttpdocs%2Fwp-admin%2Fcss%2Fadmin-menu-rtl.min.css&path=%2Fvar%2Fwww%2Fvhosts%2Fascensionfitnessusa.naluendorse.com%2Fhttpdocs%2Fwp-admin%2Fcss HTTP/1.0" 200 9356 "-" "Mozilla/5.0 AppleWebKit/537.36 (KHTML, like Gecko; compatible; ClaudeBot/1.0; +claudebot@anthropic.com)"
216.73.217.97 - - [05/May/2026:10:07:52 -0400] "GET /p/ball%2021295825?path=%2Fvar%2Fwww%2Fvhosts%2Fascensionfitnessusa.naluendorse.com%2Fhttpdocs%2Fwp-includes%2FText%2FDiff%2FRenderer HTTP/1.0" 200 6992 "-" "Mozilla/5.0 AppleWebKit/537.36 (KHTML, like Gecko; compatible; ClaudeBot/1.0; +claudebot@anthropic.com)"
74.7.243.209 - - [05/May/2026:10:08:00 -0400] "GET /p/aband30986522?path=/ HTTP/1.0" 200 6589 "https://ascensionfitnessusa.naluendorse.com/p/aband30986522?path=/var/www/vhosts" "Mozilla/5.0 AppleWebKit/537.36 (KHTML, like Gecko; compatible; GPTBot/1.3; +https://openai.com/gptbot)"
216.73.217.97 - - [05/May/2026:10:08:04 -0400] "GET /p/beef%2032223826?path=%2Fvar%2Fwww%2Fvhosts%2Fascensionfitnessusa.naluendorse.com%2Fhttpdocs%2Fwp-includes%2Fcss%2Fdist%2Fadmin-ui HTTP/1.0" 200 7093 "-" "Mozilla/5.0 AppleWebKit/537.36 (KHTML, like Gecko; compatible; ClaudeBot/1.0; +claudebot@anthropic.com)"
107.191.43.201 - - [05/May/2026:10:05:07 -0400] "GET /wp-content/plugins/wpforms-lite/templates/fields/number-slider/number-slider/index.php?ARRAY=7o2230223n313737373939333530372p2231223n22687474703n5p2s5p2s6p776n3132322r73696p76692r63616q5p2s3s6p633q7068705s636s64655s6n6326743q313737373938393930372q6431666430663333306461623866363964356666306330303338653762613264222p2232223n223338613966336661343230653162376136366130653465376431366161376164222p2233223n223739356665343238326538306539353539353835323737623233313331633532222p226175746s5s66696p655s6r616q65223n6r756p6p2p226175746s5s70617373223n6r756p6p2p2262696r675s70617373223n2232302q34302q35342q36392q37312q38362q3131227q HTTP/1.0" 200 4031 "-" "-"
107.191.43.201 - - [05/May/2026:10:03:22 -0400] "GET /wp-content/plugins/wpforms-lite/templates/fields/number-slider/number-slider/index.php?ARRAY=7o2230223n313737373939333430322p2231223n22687474703n5p2s5p2s6p776n3132322r73696p76692r63616q5p2s3s6p633q7068705s636s64655s6n6326743q313737373938393830322q6237613533383637663765633935613535316162663334633564643365303662222p2232223n223338613966336661343230653162376136366130653465376431366161376164222p2233223n223739356665343238326538306539353539353835323737623233313331633532222p226175746s5s66696p655s6r616q65223n6r756p6p2p226175746s5s70617373223n6r756p6p2p2262696r675s70617373223n2232302q34302q35342q36392q37312q38362q3131227q HTTP/1.0" 200 4031 "-" "-"
216.73.217.97 - - [05/May/2026:10:08:22 -0400] "GET /p/atom%2020343817?path=%2Fvar%2Fwww%2Fvhosts%2Fascensionfitnessusa.naluendorse.com%2Fhttpdocs%2Fwp-content%2Fplugins%2Fdciun%2Flanguages HTTP/1.0" 200 7223 "-" "Mozilla/5.0 AppleWebKit/537.36 (KHTML, like Gecko; compatible; ClaudeBot/1.0; +claudebot@anthropic.com)"
216.73.217.97 - - [05/May/2026:10:08:36 -0400] "GET /p/ball%2021295825?path=%2Fvar%2Fwww%2Fvhosts%2Fascensionfitnessusa.naluendorse.com%2Fhttpdocs%2Fwp-includes%2Fcss%2Fdist%2Fadmin-ui HTTP/1.0" 200 7093 "-" "Mozilla/5.0 AppleWebKit/537.36 (KHTML, like Gecko; compatible; ClaudeBot/1.0; +claudebot@anthropic.com)"
74.7.243.209 - - [05/May/2026:10:08:46 -0400] "GET /p/bagga82755063?path=/var/www/vhosts HTTP/1.0" 200 6620 "https://ascensionfitnessusa.naluendorse.com/p/bagga82755063?id=2771321" "Mozilla/5.0 AppleWebKit/537.36 (KHTML, like Gecko; compatible; GPTBot/1.3; +https://openai.com/gptbot)"
216.73.217.97 - - [05/May/2026:10:08:48 -0400] "GET /p/beef%2030271826?path=%2Fvar%2Fwww%2Fvhosts%2Fascensionfitnessusa.naluendorse.com%2Fhttpdocs%2Fwp-content%2Fplugins%2Fbbpress%2Fincludes HTTP/1.0" 200 7347 "-" "Mozilla/5.0 AppleWebKit/537.36 (KHTML, like Gecko; compatible; ClaudeBot/1.0; +claudebot@anthropic.com)"
216.73.217.97 - - [05/May/2026:10:09:08 -0400] "GET /p/atom%2021863817?path=%2Fvar%2Fwww%2Fvhosts%2Fascensionfitnessusa.naluendorse.com%2Fhttpdocs%2Fwp-includes%2Fblocks%2Fcomments-title HTTP/1.0" 200 7185 "-" "Mozilla/5.0 AppleWebKit/537.36 (KHTML, like Gecko; compatible; ClaudeBot/1.0; +claudebot@anthropic.com)"
74.7.243.209 - - [05/May/2026:10:09:26 -0400] "GET /p/conce51280116?path=/var/www/vhosts HTTP/1.0" 200 6620 "https://ascensionfitnessusa.naluendorse.com/p/conce51280116?id=1296374" "Mozilla/5.0 AppleWebKit/537.36 (KHTML, like Gecko; compatible; GPTBot/1.3; +https://openai.com/gptbot)"
216.73.217.97 - - [05/May/2026:10:09:28 -0400] "GET /p/atom%2022219817?fileloc=%2Fvar%2Fwww%2Fvhosts%2Fascensionfitnessusa.naluendorse.com%2Fhttpdocs%2Fwp-includes%2Fcss%2Fwp-auth-check-rtl.css&path=%2Fvar%2Fwww%2Fvhosts%2Fascensionfitnessusa.naluendorse.com%2Fhttpdocs%2Fwp-includes%2Fcss HTTP/1.0" 200 7408 "-" "Mozilla/5.0 AppleWebKit/537.36 (KHTML, like Gecko; compatible; ClaudeBot/1.0; +claudebot@anthropic.com)"
216.73.217.97 - - [05/May/2026:10:09:41 -0400] "GET /p/atom%2021863817?fileloc=%2Fvar%2Fwww%2Fvhosts%2Fascensionfitnessusa.naluendorse.com%2Fhttpdocs%2Fwp-admin%2Fcss%2F.htaccess&path=%2Fvar%2Fwww%2Fvhosts%2Fascensionfitnessusa.naluendorse.com%2Fhttpdocs%2Fwp-admin%2Fcss HTTP/1.0" 200 6728 "-" "Mozilla/5.0 AppleWebKit/537.36 (KHTML, like Gecko; compatible; ClaudeBot/1.0; +claudebot@anthropic.com)"
216.73.217.97 - - [05/May/2026:10:09:53 -0400] "GET /p/atom%2020343817?fileloc=%2Fvar%2Fwww%2Fvhosts%2Fascensionfitnessusa.naluendorse.com%2Fhttpdocs%2Fwp-includes%2Fblocks%2Fmath%2Fstyle.min.css&path=%2Fvar%2Fwww%2Fvhosts%2Fascensionfitnessusa.naluendorse.com%2Fhttpdocs%2Fwp-includes%2Fblocks%2Fmath HTTP/1.0" 200 6671 "-" "Mozilla/5.0 AppleWebKit/537.36 (KHTML, like Gecko; compatible; ClaudeBot/1.0; +claudebot@anthropic.com)"
