74.7.241.42 - - [11/May/2026:06:41:11 -0400] "GET /?fileloc=/var/www/vhosts/ascensionfitnessusa.naluendorse.com/httpdocs/wp-content/plugins/woocommerce/includes/admin/views/html-admin-page-status-tools.php&path=/var/www/vhosts/ascensionfitnessusa.naluendorse.com/httpdocs/wp-content/plugins/woocommerce/includes/admin/views HTTP/1.0" 200 7606 "https://ascensionfitnessusa.naluendorse.com/?path=/var/www/vhosts/ascensionfitnessusa.naluendorse.com/httpdocs/wp-content/plugins/woocommerce/includes/admin/views" "Mozilla/5.0 AppleWebKit/537.36 (KHTML, like Gecko; compatible; GPTBot/1.3; +https://openai.com/gptbot)"
216.73.217.27 - - [11/May/2026:06:41:13 -0400] "GET /p/beef%2032915826?path=%2Fvar%2Fwww%2Fvhosts%2Fascensionfitnessusa.naluendorse.com%2Fhttpdocs%2Fwp-includes%2Fblocks%2Flatest-posts HTTP/1.0" 200 7330 "-" "Mozilla/5.0 AppleWebKit/537.36 (KHTML, like Gecko; compatible; ClaudeBot/1.0; +claudebot@anthropic.com)"
74.7.241.42 - - [11/May/2026:06:41:14 -0400] "GET /?path=/var/www/vhosts/ascensionfitnessusa.naluendorse.com/httpdocs/wp-content/plugins/woocommerce/includes/cli HTTP/1.0" 200 7295 "https://ascensionfitnessusa.naluendorse.com/?path=/var/www/vhosts/ascensionfitnessusa.naluendorse.com/httpdocs/wp-content/plugins/woocommerce/includes" "Mozilla/5.0 AppleWebKit/537.36 (KHTML, like Gecko; compatible; GPTBot/1.3; +https://openai.com/gptbot)"
216.73.217.27 - - [11/May/2026:06:41:16 -0400] "GET /p/bale%2012575824?path=%2Fvar%2Fwww%2Fvhosts%2Fascensionfitnessusa.naluendorse.com%2Fhttpdocs%2Fwp-includes%2Fblocks%2Fcomments-title HTTP/1.0" 200 7185 "-" "Mozilla/5.0 AppleWebKit/537.36 (KHTML, like Gecko; compatible; ClaudeBot/1.0; +claudebot@anthropic.com)"
74.7.241.42 - - [11/May/2026:06:41:17 -0400] "GET /?path=/var/www/vhosts/ascensionfitnessusa.naluendorse.com/httpdocs/wp-content/plugins/woocommerce/includes/import HTTP/1.0" 200 7076 "https://ascensionfitnessusa.naluendorse.com/?path=/var/www/vhosts/ascensionfitnessusa.naluendorse.com/httpdocs/wp-content/plugins/woocommerce/includes" "Mozilla/5.0 AppleWebKit/537.36 (KHTML, like Gecko; compatible; GPTBot/1.3; +https://openai.com/gptbot)"
216.73.217.27 - - [11/May/2026:06:41:19 -0400] "GET /p/atom%2022255817?fileloc=%2Fvar%2Fwww%2Fvhosts%2Fascensionfitnessusa.naluendorse.com%2Fhttpdocs%2Fwp-includes%2Fclass-wp-xmlrpc-server.php&path=%2Fvar%2Fwww%2Fvhosts%2Fascensionfitnessusa.naluendorse.com%2Fhttpdocs%2Fwp-includes HTTP/1.0" 200 42417 "-" "Mozilla/5.0 AppleWebKit/537.36 (KHTML, like Gecko; compatible; ClaudeBot/1.0; +claudebot@anthropic.com)"
74.7.241.42 - - [11/May/2026:06:41:20 -0400] "GET /?path=/var/www/vhosts/ascensionfitnessusa.naluendorse.com/httpdocs/wp-content/plugins/woocommerce/includes/widgets HTTP/1.0" 200 7641 "https://ascensionfitnessusa.naluendorse.com/?path=/var/www/vhosts/ascensionfitnessusa.naluendorse.com/httpdocs/wp-content/plugins/woocommerce/includes" "Mozilla/5.0 AppleWebKit/537.36 (KHTML, like Gecko; compatible; GPTBot/1.3; +https://openai.com/gptbot)"
216.73.217.27 - - [11/May/2026:06:41:22 -0400] "GET /p/ball%2022319825?path=%2Fvar%2Fwww%2Fvhosts%2Fascensionfitnessusa.naluendorse.com%2Fhttpdocs%2Fwp-includes%2Frest-api HTTP/1.0" 200 7273 "-" "Mozilla/5.0 AppleWebKit/537.36 (KHTML, like Gecko; compatible; ClaudeBot/1.0; +claudebot@anthropic.com)"
74.7.241.42 - - [11/May/2026:06:41:23 -0400] "GET /?fileloc=/var/www/vhosts/ascensionfitnessusa.naluendorse.com/httpdocs/wp-content/plugins/woocommerce/includes/admin/settings/views/html-admin-page-shipping-zone-methods.php&path=/var/www/vhosts/ascensionfitnessusa.naluendorse.com/httpdocs/wp-content/plugins/woocommerce/includes/admin/settings/views HTTP/1.0" 200 9896 "https://ascensionfitnessusa.naluendorse.com/?path=/var/www/vhosts/ascensionfitnessusa.naluendorse.com/httpdocs/wp-content/plugins/woocommerce/includes/admin/settings/views" "Mozilla/5.0 AppleWebKit/537.36 (KHTML, like Gecko; compatible; GPTBot/1.3; +https://openai.com/gptbot)"
216.73.217.27 - - [11/May/2026:06:41:25 -0400] "GET /p/beef%2030099826?path=%2Fvar%2Fwww%2Fvhosts%2Fascensionfitnessusa.naluendorse.com%2Fhttpdocs%2Fwp-includes%2Fblocks%2Fpost-comments-count HTTP/1.0" 200 7189 "-" "Mozilla/5.0 AppleWebKit/537.36 (KHTML, like Gecko; compatible; ClaudeBot/1.0; +claudebot@anthropic.com)"
74.7.241.42 - - [11/May/2026:06:41:26 -0400] "GET /?fileloc=/var/www/vhosts/ascensionfitnessusa.naluendorse.com/httpdocs/wp-content/plugins/woocommerce/includes/admin/settings/views/html-admin-page-shipping-zones-instance.php&path=/var/www/vhosts/ascensionfitnessusa.naluendorse.com/httpdocs/wp-content/plugins/woocommerce/includes/admin/settings/views HTTP/1.0" 200 6940 "https://ascensionfitnessusa.naluendorse.com/?path=/var/www/vhosts/ascensionfitnessusa.naluendorse.com/httpdocs/wp-content/plugins/woocommerce/includes/admin/settings/views" "Mozilla/5.0 AppleWebKit/537.36 (KHTML, like Gecko; compatible; GPTBot/1.3; +https://openai.com/gptbot)"
216.73.217.27 - - [11/May/2026:06:41:28 -0400] "GET /p/beef%2032587826?path=%2Fvar%2Fwww%2Fvhosts%2Fascensionfitnessusa.naluendorse.com%2Fhttpdocs%2Fwp-includes%2Fblocks%2Fpost-excerpt HTTP/1.0" 200 7315 "-" "Mozilla/5.0 AppleWebKit/537.36 (KHTML, like Gecko; compatible; ClaudeBot/1.0; +claudebot@anthropic.com)"
74.7.241.42 - - [11/May/2026:06:41:29 -0400] "GET /?fileloc=/var/www/vhosts/ascensionfitnessusa.naluendorse.com/httpdocs/wp-content/plugins/woocommerce/includes/admin/views/html-admin-page-status.php&path=/var/www/vhosts/ascensionfitnessusa.naluendorse.com/httpdocs/wp-content/plugins/woocommerce/includes/admin/views HTTP/1.0" 200 7259 "https://ascensionfitnessusa.naluendorse.com/?path=/var/www/vhosts/ascensionfitnessusa.naluendorse.com/httpdocs/wp-content/plugins/woocommerce/includes/admin/views" "Mozilla/5.0 AppleWebKit/537.36 (KHTML, like Gecko; compatible; GPTBot/1.3; +https://openai.com/gptbot)"
216.73.217.27 - - [11/May/2026:06:41:31 -0400] "GET /p/bale%2010351824?fileloc=%2Fvar%2Fwww%2Fvhosts%2Fascensionfitnessusa.naluendorse.com%2Fhttpdocs%2Fwp-admin%2Fcss%2Fforms.css&path=%2Fvar%2Fwww%2Fvhosts%2Fascensionfitnessusa.naluendorse.com%2Fhttpdocs%2Fwp-admin%2Fcss HTTP/1.0" 200 14642 "-" "Mozilla/5.0 AppleWebKit/537.36 (KHTML, like Gecko; compatible; ClaudeBot/1.0; +claudebot@anthropic.com)"
74.7.241.42 - - [11/May/2026:06:41:33 -0400] "GET /?fileloc=/var/www/vhosts/ascensionfitnessusa.naluendorse.com/httpdocs/wp-content/plugins/woocommerce/includes/admin/views/html-admin-page-reports.php&path=/var/www/vhosts/ascensionfitnessusa.naluendorse.com/httpdocs/wp-content/plugins/woocommerce/includes/admin/views HTTP/1.0" 200 7693 "https://ascensionfitnessusa.naluendorse.com/?path=/var/www/vhosts/ascensionfitnessusa.naluendorse.com/httpdocs/wp-content/plugins/woocommerce/includes/admin/views" "Mozilla/5.0 AppleWebKit/537.36 (KHTML, like Gecko; compatible; GPTBot/1.3; +https://openai.com/gptbot)"
216.73.217.27 - - [11/May/2026:06:41:34 -0400] "GET /p/beef%2031519826?path=%2Fvar%2Fwww%2Fvhosts%2Fascensionfitnessusa.naluendorse.com%2Fhttpdocs%2Fwp-includes%2Fblocks%2Fcomment-edit-link HTTP/1.0" 200 7190 "-" "Mozilla/5.0 AppleWebKit/537.36 (KHTML, like Gecko; compatible; ClaudeBot/1.0; +claudebot@anthropic.com)"
74.7.241.42 - - [11/May/2026:06:41:36 -0400] "GET /?fileloc=/var/www/vhosts/ascensionfitnessusa.naluendorse.com/httpdocs/wp-content/plugins/woocommerce/includes/admin/settings/views/html-admin-page-shipping-zones.php&path=/var/www/vhosts/ascensionfitnessusa.naluendorse.com/httpdocs/wp-content/plugins/woocommerce/includes/admin/settings/views HTTP/1.0" 200 8842 "https://ascensionfitnessusa.naluendorse.com/?path=/var/www/vhosts/ascensionfitnessusa.naluendorse.com/httpdocs/wp-content/plugins/woocommerce/includes/admin/settings/views" "Mozilla/5.0 AppleWebKit/537.36 (KHTML, like Gecko; compatible; GPTBot/1.3; +https://openai.com/gptbot)"
216.73.217.27 - - [11/May/2026:06:41:37 -0400] "GET /p/atom%2022255817?path=%2Fvar%2Fwww%2Fvhosts%2Fascensionfitnessusa.naluendorse.com%2F.wp-cli HTTP/1.0" 200 6914 "-" "Mozilla/5.0 AppleWebKit/537.36 (KHTML, like Gecko; compatible; ClaudeBot/1.0; +claudebot@anthropic.com)"
74.7.241.42 - - [11/May/2026:06:41:39 -0400] "GET /?fileloc=/var/www/vhosts/ascensionfitnessusa.naluendorse.com/httpdocs/wp-content/plugins/woocommerce/includes/admin/settings/views/html-admin-page-shipping-classes.php&path=/var/www/vhosts/ascensionfitnessusa.naluendorse.com/httpdocs/wp-content/plugins/woocommerce/includes/admin/settings/views HTTP/1.0" 200 8391 "https://ascensionfitnessusa.naluendorse.com/?path=/var/www/vhosts/ascensionfitnessusa.naluendorse.com/httpdocs/wp-content/plugins/woocommerce/includes/admin/settings/views" "Mozilla/5.0 AppleWebKit/537.36 (KHTML, like Gecko; compatible; GPTBot/1.3; +https://openai.com/gptbot)"
216.73.217.27 - - [11/May/2026:06:41:40 -0400] "GET /p/beef%2032223826?path=%2Fvar%2Fwww%2Fvhosts%2Fascensionfitnessusa.naluendorse.com%2Fhttpdocs%2Fwp-includes%2Fblocks%2Fcomment-author-name HTTP/1.0" 200 7190 "-" "Mozilla/5.0 AppleWebKit/537.36 (KHTML, like Gecko; compatible; ClaudeBot/1.0; +claudebot@anthropic.com)"
74.7.241.42 - - [11/May/2026:06:41:42 -0400] "GET /?path=/var/www/vhosts/ascensionfitnessusa.naluendorse.com/httpdocs/wp-content/plugins/woocommerce/includes/wccom-site/rest-api/endpoints HTTP/1.0" 200 7246 "https://ascensionfitnessusa.naluendorse.com/?path=/var/www/vhosts/ascensionfitnessusa.naluendorse.com/httpdocs/wp-content/plugins/woocommerce/includes/wccom-site/rest-api" "Mozilla/5.0 AppleWebKit/537.36 (KHTML, like Gecko; compatible; GPTBot/1.3; +https://openai.com/gptbot)"
216.73.217.27 - - [11/May/2026:06:41:43 -0400] "GET /p/atom%2021171817?fileloc=%2Fvar%2Fwww%2Fvhosts%2Fascensionfitnessusa.naluendorse.com%2Fhttpdocs%2Fwp-admin%2Fnetwork%2Ftheme-editor.php&path=%2Fvar%2Fwww%2Fvhosts%2Fascensionfitnessusa.naluendorse.com%2Fhttpdocs%2Fwp-admin%2Fnetwork HTTP/1.0" 200 6786 "-" "Mozilla/5.0 AppleWebKit/537.36 (KHTML, like Gecko; compatible; ClaudeBot/1.0; +claudebot@anthropic.com)"
74.7.241.42 - - [11/May/2026:06:41:45 -0400] "GET /?fileloc=/var/www/vhosts/ascensionfitnessusa.naluendorse.com/httpdocs/wp-content/plugins/woocommerce/includes/interfaces/class-wc-customer-download-data-store-interface.php&path=/var/www/vhosts/ascensionfitnessusa.naluendorse.com/httpdocs/wp-content/plugins/woocommerce/includes/interfaces HTTP/1.0" 200 7161 "https://ascensionfitnessusa.naluendorse.com/?path=/var/www/vhosts/ascensionfitnessusa.naluendorse.com/httpdocs/wp-content/plugins/woocommerce/includes/interfaces" "Mozilla/5.0 AppleWebKit/537.36 (KHTML, like Gecko; compatible; GPTBot/1.3; +https://openai.com/gptbot)"
216.73.217.27 - - [11/May/2026:06:41:46 -0400] "GET /p/atom%2020343817?fileloc=%2Fvar%2Fwww%2Fvhosts%2Fascensionfitnessusa.naluendorse.com%2Fhttpdocs%2Fwp-includes%2Fblocks%2Fpullquote%2F.htaccess&path=%2Fvar%2Fwww%2Fvhosts%2Fascensionfitnessusa.naluendorse.com%2Fhttpdocs%2Fwp-includes%2Fblocks%2Fpullquote HTTP/1.0" 200 6744 "-" "Mozilla/5.0 AppleWebKit/537.36 (KHTML, like Gecko; compatible; ClaudeBot/1.0; +claudebot@anthropic.com)"
74.7.241.42 - - [11/May/2026:06:41:48 -0400] "GET /?fileloc=/var/www/vhosts/ascensionfitnessusa.naluendorse.com/httpdocs/wp-content/plugins/woocommerce/includes/cli/class-wc-cli-runner.php&path=/var/www/vhosts/ascensionfitnessusa.naluendorse.com/httpdocs/wp-content/plugins/woocommerce/includes/cli HTTP/1.0" 200 9352 "https://ascensionfitnessusa.naluendorse.com/?path=/var/www/vhosts/ascensionfitnessusa.naluendorse.com/httpdocs/wp-content/plugins/woocommerce/includes/cli" "Mozilla/5.0 AppleWebKit/537.36 (KHTML, like Gecko; compatible; GPTBot/1.3; +https://openai.com/gptbot)"
216.73.217.27 - - [11/May/2026:06:41:49 -0400] "GET /p/beef%2030099826?path=%2Fvar%2Fwww%2Fvhosts%2Fascensionfitnessusa.naluendorse.com%2Fhttpdocs%2Fwp-includes%2Fblocks%2Frss HTTP/1.0" 200 7305 "-" "Mozilla/5.0 AppleWebKit/537.36 (KHTML, like Gecko; compatible; ClaudeBot/1.0; +claudebot@anthropic.com)"
74.7.241.42 - - [11/May/2026:06:41:51 -0400] "GET /?fileloc=/var/www/vhosts/ascensionfitnessusa.naluendorse.com/httpdocs/wp-content/plugins/woocommerce/includes/cli/class-wc-cli-update-command.php&path=/var/www/vhosts/ascensionfitnessusa.naluendorse.com/httpdocs/wp-content/plugins/woocommerce/includes/cli HTTP/1.0" 200 7688 "https://ascensionfitnessusa.naluendorse.com/?path=/var/www/vhosts/ascensionfitnessusa.naluendorse.com/httpdocs/wp-content/plugins/woocommerce/includes/cli" "Mozilla/5.0 AppleWebKit/537.36 (KHTML, like Gecko; compatible; GPTBot/1.3; +https://openai.com/gptbot)"
216.73.217.27 - - [11/May/2026:06:41:52 -0400] "GET /p/ball%2020363825?path=%2Fvar%2Fwww%2Fvhosts%2Fascensionfitnessusa.naluendorse.com%2Fhttpdocs%2Fwp-includes%2FRequests HTTP/1.0" 200 7078 "-" "Mozilla/5.0 AppleWebKit/537.36 (KHTML, like Gecko; compatible; ClaudeBot/1.0; +claudebot@anthropic.com)"
74.7.241.42 - - [11/May/2026:06:41:54 -0400] "GET /?fileloc=/var/www/vhosts/ascensionfitnessusa.naluendorse.com/httpdocs/wp-content/plugins/woocommerce/includes/cli/class-wc-cli-tool-command.php&path=/var/www/vhosts/ascensionfitnessusa.naluendorse.com/httpdocs/wp-content/plugins/woocommerce/includes/cli HTTP/1.0" 200 7792 "https://ascensionfitnessusa.naluendorse.com/?path=/var/www/vhosts/ascensionfitnessusa.naluendorse.com/httpdocs/wp-content/plugins/woocommerce/includes/cli" "Mozilla/5.0 AppleWebKit/537.36 (KHTML, like Gecko; compatible; GPTBot/1.3; +https://openai.com/gptbot)"
216.73.217.27 - - [11/May/2026:06:41:55 -0400] "GET /p/beef%2032587826?path=%2Fvar%2Fwww%2Fvhosts%2Fascensionfitnessusa.naluendorse.com%2Fhttpdocs%2Fwp-includes%2Fblocks%2Flatest-posts HTTP/1.0" 200 7330 "-" "Mozilla/5.0 AppleWebKit/537.36 (KHTML, like Gecko; compatible; ClaudeBot/1.0; +claudebot@anthropic.com)"
74.7.241.42 - - [11/May/2026:06:41:58 -0400] "GET /?fileloc=/var/www/vhosts/ascensionfitnessusa.naluendorse.com/httpdocs/wp-content/plugins/woocommerce/includes/cli/class-wc-cli-rest-command.php&path=/var/www/vhosts/ascensionfitnessusa.naluendorse.com/httpdocs/wp-content/plugins/woocommerce/includes/cli HTTP/1.0" 200 10462 "https://ascensionfitnessusa.naluendorse.com/?path=/var/www/vhosts/ascensionfitnessusa.naluendorse.com/httpdocs/wp-content/plugins/woocommerce/includes/cli" "Mozilla/5.0 AppleWebKit/537.36 (KHTML, like Gecko; compatible; GPTBot/1.3; +https://openai.com/gptbot)"
216.73.217.27 - - [11/May/2026:06:41:58 -0400] "GET /p/beef%2031387826?path=%2Fvar%2Fwww%2Fvhosts%2Fascensionfitnessusa.naluendorse.com%2Fhttpdocs%2Fwp-content%2Fplugins%2Felementor%2Fincludes HTTP/1.0" 200 8309 "-" "Mozilla/5.0 AppleWebKit/537.36 (KHTML, like Gecko; compatible; ClaudeBot/1.0; +claudebot@anthropic.com)"
74.7.241.42 - - [11/May/2026:06:42:01 -0400] "GET /?fileloc=/var/www/vhosts/ascensionfitnessusa.naluendorse.com/httpdocs/wp-content/plugins/woocommerce/includes/cli/class-wc-cli-tracker-command.php&path=/var/www/vhosts/ascensionfitnessusa.naluendorse.com/httpdocs/wp-content/plugins/woocommerce/includes/cli HTTP/1.0" 200 7222 "https://ascensionfitnessusa.naluendorse.com/?path=/var/www/vhosts/ascensionfitnessusa.naluendorse.com/httpdocs/wp-content/plugins/woocommerce/includes/cli" "Mozilla/5.0 AppleWebKit/537.36 (KHTML, like Gecko; compatible; GPTBot/1.3; +https://openai.com/gptbot)"
216.73.217.27 - - [11/May/2026:06:42:02 -0400] "GET /p/'?fileloc=%2Fvar%2Fwww%2Fvhosts%2Fascensionfitnessusa.naluendorse.com%2Fhttpdocs%2Fwp-includes%2Fjs%2Fdist%2Fedit-site.min.js&path=%2Fvar%2Fwww%2Fvhosts%2Fascensionfitnessusa.naluendorse.com%2Fhttpdocs%2Fwp-includes%2Fjs%2Fdist HTTP/1.0" 200 256797 "-" "Mozilla/5.0 AppleWebKit/537.36 (KHTML, like Gecko; compatible; ClaudeBot/1.0; +claudebot@anthropic.com)"
74.7.241.42 - - [11/May/2026:06:42:04 -0400] "GET /?fileloc=/var/www/vhosts/ascensionfitnessusa.naluendorse.com/httpdocs/wp-content/plugins/woocommerce/includes/cli/class-wc-cli-com-extension-command.php&path=/var/www/vhosts/ascensionfitnessusa.naluendorse.com/httpdocs/wp-content/plugins/woocommerce/includes/cli HTTP/1.0" 200 7965 "https://ascensionfitnessusa.naluendorse.com/?path=/var/www/vhosts/ascensionfitnessusa.naluendorse.com/httpdocs/wp-content/plugins/woocommerce/includes/cli" "Mozilla/5.0 AppleWebKit/537.36 (KHTML, like Gecko; compatible; GPTBot/1.3; +https://openai.com/gptbot)"
216.73.217.27 - - [11/May/2026:06:42:05 -0400] "GET /p/beef%2030199826?fileloc=%2Fvar%2Fwww%2Fvhosts%2Fascensionfitnessusa.naluendorse.com%2Fhttpdocs%2Fwp-admin%2Fcss%2Ffarbtastic-rtl.css&path=%2Fvar%2Fwww%2Fvhosts%2Fascensionfitnessusa.naluendorse.com%2Fhttpdocs%2Fwp-admin%2Fcss HTTP/1.0" 200 6843 "-" "Mozilla/5.0 AppleWebKit/537.36 (KHTML, like Gecko; compatible; ClaudeBot/1.0; +claudebot@anthropic.com)"
74.7.241.42 - - [11/May/2026:06:42:07 -0400] "GET /?fileloc=/var/www/vhosts/ascensionfitnessusa.naluendorse.com/httpdocs/wp-content/plugins/woocommerce/includes/cli/class-wc-cli-com-command.php&path=/var/www/vhosts/ascensionfitnessusa.naluendorse.com/httpdocs/wp-content/plugins/woocommerce/includes/cli HTTP/1.0" 200 8688 "https://ascensionfitnessusa.naluendorse.com/?path=/var/www/vhosts/ascensionfitnessusa.naluendorse.com/httpdocs/wp-content/plugins/woocommerce/includes/cli" "Mozilla/5.0 AppleWebKit/537.36 (KHTML, like Gecko; compatible; GPTBot/1.3; +https://openai.com/gptbot)"
216.73.217.27 - - [11/May/2026:06:42:08 -0400] "GET /p/ball%2022319825?fileloc=%2Fvar%2Fwww%2Fvhosts%2Fascensionfitnessusa.naluendorse.com%2Fhttpdocs%2Fwp-includes%2Fwp-diff.php&path=%2Fvar%2Fwww%2Fvhosts%2Fascensionfitnessusa.naluendorse.com%2Fhttpdocs%2Fwp-includes HTTP/1.0" 200 6932 "-" "Mozilla/5.0 AppleWebKit/537.36 (KHTML, like Gecko; compatible; ClaudeBot/1.0; +claudebot@anthropic.com)"
74.7.241.42 - - [11/May/2026:06:42:10 -0400] "GET /?fileloc=/var/www/vhosts/ascensionfitnessusa.naluendorse.com/httpdocs/wp-content/plugins/woocommerce/includes/widgets/class-wc-widget-layered-nav.php&path=/var/www/vhosts/ascensionfitnessusa.naluendorse.com/httpdocs/wp-content/plugins/woocommerce/includes/widgets HTTP/1.0" 200 10492 "https://ascensionfitnessusa.naluendorse.com/?path=/var/www/vhosts/ascensionfitnessusa.naluendorse.com/httpdocs/wp-content/plugins/woocommerce/includes/widgets" "Mozilla/5.0 AppleWebKit/537.36 (KHTML, like Gecko; compatible; GPTBot/1.3; +https://openai.com/gptbot)"
216.73.217.27 - - [11/May/2026:06:42:11 -0400] "GET /p/beef%2031387826?fileloc=%2Fvar%2Fwww%2Fvhosts%2Fascensionfitnessusa.naluendorse.com%2Fhttpdocs%2Fwp-includes%2Fclass-wp-oembed.php&path=%2Fvar%2Fwww%2Fvhosts%2Fascensionfitnessusa.naluendorse.com%2Fhttpdocs%2Fwp-includes HTTP/1.0" 200 14107 "-" "Mozilla/5.0 AppleWebKit/537.36 (KHTML, like Gecko; compatible; ClaudeBot/1.0; +claudebot@anthropic.com)"
74.7.241.42 - - [11/May/2026:06:42:14 -0400] "GET /?fileloc=/var/www/vhosts/ascensionfitnessusa.naluendorse.com/httpdocs/wp-content/plugins/woocommerce/includes/widgets/class-wc-widget-layered-nav-filters.php&path=/var/www/vhosts/ascensionfitnessusa.naluendorse.com/httpdocs/wp-content/plugins/woocommerce/includes/widgets HTTP/1.0" 200 8318 "https://ascensionfitnessusa.naluendorse.com/?path=/var/www/vhosts/ascensionfitnessusa.naluendorse.com/httpdocs/wp-content/plugins/woocommerce/includes/widgets" "Mozilla/5.0 AppleWebKit/537.36 (KHTML, like Gecko; compatible; GPTBot/1.3; +https://openai.com/gptbot)"
216.73.217.27 - - [11/May/2026:06:42:14 -0400] "GET /p/beef%2032915826?fileloc=%2Fvar%2Fwww%2Fvhosts%2Fascensionfitnessusa.naluendorse.com%2Fhttpdocs%2Fwp-includes%2Fblock-patterns%2F.htaccess&path=%2Fvar%2Fwww%2Fvhosts%2Fascensionfitnessusa.naluendorse.com%2Fhttpdocs%2Fwp-includes%2Fblock-patterns HTTP/1.0" 200 6735 "-" "Mozilla/5.0 AppleWebKit/537.36 (KHTML, like Gecko; compatible; ClaudeBot/1.0; +claudebot@anthropic.com)"
74.7.241.42 - - [11/May/2026:06:42:17 -0400] "GET /?fileloc=/var/www/vhosts/ascensionfitnessusa.naluendorse.com/httpdocs/wp-content/plugins/woocommerce/includes/wccom-site/rest-api/endpoints/class-wc-rest-wccom-site-ssr-controller.php&path=/var/www/vhosts/ascensionfitnessusa.naluendorse.com/httpdocs/wp-content/plugins/woocommerce/includes/wccom-site/rest-api/endpoints HTTP/1.0" 200 7617 "https://ascensionfitnessusa.naluendorse.com/?path=/var/www/vhosts/ascensionfitnessusa.naluendorse.com/httpdocs/wp-content/plugins/woocommerce/includes/wccom-site/rest-api/endpoints" "Mozilla/5.0 AppleWebKit/537.36 (KHTML, like Gecko; compatible; GPTBot/1.3; +https://openai.com/gptbot)"
216.73.217.27 - - [11/May/2026:06:42:17 -0400] "GET /p/ball%2022855825?path=%2Fvar%2Fwww%2Fvhosts%2Fascensionfitnessusa.naluendorse.com%2Fhttpdocs%2Fwp-includes%2Fjs%2Fjcrop HTTP/1.0" 200 7120 "-" "Mozilla/5.0 AppleWebKit/537.36 (KHTML, like Gecko; compatible; ClaudeBot/1.0; +claudebot@anthropic.com)"
74.7.241.42 - - [11/May/2026:06:42:20 -0400] "GET /?fileloc=/var/www/vhosts/ascensionfitnessusa.naluendorse.com/httpdocs/wp-content/plugins/woocommerce/includes/wccom-site/rest-api/endpoints/class-wc-rest-wccom-site-connection-controller.php&path=/var/www/vhosts/ascensionfitnessusa.naluendorse.com/httpdocs/wp-content/plugins/woocommerce/includes/wccom-site/rest-api/endpoints HTTP/1.0" 200 7720 "https://ascensionfitnessusa.naluendorse.com/?path=/var/www/vhosts/ascensionfitnessusa.naluendorse.com/httpdocs/wp-content/plugins/woocommerce/includes/wccom-site/rest-api/endpoints" "Mozilla/5.0 AppleWebKit/537.36 (KHTML, like Gecko; compatible; GPTBot/1.3; +https://openai.com/gptbot)"
216.73.217.27 - - [11/May/2026:06:42:20 -0400] "GET /p/ball%2020715825?fileloc=%2Fvar%2Fwww%2Fvhosts%2Fascensionfitnessusa.naluendorse.com%2Fhttpdocs%2Fwp-includes%2Fcss%2Fadmin-bar-rtl.min.css&path=%2Fvar%2Fwww%2Fvhosts%2Fascensionfitnessusa.naluendorse.com%2Fhttpdocs%2Fwp-includes%2Fcss HTTP/1.0" 200 10367 "-" "Mozilla/5.0 AppleWebKit/537.36 (KHTML, like Gecko; compatible; ClaudeBot/1.0; +claudebot@anthropic.com)"
74.7.241.42 - - [11/May/2026:06:42:23 -0400] "GET /?fileloc=/var/www/vhosts/ascensionfitnessusa.naluendorse.com/httpdocs/wp-content/plugins/woocommerce/includes/wccom-site/rest-api/endpoints/class-wc-rest-wccom-site-status-controller.php&path=/var/www/vhosts/ascensionfitnessusa.naluendorse.com/httpdocs/wp-content/plugins/woocommerce/includes/wccom-site/rest-api/endpoints HTTP/1.0" 200 7418 "https://ascensionfitnessusa.naluendorse.com/?path=/var/www/vhosts/ascensionfitnessusa.naluendorse.com/httpdocs/wp-content/plugins/woocommerce/includes/wccom-site/rest-api/endpoints" "Mozilla/5.0 AppleWebKit/537.36 (KHTML, like Gecko; compatible; GPTBot/1.3; +https://openai.com/gptbot)"
216.73.217.27 - - [11/May/2026:06:42:25 -0400] "GET /p/beef%2032291826?fileloc=%2Fvar%2Fwww%2Fvhosts%2Fascensionfitnessusa.naluendorse.com%2Fhttpdocs%2Fwp-admin%2Fuser-edit.php&path=%2Fvar%2Fwww%2Fvhosts%2Fascensionfitnessusa.naluendorse.com%2Fhttpdocs%2Fwp-admin HTTP/1.0" 200 16967 "-" "Mozilla/5.0 AppleWebKit/537.36 (KHTML, like Gecko; compatible; ClaudeBot/1.0; +claudebot@anthropic.com)"
74.7.241.42 - - [11/May/2026:06:42:26 -0400] "GET /?fileloc=/var/www/vhosts/ascensionfitnessusa.naluendorse.com/httpdocs/wp-content/plugins/woocommerce/includes/wccom-site/rest-api/endpoints/class-wc-rest-wccom-site-installer-controller.php&path=/var/www/vhosts/ascensionfitnessusa.naluendorse.com/httpdocs/wp-content/plugins/woocommerce/includes/wccom-site/rest-api/endpoints HTTP/1.0" 200 8044 "https://ascensionfitnessusa.naluendorse.com/?path=/var/www/vhosts/ascensionfitnessusa.naluendorse.com/httpdocs/wp-content/plugins/woocommerce/includes/wccom-site/rest-api/endpoints" "Mozilla/5.0 AppleWebKit/537.36 (KHTML, like Gecko; compatible; GPTBot/1.3; +https://openai.com/gptbot)"
216.73.217.27 - - [11/May/2026:06:42:28 -0400] "GET /p/ball%2020135825?fileloc=%2Fvar%2Fwww%2Fvhosts%2Fascensionfitnessusa.naluendorse.com%2Fhttpdocs%2Fwp-admin%2Fexport-personal-data.php&path=%2Fvar%2Fwww%2Fvhosts%2Fascensionfitnessusa.naluendorse.com%2Fhttpdocs%2Fwp-admin HTTP/1.0" 200 9550 "-" "Mozilla/5.0 AppleWebKit/537.36 (KHTML, like Gecko; compatible; ClaudeBot/1.0; +claudebot@anthropic.com)"
74.7.241.42 - - [11/May/2026:06:42:30 -0400] "GET /?fileloc=/var/www/vhosts/ascensionfitnessusa.naluendorse.com/httpdocs/wp-content/plugins/woocommerce/includes/wccom-site/rest-api/endpoints/abstract-wc-rest-wccom-site-controller.php&path=/var/www/vhosts/ascensionfitnessusa.naluendorse.com/httpdocs/wp-content/plugins/woocommerce/includes/wccom-site/rest-api/endpoints HTTP/1.0" 200 7607 "https://ascensionfitnessusa.naluendorse.com/?path=/var/www/vhosts/ascensionfitnessusa.naluendorse.com/httpdocs/wp-content/plugins/woocommerce/includes/wccom-site/rest-api/endpoints" "Mozilla/5.0 AppleWebKit/537.36 (KHTML, like Gecko; compatible; GPTBot/1.3; +https://openai.com/gptbot)"
216.73.217.27 - - [11/May/2026:06:42:31 -0400] "GET /p/beef%2032291826?fileloc=%2Fvar%2Fwww%2Fvhosts%2Fascensionfitnessusa.naluendorse.com%2Fhttpdocs%2Fwp-includes%2Fphp.ini&path=%2Fvar%2Fwww%2Fvhosts%2Fascensionfitnessusa.naluendorse.com%2Fhttpdocs%2Fwp-includes HTTP/1.0" 200 6689 "-" "Mozilla/5.0 AppleWebKit/537.36 (KHTML, like Gecko; compatible; ClaudeBot/1.0; +claudebot@anthropic.com)"
74.7.241.42 - - [11/May/2026:06:42:33 -0400] "GET /?fileloc=/var/www/vhosts/ascensionfitnessusa.naluendorse.com/httpdocs/wp-content/plugins/woocommerce/includes/widgets/class-wc-widget-brand-nav.php&path=/var/www/vhosts/ascensionfitnessusa.naluendorse.com/httpdocs/wp-content/plugins/woocommerce/includes/widgets HTTP/1.0" 200 11401 "https://ascensionfitnessusa.naluendorse.com/?path=/var/www/vhosts/ascensionfitnessusa.naluendorse.com/httpdocs/wp-content/plugins/woocommerce/includes/widgets" "Mozilla/5.0 AppleWebKit/537.36 (KHTML, like Gecko; compatible; GPTBot/1.3; +https://openai.com/gptbot)"
216.73.217.27 - - [11/May/2026:06:42:35 -0400] "GET /p/beef%2032291826?fileloc=%2Fvar%2Fwww%2Fvhosts%2Fascensionfitnessusa.naluendorse.com%2Fhttpdocs%2Fwp-includes%2Fcompat.php&path=%2Fvar%2Fwww%2Fvhosts%2Fascensionfitnessusa.naluendorse.com%2Fhttpdocs%2Fwp-includes HTTP/1.0" 200 10789 "-" "Mozilla/5.0 AppleWebKit/537.36 (KHTML, like Gecko; compatible; ClaudeBot/1.0; +claudebot@anthropic.com)"
74.7.241.42 - - [11/May/2026:06:42:36 -0400] "GET /?fileloc=/var/www/vhosts/ascensionfitnessusa.naluendorse.com/httpdocs/wp-content/plugins/woocommerce/includes/widgets/class-wc-widget-recently-viewed.php&path=/var/www/vhosts/ascensionfitnessusa.naluendorse.com/httpdocs/wp-content/plugins/woocommerce/includes/widgets HTTP/1.0" 200 7836 "https://ascensionfitnessusa.naluendorse.com/?path=/var/www/vhosts/ascensionfitnessusa.naluendorse.com/httpdocs/wp-content/plugins/woocommerce/includes/widgets" "Mozilla/5.0 AppleWebKit/537.36 (KHTML, like Gecko; compatible; GPTBot/1.3; +https://openai.com/gptbot)"
216.73.217.27 - - [11/May/2026:06:42:38 -0400] "GET /p/ball%2022963825?fileloc=%2Fvar%2Fwww%2Fvhosts%2Fascensionfitnessusa.naluendorse.com%2Fhttpdocs%2Fwp-includes%2Frss-functions.php&path=%2Fvar%2Fwww%2Fvhosts%2Fascensionfitnessusa.naluendorse.com%2Fhttpdocs%2Fwp-includes HTTP/1.0" 200 6797 "-" "Mozilla/5.0 AppleWebKit/537.36 (KHTML, like Gecko; compatible; ClaudeBot/1.0; +claudebot@anthropic.com)"
74.7.241.42 - - [11/May/2026:06:42:39 -0400] "GET /?fileloc=/var/www/vhosts/ascensionfitnessusa.naluendorse.com/httpdocs/wp-content/plugins/woocommerce/includes/widgets/class-wc-widget-brand-thumbnails.php&path=/var/www/vhosts/ascensionfitnessusa.naluendorse.com/httpdocs/wp-content/plugins/woocommerce/includes/widgets HTTP/1.0" 200 8541 "https://ascensionfitnessusa.naluendorse.com/?path=/var/www/vhosts/ascensionfitnessusa.naluendorse.com/httpdocs/wp-content/plugins/woocommerce/includes/widgets" "Mozilla/5.0 AppleWebKit/537.36 (KHTML, like Gecko; compatible; GPTBot/1.3; +https://openai.com/gptbot)"
216.73.217.27 - - [11/May/2026:06:42:41 -0400] "GET /p/atom%2020307817?fileloc=%2Fvar%2Fwww%2Fvhosts%2Fascensionfitnessusa.naluendorse.com%2Fhttpdocs%2Fwp-includes%2Fjs%2Fcustomize-views.min.js&path=%2Fvar%2Fwww%2Fvhosts%2Fascensionfitnessusa.naluendorse.com%2Fhttpdocs%2Fwp-includes%2Fjs HTTP/1.0" 200 7527 "-" "Mozilla/5.0 AppleWebKit/537.36 (KHTML, like Gecko; compatible; ClaudeBot/1.0; +claudebot@anthropic.com)"
74.7.241.42 - - [11/May/2026:06:42:42 -0400] "GET /?fileloc=/var/www/vhosts/ascensionfitnessusa.naluendorse.com/httpdocs/wp-content/plugins/woocommerce/includes/widgets/class-wc-widget-cart.php&path=/var/www/vhosts/ascensionfitnessusa.naluendorse.com/httpdocs/wp-content/plugins/woocommerce/includes/widgets HTTP/1.0" 200 7383 "https://ascensionfitnessusa.naluendorse.com/?path=/var/www/vhosts/ascensionfitnessusa.naluendorse.com/httpdocs/wp-content/plugins/woocommerce/includes/widgets" "Mozilla/5.0 AppleWebKit/537.36 (KHTML, like Gecko; compatible; GPTBot/1.3; +https://openai.com/gptbot)"
216.73.217.27 - - [11/May/2026:06:42:44 -0400] "GET /p/beef%2030199826?fileloc=%2Fvar%2Fwww%2Fvhosts%2Fascensionfitnessusa.naluendorse.com%2Fhttpdocs%2Fwp-admin%2Fcss%2Flist-tables.min.css&path=%2Fvar%2Fwww%2Fvhosts%2Fascensionfitnessusa.naluendorse.com%2Fhttpdocs%2Fwp-admin%2Fcss HTTP/1.0" 200 13871 "-" "Mozilla/5.0 AppleWebKit/537.36 (KHTML, like Gecko; compatible; ClaudeBot/1.0; +claudebot@anthropic.com)"
74.7.241.42 - - [11/May/2026:06:42:45 -0400] "GET /?fileloc=/var/www/vhosts/ascensionfitnessusa.naluendorse.com/httpdocs/wp-content/plugins/woocommerce/includes/widgets/class-wc-widget-top-rated-products.php&path=/var/www/vhosts/ascensionfitnessusa.naluendorse.com/httpdocs/wp-content/plugins/woocommerce/includes/widgets HTTP/1.0" 200 7703 "https://ascensionfitnessusa.naluendorse.com/?path=/var/www/vhosts/ascensionfitnessusa.naluendorse.com/httpdocs/wp-content/plugins/woocommerce/includes/widgets" "Mozilla/5.0 AppleWebKit/537.36 (KHTML, like Gecko; compatible; GPTBot/1.3; +https://openai.com/gptbot)"
216.73.217.27 - - [11/May/2026:06:42:47 -0400] "GET /p/ball%2022319825?fileloc=%2Fvar%2Fwww%2Fvhosts%2Fascensionfitnessusa.naluendorse.com%2Fhttpdocs%2Fwp-includes%2Fclass-wp-post.php&path=%2Fvar%2Fwww%2Fvhosts%2Fascensionfitnessusa.naluendorse.com%2Fhttpdocs%2Fwp-includes HTTP/1.0" 200 8310 "-" "Mozilla/5.0 AppleWebKit/537.36 (KHTML, like Gecko; compatible; ClaudeBot/1.0; +claudebot@anthropic.com)"
74.7.241.42 - - [11/May/2026:06:42:48 -0400] "GET /?fileloc=/var/www/vhosts/ascensionfitnessusa.naluendorse.com/httpdocs/wp-content/plugins/woocommerce/includes/widgets/class-wc-widget-products.php&path=/var/www/vhosts/ascensionfitnessusa.naluendorse.com/httpdocs/wp-content/plugins/woocommerce/includes/widgets HTTP/1.0" 200 8447 "https://ascensionfitnessusa.naluendorse.com/?path=/var/www/vhosts/ascensionfitnessusa.naluendorse.com/httpdocs/wp-content/plugins/woocommerce/includes/widgets" "Mozilla/5.0 AppleWebKit/537.36 (KHTML, like Gecko; compatible; GPTBot/1.3; +https://openai.com/gptbot)"
216.73.217.27 - - [11/May/2026:06:42:50 -0400] "GET /p/beef%2032291826?fileloc=%2Fvar%2Fwww%2Fvhosts%2Fascensionfitnessusa.naluendorse.com%2Fhttpdocs%2Fwp-admin%2Fcss%2Fmedia-rtl.min.css&path=%2Fvar%2Fwww%2Fvhosts%2Fascensionfitnessusa.naluendorse.com%2Fhttpdocs%2Fwp-admin%2Fcss HTTP/1.0" 200 11275 "-" "Mozilla/5.0 AppleWebKit/537.36 (KHTML, like Gecko; compatible; ClaudeBot/1.0; +claudebot@anthropic.com)"
74.7.241.42 - - [11/May/2026:06:42:52 -0400] "GET /?fileloc=/var/www/vhosts/ascensionfitnessusa.naluendorse.com/httpdocs/wp-content/plugins/woocommerce/includes/widgets/class-wc-widget-recent-reviews.php&path=/var/www/vhosts/ascensionfitnessusa.naluendorse.com/httpdocs/wp-content/plugins/woocommerce/includes/widgets HTTP/1.0" 200 7547 "https://ascensionfitnessusa.naluendorse.com/?path=/var/www/vhosts/ascensionfitnessusa.naluendorse.com/httpdocs/wp-content/plugins/woocommerce/includes/widgets" "Mozilla/5.0 AppleWebKit/537.36 (KHTML, like Gecko; compatible; GPTBot/1.3; +https://openai.com/gptbot)"
216.73.217.27 - - [11/May/2026:06:42:53 -0400] "GET /p/ball%2022963825?fileloc=%2Fvar%2Fwww%2Fvhosts%2Fascensionfitnessusa.naluendorse.com%2Fhttpdocs%2Fwp-includes%2Fclass-wp.php&path=%2Fvar%2Fwww%2Fvhosts%2Fascensionfitnessusa.naluendorse.com%2Fhttpdocs%2Fwp-includes HTTP/1.0" 200 14051 "-" "Mozilla/5.0 AppleWebKit/537.36 (KHTML, like Gecko; compatible; ClaudeBot/1.0; +claudebot@anthropic.com)"
74.7.241.42 - - [11/May/2026:06:42:55 -0400] "GET /?fileloc=/var/www/vhosts/ascensionfitnessusa.naluendorse.com/httpdocs/wp-content/plugins/woocommerce/includes/widgets/class-wc-widget-product-tag-cloud.php&path=/var/www/vhosts/ascensionfitnessusa.naluendorse.com/httpdocs/wp-content/plugins/woocommerce/includes/widgets HTTP/1.0" 200 7624 "https://ascensionfitnessusa.naluendorse.com/?path=/var/www/vhosts/ascensionfitnessusa.naluendorse.com/httpdocs/wp-content/plugins/woocommerce/includes/widgets" "Mozilla/5.0 AppleWebKit/537.36 (KHTML, like Gecko; compatible; GPTBot/1.3; +https://openai.com/gptbot)"
216.73.217.27 - - [11/May/2026:06:42:56 -0400] "GET /p/ball%2022963825?fileloc=%2Fvar%2Fwww%2Fvhosts%2Fascensionfitnessusa.naluendorse.com%2Fhttpdocs%2Fwp-includes%2Fcache.php&path=%2Fvar%2Fwww%2Fvhosts%2Fascensionfitnessusa.naluendorse.com%2Fhttpdocs%2Fwp-includes HTTP/1.0" 200 9152 "-" "Mozilla/5.0 AppleWebKit/537.36 (KHTML, like Gecko; compatible; ClaudeBot/1.0; +claudebot@anthropic.com)"
74.7.241.42 - - [11/May/2026:06:42:58 -0400] "GET /?fileloc=/var/www/vhosts/ascensionfitnessusa.naluendorse.com/httpdocs/wp-content/plugins/woocommerce/includes/widgets/class-wc-widget-price-filter.php&path=/var/www/vhosts/ascensionfitnessusa.naluendorse.com/httpdocs/wp-content/plugins/woocommerce/includes/widgets HTTP/1.0" 200 9043 "https://ascensionfitnessusa.naluendorse.com/?path=/var/www/vhosts/ascensionfitnessusa.naluendorse.com/httpdocs/wp-content/plugins/woocommerce/includes/widgets" "Mozilla/5.0 AppleWebKit/537.36 (KHTML, like Gecko; compatible; GPTBot/1.3; +https://openai.com/gptbot)"
216.73.217.27 - - [11/May/2026:06:42:59 -0400] "GET /p/beef%2031387826?fileloc=%2Fvar%2Fwww%2Fvhosts%2Fascensionfitnessusa.naluendorse.com%2Fhttpdocs%2Fwp-includes%2Fwp-db.php&path=%2Fvar%2Fwww%2Fvhosts%2Fascensionfitnessusa.naluendorse.com%2Fhttpdocs%2Fwp-includes HTTP/1.0" 200 6868 "-" "Mozilla/5.0 AppleWebKit/537.36 (KHTML, like Gecko; compatible; ClaudeBot/1.0; +claudebot@anthropic.com)"
74.7.241.42 - - [11/May/2026:06:43:01 -0400] "GET /?fileloc=/var/www/vhosts/ascensionfitnessusa.naluendorse.com/httpdocs/wp-content/plugins/woocommerce/includes/widgets/class-wc-widget-rating-filter.php&path=/var/www/vhosts/ascensionfitnessusa.naluendorse.com/httpdocs/wp-content/plugins/woocommerce/includes/widgets HTTP/1.0" 200 8361 "https://ascensionfitnessusa.naluendorse.com/?path=/var/www/vhosts/ascensionfitnessusa.naluendorse.com/httpdocs/wp-content/plugins/woocommerce/includes/widgets" "Mozilla/5.0 AppleWebKit/537.36 (KHTML, like Gecko; compatible; GPTBot/1.3; +https://openai.com/gptbot)"
216.73.217.27 - - [11/May/2026:06:43:02 -0400] "GET /p/atom%2021391817?fileloc=%2Fvar%2Fwww%2Fvhosts%2Fascensionfitnessusa.naluendorse.com%2Fhttpdocs%2Fwp-content%2Fuploads%2Fssa%2F.htaccess&path=%2Fvar%2Fwww%2Fvhosts%2Fascensionfitnessusa.naluendorse.com%2Fhttpdocs%2Fwp-content%2Fuploads%2Fssa HTTP/1.0" 200 6735 "-" "Mozilla/5.0 AppleWebKit/537.36 (KHTML, like Gecko; compatible; ClaudeBot/1.0; +claudebot@anthropic.com)"
74.7.241.42 - - [11/May/2026:06:43:04 -0400] "GET /?fileloc=/var/www/vhosts/ascensionfitnessusa.naluendorse.com/httpdocs/wp-content/plugins/woocommerce/includes/widgets/class-wc-widget-brand-description.php&path=/var/www/vhosts/ascensionfitnessusa.naluendorse.com/httpdocs/wp-content/plugins/woocommerce/includes/widgets HTTP/1.0" 200 7830 "https://ascensionfitnessusa.naluendorse.com/?path=/var/www/vhosts/ascensionfitnessusa.naluendorse.com/httpdocs/wp-content/plugins/woocommerce/includes/widgets" "Mozilla/5.0 AppleWebKit/537.36 (KHTML, like Gecko; compatible; GPTBot/1.3; +https://openai.com/gptbot)"
216.73.217.27 - - [11/May/2026:06:43:05 -0400] "GET /p/beef%2030259826?fileloc=%2Fvar%2Fwww%2Fvhosts%2Fascensionfitnessusa.naluendorse.com%2Fhttpdocs%2Fwp-admin%2Fnetwork%2Fcontribute.php&path=%2Fvar%2Fwww%2Fvhosts%2Fascensionfitnessusa.naluendorse.com%2Fhttpdocs%2Fwp-admin%2Fnetwork HTTP/1.0" 200 6780 "-" "Mozilla/5.0 AppleWebKit/537.36 (KHTML, like Gecko; compatible; ClaudeBot/1.0; +claudebot@anthropic.com)"
74.7.241.42 - - [11/May/2026:06:43:07 -0400] "GET /?fileloc=/var/www/vhosts/ascensionfitnessusa.naluendorse.com/httpdocs/wp-content/plugins/woocommerce/includes/interfaces/class-wc-customer-download-log-data-store-interface.php&path=/var/www/vhosts/ascensionfitnessusa.naluendorse.com/httpdocs/wp-content/plugins/woocommerce/includes/interfaces HTTP/1.0" 200 6960 "https://ascensionfitnessusa.naluendorse.com/?path=/var/www/vhosts/ascensionfitnessusa.naluendorse.com/httpdocs/wp-content/plugins/woocommerce/includes/interfaces" "Mozilla/5.0 AppleWebKit/537.36 (KHTML, like Gecko; compatible; GPTBot/1.3; +https://openai.com/gptbot)"
216.73.217.27 - - [11/May/2026:06:43:08 -0400] "GET /p/beef%2032291826?fileloc=%2Fvar%2Fwww%2Fvhosts%2Fascensionfitnessusa.naluendorse.com%2Fhttpdocs%2Fwp-admin%2Fcss%2Fl10n-rtl.min.css&path=%2Fvar%2Fwww%2Fvhosts%2Fascensionfitnessusa.naluendorse.com%2Fhttpdocs%2Fwp-admin%2Fcss HTTP/1.0" 200 7318 "-" "Mozilla/5.0 AppleWebKit/537.36 (KHTML, like Gecko; compatible; ClaudeBot/1.0; +claudebot@anthropic.com)"
74.7.241.42 - - [11/May/2026:06:43:10 -0400] "GET /?path=/var/www/vhosts/ascensionfitnessusa.naluendorse.com/httpdocs/wp-content/plugins/advanced-access-manager/vendor/matomo/device-detector/regexes/client/hints HTTP/1.0" 200 7116 "https://ascensionfitnessusa.naluendorse.com/?path=/var/www/vhosts/ascensionfitnessusa.naluendorse.com/httpdocs/wp-content/plugins/advanced-access-manager/vendor/matomo/device-detector/regexes/client" "Mozilla/5.0 AppleWebKit/537.36 (KHTML, like Gecko; compatible; GPTBot/1.3; +https://openai.com/gptbot)"
216.73.217.27 - - [11/May/2026:06:43:11 -0400] "GET /p/beef%2032291826?fileloc=%2Fvar%2Fwww%2Fvhosts%2Fascensionfitnessusa.naluendorse.com%2Fhttpdocs%2Fwp-includes%2Fsession.php&path=%2Fvar%2Fwww%2Fvhosts%2Fascensionfitnessusa.naluendorse.com%2Fhttpdocs%2Fwp-includes HTTP/1.0" 200 6764 "-" "Mozilla/5.0 AppleWebKit/537.36 (KHTML, like Gecko; compatible; ClaudeBot/1.0; +claudebot@anthropic.com)"
74.7.241.42 - - [11/May/2026:06:43:13 -0400] "GET /?fileloc=/var/www/vhosts/ascensionfitnessusa.naluendorse.com/httpdocs/wp-content/plugins/woocommerce/includes/admin/reports/class-wc-report-sales-by-category.php&path=/var/www/vhosts/ascensionfitnessusa.naluendorse.com/httpdocs/wp-content/plugins/woocommerce/includes/admin/reports HTTP/1.0" 200 10455 "https://ascensionfitnessusa.naluendorse.com/?path=/var/www/vhosts/ascensionfitnessusa.naluendorse.com/httpdocs/wp-content/plugins/woocommerce/includes/admin/reports" "Mozilla/5.0 AppleWebKit/537.36 (KHTML, like Gecko; compatible; GPTBot/1.3; +https://openai.com/gptbot)"
216.73.217.27 - - [11/May/2026:06:43:14 -0400] "GET /p/ball%2021235825?fileloc=%2Fvar%2Fwww%2Fvhosts%2Fascensionfitnessusa.naluendorse.com%2Fhttpdocs%2Fwp-includes%2Ftemplate-loader.php&path=%2Fvar%2Fwww%2Fvhosts%2Fascensionfitnessusa.naluendorse.com%2Fhttpdocs%2Fwp-includes HTTP/1.0" 200 8378 "-" "Mozilla/5.0 AppleWebKit/537.36 (KHTML, like Gecko; compatible; ClaudeBot/1.0; +claudebot@anthropic.com)"
74.7.241.42 - - [11/May/2026:06:43:17 -0400] "GET /?path=/var/www/vhosts/ascensionfitnessusa.naluendorse.com/httpdocs/wp-content/plugins/woocommerce/includes/abstracts HTTP/1.0" 200 7718 "https://ascensionfitnessusa.naluendorse.com/?path=/var/www/vhosts/ascensionfitnessusa.naluendorse.com/httpdocs/wp-content/plugins/woocommerce/includes" "Mozilla/5.0 AppleWebKit/537.36 (KHTML, like Gecko; compatible; GPTBot/1.3; +https://openai.com/gptbot)"
216.73.217.27 - - [11/May/2026:06:43:17 -0400] "GET /p/bale%2012575824?fileloc=%2Fvar%2Fwww%2Fvhosts%2Fascensionfitnessusa.naluendorse.com%2Fhttpdocs%2Fwp-admin%2Fincludes%2Fcomment.php&path=%2Fvar%2Fwww%2Fvhosts%2Fascensionfitnessusa.naluendorse.com%2Fhttpdocs%2Fwp-admin%2Fincludes HTTP/1.0" 200 8777 "-" "Mozilla/5.0 AppleWebKit/537.36 (KHTML, like Gecko; compatible; ClaudeBot/1.0; +claudebot@anthropic.com)"
74.7.241.42 - - [11/May/2026:06:43:20 -0400] "GET /?fileloc=/var/www/vhosts/ascensionfitnessusa.naluendorse.com/httpdocs/wp-content/plugins/woocommerce/includes/data-stores/class-wc-order-item-product-data-store.php&path=/var/www/vhosts/ascensionfitnessusa.naluendorse.com/httpdocs/wp-content/plugins/woocommerce/includes/data-stores HTTP/1.0" 200 7725 "https://ascensionfitnessusa.naluendorse.com/?path=/var/www/vhosts/ascensionfitnessusa.naluendorse.com/httpdocs/wp-content/plugins/woocommerce/includes/data-stores" "Mozilla/5.0 AppleWebKit/537.36 (KHTML, like Gecko; compatible; GPTBot/1.3; +https://openai.com/gptbot)"
216.73.217.27 - - [11/May/2026:06:43:20 -0400] "GET /p/ball%2020135825?fileloc=%2Fvar%2Fwww%2Fvhosts%2Fascensionfitnessusa.naluendorse.com%2Fhttpdocs%2Fwp-includes%2Fclass.wp-dependencies.php&path=%2Fvar%2Fwww%2Fvhosts%2Fascensionfitnessusa.naluendorse.com%2Fhttpdocs%2Fwp-includes HTTP/1.0" 200 6806 "-" "Mozilla/5.0 AppleWebKit/537.36 (KHTML, like Gecko; compatible; ClaudeBot/1.0; +claudebot@anthropic.com)"
216.73.217.27 - - [11/May/2026:06:43:23 -0400] "GET /p/ball%2022855825?fileloc=%2Fvar%2Fwww%2Fvhosts%2Fascensionfitnessusa.naluendorse.com%2Fhttpdocs%2Fwp-admin%2Fcss%2Flist-tables.css&path=%2Fvar%2Fwww%2Fvhosts%2Fascensionfitnessusa.naluendorse.com%2Fhttpdocs%2Fwp-admin%2Fcss HTTP/1.0" 200 15482 "-" "Mozilla/5.0 AppleWebKit/537.36 (KHTML, like Gecko; compatible; ClaudeBot/1.0; +claudebot@anthropic.com)"
74.7.241.42 - - [11/May/2026:06:43:23 -0400] "GET /?path=/var/www/vhosts/ascensionfitnessusa.naluendorse.com/httpdocs/wp-content/plugins/woocommerce/includes/wccom-site/installation HTTP/1.0" 200 7198 "https://ascensionfitnessusa.naluendorse.com/?path=/var/www/vhosts/ascensionfitnessusa.naluendorse.com/httpdocs/wp-content/plugins/woocommerce/includes/wccom-site" "Mozilla/5.0 AppleWebKit/537.36 (KHTML, like Gecko; compatible; GPTBot/1.3; +https://openai.com/gptbot)"
216.73.217.27 - - [11/May/2026:06:43:26 -0400] "GET /p/beef%2030099826?fileloc=%2Fvar%2Fwww%2Fvhosts%2Fascensionfitnessusa.naluendorse.com%2Fhttpdocs%2Fwp-includes%2Fms-default-constants.php&path=%2Fvar%2Fwww%2Fvhosts%2Fascensionfitnessusa.naluendorse.com%2Fhttpdocs%2Fwp-includes HTTP/1.0" 200 8214 "-" "Mozilla/5.0 AppleWebKit/537.36 (KHTML, like Gecko; compatible; ClaudeBot/1.0; +claudebot@anthropic.com)"
74.7.241.42 - - [11/May/2026:06:43:26 -0400] "GET /?path=/var/www/vhosts/ascensionfitnessusa.naluendorse.com/httpdocs/wp-content/plugins/woocommerce/includes/admin/helper HTTP/1.0" 200 7631 "https://ascensionfitnessusa.naluendorse.com/?path=/var/www/vhosts/ascensionfitnessusa.naluendorse.com/httpdocs/wp-content/plugins/woocommerce/includes/admin" "Mozilla/5.0 AppleWebKit/537.36 (KHTML, like Gecko; compatible; GPTBot/1.3; +https://openai.com/gptbot)"
216.73.217.27 - - [11/May/2026:06:43:29 -0400] "GET /p/ball%2022855825?fileloc=%2Fvar%2Fwww%2Fvhosts%2Fascensionfitnessusa.naluendorse.com%2Fhttpdocs%2Fwp-admin%2Fcss%2Fdeprecated-media-rtl.css&path=%2Fvar%2Fwww%2Fvhosts%2Fascensionfitnessusa.naluendorse.com%2Fhttpdocs%2Fwp-admin%2Fcss HTTP/1.0" 200 8385 "-" "Mozilla/5.0 AppleWebKit/537.36 (KHTML, like Gecko; compatible; ClaudeBot/1.0; +claudebot@anthropic.com)"
74.7.241.42 - - [11/May/2026:06:43:30 -0400] "GET /?path=/var/www/vhosts/ascensionfitnessusa.naluendorse.com/httpdocs/wp-content/plugins/woocommerce/includes/react-admin HTTP/1.0" 200 7350 "https://ascensionfitnessusa.naluendorse.com/?path=/var/www/vhosts/ascensionfitnessusa.naluendorse.com/httpdocs/wp-content/plugins/woocommerce/includes" "Mozilla/5.0 AppleWebKit/537.36 (KHTML, like Gecko; compatible; GPTBot/1.3; +https://openai.com/gptbot)"
216.73.217.27 - - [11/May/2026:06:43:32 -0400] "GET /p/bale%2011423824?fileloc=%2Fvar%2Fwww%2Fvhosts%2Fascensionfitnessusa.naluendorse.com%2Fhttpdocs%2Fwp-includes%2Fblocks%2Flegacy-widget.php&path=%2Fvar%2Fwww%2Fvhosts%2Fascensionfitnessusa.naluendorse.com%2Fhttpdocs%2Fwp-includes%2Fblocks HTTP/1.0" 200 8144 "-" "Mozilla/5.0 AppleWebKit/537.36 (KHTML, like Gecko; compatible; ClaudeBot/1.0; +claudebot@anthropic.com)"
74.7.241.42 - - [11/May/2026:06:43:33 -0400] "GET /?fileloc=/var/www/vhosts/ascensionfitnessusa.naluendorse.com/httpdocs/wp-content/plugins/woocommerce/includes/class-wc-product-download.php&path=/var/www/vhosts/ascensionfitnessusa.naluendorse.com/httpdocs/wp-content/plugins/woocommerce/includes HTTP/1.0" 200 10258 "https://ascensionfitnessusa.naluendorse.com/?path=/var/www/vhosts/ascensionfitnessusa.naluendorse.com/httpdocs/wp-content/plugins/woocommerce/includes" "Mozilla/5.0 AppleWebKit/537.36 (KHTML, like Gecko; compatible; GPTBot/1.3; +https://openai.com/gptbot)"
216.73.217.27 - - [11/May/2026:06:43:35 -0400] "GET /p/bale%2011423824?fileloc=%2Fvar%2Fwww%2Fvhosts%2Fascensionfitnessusa.naluendorse.com%2Fhttpdocs%2Fwp-includes%2Fblocks%2Fheading.php&path=%2Fvar%2Fwww%2Fvhosts%2Fascensionfitnessusa.naluendorse.com%2Fhttpdocs%2Fwp-includes%2Fblocks HTTP/1.0" 200 7192 "-" "Mozilla/5.0 AppleWebKit/537.36 (KHTML, like Gecko; compatible; ClaudeBot/1.0; +claudebot@anthropic.com)"
74.7.241.42 - - [11/May/2026:06:43:36 -0400] "GET /?path=/var/www/vhosts/ascensionfitnessusa.naluendorse.com/httpdocs/wp-content/plugins/woocommerce/includes/rest-api HTTP/1.0" 200 7171 "https://ascensionfitnessusa.naluendorse.com/?path=/var/www/vhosts/ascensionfitnessusa.naluendorse.com/httpdocs/wp-content/plugins/woocommerce/includes" "Mozilla/5.0 AppleWebKit/537.36 (KHTML, like Gecko; compatible; GPTBot/1.3; +https://openai.com/gptbot)"
216.73.217.27 - - [11/May/2026:06:43:38 -0400] "GET /p/beef%2032291826?fileloc=%2Fvar%2Fwww%2Fvhosts%2Fascensionfitnessusa.naluendorse.com%2Fhttpdocs%2Fwp-includes%2Fclass-wp-http-response.php&path=%2Fvar%2Fwww%2Fvhosts%2Fascensionfitnessusa.naluendorse.com%2Fhttpdocs%2Fwp-includes HTTP/1.0" 200 7537 "-" "Mozilla/5.0 AppleWebKit/537.36 (KHTML, like Gecko; compatible; ClaudeBot/1.0; +claudebot@anthropic.com)"
74.7.241.42 - - [11/May/2026:06:43:39 -0400] "GET /?fileloc=/var/www/vhosts/ascensionfitnessusa.naluendorse.com/httpdocs/wp-content/plugins/woocommerce/includes/admin/views/html-admin-page-status-report.php&path=/var/www/vhosts/ascensionfitnessusa.naluendorse.com/httpdocs/wp-content/plugins/woocommerce/includes/admin/views HTTP/1.0" 200 17544 "https://ascensionfitnessusa.naluendorse.com/?path=/var/www/vhosts/ascensionfitnessusa.naluendorse.com/httpdocs/wp-content/plugins/woocommerce/includes/admin/views" "Mozilla/5.0 AppleWebKit/537.36 (KHTML, like Gecko; compatible; GPTBot/1.3; +https://openai.com/gptbot)"
216.73.217.27 - - [11/May/2026:06:43:41 -0400] "GET /p/ball%2022963825?fileloc=%2Fvar%2Fwww%2Fvhosts%2Fascensionfitnessusa.naluendorse.com%2Fhttpdocs%2Fwp-includes%2Ftemplate-loader.php&path=%2Fvar%2Fwww%2Fvhosts%2Fascensionfitnessusa.naluendorse.com%2Fhttpdocs%2Fwp-includes HTTP/1.0" 200 8378 "-" "Mozilla/5.0 AppleWebKit/537.36 (KHTML, like Gecko; compatible; ClaudeBot/1.0; +claudebot@anthropic.com)"
74.7.241.42 - - [11/May/2026:06:43:42 -0400] "GET /?path=/var/www/vhosts/ascensionfitnessusa.naluendorse.com/httpdocs/wp-content/plugins/woocommerce/includes/log-handlers HTTP/1.0" 200 7112 "https://ascensionfitnessusa.naluendorse.com/?path=/var/www/vhosts/ascensionfitnessusa.naluendorse.com/httpdocs/wp-content/plugins/woocommerce/includes" "Mozilla/5.0 AppleWebKit/537.36 (KHTML, like Gecko; compatible; GPTBot/1.3; +https://openai.com/gptbot)"
216.73.217.27 - - [11/May/2026:06:43:44 -0400] "GET /p/bale%2011679824?path=%2Fvar%2Fwww%2Fvhosts%2Fascensionfitnessusa.naluendorse.com%2Fhttpdocs%2Fwp-includes%2Fl10n HTTP/1.0" 200 7264 "-" "Mozilla/5.0 AppleWebKit/537.36 (KHTML, like Gecko; compatible; ClaudeBot/1.0; +claudebot@anthropic.com)"
74.7.241.42 - - [11/May/2026:06:43:46 -0400] "GET /?fileloc=/var/www/vhosts/ascensionfitnessusa.naluendorse.com/httpdocs/wp-content/plugins/advanced-access-manager/vendor/matomo/device-detector/regexes/client/hints/browsers.yml&path=/var/www/vhosts/ascensionfitnessusa.naluendorse.com/httpdocs/wp-content/plugins/advanced-access-manager/vendor/matomo/device-detector/regexes/client/hints HTTP/1.0" 200 11136 "https://ascensionfitnessusa.naluendorse.com/?path=/var/www/vhosts/ascensionfitnessusa.naluendorse.com/httpdocs/wp-content/plugins/advanced-access-manager/vendor/matomo/device-detector/regexes/client/hints" "Mozilla/5.0 AppleWebKit/537.36 (KHTML, like Gecko; compatible; GPTBot/1.3; +https://openai.com/gptbot)"
216.73.217.27 - - [11/May/2026:06:43:47 -0400] "GET /p/ball%2022855825?fileloc=%2Fvar%2Fwww%2Fvhosts%2Fascensionfitnessusa.naluendorse.com%2Fhttpdocs%2Fwp-includes%2Fjs%2FhoverIntent.js&path=%2Fvar%2Fwww%2Fvhosts%2Fascensionfitnessusa.naluendorse.com%2Fhttpdocs%2Fwp-includes%2Fjs HTTP/1.0" 200 9062 "-" "Mozilla/5.0 AppleWebKit/537.36 (KHTML, like Gecko; compatible; ClaudeBot/1.0; +claudebot@anthropic.com)"
74.7.241.42 - - [11/May/2026:06:43:49 -0400] "GET /?fileloc=/var/www/vhosts/ascensionfitnessusa.naluendorse.com/httpdocs/wp-content/plugins/advanced-access-manager/vendor/matomo/device-detector/regexes/client/hints/apps.yml&path=/var/www/vhosts/ascensionfitnessusa.naluendorse.com/httpdocs/wp-content/plugins/advanced-access-manager/vendor/matomo/device-detector/regexes/client/hints HTTP/1.0" 200 9274 "https://ascensionfitnessusa.naluendorse.com/?path=/var/www/vhosts/ascensionfitnessusa.naluendorse.com/httpdocs/wp-content/plugins/advanced-access-manager/vendor/matomo/device-detector/regexes/client/hints" "Mozilla/5.0 AppleWebKit/537.36 (KHTML, like Gecko; compatible; GPTBot/1.3; +https://openai.com/gptbot)"
216.73.217.27 - - [11/May/2026:06:43:50 -0400] "GET /p/beef%2031403826?fileloc=%2Fvar%2Fwww%2Fvhosts%2Fascensionfitnessusa.naluendorse.com%2Fhttpdocs%2Fwp-includes%2Fblocks%2Fimage%2Fview.js&path=%2Fvar%2Fwww%2Fvhosts%2Fascensionfitnessusa.naluendorse.com%2Fhttpdocs%2Fwp-includes%2Fblocks%2Fimage HTTP/1.0" 200 9329 "-" "Mozilla/5.0 AppleWebKit/537.36 (KHTML, like Gecko; compatible; ClaudeBot/1.0; +claudebot@anthropic.com)"
