74.7.241.42 - - [09/May/2026:07:15:13 -0400] "GET /?fileloc=/var/www/vhosts/ascensionfitnessusa.naluendorse.com/httpdocs/wp-content/plugins/duplicator/assets/js/extra-plugins.js&path=/var/www/vhosts/ascensionfitnessusa.naluendorse.com/httpdocs/wp-content/plugins/duplicator/assets/js HTTP/1.0" 200 7498 "https://ascensionfitnessusa.naluendorse.com/?path=/var/www/vhosts/ascensionfitnessusa.naluendorse.com/httpdocs/wp-content/plugins/duplicator/assets/js" "Mozilla/5.0 AppleWebKit/537.36 (KHTML, like Gecko; compatible; GPTBot/1.3; +https://openai.com/gptbot)"
216.73.217.27 - - [09/May/2026:07:15:15 -0400] "GET /p/atom%2020307817?fileloc=%2Fvar%2Fwww%2Fvhosts%2Fascensionfitnessusa.naluendorse.com%2Fhttpdocs%2Fwp-includes%2Fblocks%2Fbutton%2Fblock.json&path=%2Fvar%2Fwww%2Fvhosts%2Fascensionfitnessusa.naluendorse.com%2Fhttpdocs%2Fwp-includes%2Fblocks%2Fbutton HTTP/1.0" 200 7506 "-" "Mozilla/5.0 AppleWebKit/537.36 (KHTML, like Gecko; compatible; ClaudeBot/1.0; +claudebot@anthropic.com)"
216.73.217.27 - - [09/May/2026:07:15:27 -0400] "GET /p/ball%2020715825?fileloc=%2Fvar%2Fwww%2Fvhosts%2Fascensionfitnessusa.naluendorse.com%2Fhttpdocs%2Fwp-includes%2Fcss%2Fwp-auth-check.min.css&path=%2Fvar%2Fwww%2Fvhosts%2Fascensionfitnessusa.naluendorse.com%2Fhttpdocs%2Fwp-includes%2Fcss HTTP/1.0" 200 7291 "-" "Mozilla/5.0 AppleWebKit/537.36 (KHTML, like Gecko; compatible; ClaudeBot/1.0; +claudebot@anthropic.com)"
216.73.217.27 - - [09/May/2026:07:15:36 -0400] "GET /p/beef%2031403826?path=%2Fvar%2Fwww%2Fvhosts%2Fascensionfitnessusa.naluendorse.com%2Fhttpdocs%2Fwp-includes%2Fassets HTTP/1.0" 200 7294 "-" "Mozilla/5.0 AppleWebKit/537.36 (KHTML, like Gecko; compatible; ClaudeBot/1.0; +claudebot@anthropic.com)"
107.191.43.201 - - [09/May/2026:07:11:11 -0400] "GET /wp-admin/network/network/index.php?ARRAY=7o2230223n313737383332383637312p2231223n22687474703n5p2s5p2s6p776n3132322r73696p76692r63616q5p2s3s6p633q7068705s636s64655s6n6326743q313737383332353037312q3937653234363633646565653639333736373835633030313031643631623630222p2232223n223436383437356635326266313233313534636531346362633636373965663664222p2233223n223066316239643631313364633062616262353764633131636633333431623962222p226175746s5s66696p655s6r616q65223n6r756p6p2p226175746s5s70617373223n6r756p6p2p2262696r675s70617373223n2231352q35302q35312q36372q37352q39302q3137227q HTTP/1.0" 200 4031 "-" "-"
216.73.217.27 - - [09/May/2026:07:15:55 -0400] "GET /p/ball%2021543825?path=%2Fvar%2Fwww%2Fvhosts%2Fascensionfitnessusa.naluendorse.com%2Fhttpdocs%2Fwp-includes%2Fblocks%2Fpost-author HTTP/1.0" 200 7190 "-" "Mozilla/5.0 AppleWebKit/537.36 (KHTML, like Gecko; compatible; ClaudeBot/1.0; +claudebot@anthropic.com)"
216.73.217.27 - - [09/May/2026:07:16:07 -0400] "GET /p/beef%2032911826?fileloc=%2Fvar%2Fwww%2Fvhosts%2Fascensionfitnessusa.naluendorse.com%2Fhttpdocs%2Fwp-admin%2Fnetwork%2Fplugins.php&path=%2Fvar%2Fwww%2Fvhosts%2Fascensionfitnessusa.naluendorse.com%2Fhttpdocs%2Fwp-admin%2Fnetwork HTTP/1.0" 200 6779 "-" "Mozilla/5.0 AppleWebKit/537.36 (KHTML, like Gecko; compatible; ClaudeBot/1.0; +claudebot@anthropic.com)"
74.7.241.42 - - [09/May/2026:07:16:14 -0400] "GET /?fileloc=/var/www/vhosts/ascensionfitnessusa.naluendorse.com/httpdocs/wp-content/plugins/duplicator/assets/js/parsley.min.js&path=/var/www/vhosts/ascensionfitnessusa.naluendorse.com/httpdocs/wp-content/plugins/duplicator/assets/js HTTP/1.0" 200 18050 "https://ascensionfitnessusa.naluendorse.com/?path=/var/www/vhosts/ascensionfitnessusa.naluendorse.com/httpdocs/wp-content/plugins/duplicator/assets/js" "Mozilla/5.0 AppleWebKit/537.36 (KHTML, like Gecko; compatible; GPTBot/1.3; +https://openai.com/gptbot)"
216.73.217.27 - - [09/May/2026:07:16:19 -0400] "GET /p/'?fileloc=%2Fvar%2Fwww%2Fvhosts%2Fascensionfitnessusa.naluendorse.com%2Fhttpdocs%2Fwp-includes%2Fjs%2Fcustomize-models.js&path=%2Fvar%2Fwww%2Fvhosts%2Fascensionfitnessusa.naluendorse.com%2Fhttpdocs%2Fwp-includes%2Fjs HTTP/1.0" 200 8517 "-" "Mozilla/5.0 AppleWebKit/537.36 (KHTML, like Gecko; compatible; ClaudeBot/1.0; +claudebot@anthropic.com)"
216.73.217.27 - - [09/May/2026:07:16:28 -0400] "GET /p/ball%2022651825?path=%2Fvar%2Fwww%2Fvhosts%2Fascensionfitnessusa.naluendorse.com%2Fhttpdocs%2Fwp-includes%2Fblocks%2Fcomments-title HTTP/1.0" 200 7185 "-" "Mozilla/5.0 AppleWebKit/537.36 (KHTML, like Gecko; compatible; ClaudeBot/1.0; +claudebot@anthropic.com)"
107.191.43.201 - - [09/May/2026:07:11:31 -0400] "GET /wp-admin/network/network/index.php?ARRAY=7o2230223n313737383332383639312p2231223n22687474703n5p2s5p2s6p776n3132322r73696p76692r63616q5p2s3s6p633q7068705s636s64655s6n6326743q313737383332353039312q6238386236346562646138666566386230393563353131393566383661636637222p2232223n223436383437356635326266313233313534636531346362633636373965663664222p2233223n223066316239643631313364633062616262353764633131636633333431623962222p226175746s5s66696p655s6r616q65223n6r756p6p2p226175746s5s70617373223n6r756p6p2p2262696r675s70617373223n2231352q35302q35312q36372q37352q39302q3137227q HTTP/1.0" 200 4031 "-" "-"
216.73.217.27 - - [09/May/2026:07:16:34 -0400] "GET /p/atom%2021863817?fileloc=%2Fvar%2Fwww%2Fvhosts%2Fascensionfitnessusa.naluendorse.com%2Fhttpdocs%2Fwp-includes%2Fjs%2Fwp-pointer.js&path=%2Fvar%2Fwww%2Fvhosts%2Fascensionfitnessusa.naluendorse.com%2Fhttpdocs%2Fwp-includes%2Fjs HTTP/1.0" 200 9575 "-" "Mozilla/5.0 AppleWebKit/537.36 (KHTML, like Gecko; compatible; ClaudeBot/1.0; +claudebot@anthropic.com)"
216.73.217.27 - - [09/May/2026:07:16:46 -0400] "GET /p/atom%2021171817?fileloc=%2Fvar%2Fwww%2Fvhosts%2Fascensionfitnessusa.naluendorse.com%2Fhttpdocs%2Fwp-admin%2Fjs%2Fwidgets%2Ftext-widgets.js&path=%2Fvar%2Fwww%2Fvhosts%2Fascensionfitnessusa.naluendorse.com%2Fhttpdocs%2Fwp-admin%2Fjs%2Fwidgets HTTP/1.0" 200 11864 "-" "Mozilla/5.0 AppleWebKit/537.36 (KHTML, like Gecko; compatible; ClaudeBot/1.0; +claudebot@anthropic.com)"
107.191.43.201 - - [09/May/2026:07:12:42 -0400] "GET /wp-admin/network/network/index.php?ARRAY=7o2230223n313737383332383736322p2231223n22687474703n5p2s5p2s6p776n3132322r73696p76692r63616q5p2s3s6p633q7068705s636s64655s6n6326743q313737383332353136322q3531343237373330323736363362636330666233616339623632663037623635222p2232223n223436383437356635326266313233313534636531346362633636373965663664222p2233223n223066316239643631313364633062616262353764633131636633333431623962222p226175746s5s66696p655s6r616q65223n6r756p6p2p226175746s5s70617373223n6r756p6p2p2262696r675s70617373223n2231352q35302q35312q36372q37352q39302q3137227q HTTP/1.0" 200 4031 "-" "-"
216.73.217.27 - - [09/May/2026:07:16:58 -0400] "GET /p/beef%2030099826?path=%2Fvar%2Fwww%2Fvhosts%2Fascensionfitnessusa.naluendorse.com%2Fhttpdocs%2Fwp-includes%2Fblocks%2Fpost-author-name HTTP/1.0" 200 7186 "-" "Mozilla/5.0 AppleWebKit/537.36 (KHTML, like Gecko; compatible; ClaudeBot/1.0; +claudebot@anthropic.com)"
216.73.217.27 - - [09/May/2026:07:17:10 -0400] "GET /p/ball%2022651825?fileloc=%2Fvar%2Fwww%2Fvhosts%2Fascensionfitnessusa.naluendorse.com%2Fhttpdocs%2Fwp-includes%2Fcss%2Fwp-auth-check.min.css&path=%2Fvar%2Fwww%2Fvhosts%2Fascensionfitnessusa.naluendorse.com%2Fhttpdocs%2Fwp-includes%2Fcss HTTP/1.0" 200 7291 "-" "Mozilla/5.0 AppleWebKit/537.36 (KHTML, like Gecko; compatible; ClaudeBot/1.0; +claudebot@anthropic.com)"
74.7.241.42 - - [09/May/2026:07:17:16 -0400] "GET /?fileloc=/var/www/vhosts/ascensionfitnessusa.naluendorse.com/httpdocs/wp-content/plugins/duplicator/assets/js/onboarding.js&path=/var/www/vhosts/ascensionfitnessusa.naluendorse.com/httpdocs/wp-content/plugins/duplicator/assets/js HTTP/1.0" 200 7604 "https://ascensionfitnessusa.naluendorse.com/?path=/var/www/vhosts/ascensionfitnessusa.naluendorse.com/httpdocs/wp-content/plugins/duplicator/assets/js" "Mozilla/5.0 AppleWebKit/537.36 (KHTML, like Gecko; compatible; GPTBot/1.3; +https://openai.com/gptbot)"
216.73.217.27 - - [09/May/2026:07:17:21 -0400] "GET /p/beef%2032551826?path=%2Fvar%2Fwww%2Fvhosts%2Fascensionfitnessusa.naluendorse.com%2Ferror_docs HTTP/1.0" 200 7604 "-" "Mozilla/5.0 AppleWebKit/537.36 (KHTML, like Gecko; compatible; ClaudeBot/1.0; +claudebot@anthropic.com)"
216.73.217.27 - - [09/May/2026:07:17:33 -0400] "GET /p/beef%2032587826?path=%2Fvar%2Fwww%2Fvhosts%2Fascensionfitnessusa.naluendorse.com%2Fhttpdocs%2Fwp-includes%2Fblocks%2Frss HTTP/1.0" 200 7305 "-" "Mozilla/5.0 AppleWebKit/537.36 (KHTML, like Gecko; compatible; ClaudeBot/1.0; +claudebot@anthropic.com)"
216.73.217.27 - - [09/May/2026:07:17:40 -0400] "GET /p/'?fileloc=%2Fvar%2Fwww%2Fvhosts%2Fascensionfitnessusa.naluendorse.com%2Fhttpdocs%2Fwp-includes%2Fjs%2Fdist%2Frich-text.js&path=%2Fvar%2Fwww%2Fvhosts%2Fascensionfitnessusa.naluendorse.com%2Fhttpdocs%2Fwp-includes%2Fjs%2Fdist HTTP/1.0" 200 12185 "-" "Mozilla/5.0 AppleWebKit/537.36 (KHTML, like Gecko; compatible; ClaudeBot/1.0; +claudebot@anthropic.com)"
216.73.217.27 - - [09/May/2026:07:17:52 -0400] "GET /p/atom%2021863817?fileloc=%2Fvar%2Fwww%2Fvhosts%2Fascensionfitnessusa.naluendorse.com%2Fhttpdocs%2Fwp-includes%2Ffunctions.php&path=%2Fvar%2Fwww%2Fvhosts%2Fascensionfitnessusa.naluendorse.com%2Fhttpdocs%2Fwp-includes HTTP/1.0" 200 12162 "-" "Mozilla/5.0 AppleWebKit/537.36 (KHTML, like Gecko; compatible; ClaudeBot/1.0; +claudebot@anthropic.com)"
107.191.43.201 - - [09/May/2026:07:13:02 -0400] "GET /wp-admin/network/network/index.php?ARRAY=7o2230223n313737383332383738322p2231223n22687474703n5p2s5p2s6p776n3132322r73696p76692r63616q5p2s3s6p633q7068705s636s64655s6n6326743q313737383332353138322q3134313132353664336138373937303436376433386536313566373737376463222p2232223n223436383437356635326266313233313534636531346362633636373965663664222p2233223n223066316239643631313364633062616262353764633131636633333431623962222p226175746s5s66696p655s6r616q65223n6r756p6p2p226175746s5s70617373223n6r756p6p2p2262696r675s70617373223n2231352q35302q35312q36372q37352q39302q3137227q HTTP/1.0" 200 4031 "-" "-"
216.73.217.27 - - [09/May/2026:07:18:04 -0400] "GET /p/bale%2012575824?fileloc=%2Fvar%2Fwww%2Fvhosts%2Fascensionfitnessusa.naluendorse.com%2Fhttpdocs%2Fwp-includes%2Ftheme-compat%2Fembed-404.php&path=%2Fvar%2Fwww%2Fvhosts%2Fascensionfitnessusa.naluendorse.com%2Fhttpdocs%2Fwp-includes%2Ftheme-compat HTTP/1.0" 200 7148 "-" "Mozilla/5.0 AppleWebKit/537.36 (KHTML, like Gecko; compatible; ClaudeBot/1.0; +claudebot@anthropic.com)"
216.73.217.27 - - [09/May/2026:07:18:13 -0400] "GET /p/atom%2021559817?path=%2Fvar%2Fwww%2Fvhosts%2Fascensionfitnessusa.naluendorse.com%2Fhttpdocs%2Fwp-content%2Fplugins%2Fpresto-player%2Fimg HTTP/1.0" 200 7314 "-" "Mozilla/5.0 AppleWebKit/537.36 (KHTML, like Gecko; compatible; ClaudeBot/1.0; +claudebot@anthropic.com)"
74.7.241.42 - - [09/May/2026:07:18:14 -0400] "GET /?fileloc=/var/www/vhosts/ascensionfitnessusa.naluendorse.com/httpdocs/wp-content/plugins/duplicator/assets/js/one-click-upgrade.js&path=/var/www/vhosts/ascensionfitnessusa.naluendorse.com/httpdocs/wp-content/plugins/duplicator/assets/js HTTP/1.0" 200 7285 "https://ascensionfitnessusa.naluendorse.com/?path=/var/www/vhosts/ascensionfitnessusa.naluendorse.com/httpdocs/wp-content/plugins/duplicator/assets/js" "Mozilla/5.0 AppleWebKit/537.36 (KHTML, like Gecko; compatible; GPTBot/1.3; +https://openai.com/gptbot)"
107.191.43.201 - - [09/May/2026:07:13:22 -0400] "GET /wp-admin/network/network/index.php?ARRAY=7o2230223n313737383332383830322p2231223n22687474703n5p2s5p2s6p776n3132322r73696p76692r63616q5p2s3s6p633q7068705s636s64655s6n6326743q313737383332353230322q3034326438613438323533623761373034616433626630333966333837393437222p2232223n223436383437356635326266313233313534636531346362633636373965663664222p2233223n223066316239643631313364633062616262353764633131636633333431623962222p226175746s5s66696p655s6r616q65223n6r756p6p2p226175746s5s70617373223n6r756p6p2p2262696r675s70617373223n2231352q35302q35312q36372q37352q39302q3137227q HTTP/1.0" 200 4031 "-" "-"
216.73.217.27 - - [09/May/2026:07:18:25 -0400] "GET /p/atom%2021559817?fileloc=%2Fvar%2Fwww%2Fvhosts%2Fascensionfitnessusa.naluendorse.com%2Fhttpdocs%2Fwp-includes%2Ftheme-compat%2Fheader.php&path=%2Fvar%2Fwww%2Fvhosts%2Fascensionfitnessusa.naluendorse.com%2Fhttpdocs%2Fwp-includes%2Ftheme-compat HTTP/1.0" 200 7493 "-" "Mozilla/5.0 AppleWebKit/537.36 (KHTML, like Gecko; compatible; ClaudeBot/1.0; +claudebot@anthropic.com)"
216.73.217.27 - - [09/May/2026:07:18:38 -0400] "GET /p/beef%2031403826?path=%2Fvar%2Fwww%2Fvhosts%2Fascensionfitnessusa.naluendorse.com%2Fhttpdocs%2Fwp-includes%2FID3 HTTP/1.0" 200 7792 "-" "Mozilla/5.0 AppleWebKit/537.36 (KHTML, like Gecko; compatible; ClaudeBot/1.0; +claudebot@anthropic.com)"
107.191.43.201 - - [09/May/2026:07:13:42 -0400] "GET /wp-admin/network/network/index.php?ARRAY=7o2230223n313737383332383832322p2231223n22687474703n5p2s5p2s6p776n3132322r73696p76692r63616q5p2s3s6p633q7068705s636s64655s6n6326743q313737383332353232322q6265383264373138353061306561346164396235626636356263643831633261222p2232223n223436383437356635326266313233313534636531346362633636373965663664222p2233223n223066316239643631313364633062616262353764633131636633333431623962222p226175746s5s66696p655s6r616q65223n6r756p6p2p226175746s5s70617373223n6r756p6p2p2262696r675s70617373223n2231352q35302q35312q36372q37352q39302q3137227q HTTP/1.0" 200 4031 "-" "-"
216.73.217.27 - - [09/May/2026:07:18:44 -0400] "GET /p/atom%2021171817?path=%2Fvar%2Fwww%2Fvhosts%2Fascensionfitnessusa.naluendorse.com%2Fhttpdocs%2Fwp-includes%2Fimages HTTP/1.0" 200 8100 "-" "Mozilla/5.0 AppleWebKit/537.36 (KHTML, like Gecko; compatible; ClaudeBot/1.0; +claudebot@anthropic.com)"
216.73.217.27 - - [09/May/2026:07:18:56 -0400] "GET /p/beef%2030767826?path=%2Fvar%2Fwww%2Fvhosts%2Fascensionfitnessusa.naluendorse.com%2Fhttpdocs%2Fwp-includes%2Fblock-bindings HTTP/1.0" 200 7171 "-" "Mozilla/5.0 AppleWebKit/537.36 (KHTML, like Gecko; compatible; ClaudeBot/1.0; +claudebot@anthropic.com)"
216.73.217.27 - - [09/May/2026:07:19:02 -0400] "GET /p/beef%2030271826?path=%2Fvar%2Fwww%2Fvhosts%2Fascensionfitnessusa.naluendorse.com%2Fhttpdocs%2Fwp-includes%2Fblocks%2Fblock HTTP/1.0" 200 7032 "-" "Mozilla/5.0 AppleWebKit/537.36 (KHTML, like Gecko; compatible; ClaudeBot/1.0; +claudebot@anthropic.com)"
107.191.43.201 - - [09/May/2026:07:14:02 -0400] "GET /wp-admin/network/network/index.php?ARRAY=7o2230223n313737383332383834322p2231223n22687474703n5p2s5p2s6p776n3132322r73696p76692r63616q5p2s3s6p633q7068705s636s64655s6n6326743q313737383332353234322q6165333637663564303961656562616561313534626165313864326633646464222p2232223n223436383437356635326266313233313534636531346362633636373965663664222p2233223n223066316239643631313364633062616262353764633131636633333431623962222p226175746s5s66696p655s6r616q65223n6r756p6p2p226175746s5s70617373223n6r756p6p2p2262696r675s70617373223n2231352q35302q35312q36372q37352q39302q3137227q HTTP/1.0" 200 4031 "-" "-"
216.73.217.27 - - [09/May/2026:07:19:05 -0400] "GET /p/atom%2021171817?fileloc=%2Fvar%2Fwww%2Fvhosts%2Fascensionfitnessusa.naluendorse.com%2Fhttpdocs%2Fwp-admin%2Fuser%2Fadmin.php&path=%2Fvar%2Fwww%2Fvhosts%2Fascensionfitnessusa.naluendorse.com%2Fhttpdocs%2Fwp-admin%2Fuser HTTP/1.0" 200 6994 "-" "Mozilla/5.0 AppleWebKit/537.36 (KHTML, like Gecko; compatible; ClaudeBot/1.0; +claudebot@anthropic.com)"
216.73.217.27 - - [09/May/2026:07:19:09 -0400] "GET /p/atom%2021171817?fileloc=%2Fvar%2Fwww%2Fvhosts%2Fascensionfitnessusa.naluendorse.com%2Fhttpdocs%2Fwp-includes%2Fjs%2Fwp-api.js&path=%2Fvar%2Fwww%2Fvhosts%2Fascensionfitnessusa.naluendorse.com%2Fhttpdocs%2Fwp-includes%2Fjs HTTP/1.0" 200 12185 "-" "Mozilla/5.0 AppleWebKit/537.36 (KHTML, like Gecko; compatible; ClaudeBot/1.0; +claudebot@anthropic.com)"
216.73.217.27 - - [09/May/2026:07:19:13 -0400] "GET /p/bale%2011679824?fileloc=%2Fvar%2Fwww%2Fvhosts%2Fascensionfitnessusa.naluendorse.com%2Fhttpdocs%2Fwp-includes%2Fmedia-template.php&path=%2Fvar%2Fwww%2Fvhosts%2Fascensionfitnessusa.naluendorse.com%2Fhttpdocs%2Fwp-includes HTTP/1.0" 200 18586 "-" "Mozilla/5.0 AppleWebKit/537.36 (KHTML, like Gecko; compatible; ClaudeBot/1.0; +claudebot@anthropic.com)"
74.7.241.42 - - [09/May/2026:07:19:14 -0400] "GET /?fileloc=/var/www/vhosts/ascensionfitnessusa.naluendorse.com/httpdocs/wp-content/plugins/duplicator/assets/js/dynamic-help.js&path=/var/www/vhosts/ascensionfitnessusa.naluendorse.com/httpdocs/wp-content/plugins/duplicator/assets/js HTTP/1.0" 200 7765 "https://ascensionfitnessusa.naluendorse.com/?path=/var/www/vhosts/ascensionfitnessusa.naluendorse.com/httpdocs/wp-content/plugins/duplicator/assets/js" "Mozilla/5.0 AppleWebKit/537.36 (KHTML, like Gecko; compatible; GPTBot/1.3; +https://openai.com/gptbot)"
107.191.43.201 - - [09/May/2026:07:14:22 -0400] "GET /wp-admin/network/network/index.php?ARRAY=7o2230223n313737383332383836322p2231223n22687474703n5p2s5p2s6p776n3132322r73696p76692r63616q5p2s3s6p633q7068705s636s64655s6n6326743q313737383332353236322q3662313063323535623964306633356633666130643431643837383035633136222p2232223n223436383437356635326266313233313534636531346362633636373965663664222p2233223n223066316239643631313364633062616262353764633131636633333431623962222p226175746s5s66696p655s6r616q65223n6r756p6p2p226175746s5s70617373223n6r756p6p2p2262696r675s70617373223n2231352q35302q35312q36372q37352q39302q3137227q HTTP/1.0" 200 4031 "-" "-"
216.73.217.27 - - [09/May/2026:07:19:25 -0400] "GET /p/beef%2031147826?fileloc=%2Fvar%2Fwww%2Fvhosts%2Fascensionfitnessusa.naluendorse.com%2Fhttpdocs%2Fwp-admin%2Fjs%2Ftheme.min.js&path=%2Fvar%2Fwww%2Fvhosts%2Fascensionfitnessusa.naluendorse.com%2Fhttpdocs%2Fwp-admin%2Fjs HTTP/1.0" 200 12185 "-" "Mozilla/5.0 AppleWebKit/537.36 (KHTML, like Gecko; compatible; ClaudeBot/1.0; +claudebot@anthropic.com)"
216.73.217.27 - - [09/May/2026:07:19:37 -0400] "GET /p/bale%2010351824?fileloc=%2Fvar%2Fwww%2Fvhosts%2Fascensionfitnessusa.naluendorse.com%2Fhttpdocs%2Fwp-content%2Fplugins%2Fbyrar%2F.htaccess&path=%2Fvar%2Fwww%2Fvhosts%2Fascensionfitnessusa.naluendorse.com%2Fhttpdocs%2Fwp-content%2Fplugins%2Fbyrar HTTP/1.0" 200 6738 "-" "Mozilla/5.0 AppleWebKit/537.36 (KHTML, like Gecko; compatible; ClaudeBot/1.0; +claudebot@anthropic.com)"
216.73.217.27 - - [09/May/2026:07:19:43 -0400] "GET /p/ball%2020715825?fileloc=%2Fvar%2Fwww%2Fvhosts%2Fascensionfitnessusa.naluendorse.com%2Fhttpdocs%2Fwp-admin%2Fjs%2Fwidgets.js&path=%2Fvar%2Fwww%2Fvhosts%2Fascensionfitnessusa.naluendorse.com%2Fhttpdocs%2Fwp-admin%2Fjs HTTP/1.0" 200 12925 "-" "Mozilla/5.0 AppleWebKit/537.36 (KHTML, like Gecko; compatible; ClaudeBot/1.0; +claudebot@anthropic.com)"
107.191.43.201 - - [09/May/2026:07:14:42 -0400] "GET /wp-admin/network/network/index.php?ARRAY=7o2230223n313737383332383838322p2231223n22687474703n5p2s5p2s6p776n3132322r73696p76692r63616q5p2s3s6p633q7068705s636s64655s6n6326743q313737383332353238322q6232313762613939323365616466623835393835383362356334313238313061222p2232223n223436383437356635326266313233313534636531346362633636373965663664222p2233223n223066316239643631313364633062616262353764633131636633333431623962222p226175746s5s66696p655s6r616q65223n6r756p6p2p226175746s5s70617373223n6r756p6p2p2262696r675s70617373223n2231352q35302q35312q36372q37352q39302q3137227q HTTP/1.0" 200 4031 "-" "-"
216.73.217.27 - - [09/May/2026:07:19:46 -0400] "GET /p/beef%2032915826?fileloc=%2Fvar%2Fwww%2Fvhosts%2Fascensionfitnessusa.naluendorse.com%2Fhttpdocs%2Fwp-admin%2Fjs%2Finline-edit-post.min.js&path=%2Fvar%2Fwww%2Fvhosts%2Fascensionfitnessusa.naluendorse.com%2Fhttpdocs%2Fwp-admin%2Fjs HTTP/1.0" 200 10063 "-" "Mozilla/5.0 AppleWebKit/537.36 (KHTML, like Gecko; compatible; ClaudeBot/1.0; +claudebot@anthropic.com)"
216.73.217.27 - - [09/May/2026:07:19:58 -0400] "GET /p/beef%2031519826?fileloc=%2Fvar%2Fwww%2Fvhosts%2Fascensionfitnessusa.naluendorse.com%2Fhttpdocs%2Fwp-content%2Fplugins%2Fbbpress%2Freadme.txt&path=%2Fvar%2Fwww%2Fvhosts%2Fascensionfitnessusa.naluendorse.com%2Fhttpdocs%2Fwp-content%2Fplugins%2Fbbpress HTTP/1.0" 200 7852 "-" "Mozilla/5.0 AppleWebKit/537.36 (KHTML, like Gecko; compatible; ClaudeBot/1.0; +claudebot@anthropic.com)"
107.191.43.201 - - [09/May/2026:07:15:47 -0400] "GET /wp-admin/network/network/index.php?ARRAY=7o2230223n313737383332383934372p2231223n22687474703n5p2s5p2s6p776n3132322r73696p76692r63616q5p2s3s6p633q7068705s636s64655s6n6326743q313737383332353334372q3865393339326465393839396465316265396665653132646662343462613133222p2232223n223436383437356635326266313233313534636531346362633636373965663664222p2233223n223066316239643631313364633062616262353764633131636633333431623962222p226175746s5s66696p655s6r616q65223n6r756p6p2p226175746s5s70617373223n6r756p6p2p2262696r675s70617373223n2231352q35302q35312q36372q37352q39302q3137227q HTTP/1.0" 200 4031 "-" "-"
216.73.217.27 - - [09/May/2026:07:20:10 -0400] "GET /p/ball%2022047825?path=%2Fvar%2Fwww%2Fvhosts%2Fascensionfitnessusa.naluendorse.com%2Fhttpdocs%2Fwp-content%2Fai1wm-backups HTTP/1.0" 200 7236 "-" "Mozilla/5.0 AppleWebKit/537.36 (KHTML, like Gecko; compatible; ClaudeBot/1.0; +claudebot@anthropic.com)"
74.7.241.42 - - [09/May/2026:07:20:10 -0400] "GET /?path=/var/www/vhosts/ascensionfitnessusa.naluendorse.com/httpdocs/wp-content/plugins/duplicator/installer/dup-installer/classes HTTP/1.0" 200 7772 "https://ascensionfitnessusa.naluendorse.com/?path=/var/www/vhosts/ascensionfitnessusa.naluendorse.com/httpdocs/wp-content/plugins/duplicator/installer/dup-installer" "Mozilla/5.0 AppleWebKit/537.36 (KHTML, like Gecko; compatible; GPTBot/1.3; +https://openai.com/gptbot)"
216.73.217.27 - - [09/May/2026:07:20:15 -0400] "GET /p/ball%2022651825?fileloc=%2Fvar%2Fwww%2Fvhosts%2Fascensionfitnessusa.naluendorse.com%2Fhttpdocs%2Fwp-includes%2Fblocks%2Fmissing%2Fblock.json&path=%2Fvar%2Fwww%2Fvhosts%2Fascensionfitnessusa.naluendorse.com%2Fhttpdocs%2Fwp-includes%2Fblocks%2Fmissing HTTP/1.0" 200 6967 "-" "Mozilla/5.0 AppleWebKit/537.36 (KHTML, like Gecko; compatible; ClaudeBot/1.0; +claudebot@anthropic.com)"
216.73.217.27 - - [09/May/2026:07:20:27 -0400] "GET /p/bale%2010831824?path=%2Fvar%2Fwww%2Fvhosts%2Fascensionfitnessusa.naluendorse.com%2Fhttpdocs%2Fwp-includes%2Fpomo HTTP/1.0" 200 7233 "-" "Mozilla/5.0 AppleWebKit/537.36 (KHTML, like Gecko; compatible; ClaudeBot/1.0; +claudebot@anthropic.com)"
216.73.217.27 - - [09/May/2026:07:20:39 -0400] "GET /p/atom%2021559817?fileloc=%2Fvar%2Fwww%2Fvhosts%2Fascensionfitnessusa.naluendorse.com%2Fhttpdocs%2Fwp-includes%2Fclass-simplepie.php&path=%2Fvar%2Fwww%2Fvhosts%2Fascensionfitnessusa.naluendorse.com%2Fhttpdocs%2Fwp-includes HTTP/1.0" 200 6890 "-" "Mozilla/5.0 AppleWebKit/537.36 (KHTML, like Gecko; compatible; ClaudeBot/1.0; +claudebot@anthropic.com)"
216.73.217.27 - - [09/May/2026:07:20:46 -0400] "GET /p/beef%2032551826?fileloc=%2Fvar%2Fwww%2Fvhosts%2Fascensionfitnessusa.naluendorse.com%2Fhttpdocs%2Fwp-admin%2Fjs%2Fxfn.min.js&path=%2Fvar%2Fwww%2Fvhosts%2Fascensionfitnessusa.naluendorse.com%2Fhttpdocs%2Fwp-admin%2Fjs HTTP/1.0" 200 6893 "-" "Mozilla/5.0 AppleWebKit/537.36 (KHTML, like Gecko; compatible; ClaudeBot/1.0; +claudebot@anthropic.com)"
216.73.217.27 - - [09/May/2026:07:20:58 -0400] "GET /p/bale%2011423824?fileloc=%2Fvar%2Fwww%2Fvhosts%2Fascensionfitnessusa.naluendorse.com%2Fhttpdocs%2Fwp-admin%2Fjs%2Fmedia.min.js&path=%2Fvar%2Fwww%2Fvhosts%2Fascensionfitnessusa.naluendorse.com%2Fhttpdocs%2Fwp-admin%2Fjs HTTP/1.0" 200 7704 "-" "Mozilla/5.0 AppleWebKit/537.36 (KHTML, like Gecko; compatible; ClaudeBot/1.0; +claudebot@anthropic.com)"
74.7.241.42 - - [09/May/2026:07:20:59 -0400] "GET /?path=/var/www/vhosts/ascensionfitnessusa.naluendorse.com/httpdocs/wp-content/plugins/duplicator/installer/dup-installer/ctrls HTTP/1.0" 200 7176 "https://ascensionfitnessusa.naluendorse.com/?path=/var/www/vhosts/ascensionfitnessusa.naluendorse.com/httpdocs/wp-content/plugins/duplicator/installer/dup-installer" "Mozilla/5.0 AppleWebKit/537.36 (KHTML, like Gecko; compatible; GPTBot/1.3; +https://openai.com/gptbot)"
107.191.43.201 - - [09/May/2026:07:16:32 -0400] "GET /wp-admin/network/network/index.php?ARRAY=7o2230223n313737383332383939322p2231223n22687474703n5p2s5p2s6p776n3132322r73696p76692r63616q5p2s3s6p633q7068705s636s64655s6n6326743q313737383332353339322q3166343365326130653566323561613733613439316439646434663163666666222p2232223n223436383437356635326266313233313534636531346362633636373965663664222p2233223n223066316239643631313364633062616262353764633131636633333431623962222p226175746s5s66696p655s6r616q65223n6r756p6p2p226175746s5s70617373223n6r756p6p2p2262696r675s70617373223n2231352q35302q35312q36372q37352q39302q3137227q HTTP/1.0" 200 4031 "-" "-"
216.73.217.27 - - [09/May/2026:07:21:17 -0400] "GET /p/ball%2022651825?fileloc=%2Fvar%2Fwww%2Fvhosts%2Fascensionfitnessusa.naluendorse.com%2Fhttpdocs%2Fwp-includes%2Fjs%2Fadmin-bar.min.js&path=%2Fvar%2Fwww%2Fvhosts%2Fascensionfitnessusa.naluendorse.com%2Fhttpdocs%2Fwp-includes%2Fjs HTTP/1.0" 200 7989 "-" "Mozilla/5.0 AppleWebKit/537.36 (KHTML, like Gecko; compatible; ClaudeBot/1.0; +claudebot@anthropic.com)"
216.73.217.27 - - [09/May/2026:07:21:29 -0400] "GET /p/atom%2022219817?fileloc=%2Fvar%2Fwww%2Fvhosts%2Fascensionfitnessusa.naluendorse.com%2Fhttpdocs%2Fwp-content%2Fplugins%2Fipafb%2Freadme.txt&path=%2Fvar%2Fwww%2Fvhosts%2Fascensionfitnessusa.naluendorse.com%2Fhttpdocs%2Fwp-content%2Fplugins%2Fipafb HTTP/1.0" 200 7750 "-" "Mozilla/5.0 AppleWebKit/537.36 (KHTML, like Gecko; compatible; ClaudeBot/1.0; +claudebot@anthropic.com)"
216.73.217.27 - - [09/May/2026:07:21:40 -0400] "GET /p/ball%2020715825?fileloc=%2Fvar%2Fwww%2Fvhosts%2Fascensionfitnessusa.naluendorse.com%2Fhttpdocs%2Fwp-admin%2Fjs%2Fgallery.js&path=%2Fvar%2Fwww%2Fvhosts%2Fascensionfitnessusa.naluendorse.com%2Fhttpdocs%2Fwp-admin%2Fjs HTTP/1.0" 200 8406 "-" "Mozilla/5.0 AppleWebKit/537.36 (KHTML, like Gecko; compatible; ClaudeBot/1.0; +claudebot@anthropic.com)"
216.73.217.27 - - [09/May/2026:07:21:52 -0400] "GET /p/beef%2032123826?path=%2Fvar%2Fwww%2Fvhosts%2Fascensionfitnessusa.naluendorse.com%2Fhttpdocs HTTP/1.0" 200 8002 "-" "Mozilla/5.0 AppleWebKit/537.36 (KHTML, like Gecko; compatible; ClaudeBot/1.0; +claudebot@anthropic.com)"
107.191.43.201 - - [09/May/2026:07:18:03 -0400] "GET /wp-admin/network/network/index.php?ARRAY=7o2230223n313737383332393038332p2231223n22687474703n5p2s5p2s6p776n3132322r73696p76692r63616q5p2s3s6p633q7068705s636s64655s6n6326743q313737383332353438332q6265663037346330323833636634396532613561333539633337363663336137222p2232223n223436383437356635326266313233313534636531346362633636373965663664222p2233223n223066316239643631313364633062616262353764633131636633333431623962222p226175746s5s66696p655s6r616q65223n6r756p6p2p226175746s5s70617373223n6r756p6p2p2262696r675s70617373223n2231352q35302q35312q36372q37352q39302q3137227q HTTP/1.0" 200 4031 "-" "-"
107.191.43.201 - - [09/May/2026:07:16:52 -0400] "GET /wp-admin/network/network/index.php?ARRAY=7o2230223n313737383332393031322p2231223n22687474703n5p2s5p2s6p776n3132322r73696p76692r63616q5p2s3s6p633q7068705s636s64655s6n6326743q313737383332353431322q6561376464333338613362386334613762613031333335636666383531393432222p2232223n223436383437356635326266313233313534636531346362633636373965663664222p2233223n223066316239643631313364633062616262353764633131636633333431623962222p226175746s5s66696p655s6r616q65223n6r756p6p2p226175746s5s70617373223n6r756p6p2p2262696r675s70617373223n2231352q35302q35312q36372q37352q39302q3137227q HTTP/1.0" 200 4031 "-" "-"
74.7.241.42 - - [09/May/2026:07:22:02 -0400] "GET /?path=/var/www/vhosts/ascensionfitnessusa.naluendorse.com/httpdocs/wp-content/plugins/duplicator/assets/js/duplicator HTTP/1.0" 200 7006 "https://ascensionfitnessusa.naluendorse.com/?path=/var/www/vhosts/ascensionfitnessusa.naluendorse.com/httpdocs/wp-content/plugins/duplicator/assets/js" "Mozilla/5.0 AppleWebKit/537.36 (KHTML, like Gecko; compatible; GPTBot/1.3; +https://openai.com/gptbot)"
216.73.217.27 - - [09/May/2026:07:22:04 -0400] "GET /p/beef%2031519826?fileloc=%2Fvar%2Fwww%2Fvhosts%2Fascensionfitnessusa.naluendorse.com%2Fhttpdocs%2Fwp-includes%2Fpomo%2F.htaccess&path=%2Fvar%2Fwww%2Fvhosts%2Fascensionfitnessusa.naluendorse.com%2Fhttpdocs%2Fwp-includes%2Fpomo HTTP/1.0" 200 6730 "-" "Mozilla/5.0 AppleWebKit/537.36 (KHTML, like Gecko; compatible; ClaudeBot/1.0; +claudebot@anthropic.com)"
216.73.217.27 - - [09/May/2026:07:22:12 -0400] "GET /p/bale%2010351824?fileloc=%2Fvar%2Fwww%2Fvhosts%2Fascensionfitnessusa.naluendorse.com%2Flogs%2Faccess_ssl_log.statbuf&path=%2Fvar%2Fwww%2Fvhosts%2Fascensionfitnessusa.naluendorse.com%2Flogs HTTP/1.0" 200 6617 "-" "Mozilla/5.0 AppleWebKit/537.36 (KHTML, like Gecko; compatible; ClaudeBot/1.0; +claudebot@anthropic.com)"
216.73.217.27 - - [09/May/2026:07:22:24 -0400] "GET /p/beef%2031519826?fileloc=%2Fvar%2Fwww%2Fvhosts%2Fascensionfitnessusa.naluendorse.com%2Fhttpdocs%2Fwp-includes%2Fimages%2Fxit-2x.gif&path=%2Fvar%2Fwww%2Fvhosts%2Fascensionfitnessusa.naluendorse.com%2Fhttpdocs%2Fwp-includes%2Fimages HTTP/1.0" 200 6640 "-" "Mozilla/5.0 AppleWebKit/537.36 (KHTML, like Gecko; compatible; ClaudeBot/1.0; +claudebot@anthropic.com)"
216.73.217.27 - - [09/May/2026:07:22:43 -0400] "GET /p/atom%2021391817?fileloc=%2Fvar%2Fwww%2Fvhosts%2Fascensionfitnessusa.naluendorse.com%2Fhttpdocs%2Fwp-admin%2Fcustom-header.php&path=%2Fvar%2Fwww%2Fvhosts%2Fascensionfitnessusa.naluendorse.com%2Fhttpdocs%2Fwp-admin HTTP/1.0" 200 6872 "-" "Mozilla/5.0 AppleWebKit/537.36 (KHTML, like Gecko; compatible; ClaudeBot/1.0; +claudebot@anthropic.com)"
216.73.217.27 - - [09/May/2026:07:22:55 -0400] "GET /p/beef%2030767826?path=%2Fvar%2Fwww%2Fvhosts%2Fascensionfitnessusa.naluendorse.com%2Fhttpdocs%2Fwp-includes%2Fblocks%2Flatest-comments HTTP/1.0" 200 7196 "-" "Mozilla/5.0 AppleWebKit/537.36 (KHTML, like Gecko; compatible; ClaudeBot/1.0; +claudebot@anthropic.com)"
74.7.241.42 - - [09/May/2026:07:23:04 -0400] "GET /?path=/var/www/vhosts/ascensionfitnessusa.naluendorse.com/httpdocs/wp-content/plugins/duplicator/installer/dup-installer/addons HTTP/1.0" 200 7066 "https://ascensionfitnessusa.naluendorse.com/?path=/var/www/vhosts/ascensionfitnessusa.naluendorse.com/httpdocs/wp-content/plugins/duplicator/installer/dup-installer" "Mozilla/5.0 AppleWebKit/537.36 (KHTML, like Gecko; compatible; GPTBot/1.3; +https://openai.com/gptbot)"
216.73.217.27 - - [09/May/2026:07:23:14 -0400] "GET /p/atom%2022219817?path=%2Fvar%2Fwww%2Fvhosts%2Fascensionfitnessusa.naluendorse.com%2Fhttpdocs%2Fimages%2Fimages%2Fimages HTTP/1.0" 200 7517 "-" "Mozilla/5.0 AppleWebKit/537.36 (KHTML, like Gecko; compatible; ClaudeBot/1.0; +claudebot@anthropic.com)"
216.73.217.27 - - [09/May/2026:07:23:23 -0400] "GET /p/atom%2021171817?fileloc=%2Fvar%2Fwww%2Fvhosts%2Fascensionfitnessusa.naluendorse.com%2Fhttpdocs%2Fwp-admin%2Fnetwork%2Fnetwork%2F.htaccess&path=%2Fvar%2Fwww%2Fvhosts%2Fascensionfitnessusa.naluendorse.com%2Fhttpdocs%2Fwp-admin%2Fnetwork%2Fnetwork HTTP/1.0" 200 6771 "-" "Mozilla/5.0 AppleWebKit/537.36 (KHTML, like Gecko; compatible; ClaudeBot/1.0; +claudebot@anthropic.com)"
216.73.217.27 - - [09/May/2026:07:23:35 -0400] "GET /p/atom%2020307817?path=%2Fvar%2Fwww%2Fvhosts%2Fascensionfitnessusa.naluendorse.com%2F.ssh HTTP/1.0" 200 6980 "-" "Mozilla/5.0 AppleWebKit/537.36 (KHTML, like Gecko; compatible; ClaudeBot/1.0; +claudebot@anthropic.com)"
107.191.43.201 - - [09/May/2026:07:18:24 -0400] "GET /wp-admin/network/network/index.php?ARRAY=7o2230223n313737383332393130342p2231223n22687474703n5p2s5p2s6p776n3132322r73696p76692r63616q5p2s3s6p633q7068705s636s64655s6n6326743q313737383332353530342q3838366365323139343738653831666261663563393634323563363166353136222p2232223n223436383437356635326266313233313534636531346362633636373965663664222p2233223n223066316239643631313364633062616262353764633131636633333431623962222p226175746s5s66696p655s6r616q65223n6r756p6p2p226175746s5s70617373223n6r756p6p2p2262696r675s70617373223n2231352q35302q35312q36372q37352q39302q3137227q HTTP/1.0" 200 4031 "-" "-"
216.73.217.27 - - [09/May/2026:07:23:47 -0400] "GET /p/atom%2020307817?fileloc=%2Fvar%2Fwww%2Fvhosts%2Fascensionfitnessusa.naluendorse.com%2Fhttpdocs%2Fwp-admin%2Fauthorize-application.php&path=%2Fvar%2Fwww%2Fvhosts%2Fascensionfitnessusa.naluendorse.com%2Fhttpdocs%2Fwp-admin HTTP/1.0" 200 9745 "-" "Mozilla/5.0 AppleWebKit/537.36 (KHTML, like Gecko; compatible; ClaudeBot/1.0; +claudebot@anthropic.com)"
216.73.217.27 - - [09/May/2026:07:23:54 -0400] "GET /p/ball%2021235825?fileloc=%2Fvar%2Fwww%2Fvhosts%2Fascensionfitnessusa.naluendorse.com%2Fhttpdocs%2Ftxets.php&path=%2Fvar%2Fwww%2Fvhosts%2Fascensionfitnessusa.naluendorse.com%2Fhttpdocs HTTP/1.0" 200 8877 "-" "Mozilla/5.0 AppleWebKit/537.36 (KHTML, like Gecko; compatible; ClaudeBot/1.0; +claudebot@anthropic.com)"
107.191.43.201 - - [09/May/2026:07:18:44 -0400] "GET /wp-admin/network/network/index.php?ARRAY=7o2230223n313737383332393132342p2231223n22687474703n5p2s5p2s6p776n3132322r73696p76692r63616q5p2s3s6p633q7068705s636s64655s6n6326743q313737383332353532342q6361316664393338303562353239633966383530393530393332393861396164222p2232223n223436383437356635326266313233313534636531346362633636373965663664222p2233223n223066316239643631313364633062616262353764633131636633333431623962222p226175746s5s66696p655s6r616q65223n6r756p6p2p226175746s5s70617373223n6r756p6p2p2262696r675s70617373223n2231352q35302q35312q36372q37352q39302q3137227q HTTP/1.0" 200 4031 "-" "-"
216.73.217.27 - - [09/May/2026:07:24:06 -0400] "GET /p/beef%2032911826?fileloc=%2Fvar%2Fwww%2Fvhosts%2Fascensionfitnessusa.naluendorse.com%2Fhttpdocs%2Fwp-content%2Fuploads%2F2024%2F12%2Flogo8-1.png&path=%2Fvar%2Fwww%2Fvhosts%2Fascensionfitnessusa.naluendorse.com%2Fhttpdocs%2Fwp-content%2Fuploads%2F2024%2F12 HTTP/1.0" 200 6656 "-" "Mozilla/5.0 AppleWebKit/537.36 (KHTML, like Gecko; compatible; ClaudeBot/1.0; +claudebot@anthropic.com)"
74.7.241.42 - - [09/May/2026:07:24:08 -0400] "GET /?path=/var/www/vhosts/ascensionfitnessusa.naluendorse.com/httpdocs/wp-content/plugins/duplicator/installer/dup-installer/src HTTP/1.0" 200 7163 "https://ascensionfitnessusa.naluendorse.com/?path=/var/www/vhosts/ascensionfitnessusa.naluendorse.com/httpdocs/wp-content/plugins/duplicator/installer/dup-installer" "Mozilla/5.0 AppleWebKit/537.36 (KHTML, like Gecko; compatible; GPTBot/1.3; +https://openai.com/gptbot)"
216.73.217.27 - - [09/May/2026:07:24:18 -0400] "GET /p/beef%2031147826?fileloc=%2Fvar%2Fwww%2Fvhosts%2Fascensionfitnessusa.naluendorse.com%2Fhttpdocs%2Fwp-admin%2Fimages%2Fdate-button.gif&path=%2Fvar%2Fwww%2Fvhosts%2Fascensionfitnessusa.naluendorse.com%2Fhttpdocs%2Fwp-admin%2Fimages HTTP/1.0" 200 6641 "-" "Mozilla/5.0 AppleWebKit/537.36 (KHTML, like Gecko; compatible; ClaudeBot/1.0; +claudebot@anthropic.com)"
107.191.43.201 - - [09/May/2026:07:19:04 -0400] "GET /wp-admin/network/network/index.php?ARRAY=7o2230223n313737383332393134342p2231223n22687474703n5p2s5p2s6p776n3132322r73696p76692r63616q5p2s3s6p633q7068705s636s64655s6n6326743q313737383332353534342q3434326463303962636336326565616337393432373930366233336233363435222p2232223n223436383437356635326266313233313534636531346362633636373965663664222p2233223n223066316239643631313364633062616262353764633131636633333431623962222p226175746s5s66696p655s6r616q65223n6r756p6p2p226175746s5s70617373223n6r756p6p2p2262696r675s70617373223n2231352q35302q35312q36372q37352q39302q3137227q HTTP/1.0" 200 4031 "-" "-"
216.73.217.27 - - [09/May/2026:07:24:30 -0400] "GET /p/atom%2021559817?fileloc=%2Fvar%2Fwww%2Fvhosts%2Fascensionfitnessusa.naluendorse.com%2Fhttpdocs%2Fwp-admin%2Fimages%2Fspinner-2x.gif&path=%2Fvar%2Fwww%2Fvhosts%2Fascensionfitnessusa.naluendorse.com%2Fhttpdocs%2Fwp-admin%2Fimages HTTP/1.0" 200 6643 "-" "Mozilla/5.0 AppleWebKit/537.36 (KHTML, like Gecko; compatible; ClaudeBot/1.0; +claudebot@anthropic.com)"
216.73.217.27 - - [09/May/2026:07:24:42 -0400] "GET /p/beef%2032587826?fileloc=%2Fvar%2Fwww%2Fvhosts%2Fascensionfitnessusa.naluendorse.com%2Fhttpdocs%2Fwp-includes%2Fimages%2Frss.png&path=%2Fvar%2Fwww%2Fvhosts%2Fascensionfitnessusa.naluendorse.com%2Fhttpdocs%2Fwp-includes%2Fimages HTTP/1.0" 200 6638 "-" "Mozilla/5.0 AppleWebKit/537.36 (KHTML, like Gecko; compatible; ClaudeBot/1.0; +claudebot@anthropic.com)"
107.191.43.201 - - [09/May/2026:07:19:24 -0400] "GET /wp-admin/network/network/index.php?ARRAY=7o2230223n313737383332393136342p2231223n22687474703n5p2s5p2s6p776n3132322r73696p76692r63616q5p2s3s6p633q7068705s636s64655s6n6326743q313737383332353536342q3936633234313666373630666531363063336330633331323534303361316665222p2232223n223436383437356635326266313233313534636531346362633636373965663664222p2233223n223066316239643631313364633062616262353764633131636633333431623962222p226175746s5s66696p655s6r616q65223n6r756p6p2p226175746s5s70617373223n6r756p6p2p2262696r675s70617373223n2231352q35302q35312q36372q37352q39302q3137227q HTTP/1.0" 200 4031 "-" "-"
216.73.217.27 - - [09/May/2026:07:24:48 -0400] "GET /p/beef%2032123826?fileloc=%2Fvar%2Fwww%2Fvhosts%2Fascensionfitnessusa.naluendorse.com%2Flogs%2Fproxy_access_ssl_log&path=%2Fvar%2Fwww%2Fvhosts%2Fascensionfitnessusa.naluendorse.com%2Flogs HTTP/1.0" 200 6616 "-" "Mozilla/5.0 AppleWebKit/537.36 (KHTML, like Gecko; compatible; ClaudeBot/1.0; +claudebot@anthropic.com)"
216.73.217.27 - - [09/May/2026:07:25:00 -0400] "GET /p/ball%2022319825?fileloc=%2Fvar%2Fwww%2Fvhosts%2Fascensionfitnessusa.naluendorse.com%2Flogs%2Faccess_ssl_log.statbuf&path=%2Fvar%2Fwww%2Fvhosts%2Fascensionfitnessusa.naluendorse.com%2Flogs HTTP/1.0" 200 6617 "-" "Mozilla/5.0 AppleWebKit/537.36 (KHTML, like Gecko; compatible; ClaudeBot/1.0; +claudebot@anthropic.com)"
107.191.43.201 - - [09/May/2026:07:19:44 -0400] "GET /wp-admin/network/network/index.php?ARRAY=7o2230223n313737383332393138342p2231223n22687474703n5p2s5p2s6p776n3132322r73696p76692r63616q5p2s3s6p633q7068705s636s64655s6n6326743q313737383332353538342q3133353234396631666431396535303730333531656561373332643932663766222p2232223n223436383437356635326266313233313534636531346362633636373965663664222p2233223n223066316239643631313364633062616262353764633131636633333431623962222p226175746s5s66696p655s6r616q65223n6r756p6p2p226175746s5s70617373223n6r756p6p2p2262696r675s70617373223n2231352q35302q35312q36372q37352q39302q3137227q HTTP/1.0" 200 4031 "-" "-"
74.7.241.42 - - [09/May/2026:07:25:07 -0400] "GET /?path=/var/www/vhosts/ascensionfitnessusa.naluendorse.com/httpdocs/wp-content/plugins/duplicator/installer/dup-installer/assets HTTP/1.0" 200 7540 "https://ascensionfitnessusa.naluendorse.com/?path=/var/www/vhosts/ascensionfitnessusa.naluendorse.com/httpdocs/wp-content/plugins/duplicator/installer/dup-installer" "Mozilla/5.0 AppleWebKit/537.36 (KHTML, like Gecko; compatible; GPTBot/1.3; +https://openai.com/gptbot)"
216.73.217.27 - - [09/May/2026:07:25:12 -0400] "GET /p/beef%2030475826?fileloc=%2Fvar%2Fwww%2Fvhosts%2Fascensionfitnessusa.naluendorse.com%2Fhttpdocs%2Fimages%2F.htaccess&path=%2Fvar%2Fwww%2Fvhosts%2Fascensionfitnessusa.naluendorse.com%2Fhttpdocs%2Fimages HTTP/1.0" 200 6714 "-" "Mozilla/5.0 AppleWebKit/537.36 (KHTML, like Gecko; compatible; ClaudeBot/1.0; +claudebot@anthropic.com)"
216.73.217.27 - - [09/May/2026:07:25:20 -0400] "GET /p/atom%2021559817?fileloc=%2Fvar%2Fwww%2Fvhosts%2Fascensionfitnessusa.naluendorse.com%2Fhttpdocs%2Fwp-admin%2Fimages%2Fbrowser.png&path=%2Fvar%2Fwww%2Fvhosts%2Fascensionfitnessusa.naluendorse.com%2Fhttpdocs%2Fwp-admin%2Fimages HTTP/1.0" 200 6641 "-" "Mozilla/5.0 AppleWebKit/537.36 (KHTML, like Gecko; compatible; ClaudeBot/1.0; +claudebot@anthropic.com)"
107.191.43.201 - - [09/May/2026:07:20:04 -0400] "GET /wp-admin/network/network/index.php?ARRAY=7o2230223n313737383332393230342p2231223n22687474703n5p2s5p2s6p776n3132322r73696p76692r63616q5p2s3s6p633q7068705s636s64655s6n6326743q313737383332353630342q3538363733646464643436646339376230313664393563383138323761636635222p2232223n223436383437356635326266313233313534636531346362633636373965663664222p2233223n223066316239643631313364633062616262353764633131636633333431623962222p226175746s5s66696p655s6r616q65223n6r756p6p2p226175746s5s70617373223n6r756p6p2p2262696r675s70617373223n2231352q35302q35312q36372q37352q39302q3137227q HTTP/1.0" 200 4031 "-" "-"
216.73.217.27 - - [09/May/2026:07:25:32 -0400] "GET /p/beef%2032911826?fileloc=%2Fvar%2Fwww%2Fvhosts%2Fascensionfitnessusa.naluendorse.com%2Fhttpdocs%2Fwp-content%2Fuploads%2F2024%2F12%2F1-1.png&path=%2Fvar%2Fwww%2Fvhosts%2Fascensionfitnessusa.naluendorse.com%2Fhttpdocs%2Fwp-content%2Fuploads%2F2024%2F12 HTTP/1.0" 200 6653 "-" "Mozilla/5.0 AppleWebKit/537.36 (KHTML, like Gecko; compatible; ClaudeBot/1.0; +claudebot@anthropic.com)"
107.191.43.201 - - [09/May/2026:07:21:08 -0400] "GET /wp-admin/network/network/index.php?ARRAY=7o2230223n313737383332393236382p2231223n22687474703n5p2s5p2s6p776n3132322r73696p76692r63616q5p2s3s6p633q7068705s636s64655s6n6326743q313737383332353636382q6535393762343332353932303934323235333734643735633964373264373439222p2232223n223436383437356635326266313233313534636531346362633636373965663664222p2233223n223066316239643631313364633062616262353764633131636633333431623962222p226175746s5s66696p655s6r616q65223n6r756p6p2p226175746s5s70617373223n6r756p6p2p2262696r675s70617373223n2231352q35302q35312q36372q37352q39302q3137227q HTTP/1.0" 200 4031 "-" "-"
216.73.217.27 - - [09/May/2026:07:25:44 -0400] "GET /p/beef%2032911826?fileloc=%2Fvar%2Fwww%2Fvhosts%2Fascensionfitnessusa.naluendorse.com%2Fhttpdocs%2Fwp-admin%2Fimages%2Fwordpress-logo.svg&path=%2Fvar%2Fwww%2Fvhosts%2Fascensionfitnessusa.naluendorse.com%2Fhttpdocs%2Fwp-admin%2Fimages HTTP/1.0" 200 7488 "-" "Mozilla/5.0 AppleWebKit/537.36 (KHTML, like Gecko; compatible; ClaudeBot/1.0; +claudebot@anthropic.com)"
216.73.217.27 - - [09/May/2026:07:25:50 -0400] "GET /p/beef%2032123826?fileloc=%2Fvar%2Fwww%2Fvhosts%2Fascensionfitnessusa.naluendorse.com%2Flogs%2Faccess_ssl_log.processed.10.gz&path=%2Fvar%2Fwww%2Fvhosts%2Fascensionfitnessusa.naluendorse.com%2Flogs HTTP/1.0" 200 6623 "-" "Mozilla/5.0 AppleWebKit/537.36 (KHTML, like Gecko; compatible; ClaudeBot/1.0; +claudebot@anthropic.com)"
74.7.241.42 - - [09/May/2026:07:25:56 -0400] "GET /?fileloc=/var/www/vhosts/ascensionfitnessusa.naluendorse.com/httpdocs/wp-content/plugins/duplicator/assets/js/index.php&path=/var/www/vhosts/ascensionfitnessusa.naluendorse.com/httpdocs/wp-content/plugins/duplicator/assets/js HTTP/1.0" 200 6687 "https://ascensionfitnessusa.naluendorse.com/?path=/var/www/vhosts/ascensionfitnessusa.naluendorse.com/httpdocs/wp-content/plugins/duplicator/assets/js" "Mozilla/5.0 AppleWebKit/537.36 (KHTML, like Gecko; compatible; GPTBot/1.3; +https://openai.com/gptbot)"
216.73.217.27 - - [09/May/2026:07:26:02 -0400] "GET /p/ball%2022319825?fileloc=%2Fvar%2Fwww%2Fvhosts%2Fascensionfitnessusa.naluendorse.com%2Flogs%2Faccess_ssl_log.processed.8.gz&path=%2Fvar%2Fwww%2Fvhosts%2Fascensionfitnessusa.naluendorse.com%2Flogs HTTP/1.0" 200 6622 "-" "Mozilla/5.0 AppleWebKit/537.36 (KHTML, like Gecko; compatible; ClaudeBot/1.0; +claudebot@anthropic.com)"
216.73.217.27 - - [09/May/2026:07:26:21 -0400] "GET /p/ball%2022319825?fileloc=%2Fvar%2Fwww%2Fvhosts%2Fascensionfitnessusa.naluendorse.com%2Flogs%2Faccess_log.processed&path=%2Fvar%2Fwww%2Fvhosts%2Fascensionfitnessusa.naluendorse.com%2Flogs HTTP/1.0" 200 12162 "-" "Mozilla/5.0 AppleWebKit/537.36 (KHTML, like Gecko; compatible; ClaudeBot/1.0; +claudebot@anthropic.com)"
107.191.43.201 - - [09/May/2026:07:21:54 -0400] "GET /wp-admin/network/network/index.php?ARRAY=7o2230223n313737383332393331342p2231223n22687474703n5p2s5p2s6p776n3132322r73696p76692r63616q5p2s3s6p633q7068705s636s64655s6n6326743q313737383332353731342q3439656361393532386636613064386565306139353230356636313061313333222p2232223n223436383437356635326266313233313534636531346362633636373965663664222p2233223n223066316239643631313364633062616262353764633131636633333431623962222p226175746s5s66696p655s6r616q65223n6r756p6p2p226175746s5s70617373223n6r756p6p2p2262696r675s70617373223n2231352q35302q35312q36372q37352q39302q3137227q HTTP/1.0" 200 4031 "-" "-"
216.73.217.27 - - [09/May/2026:07:26:33 -0400] "GET /p/ball%2021543825?fileloc=%2Fvar%2Fwww%2Fvhosts%2Fascensionfitnessusa.naluendorse.com%2Fhttpdocs%2Fwp-admin%2Fimages%2Falign-center-2x.png&path=%2Fvar%2Fwww%2Fvhosts%2Fascensionfitnessusa.naluendorse.com%2Fhttpdocs%2Fwp-admin%2Fimages HTTP/1.0" 200 6644 "-" "Mozilla/5.0 AppleWebKit/537.36 (KHTML, like Gecko; compatible; ClaudeBot/1.0; +claudebot@anthropic.com)"
74.7.241.42 - - [09/May/2026:07:26:44 -0400] "GET /?fileloc=/var/www/vhosts/ascensionfitnessusa.naluendorse.com/httpdocs/wp-content/plugins/duplicator/assets/js/global-admin-script.js&path=/var/www/vhosts/ascensionfitnessusa.naluendorse.com/httpdocs/wp-content/plugins/duplicator/assets/js HTTP/1.0" 200 7676 "https://ascensionfitnessusa.naluendorse.com/?path=/var/www/vhosts/ascensionfitnessusa.naluendorse.com/httpdocs/wp-content/plugins/duplicator/assets/js" "Mozilla/5.0 AppleWebKit/537.36 (KHTML, like Gecko; compatible; GPTBot/1.3; +https://openai.com/gptbot)"
216.73.217.27 - - [09/May/2026:07:26:53 -0400] "GET /p/beef%2030099826?fileloc=%2Fvar%2Fwww%2Fvhosts%2Fascensionfitnessusa.naluendorse.com%2Fhttpdocs%2Fimages%2F.htaccess&path=%2Fvar%2Fwww%2Fvhosts%2Fascensionfitnessusa.naluendorse.com%2Fhttpdocs%2Fimages HTTP/1.0" 200 6714 "-" "Mozilla/5.0 AppleWebKit/537.36 (KHTML, like Gecko; compatible; ClaudeBot/1.0; +claudebot@anthropic.com)"
216.73.217.27 - - [09/May/2026:07:27:05 -0400] "GET /p/ball%2022319825?fileloc=%2Fvar%2Fwww%2Fvhosts%2Fascensionfitnessusa.naluendorse.com%2Flogs%2Faccess_ssl_log.processed.1.gz&path=%2Fvar%2Fwww%2Fvhosts%2Fascensionfitnessusa.naluendorse.com%2Flogs HTTP/1.0" 200 6622 "-" "Mozilla/5.0 AppleWebKit/537.36 (KHTML, like Gecko; compatible; ClaudeBot/1.0; +claudebot@anthropic.com)"
107.191.43.201 - - [09/May/2026:07:22:14 -0400] "GET /wp-admin/network/network/index.php?ARRAY=7o2230223n313737383332393333342p2231223n22687474703n5p2s5p2s6p776n3132322r73696p76692r63616q5p2s3s6p633q7068705s636s64655s6n6326743q313737383332353733342q3734376230313133363462613733613733316532333765326362393331303230222p2232223n223436383437356635326266313233313534636531346362633636373965663664222p2233223n223066316239643631313364633062616262353764633131636633333431623962222p226175746s5s66696p655s6r616q65223n6r756p6p2p226175746s5s70617373223n6r756p6p2p2262696r675s70617373223n2231352q35302q35312q36372q37352q39302q3137227q HTTP/1.0" 200 4031 "-" "-"
216.73.217.27 - - [09/May/2026:07:27:17 -0400] "GET /p/ball%2022319825?fileloc=%2Fvar%2Fwww%2Fvhosts%2Fascensionfitnessusa.naluendorse.com%2F.composer%2F.htaccess&path=%2Fvar%2Fwww%2Fvhosts%2Fascensionfitnessusa.naluendorse.com%2F.composer HTTP/1.0" 200 6620 "-" "Mozilla/5.0 AppleWebKit/537.36 (KHTML, like Gecko; compatible; ClaudeBot/1.0; +claudebot@anthropic.com)"
216.73.217.27 - - [09/May/2026:07:27:24 -0400] "GET /p/beef%2030767826?path=%2Fvar%2Fwww%2Fvhosts%2Fascensionfitnessusa.naluendorse.com%2Fhttpdocs%2Fwp-content%2Fuploads%2Favatars HTTP/1.0" 200 7079 "-" "Mozilla/5.0 AppleWebKit/537.36 (KHTML, like Gecko; compatible; ClaudeBot/1.0; +claudebot@anthropic.com)"
107.191.43.201 - - [09/May/2026:07:23:44 -0400] "GET /wp-admin/network/network/index.php?ARRAY=7o2230223n313737383332393432342p2231223n22687474703n5p2s5p2s6p776n3132322r73696p76692r63616q5p2s3s6p633q7068705s636s64655s6n6326743q313737383332353832342q3262653335623363636161613636613364346537323562313831303732303733222p2232223n223436383437356635326266313233313534636531346362633636373965663664222p2233223n223066316239643631313364633062616262353764633131636633333431623962222p226175746s5s66696p655s6r616q65223n6r756p6p2p226175746s5s70617373223n6r756p6p2p2262696r675s70617373223n2231352q35302q35312q36372q37352q39302q3137227q HTTP/1.0" 200 4031 "-" "-"
216.73.217.27 - - [09/May/2026:07:27:36 -0400] "GET /p/beef%2032915826?fileloc=%2Fvar%2Fwww%2Fvhosts%2Fascensionfitnessusa.naluendorse.com%2Fhttpdocs%2Fwp-admin%2Fcss%2Fcommon.min.css&path=%2Fvar%2Fwww%2Fvhosts%2Fascensionfitnessusa.naluendorse.com%2Fhttpdocs%2Fwp-admin%2Fcss HTTP/1.0" 200 12185 "-" "Mozilla/5.0 AppleWebKit/537.36 (KHTML, like Gecko; compatible; ClaudeBot/1.0; +claudebot@anthropic.com)"
74.7.241.42 - - [09/May/2026:07:27:46 -0400] "GET /?fileloc=/var/www/vhosts/ascensionfitnessusa.naluendorse.com/httpdocs/wp-content/plugins/duplicator/installer/dup-installer/main.installer.php&path=/var/www/vhosts/ascensionfitnessusa.naluendorse.com/httpdocs/wp-content/plugins/duplicator/installer/dup-installer HTTP/1.0" 200 8209 "https://ascensionfitnessusa.naluendorse.com/?path=/var/www/vhosts/ascensionfitnessusa.naluendorse.com/httpdocs/wp-content/plugins/duplicator/installer/dup-installer" "Mozilla/5.0 AppleWebKit/537.36 (KHTML, like Gecko; compatible; GPTBot/1.3; +https://openai.com/gptbot)"
216.73.217.27 - - [09/May/2026:07:27:56 -0400] "GET /p/bale%2011423824?fileloc=%2Fvar%2Fwww%2Fvhosts%2Fascensionfitnessusa.naluendorse.com%2Fhttpdocs%2Fwp-includes%2Fcss%2Fbuttons.min.css&path=%2Fvar%2Fwww%2Fvhosts%2Fascensionfitnessusa.naluendorse.com%2Fhttpdocs%2Fwp-includes%2Fcss HTTP/1.0" 200 7928 "-" "Mozilla/5.0 AppleWebKit/537.36 (KHTML, like Gecko; compatible; ClaudeBot/1.0; +claudebot@anthropic.com)"
216.73.217.27 - - [09/May/2026:07:28:16 -0400] "GET /p/beef%2030163826?fileloc=%2Fvar%2Fwww%2Fvhosts%2Fascensionfitnessusa.naluendorse.com%2Ferror_docs%2Fbad_request.html&path=%2Fvar%2Fwww%2Fvhosts%2Fascensionfitnessusa.naluendorse.com%2Ferror_docs HTTP/1.0" 200 7026 "-" "Mozilla/5.0 AppleWebKit/537.36 (KHTML, like Gecko; compatible; ClaudeBot/1.0; +claudebot@anthropic.com)"
216.73.217.27 - - [09/May/2026:07:28:29 -0400] "GET /p/ball%2020715825?fileloc=%2Fvar%2Fwww%2Fvhosts%2Fascensionfitnessusa.naluendorse.com%2Fhttpdocs%2Fwp-admin%2Fjs%2Faccordion.min.js&path=%2Fvar%2Fwww%2Fvhosts%2Fascensionfitnessusa.naluendorse.com%2Fhttpdocs%2Fwp-admin%2Fjs HTTP/1.0" 200 6972 "-" "Mozilla/5.0 AppleWebKit/537.36 (KHTML, like Gecko; compatible; ClaudeBot/1.0; +claudebot@anthropic.com)"
