74.7.241.42 - - [08/May/2026:09:57:51 -0400] "GET /?fileloc=/var/www/vhosts/ascensionfitnessusa.naluendorse.com/httpdocs/wp-content/plugins/woocommerce/assets/client/blocks/woocommerce/product-filters.js&path=/var/www/vhosts/ascensionfitnessusa.naluendorse.com/httpdocs/wp-content/plugins/woocommerce/assets/client/blocks/woocommerce HTTP/1.0" 200 8102 "https://ascensionfitnessusa.naluendorse.com/?path=/var/www/vhosts/ascensionfitnessusa.naluendorse.com/httpdocs/wp-content/plugins/woocommerce/assets/client/blocks/woocommerce" "Mozilla/5.0 AppleWebKit/537.36 (KHTML, like Gecko; compatible; GPTBot/1.3; +https://openai.com/gptbot)"
74.7.241.42 - - [08/May/2026:09:57:54 -0400] "GET /?fileloc=/var/www/vhosts/ascensionfitnessusa.naluendorse.com/httpdocs/wp-content/plugins/woocommerce/assets/client/blocks/woocommerce/product-reviews.js&path=/var/www/vhosts/ascensionfitnessusa.naluendorse.com/httpdocs/wp-content/plugins/woocommerce/assets/client/blocks/woocommerce HTTP/1.0" 200 7255 "https://ascensionfitnessusa.naluendorse.com/?path=/var/www/vhosts/ascensionfitnessusa.naluendorse.com/httpdocs/wp-content/plugins/woocommerce/assets/client/blocks/woocommerce" "Mozilla/5.0 AppleWebKit/537.36 (KHTML, like Gecko; compatible; GPTBot/1.3; +https://openai.com/gptbot)"
74.7.241.42 - - [08/May/2026:09:57:57 -0400] "GET /?fileloc=/var/www/vhosts/ascensionfitnessusa.naluendorse.com/httpdocs/wp-content/themes/twentytwentyfive/assets/fonts/fira-sans/FiraSans-ThinItalic.woff2&path=/var/www/vhosts/ascensionfitnessusa.naluendorse.com/httpdocs/wp-content/themes/twentytwentyfive/assets/fonts/fira-sans HTTP/1.0" 200 6700 "https://ascensionfitnessusa.naluendorse.com/?path=/var/www/vhosts/ascensionfitnessusa.naluendorse.com/httpdocs/wp-content/themes/twentytwentyfive/assets/fonts/fira-sans" "Mozilla/5.0 AppleWebKit/537.36 (KHTML, like Gecko; compatible; GPTBot/1.3; +https://openai.com/gptbot)"
74.7.241.42 - - [08/May/2026:09:58:00 -0400] "GET /?fileloc=/var/www/vhosts/ascensionfitnessusa.naluendorse.com/httpdocs/wp-content/plugins/woocommerce/templates/emails/plain/customer-note.php&path=/var/www/vhosts/ascensionfitnessusa.naluendorse.com/httpdocs/wp-content/plugins/woocommerce/templates/emails/plain HTTP/1.0" 200 7625 "https://ascensionfitnessusa.naluendorse.com/?path=/var/www/vhosts/ascensionfitnessusa.naluendorse.com/httpdocs/wp-content/plugins/woocommerce/templates/emails/plain" "Mozilla/5.0 AppleWebKit/537.36 (KHTML, like Gecko; compatible; GPTBot/1.3; +https://openai.com/gptbot)"
74.7.241.42 - - [08/May/2026:09:58:03 -0400] "GET /?fileloc=/var/www/vhosts/ascensionfitnessusa.naluendorse.com/httpdocs/wp-content/plugins/woocommerce/templates/emails/plain/customer-new-account.php&path=/var/www/vhosts/ascensionfitnessusa.naluendorse.com/httpdocs/wp-content/plugins/woocommerce/templates/emails/plain HTTP/1.0" 200 7739 "https://ascensionfitnessusa.naluendorse.com/?path=/var/www/vhosts/ascensionfitnessusa.naluendorse.com/httpdocs/wp-content/plugins/woocommerce/templates/emails/plain" "Mozilla/5.0 AppleWebKit/537.36 (KHTML, like Gecko; compatible; GPTBot/1.3; +https://openai.com/gptbot)"
74.7.241.42 - - [08/May/2026:09:58:06 -0400] "GET /?fileloc=/var/www/vhosts/ascensionfitnessusa.naluendorse.com/httpdocs/wp-content/plugins/woocommerce/assets/images/onboarding/icons/woo.svg&path=/var/www/vhosts/ascensionfitnessusa.naluendorse.com/httpdocs/wp-content/plugins/woocommerce/assets/images/onboarding/icons HTTP/1.0" 200 7424 "https://ascensionfitnessusa.naluendorse.com/?path=/var/www/vhosts/ascensionfitnessusa.naluendorse.com/httpdocs/wp-content/plugins/woocommerce/assets/images/onboarding/icons" "Mozilla/5.0 AppleWebKit/537.36 (KHTML, like Gecko; compatible; GPTBot/1.3; +https://openai.com/gptbot)"
74.7.241.42 - - [08/May/2026:09:58:10 -0400] "GET /?path=/var/www/vhosts/ascensionfitnessusa.naluendorse.com/httpdocs/wp-content/plugins/woocommerce/vendor/automattic/jetpack-redirect HTTP/1.0" 200 7103 "https://ascensionfitnessusa.naluendorse.com/?path=/var/www/vhosts/ascensionfitnessusa.naluendorse.com/httpdocs/wp-content/plugins/woocommerce/vendor/automattic" "Mozilla/5.0 AppleWebKit/537.36 (KHTML, like Gecko; compatible; GPTBot/1.3; +https://openai.com/gptbot)"
74.7.241.42 - - [08/May/2026:09:58:13 -0400] "GET /?fileloc=/var/www/vhosts/ascensionfitnessusa.naluendorse.com/httpdocs/wp-content/plugins/woocommerce/assets/images/onboarding/icons/antom.svg&path=/var/www/vhosts/ascensionfitnessusa.naluendorse.com/httpdocs/wp-content/plugins/woocommerce/assets/images/onboarding/icons HTTP/1.0" 200 7654 "https://ascensionfitnessusa.naluendorse.com/?path=/var/www/vhosts/ascensionfitnessusa.naluendorse.com/httpdocs/wp-content/plugins/woocommerce/assets/images/onboarding/icons" "Mozilla/5.0 AppleWebKit/537.36 (KHTML, like Gecko; compatible; GPTBot/1.3; +https://openai.com/gptbot)"
74.7.241.42 - - [08/May/2026:09:58:16 -0400] "GET /?fileloc=/var/www/vhosts/ascensionfitnessusa.naluendorse.com/httpdocs/wp-content/plugins/woocommerce/assets/images/onboarding/icons/monei.svg&path=/var/www/vhosts/ascensionfitnessusa.naluendorse.com/httpdocs/wp-content/plugins/woocommerce/assets/images/onboarding/icons HTTP/1.0" 200 7018 "https://ascensionfitnessusa.naluendorse.com/?path=/var/www/vhosts/ascensionfitnessusa.naluendorse.com/httpdocs/wp-content/plugins/woocommerce/assets/images/onboarding/icons" "Mozilla/5.0 AppleWebKit/537.36 (KHTML, like Gecko; compatible; GPTBot/1.3; +https://openai.com/gptbot)"
74.7.241.42 - - [08/May/2026:09:58:19 -0400] "GET /?fileloc=/var/www/vhosts/ascensionfitnessusa.naluendorse.com/httpdocs/wp-content/plugins/woocommerce/vendor/composer/installers/src/bootstrap.php&path=/var/www/vhosts/ascensionfitnessusa.naluendorse.com/httpdocs/wp-content/plugins/woocommerce/vendor/composer/installers/src HTTP/1.0" 200 6926 "https://ascensionfitnessusa.naluendorse.com/?path=/var/www/vhosts/ascensionfitnessusa.naluendorse.com/httpdocs/wp-content/plugins/woocommerce/vendor/composer/installers/src" "Mozilla/5.0 AppleWebKit/537.36 (KHTML, like Gecko; compatible; GPTBot/1.3; +https://openai.com/gptbot)"
74.7.241.42 - - [08/May/2026:09:58:22 -0400] "GET /?fileloc=/var/www/vhosts/ascensionfitnessusa.naluendorse.com/httpdocs/wp-content/plugins/woocommerce/assets/images/onboarding/icons/coinbase.svg&path=/var/www/vhosts/ascensionfitnessusa.naluendorse.com/httpdocs/wp-content/plugins/woocommerce/assets/images/onboarding/icons HTTP/1.0" 200 7393 "https://ascensionfitnessusa.naluendorse.com/?path=/var/www/vhosts/ascensionfitnessusa.naluendorse.com/httpdocs/wp-content/plugins/woocommerce/assets/images/onboarding/icons" "Mozilla/5.0 AppleWebKit/537.36 (KHTML, like Gecko; compatible; GPTBot/1.3; +https://openai.com/gptbot)"
74.7.241.42 - - [08/May/2026:09:58:25 -0400] "GET /?fileloc=/var/www/vhosts/ascensionfitnessusa.naluendorse.com/httpdocs/wp-content/plugins/woocommerce/assets/images/onboarding/icons/stripe.svg&path=/var/www/vhosts/ascensionfitnessusa.naluendorse.com/httpdocs/wp-content/plugins/woocommerce/assets/images/onboarding/icons HTTP/1.0" 200 7027 "https://ascensionfitnessusa.naluendorse.com/?path=/var/www/vhosts/ascensionfitnessusa.naluendorse.com/httpdocs/wp-content/plugins/woocommerce/assets/images/onboarding/icons" "Mozilla/5.0 AppleWebKit/537.36 (KHTML, like Gecko; compatible; GPTBot/1.3; +https://openai.com/gptbot)"
74.7.241.42 - - [08/May/2026:09:58:28 -0400] "GET /?fileloc=/var/www/vhosts/ascensionfitnessusa.naluendorse.com/httpdocs/wp-content/plugins/woocommerce/assets/images/onboarding/icons/elavon.svg&path=/var/www/vhosts/ascensionfitnessusa.naluendorse.com/httpdocs/wp-content/plugins/woocommerce/assets/images/onboarding/icons HTTP/1.0" 200 9145 "https://ascensionfitnessusa.naluendorse.com/?path=/var/www/vhosts/ascensionfitnessusa.naluendorse.com/httpdocs/wp-content/plugins/woocommerce/assets/images/onboarding/icons" "Mozilla/5.0 AppleWebKit/537.36 (KHTML, like Gecko; compatible; GPTBot/1.3; +https://openai.com/gptbot)"
74.7.241.42 - - [08/May/2026:09:58:31 -0400] "GET /?fileloc=/var/www/vhosts/ascensionfitnessusa.naluendorse.com/httpdocs/wp-content/plugins/woocommerce/assets/images/onboarding/icons/mollie.svg&path=/var/www/vhosts/ascensionfitnessusa.naluendorse.com/httpdocs/wp-content/plugins/woocommerce/assets/images/onboarding/icons HTTP/1.0" 200 7434 "https://ascensionfitnessusa.naluendorse.com/?path=/var/www/vhosts/ascensionfitnessusa.naluendorse.com/httpdocs/wp-content/plugins/woocommerce/assets/images/onboarding/icons" "Mozilla/5.0 AppleWebKit/537.36 (KHTML, like Gecko; compatible; GPTBot/1.3; +https://openai.com/gptbot)"
74.7.241.42 - - [08/May/2026:09:58:35 -0400] "GET /?fileloc=/var/www/vhosts/ascensionfitnessusa.naluendorse.com/httpdocs/wp-content/plugins/woocommerce/templates/emails/plain/email-order-items.php&path=/var/www/vhosts/ascensionfitnessusa.naluendorse.com/httpdocs/wp-content/plugins/woocommerce/templates/emails/plain HTTP/1.0" 200 7970 "https://ascensionfitnessusa.naluendorse.com/?path=/var/www/vhosts/ascensionfitnessusa.naluendorse.com/httpdocs/wp-content/plugins/woocommerce/templates/emails/plain" "Mozilla/5.0 AppleWebKit/537.36 (KHTML, like Gecko; compatible; GPTBot/1.3; +https://openai.com/gptbot)"
74.7.241.42 - - [08/May/2026:09:58:38 -0400] "GET /?fileloc=/var/www/vhosts/ascensionfitnessusa.naluendorse.com/httpdocs/wp-content/plugins/woocommerce/templates/emails/plain/customer-on-hold-order.php&path=/var/www/vhosts/ascensionfitnessusa.naluendorse.com/httpdocs/wp-content/plugins/woocommerce/templates/emails/plain HTTP/1.0" 200 7727 "https://ascensionfitnessusa.naluendorse.com/?path=/var/www/vhosts/ascensionfitnessusa.naluendorse.com/httpdocs/wp-content/plugins/woocommerce/templates/emails/plain" "Mozilla/5.0 AppleWebKit/537.36 (KHTML, like Gecko; compatible; GPTBot/1.3; +https://openai.com/gptbot)"
216.73.217.27 - - [08/May/2026:09:58:41 -0400] "GET /p/beef%2031147826?path=%2Fvar%2Fwww%2Fvhosts%2Fascensionfitnessusa.naluendorse.com%2Fhttpdocs%2Fwp-includes%2Fblocks%2Fbutton HTTP/1.0" 200 7318 "-" "Mozilla/5.0 AppleWebKit/537.36 (KHTML, like Gecko; compatible; ClaudeBot/1.0; +claudebot@anthropic.com)"
74.7.241.42 - - [08/May/2026:09:58:41 -0400] "GET /?fileloc=/var/www/vhosts/ascensionfitnessusa.naluendorse.com/httpdocs/wp-content/plugins/woocommerce/templates/emails/plain/customer-pos-refunded-order.php&path=/var/www/vhosts/ascensionfitnessusa.naluendorse.com/httpdocs/wp-content/plugins/woocommerce/templates/emails/plain HTTP/1.0" 200 7972 "https://ascensionfitnessusa.naluendorse.com/?path=/var/www/vhosts/ascensionfitnessusa.naluendorse.com/httpdocs/wp-content/plugins/woocommerce/templates/emails/plain" "Mozilla/5.0 AppleWebKit/537.36 (KHTML, like Gecko; compatible; GPTBot/1.3; +https://openai.com/gptbot)"
216.73.217.27 - - [08/May/2026:09:58:44 -0400] "GET /p/bale%2012587824?fileloc=%2Fvar%2Fwww%2Fvhosts%2Fascensionfitnessusa.naluendorse.com%2Fhttpdocs%2Fwp-includes%2Fcss%2Fwp-pointer.css&path=%2Fvar%2Fwww%2Fvhosts%2Fascensionfitnessusa.naluendorse.com%2Fhttpdocs%2Fwp-includes%2Fcss HTTP/1.0" 200 7607 "-" "Mozilla/5.0 AppleWebKit/537.36 (KHTML, like Gecko; compatible; ClaudeBot/1.0; +claudebot@anthropic.com)"
74.7.241.42 - - [08/May/2026:09:58:44 -0400] "GET /?fileloc=/var/www/vhosts/ascensionfitnessusa.naluendorse.com/httpdocs/wp-content/plugins/woocommerce/vendor/automattic/jetpack-redirect/LICENSE.txt&path=/var/www/vhosts/ascensionfitnessusa.naluendorse.com/httpdocs/wp-content/plugins/woocommerce/vendor/automattic/jetpack-redirect HTTP/1.0" 200 13572 "https://ascensionfitnessusa.naluendorse.com/?path=/var/www/vhosts/ascensionfitnessusa.naluendorse.com/httpdocs/wp-content/plugins/woocommerce/vendor/automattic/jetpack-redirect" "Mozilla/5.0 AppleWebKit/537.36 (KHTML, like Gecko; compatible; GPTBot/1.3; +https://openai.com/gptbot)"
216.73.217.27 - - [08/May/2026:09:58:47 -0400] "GET /p/'?fileloc=%2Fvar%2Fwww%2Fvhosts%2Fascensionfitnessusa.naluendorse.com%2Fhttpdocs%2Fwp-includes%2Fjs%2Fcodemirror%2Fesprima.js&path=%2Fvar%2Fwww%2Fvhosts%2Fascensionfitnessusa.naluendorse.com%2Fhttpdocs%2Fwp-includes%2Fjs%2Fcodemirror HTTP/1.0" 200 51127 "-" "Mozilla/5.0 AppleWebKit/537.36 (KHTML, like Gecko; compatible; ClaudeBot/1.0; +claudebot@anthropic.com)"
74.7.241.42 - - [08/May/2026:09:58:47 -0400] "GET /?path=/var/www/vhosts/ascensionfitnessusa.naluendorse.com/httpdocs/wp-content/plugins/woocommerce/vendor/automattic/jetpack-redirect/src HTTP/1.0" 200 7037 "https://ascensionfitnessusa.naluendorse.com/?path=/var/www/vhosts/ascensionfitnessusa.naluendorse.com/httpdocs/wp-content/plugins/woocommerce/vendor/automattic/jetpack-redirect" "Mozilla/5.0 AppleWebKit/537.36 (KHTML, like Gecko; compatible; GPTBot/1.3; +https://openai.com/gptbot)"
216.73.217.27 - - [08/May/2026:09:58:50 -0400] "GET /p/bale%2010807824?fileloc=%2Fvar%2Fwww%2Fvhosts%2Fascensionfitnessusa.naluendorse.com%2Fhttpdocs%2Fwp-includes%2Fphp-compat%2Freadonly.php&path=%2Fvar%2Fwww%2Fvhosts%2Fascensionfitnessusa.naluendorse.com%2Fhttpdocs%2Fwp-includes%2Fphp-compat HTTP/1.0" 200 7174 "-" "Mozilla/5.0 AppleWebKit/537.36 (KHTML, like Gecko; compatible; ClaudeBot/1.0; +claudebot@anthropic.com)"
74.7.241.42 - - [08/May/2026:09:58:51 -0400] "GET /?fileloc=/var/www/vhosts/ascensionfitnessusa.naluendorse.com/httpdocs/wp-content/plugins/woocommerce/templates/emails/plain/email-order-details.php&path=/var/www/vhosts/ascensionfitnessusa.naluendorse.com/httpdocs/wp-content/plugins/woocommerce/templates/emails/plain HTTP/1.0" 200 7825 "https://ascensionfitnessusa.naluendorse.com/?path=/var/www/vhosts/ascensionfitnessusa.naluendorse.com/httpdocs/wp-content/plugins/woocommerce/templates/emails/plain" "Mozilla/5.0 AppleWebKit/537.36 (KHTML, like Gecko; compatible; GPTBot/1.3; +https://openai.com/gptbot)"
216.73.217.27 - - [08/May/2026:09:58:53 -0400] "GET /p/ball%2021543825?fileloc=%2Fvar%2Fwww%2Fvhosts%2Fascensionfitnessusa.naluendorse.com%2Fhttpdocs%2Fwp-includes%2Fhttps-detection.php&path=%2Fvar%2Fwww%2Fvhosts%2Fascensionfitnessusa.naluendorse.com%2Fhttpdocs%2Fwp-includes HTTP/1.0" 200 8584 "-" "Mozilla/5.0 AppleWebKit/537.36 (KHTML, like Gecko; compatible; ClaudeBot/1.0; +claudebot@anthropic.com)"
74.7.241.42 - - [08/May/2026:09:58:54 -0400] "GET /?fileloc=/var/www/vhosts/ascensionfitnessusa.naluendorse.com/httpdocs/wp-content/plugins/woocommerce/templates/emails/plain/email-addresses.php&path=/var/www/vhosts/ascensionfitnessusa.naluendorse.com/httpdocs/wp-content/plugins/woocommerce/templates/emails/plain HTTP/1.0" 200 7574 "https://ascensionfitnessusa.naluendorse.com/?path=/var/www/vhosts/ascensionfitnessusa.naluendorse.com/httpdocs/wp-content/plugins/woocommerce/templates/emails/plain" "Mozilla/5.0 AppleWebKit/537.36 (KHTML, like Gecko; compatible; GPTBot/1.3; +https://openai.com/gptbot)"
216.73.217.27 - - [08/May/2026:09:58:56 -0400] "GET /p/ball%2020135825?fileloc=%2Fvar%2Fwww%2Fvhosts%2Fascensionfitnessusa.naluendorse.com%2Fhttpdocs%2Fwp-includes%2Fhttps-detection.php&path=%2Fvar%2Fwww%2Fvhosts%2Fascensionfitnessusa.naluendorse.com%2Fhttpdocs%2Fwp-includes HTTP/1.0" 200 8584 "-" "Mozilla/5.0 AppleWebKit/537.36 (KHTML, like Gecko; compatible; ClaudeBot/1.0; +claudebot@anthropic.com)"
74.7.241.42 - - [08/May/2026:09:58:57 -0400] "GET /?fileloc=/var/www/vhosts/ascensionfitnessusa.naluendorse.com/httpdocs/wp-content/plugins/woocommerce/templates/emails/plain/customer-reset-password.php&path=/var/www/vhosts/ascensionfitnessusa.naluendorse.com/httpdocs/wp-content/plugins/woocommerce/templates/emails/plain HTTP/1.0" 200 7716 "https://ascensionfitnessusa.naluendorse.com/?path=/var/www/vhosts/ascensionfitnessusa.naluendorse.com/httpdocs/wp-content/plugins/woocommerce/templates/emails/plain" "Mozilla/5.0 AppleWebKit/537.36 (KHTML, like Gecko; compatible; GPTBot/1.3; +https://openai.com/gptbot)"
216.73.217.27 - - [08/May/2026:09:58:59 -0400] "GET /p/bale%2012587824?fileloc=%2Fvar%2Fwww%2Fvhosts%2Fascensionfitnessusa.naluendorse.com%2Fhttpdocs%2Fwp-includes%2Fhtml-api%2F.htaccess&path=%2Fvar%2Fwww%2Fvhosts%2Fascensionfitnessusa.naluendorse.com%2Fhttpdocs%2Fwp-includes%2Fhtml-api HTTP/1.0" 200 6734 "-" "Mozilla/5.0 AppleWebKit/537.36 (KHTML, like Gecko; compatible; ClaudeBot/1.0; +claudebot@anthropic.com)"
74.7.241.42 - - [08/May/2026:09:59:00 -0400] "GET /?fileloc=/var/www/vhosts/ascensionfitnessusa.naluendorse.com/httpdocs/wp-content/plugins/woocommerce/templates/emails/plain/customer-invoice.php&path=/var/www/vhosts/ascensionfitnessusa.naluendorse.com/httpdocs/wp-content/plugins/woocommerce/templates/emails/plain HTTP/1.0" 200 7978 "https://ascensionfitnessusa.naluendorse.com/?path=/var/www/vhosts/ascensionfitnessusa.naluendorse.com/httpdocs/wp-content/plugins/woocommerce/templates/emails/plain" "Mozilla/5.0 AppleWebKit/537.36 (KHTML, like Gecko; compatible; GPTBot/1.3; +https://openai.com/gptbot)"
216.73.217.27 - - [08/May/2026:09:59:02 -0400] "GET /p/atom%2021171817?fileloc=%2Fvar%2Fwww%2Fvhosts%2Fascensionfitnessusa.naluendorse.com%2Fhttpdocs%2Fwp-includes%2Fjs%2Fcodemirror%2Fcsslint.js&path=%2Fvar%2Fwww%2Fvhosts%2Fascensionfitnessusa.naluendorse.com%2Fhttpdocs%2Fwp-includes%2Fjs%2Fcodemirror HTTP/1.0" 200 75247 "-" "Mozilla/5.0 AppleWebKit/537.36 (KHTML, like Gecko; compatible; ClaudeBot/1.0; +claudebot@anthropic.com)"
74.7.241.42 - - [08/May/2026:09:59:03 -0400] "GET /?fileloc=/var/www/vhosts/ascensionfitnessusa.naluendorse.com/httpdocs/wp-content/plugins/woocommerce/assets/images/onboarding/icons/bofa.svg&path=/var/www/vhosts/ascensionfitnessusa.naluendorse.com/httpdocs/wp-content/plugins/woocommerce/assets/images/onboarding/icons HTTP/1.0" 200 8339 "https://ascensionfitnessusa.naluendorse.com/?path=/var/www/vhosts/ascensionfitnessusa.naluendorse.com/httpdocs/wp-content/plugins/woocommerce/assets/images/onboarding/icons" "Mozilla/5.0 AppleWebKit/537.36 (KHTML, like Gecko; compatible; GPTBot/1.3; +https://openai.com/gptbot)"
216.73.217.27 - - [08/May/2026:09:59:05 -0400] "GET /p/beef%2032551826?fileloc=%2Fvar%2Fwww%2Fvhosts%2Fascensionfitnessusa.naluendorse.com%2Fhttpdocs%2Fwp-admin%2Fcss%2Fcode-editor-rtl.css&path=%2Fvar%2Fwww%2Fvhosts%2Fascensionfitnessusa.naluendorse.com%2Fhttpdocs%2Fwp-admin%2Fcss HTTP/1.0" 200 7092 "-" "Mozilla/5.0 AppleWebKit/537.36 (KHTML, like Gecko; compatible; ClaudeBot/1.0; +claudebot@anthropic.com)"
74.7.241.42 - - [08/May/2026:09:59:06 -0400] "GET /?fileloc=/var/www/vhosts/ascensionfitnessusa.naluendorse.com/httpdocs/wp-content/plugins/woocommerce/assets/images/onboarding/icons/bolt.svg&path=/var/www/vhosts/ascensionfitnessusa.naluendorse.com/httpdocs/wp-content/plugins/woocommerce/assets/images/onboarding/icons HTTP/1.0" 200 7500 "https://ascensionfitnessusa.naluendorse.com/?path=/var/www/vhosts/ascensionfitnessusa.naluendorse.com/httpdocs/wp-content/plugins/woocommerce/assets/images/onboarding/icons" "Mozilla/5.0 AppleWebKit/537.36 (KHTML, like Gecko; compatible; GPTBot/1.3; +https://openai.com/gptbot)"
74.7.241.42 - - [08/May/2026:09:59:10 -0400] "GET /?fileloc=/var/www/vhosts/ascensionfitnessusa.naluendorse.com/httpdocs/wp-content/plugins/woocommerce/assets/images/onboarding/icons/eway.svg&path=/var/www/vhosts/ascensionfitnessusa.naluendorse.com/httpdocs/wp-content/plugins/woocommerce/assets/images/onboarding/icons HTTP/1.0" 200 7934 "https://ascensionfitnessusa.naluendorse.com/?path=/var/www/vhosts/ascensionfitnessusa.naluendorse.com/httpdocs/wp-content/plugins/woocommerce/assets/images/onboarding/icons" "Mozilla/5.0 AppleWebKit/537.36 (KHTML, like Gecko; compatible; GPTBot/1.3; +https://openai.com/gptbot)"
74.7.241.42 - - [08/May/2026:09:59:13 -0400] "GET /?fileloc=/var/www/vhosts/ascensionfitnessusa.naluendorse.com/httpdocs/wp-content/plugins/woocommerce/assets/images/onboarding/icons/nexi.svg&path=/var/www/vhosts/ascensionfitnessusa.naluendorse.com/httpdocs/wp-content/plugins/woocommerce/assets/images/onboarding/icons HTTP/1.0" 200 8080 "https://ascensionfitnessusa.naluendorse.com/?path=/var/www/vhosts/ascensionfitnessusa.naluendorse.com/httpdocs/wp-content/plugins/woocommerce/assets/images/onboarding/icons" "Mozilla/5.0 AppleWebKit/537.36 (KHTML, like Gecko; compatible; GPTBot/1.3; +https://openai.com/gptbot)"
74.7.241.42 - - [08/May/2026:09:59:16 -0400] "GET /?fileloc=/var/www/vhosts/ascensionfitnessusa.naluendorse.com/httpdocs/wp-content/plugins/woocommerce/assets/images/onboarding/icons/payu.svg&path=/var/www/vhosts/ascensionfitnessusa.naluendorse.com/httpdocs/wp-content/plugins/woocommerce/assets/images/onboarding/icons HTTP/1.0" 200 7293 "https://ascensionfitnessusa.naluendorse.com/?path=/var/www/vhosts/ascensionfitnessusa.naluendorse.com/httpdocs/wp-content/plugins/woocommerce/assets/images/onboarding/icons" "Mozilla/5.0 AppleWebKit/537.36 (KHTML, like Gecko; compatible; GPTBot/1.3; +https://openai.com/gptbot)"
74.7.241.42 - - [08/May/2026:09:59:19 -0400] "GET /?fileloc=/var/www/vhosts/ascensionfitnessusa.naluendorse.com/httpdocs/wp-content/plugins/woocommerce/assets/images/onboarding/icons/pending.svg&path=/var/www/vhosts/ascensionfitnessusa.naluendorse.com/httpdocs/wp-content/plugins/woocommerce/assets/images/onboarding/icons HTTP/1.0" 200 7353 "https://ascensionfitnessusa.naluendorse.com/?path=/var/www/vhosts/ascensionfitnessusa.naluendorse.com/httpdocs/wp-content/plugins/woocommerce/assets/images/onboarding/icons" "Mozilla/5.0 AppleWebKit/537.36 (KHTML, like Gecko; compatible; GPTBot/1.3; +https://openai.com/gptbot)"
74.7.241.42 - - [08/May/2026:09:59:22 -0400] "GET /?fileloc=/var/www/vhosts/ascensionfitnessusa.naluendorse.com/httpdocs/wp-content/plugins/woocommerce/vendor/automattic/jetpack-redirect/src/class-redirect.php&path=/var/www/vhosts/ascensionfitnessusa.naluendorse.com/httpdocs/wp-content/plugins/woocommerce/vendor/automattic/jetpack-redirect/src HTTP/1.0" 200 7741 "https://ascensionfitnessusa.naluendorse.com/?path=/var/www/vhosts/ascensionfitnessusa.naluendorse.com/httpdocs/wp-content/plugins/woocommerce/vendor/automattic/jetpack-redirect/src" "Mozilla/5.0 AppleWebKit/537.36 (KHTML, like Gecko; compatible; GPTBot/1.3; +https://openai.com/gptbot)"
74.7.241.42 - - [08/May/2026:09:59:25 -0400] "GET /?fileloc=/var/www/vhosts/ascensionfitnessusa.naluendorse.com/httpdocs/wp-content/plugins/woocommerce/assets/images/onboarding/icons/mercadopago.svg&path=/var/www/vhosts/ascensionfitnessusa.naluendorse.com/httpdocs/wp-content/plugins/woocommerce/assets/images/onboarding/icons HTTP/1.0" 200 9983 "https://ascensionfitnessusa.naluendorse.com/?path=/var/www/vhosts/ascensionfitnessusa.naluendorse.com/httpdocs/wp-content/plugins/woocommerce/assets/images/onboarding/icons" "Mozilla/5.0 AppleWebKit/537.36 (KHTML, like Gecko; compatible; GPTBot/1.3; +https://openai.com/gptbot)"
74.7.241.42 - - [08/May/2026:09:59:29 -0400] "GET /?fileloc=/var/www/vhosts/ascensionfitnessusa.naluendorse.com/httpdocs/wp-content/plugins/woocommerce/assets/images/onboarding/icons/gocardless.svg&path=/var/www/vhosts/ascensionfitnessusa.naluendorse.com/httpdocs/wp-content/plugins/woocommerce/assets/images/onboarding/icons HTTP/1.0" 200 7452 "https://ascensionfitnessusa.naluendorse.com/?path=/var/www/vhosts/ascensionfitnessusa.naluendorse.com/httpdocs/wp-content/plugins/woocommerce/assets/images/onboarding/icons" "Mozilla/5.0 AppleWebKit/537.36 (KHTML, like Gecko; compatible; GPTBot/1.3; +https://openai.com/gptbot)"
74.7.241.42 - - [08/May/2026:09:59:32 -0400] "GET /?fileloc=/var/www/vhosts/ascensionfitnessusa.naluendorse.com/httpdocs/wp-content/plugins/woocommerce/assets/images/onboarding/icons/complete.svg&path=/var/www/vhosts/ascensionfitnessusa.naluendorse.com/httpdocs/wp-content/plugins/woocommerce/assets/images/onboarding/icons HTTP/1.0" 200 6839 "https://ascensionfitnessusa.naluendorse.com/?path=/var/www/vhosts/ascensionfitnessusa.naluendorse.com/httpdocs/wp-content/plugins/woocommerce/assets/images/onboarding/icons" "Mozilla/5.0 AppleWebKit/537.36 (KHTML, like Gecko; compatible; GPTBot/1.3; +https://openai.com/gptbot)"
74.7.241.42 - - [08/May/2026:09:59:35 -0400] "GET /?fileloc=/var/www/vhosts/ascensionfitnessusa.naluendorse.com/httpdocs/wp-content/plugins/woocommerce/templates/emails/plain/email-customer-details.php&path=/var/www/vhosts/ascensionfitnessusa.naluendorse.com/httpdocs/wp-content/plugins/woocommerce/templates/emails/plain HTTP/1.0" 200 7218 "https://ascensionfitnessusa.naluendorse.com/?path=/var/www/vhosts/ascensionfitnessusa.naluendorse.com/httpdocs/wp-content/plugins/woocommerce/templates/emails/plain" "Mozilla/5.0 AppleWebKit/537.36 (KHTML, like Gecko; compatible; GPTBot/1.3; +https://openai.com/gptbot)"
216.73.217.27 - - [08/May/2026:09:59:37 -0400] "GET /p/atom%2022255817?fileloc=%2Fvar%2Fwww%2Fvhosts%2Fascensionfitnessusa.naluendorse.com%2Fhttpdocs%2Fwp-includes%2Fclass-wp-network-query.php&path=%2Fvar%2Fwww%2Fvhosts%2Fascensionfitnessusa.naluendorse.com%2Fhttpdocs%2Fwp-includes HTTP/1.0" 200 11523 "-" "Mozilla/5.0 AppleWebKit/537.36 (KHTML, like Gecko; compatible; ClaudeBot/1.0; +claudebot@anthropic.com)"
74.7.241.42 - - [08/May/2026:09:59:38 -0400] "GET /?fileloc=/var/www/vhosts/ascensionfitnessusa.naluendorse.com/httpdocs/wp-content/plugins/woocommerce/templates/emails/plain/customer-failed-order.php&path=/var/www/vhosts/ascensionfitnessusa.naluendorse.com/httpdocs/wp-content/plugins/woocommerce/templates/emails/plain HTTP/1.0" 200 7718 "https://ascensionfitnessusa.naluendorse.com/?path=/var/www/vhosts/ascensionfitnessusa.naluendorse.com/httpdocs/wp-content/plugins/woocommerce/templates/emails/plain" "Mozilla/5.0 AppleWebKit/537.36 (KHTML, like Gecko; compatible; GPTBot/1.3; +https://openai.com/gptbot)"
216.73.217.27 - - [08/May/2026:09:59:39 -0400] "GET /p/bale%2010807824?fileloc=%2Fvar%2Fwww%2Fvhosts%2Fascensionfitnessusa.naluendorse.com%2Fhttpdocs%2Fwp-includes%2Fclass-wp-http-encoding.php&path=%2Fvar%2Fwww%2Fvhosts%2Fascensionfitnessusa.naluendorse.com%2Fhttpdocs%2Fwp-includes HTTP/1.0" 200 8746 "-" "Mozilla/5.0 AppleWebKit/537.36 (KHTML, like Gecko; compatible; ClaudeBot/1.0; +claudebot@anthropic.com)"
74.7.241.42 - - [08/May/2026:09:59:41 -0400] "GET /?fileloc=/var/www/vhosts/ascensionfitnessusa.naluendorse.com/httpdocs/wp-content/plugins/woocommerce/templates/emails/plain/customer-pos-completed-order.php&path=/var/www/vhosts/ascensionfitnessusa.naluendorse.com/httpdocs/wp-content/plugins/woocommerce/templates/emails/plain HTTP/1.0" 200 7919 "https://ascensionfitnessusa.naluendorse.com/?path=/var/www/vhosts/ascensionfitnessusa.naluendorse.com/httpdocs/wp-content/plugins/woocommerce/templates/emails/plain" "Mozilla/5.0 AppleWebKit/537.36 (KHTML, like Gecko; compatible; GPTBot/1.3; +https://openai.com/gptbot)"
216.73.217.27 - - [08/May/2026:09:59:42 -0400] "GET /p/beef%2030271826?path=%2Fvar%2Fwww%2Fvhosts%2Fascensionfitnessusa.naluendorse.com%2Fhttpdocs%2Fwp-admin%2Fuser HTTP/1.0" 200 7369 "-" "Mozilla/5.0 AppleWebKit/537.36 (KHTML, like Gecko; compatible; ClaudeBot/1.0; +claudebot@anthropic.com)"
74.7.241.42 - - [08/May/2026:09:59:44 -0400] "GET /?fileloc=/var/www/vhosts/ascensionfitnessusa.naluendorse.com/httpdocs/wp-content/plugins/woocommerce/templates/emails/plain/admin-new-order.php&path=/var/www/vhosts/ascensionfitnessusa.naluendorse.com/httpdocs/wp-content/plugins/woocommerce/templates/emails/plain HTTP/1.0" 200 7638 "https://ascensionfitnessusa.naluendorse.com/?path=/var/www/vhosts/ascensionfitnessusa.naluendorse.com/httpdocs/wp-content/plugins/woocommerce/templates/emails/plain" "Mozilla/5.0 AppleWebKit/537.36 (KHTML, like Gecko; compatible; GPTBot/1.3; +https://openai.com/gptbot)"
216.73.217.27 - - [08/May/2026:09:59:45 -0400] "GET /p/beef%2031147826?path=%2Fvar%2Fwww%2Fvhosts%2Fascensionfitnessusa.naluendorse.com%2Fhttpdocs%2Fwp-includes%2Fblocks%2Fverse HTTP/1.0" 200 7177 "-" "Mozilla/5.0 AppleWebKit/537.36 (KHTML, like Gecko; compatible; ClaudeBot/1.0; +claudebot@anthropic.com)"
74.7.241.42 - - [08/May/2026:09:59:47 -0400] "GET /?fileloc=/var/www/vhosts/ascensionfitnessusa.naluendorse.com/httpdocs/wp-content/plugins/woocommerce/templates/emails/plain/admin-failed-order.php&path=/var/www/vhosts/ascensionfitnessusa.naluendorse.com/httpdocs/wp-content/plugins/woocommerce/templates/emails/plain HTTP/1.0" 200 7676 "https://ascensionfitnessusa.naluendorse.com/?path=/var/www/vhosts/ascensionfitnessusa.naluendorse.com/httpdocs/wp-content/plugins/woocommerce/templates/emails/plain" "Mozilla/5.0 AppleWebKit/537.36 (KHTML, like Gecko; compatible; GPTBot/1.3; +https://openai.com/gptbot)"
216.73.217.27 - - [08/May/2026:09:59:48 -0400] "GET /p/bale%2010807824?path=%2Fvar%2Fwww%2Fvhosts%2Fascensionfitnessusa.naluendorse.com%2Fhttpdocs%2Fwp-includes%2Fblocks%2Faudio HTTP/1.0" 200 7438 "-" "Mozilla/5.0 AppleWebKit/537.36 (KHTML, like Gecko; compatible; ClaudeBot/1.0; +claudebot@anthropic.com)"
74.7.241.42 - - [08/May/2026:09:59:50 -0400] "GET /?fileloc=/var/www/vhosts/ascensionfitnessusa.naluendorse.com/httpdocs/wp-content/plugins/woocommerce/assets/images/onboarding/icons/rapyd.svg&path=/var/www/vhosts/ascensionfitnessusa.naluendorse.com/httpdocs/wp-content/plugins/woocommerce/assets/images/onboarding/icons HTTP/1.0" 200 8182 "https://ascensionfitnessusa.naluendorse.com/?path=/var/www/vhosts/ascensionfitnessusa.naluendorse.com/httpdocs/wp-content/plugins/woocommerce/assets/images/onboarding/icons" "Mozilla/5.0 AppleWebKit/537.36 (KHTML, like Gecko; compatible; GPTBot/1.3; +https://openai.com/gptbot)"
216.73.217.27 - - [08/May/2026:09:59:51 -0400] "GET /p/ball%2021543825?path=%2Fvar%2Fwww%2Fvhosts%2Fascensionfitnessusa.naluendorse.com%2Fhttpdocs%2Fwp-includes%2FRequests HTTP/1.0" 200 7078 "-" "Mozilla/5.0 AppleWebKit/537.36 (KHTML, like Gecko; compatible; ClaudeBot/1.0; +claudebot@anthropic.com)"
74.7.241.42 - - [08/May/2026:09:59:53 -0400] "GET /?fileloc=/var/www/vhosts/ascensionfitnessusa.naluendorse.com/httpdocs/wp-content/plugins/woocommerce/assets/images/onboarding/icons/paymob.svg&path=/var/www/vhosts/ascensionfitnessusa.naluendorse.com/httpdocs/wp-content/plugins/woocommerce/assets/images/onboarding/icons HTTP/1.0" 200 9057 "https://ascensionfitnessusa.naluendorse.com/?path=/var/www/vhosts/ascensionfitnessusa.naluendorse.com/httpdocs/wp-content/plugins/woocommerce/assets/images/onboarding/icons" "Mozilla/5.0 AppleWebKit/537.36 (KHTML, like Gecko; compatible; GPTBot/1.3; +https://openai.com/gptbot)"
216.73.217.27 - - [08/May/2026:09:59:54 -0400] "GET /p/ball%2021543825?fileloc=%2Fvar%2Fwww%2Fvhosts%2Fascensionfitnessusa.naluendorse.com%2Fhttpdocs%2Fwp-includes%2Ffunctions.wp-scripts.php&path=%2Fvar%2Fwww%2Fvhosts%2Fascensionfitnessusa.naluendorse.com%2Fhttpdocs%2Fwp-includes HTTP/1.0" 200 10652 "-" "Mozilla/5.0 AppleWebKit/537.36 (KHTML, like Gecko; compatible; ClaudeBot/1.0; +claudebot@anthropic.com)"
74.7.241.42 - - [08/May/2026:09:59:57 -0400] "GET /?fileloc=/var/www/vhosts/ascensionfitnessusa.naluendorse.com/httpdocs/wp-content/plugins/woocommerce/assets/images/onboarding/icons/depay.svg&path=/var/www/vhosts/ascensionfitnessusa.naluendorse.com/httpdocs/wp-content/plugins/woocommerce/assets/images/onboarding/icons HTTP/1.0" 200 8615 "https://ascensionfitnessusa.naluendorse.com/?path=/var/www/vhosts/ascensionfitnessusa.naluendorse.com/httpdocs/wp-content/plugins/woocommerce/assets/images/onboarding/icons" "Mozilla/5.0 AppleWebKit/537.36 (KHTML, like Gecko; compatible; GPTBot/1.3; +https://openai.com/gptbot)"
216.73.217.27 - - [08/May/2026:10:00:00 -0400] "GET /p/atom%2021391817?fileloc=%2Fvar%2Fwww%2Fvhosts%2Fascensionfitnessusa.naluendorse.com%2Fhttpdocs%2Fwp-admin%2Fincludes%2Fmeta-boxes.php&path=%2Fvar%2Fwww%2Fvhosts%2Fascensionfitnessusa.naluendorse.com%2Fhttpdocs%2Fwp-admin%2Fincludes HTTP/1.0" 200 21205 "-" "Mozilla/5.0 AppleWebKit/537.36 (KHTML, like Gecko; compatible; ClaudeBot/1.0; +claudebot@anthropic.com)"
74.7.241.42 - - [08/May/2026:10:00:00 -0400] "GET /?fileloc=/var/www/vhosts/ascensionfitnessusa.naluendorse.com/httpdocs/wp-content/plugins/woocommerce/assets/images/onboarding/icons/billie.svg&path=/var/www/vhosts/ascensionfitnessusa.naluendorse.com/httpdocs/wp-content/plugins/woocommerce/assets/images/onboarding/icons HTTP/1.0" 200 7159 "https://ascensionfitnessusa.naluendorse.com/?path=/var/www/vhosts/ascensionfitnessusa.naluendorse.com/httpdocs/wp-content/plugins/woocommerce/assets/images/onboarding/icons" "Mozilla/5.0 AppleWebKit/537.36 (KHTML, like Gecko; compatible; GPTBot/1.3; +https://openai.com/gptbot)"
216.73.217.27 - - [08/May/2026:10:00:03 -0400] "GET /p/ball%2020135825?fileloc=%2Fvar%2Fwww%2Fvhosts%2Fascensionfitnessusa.naluendorse.com%2Fhttpdocs%2Fwp-includes%2Fclass-wp-xmlrpc-server.php&path=%2Fvar%2Fwww%2Fvhosts%2Fascensionfitnessusa.naluendorse.com%2Fhttpdocs%2Fwp-includes HTTP/1.0" 200 42417 "-" "Mozilla/5.0 AppleWebKit/537.36 (KHTML, like Gecko; compatible; ClaudeBot/1.0; +claudebot@anthropic.com)"
74.7.241.42 - - [08/May/2026:10:00:03 -0400] "GET /?fileloc=/var/www/vhosts/ascensionfitnessusa.naluendorse.com/httpdocs/wp-content/plugins/woocommerce/assets/images/onboarding/icons/square.svg&path=/var/www/vhosts/ascensionfitnessusa.naluendorse.com/httpdocs/wp-content/plugins/woocommerce/assets/images/onboarding/icons HTTP/1.0" 200 7048 "https://ascensionfitnessusa.naluendorse.com/?path=/var/www/vhosts/ascensionfitnessusa.naluendorse.com/httpdocs/wp-content/plugins/woocommerce/assets/images/onboarding/icons" "Mozilla/5.0 AppleWebKit/537.36 (KHTML, like Gecko; compatible; GPTBot/1.3; +https://openai.com/gptbot)"
216.73.217.27 - - [08/May/2026:10:00:06 -0400] "GET /p/atom%2020307817?fileloc=%2Fvar%2Fwww%2Fvhosts%2Fascensionfitnessusa.naluendorse.com%2Fhttpdocs%2Fwp-includes%2Fclass-wp-walker.php&path=%2Fvar%2Fwww%2Fvhosts%2Fascensionfitnessusa.naluendorse.com%2Fhttpdocs%2Fwp-includes HTTP/1.0" 200 9714 "-" "Mozilla/5.0 AppleWebKit/537.36 (KHTML, like Gecko; compatible; ClaudeBot/1.0; +claudebot@anthropic.com)"
74.7.241.42 - - [08/May/2026:10:00:06 -0400] "GET /?fileloc=/var/www/vhosts/ascensionfitnessusa.naluendorse.com/httpdocs/wp-content/plugins/woocommerce/assets/images/onboarding/icons/paypal.svg&path=/var/www/vhosts/ascensionfitnessusa.naluendorse.com/httpdocs/wp-content/plugins/woocommerce/assets/images/onboarding/icons HTTP/1.0" 200 7363 "https://ascensionfitnessusa.naluendorse.com/?path=/var/www/vhosts/ascensionfitnessusa.naluendorse.com/httpdocs/wp-content/plugins/woocommerce/assets/images/onboarding/icons" "Mozilla/5.0 AppleWebKit/537.36 (KHTML, like Gecko; compatible; GPTBot/1.3; +https://openai.com/gptbot)"
216.73.217.27 - - [08/May/2026:10:00:09 -0400] "GET /p/bale%2012587824?fileloc=%2Fvar%2Fwww%2Fvhosts%2Fascensionfitnessusa.naluendorse.com%2Fhttpdocs%2Fwp-includes%2Fcss%2Feditor-rtl.min.css&path=%2Fvar%2Fwww%2Fvhosts%2Fascensionfitnessusa.naluendorse.com%2Fhttpdocs%2Fwp-includes%2Fcss HTTP/1.0" 200 12442 "-" "Mozilla/5.0 AppleWebKit/537.36 (KHTML, like Gecko; compatible; ClaudeBot/1.0; +claudebot@anthropic.com)"
74.7.241.42 - - [08/May/2026:10:00:09 -0400] "GET /?fileloc=/var/www/vhosts/ascensionfitnessusa.naluendorse.com/httpdocs/wp-content/plugins/woocommerce/assets/images/onboarding/icons/affirm.svg&path=/var/www/vhosts/ascensionfitnessusa.naluendorse.com/httpdocs/wp-content/plugins/woocommerce/assets/images/onboarding/icons HTTP/1.0" 200 7183 "https://ascensionfitnessusa.naluendorse.com/?path=/var/www/vhosts/ascensionfitnessusa.naluendorse.com/httpdocs/wp-content/plugins/woocommerce/assets/images/onboarding/icons" "Mozilla/5.0 AppleWebKit/537.36 (KHTML, like Gecko; compatible; GPTBot/1.3; +https://openai.com/gptbot)"
216.73.217.27 - - [08/May/2026:10:00:12 -0400] "GET /p/bale%2010587824?fileloc=%2Fvar%2Fwww%2Fvhosts%2Fascensionfitnessusa.naluendorse.com%2Fhttpdocs%2Fwp-includes%2Fclass-wp-block-parser.php&path=%2Fvar%2Fwww%2Fvhosts%2Fascensionfitnessusa.naluendorse.com%2Fhttpdocs%2Fwp-includes HTTP/1.0" 200 10015 "-" "Mozilla/5.0 AppleWebKit/537.36 (KHTML, like Gecko; compatible; ClaudeBot/1.0; +claudebot@anthropic.com)"
74.7.241.42 - - [08/May/2026:10:00:12 -0400] "GET /?fileloc=/var/www/vhosts/ascensionfitnessusa.naluendorse.com/httpdocs/wp-content/plugins/woocommerce/assets/images/onboarding/icons/klarna.svg&path=/var/www/vhosts/ascensionfitnessusa.naluendorse.com/httpdocs/wp-content/plugins/woocommerce/assets/images/onboarding/icons HTTP/1.0" 200 6966 "https://ascensionfitnessusa.naluendorse.com/?path=/var/www/vhosts/ascensionfitnessusa.naluendorse.com/httpdocs/wp-content/plugins/woocommerce/assets/images/onboarding/icons" "Mozilla/5.0 AppleWebKit/537.36 (KHTML, like Gecko; compatible; GPTBot/1.3; +https://openai.com/gptbot)"
216.73.217.27 - - [08/May/2026:10:00:15 -0400] "GET /p/beef%2031387826?path=%2Fvar%2Fwww%2Fvhosts%2Fascensionfitnessusa.naluendorse.com%2Fhttpdocs%2Fwp-content%2Fplugins%2Fbyrar%2Fincludes HTTP/1.0" 200 7214 "-" "Mozilla/5.0 AppleWebKit/537.36 (KHTML, like Gecko; compatible; ClaudeBot/1.0; +claudebot@anthropic.com)"
74.7.241.42 - - [08/May/2026:10:00:15 -0400] "GET /?fileloc=/var/www/vhosts/ascensionfitnessusa.naluendorse.com/httpdocs/wp-content/plugins/woocommerce/assets/images/onboarding/icons/klarna-checkout.svg&path=/var/www/vhosts/ascensionfitnessusa.naluendorse.com/httpdocs/wp-content/plugins/woocommerce/assets/images/onboarding/icons HTTP/1.0" 200 10051 "https://ascensionfitnessusa.naluendorse.com/?path=/var/www/vhosts/ascensionfitnessusa.naluendorse.com/httpdocs/wp-content/plugins/woocommerce/assets/images/onboarding/icons" "Mozilla/5.0 AppleWebKit/537.36 (KHTML, like Gecko; compatible; GPTBot/1.3; +https://openai.com/gptbot)"
216.73.217.27 - - [08/May/2026:10:00:18 -0400] "GET /p/atom%2021171817?fileloc=%2Fvar%2Fwww%2Fvhosts%2Fascensionfitnessusa.naluendorse.com%2Fhttpdocs%2Fwp-includes%2Fclass-IXR.php&path=%2Fvar%2Fwww%2Fvhosts%2Fascensionfitnessusa.naluendorse.com%2Fhttpdocs%2Fwp-includes HTTP/1.0" 200 7805 "-" "Mozilla/5.0 AppleWebKit/537.36 (KHTML, like Gecko; compatible; ClaudeBot/1.0; +claudebot@anthropic.com)"
74.7.241.42 - - [08/May/2026:10:00:19 -0400] "GET /?fileloc=/var/www/vhosts/ascensionfitnessusa.naluendorse.com/httpdocs/wp-content/plugins/woocommerce/assets/images/onboarding/icons/paypal-zettle.svg&path=/var/www/vhosts/ascensionfitnessusa.naluendorse.com/httpdocs/wp-content/plugins/woocommerce/assets/images/onboarding/icons HTTP/1.0" 200 7326 "https://ascensionfitnessusa.naluendorse.com/?path=/var/www/vhosts/ascensionfitnessusa.naluendorse.com/httpdocs/wp-content/plugins/woocommerce/assets/images/onboarding/icons" "Mozilla/5.0 AppleWebKit/537.36 (KHTML, like Gecko; compatible; GPTBot/1.3; +https://openai.com/gptbot)"
216.73.217.27 - - [08/May/2026:10:00:21 -0400] "GET /p/bale%2012587824?fileloc=%2Fvar%2Fwww%2Fvhosts%2Fascensionfitnessusa.naluendorse.com%2Fhttpdocs%2Fwp-includes%2Fabilities-api%2F.htaccess&path=%2Fvar%2Fwww%2Fvhosts%2Fascensionfitnessusa.naluendorse.com%2Fhttpdocs%2Fwp-includes%2Fabilities-api HTTP/1.0" 200 6738 "-" "Mozilla/5.0 AppleWebKit/537.36 (KHTML, like Gecko; compatible; ClaudeBot/1.0; +claudebot@anthropic.com)"
74.7.241.42 - - [08/May/2026:10:00:22 -0400] "GET /?fileloc=/var/www/vhosts/ascensionfitnessusa.naluendorse.com/httpdocs/wp-content/plugins/woocommerce/templates/emails/plain/admin-cancelled-order.php&path=/var/www/vhosts/ascensionfitnessusa.naluendorse.com/httpdocs/wp-content/plugins/woocommerce/templates/emails/plain HTTP/1.0" 200 7712 "https://ascensionfitnessusa.naluendorse.com/?path=/var/www/vhosts/ascensionfitnessusa.naluendorse.com/httpdocs/wp-content/plugins/woocommerce/templates/emails/plain" "Mozilla/5.0 AppleWebKit/537.36 (KHTML, like Gecko; compatible; GPTBot/1.3; +https://openai.com/gptbot)"
216.73.217.27 - - [08/May/2026:10:00:24 -0400] "GET /p/bale%2010587824?fileloc=%2Fvar%2Fwww%2Fvhosts%2Fascensionfitnessusa.naluendorse.com%2Fhttpdocs%2Fwp-includes%2Fabilities-api%2F.htaccess&path=%2Fvar%2Fwww%2Fvhosts%2Fascensionfitnessusa.naluendorse.com%2Fhttpdocs%2Fwp-includes%2Fabilities-api HTTP/1.0" 200 6738 "-" "Mozilla/5.0 AppleWebKit/537.36 (KHTML, like Gecko; compatible; ClaudeBot/1.0; +claudebot@anthropic.com)"
74.7.241.42 - - [08/May/2026:10:00:25 -0400] "GET /?fileloc=/var/www/vhosts/ascensionfitnessusa.naluendorse.com/httpdocs/wp-content/plugins/woocommerce/templates/emails/plain/email-downloads.php&path=/var/www/vhosts/ascensionfitnessusa.naluendorse.com/httpdocs/wp-content/plugins/woocommerce/templates/emails/plain HTTP/1.0" 200 7377 "https://ascensionfitnessusa.naluendorse.com/?path=/var/www/vhosts/ascensionfitnessusa.naluendorse.com/httpdocs/wp-content/plugins/woocommerce/templates/emails/plain" "Mozilla/5.0 AppleWebKit/537.36 (KHTML, like Gecko; compatible; GPTBot/1.3; +https://openai.com/gptbot)"
216.73.217.27 - - [08/May/2026:10:00:27 -0400] "GET /p/'?fileloc=%2Fvar%2Fwww%2Fvhosts%2Fascensionfitnessusa.naluendorse.com%2Fhttpdocs%2Fwp-includes%2Fjs%2Fdist%2Fdata.min.js&path=%2Fvar%2Fwww%2Fvhosts%2Fascensionfitnessusa.naluendorse.com%2Fhttpdocs%2Fwp-includes%2Fjs%2Fdist HTTP/1.0" 200 15715 "-" "Mozilla/5.0 AppleWebKit/537.36 (KHTML, like Gecko; compatible; ClaudeBot/1.0; +claudebot@anthropic.com)"
74.7.241.42 - - [08/May/2026:10:00:28 -0400] "GET /?fileloc=/var/www/vhosts/ascensionfitnessusa.naluendorse.com/httpdocs/wp-content/plugins/woocommerce/templates/emails/plain/customer-fulfillment-created.php&path=/var/www/vhosts/ascensionfitnessusa.naluendorse.com/httpdocs/wp-content/plugins/woocommerce/templates/emails/plain HTTP/1.0" 200 7563 "https://ascensionfitnessusa.naluendorse.com/?path=/var/www/vhosts/ascensionfitnessusa.naluendorse.com/httpdocs/wp-content/plugins/woocommerce/templates/emails/plain" "Mozilla/5.0 AppleWebKit/537.36 (KHTML, like Gecko; compatible; GPTBot/1.3; +https://openai.com/gptbot)"
216.73.217.27 - - [08/May/2026:10:00:30 -0400] "GET /p/ball%2021543825?path=%2Fvar%2Fwww%2Fvhosts%2Fascensionfitnessusa.naluendorse.com%2Fhttpdocs%2Fwp-includes%2Fblocks%2Ffile HTTP/1.0" 200 7470 "-" "Mozilla/5.0 AppleWebKit/537.36 (KHTML, like Gecko; compatible; ClaudeBot/1.0; +claudebot@anthropic.com)"
74.7.241.42 - - [08/May/2026:10:00:31 -0400] "GET /?fileloc=/var/www/vhosts/ascensionfitnessusa.naluendorse.com/httpdocs/wp-content/plugins/woocommerce/templates/emails/plain/customer-refunded-order.php&path=/var/www/vhosts/ascensionfitnessusa.naluendorse.com/httpdocs/wp-content/plugins/woocommerce/templates/emails/plain HTTP/1.0" 200 7764 "https://ascensionfitnessusa.naluendorse.com/?path=/var/www/vhosts/ascensionfitnessusa.naluendorse.com/httpdocs/wp-content/plugins/woocommerce/templates/emails/plain" "Mozilla/5.0 AppleWebKit/537.36 (KHTML, like Gecko; compatible; GPTBot/1.3; +https://openai.com/gptbot)"
216.73.217.27 - - [08/May/2026:10:00:33 -0400] "GET /p/ball%2020135825?path=%2Fvar%2Fwww%2Fvhosts%2Fascensionfitnessusa.naluendorse.com%2Fhttpdocs%2Fwp-includes%2Fsodium_compat HTTP/1.0" 200 7302 "-" "Mozilla/5.0 AppleWebKit/537.36 (KHTML, like Gecko; compatible; ClaudeBot/1.0; +claudebot@anthropic.com)"
74.7.241.42 - - [08/May/2026:10:00:35 -0400] "GET /?fileloc=/var/www/vhosts/ascensionfitnessusa.naluendorse.com/httpdocs/wp-content/plugins/woocommerce/templates/emails/plain/email-fulfillment-items.php&path=/var/www/vhosts/ascensionfitnessusa.naluendorse.com/httpdocs/wp-content/plugins/woocommerce/templates/emails/plain HTTP/1.0" 200 7722 "https://ascensionfitnessusa.naluendorse.com/?path=/var/www/vhosts/ascensionfitnessusa.naluendorse.com/httpdocs/wp-content/plugins/woocommerce/templates/emails/plain" "Mozilla/5.0 AppleWebKit/537.36 (KHTML, like Gecko; compatible; GPTBot/1.3; +https://openai.com/gptbot)"
216.73.217.27 - - [08/May/2026:10:00:36 -0400] "GET /p/beef%2032911826?path=%2Fvar%2Fwww%2Fvhosts%2Fascensionfitnessusa.naluendorse.com%2Fhttpdocs%2Fwp-content%2Fuploads%2Fssa HTTP/1.0" 200 7043 "-" "Mozilla/5.0 AppleWebKit/537.36 (KHTML, like Gecko; compatible; ClaudeBot/1.0; +claudebot@anthropic.com)"
74.7.241.42 - - [08/May/2026:10:00:38 -0400] "GET /?fileloc=/var/www/vhosts/ascensionfitnessusa.naluendorse.com/httpdocs/wp-content/plugins/woocommerce/templates/emails/plain/customer-fulfillment-updated.php&path=/var/www/vhosts/ascensionfitnessusa.naluendorse.com/httpdocs/wp-content/plugins/woocommerce/templates/emails/plain HTTP/1.0" 200 7624 "https://ascensionfitnessusa.naluendorse.com/?path=/var/www/vhosts/ascensionfitnessusa.naluendorse.com/httpdocs/wp-content/plugins/woocommerce/templates/emails/plain" "Mozilla/5.0 AppleWebKit/537.36 (KHTML, like Gecko; compatible; GPTBot/1.3; +https://openai.com/gptbot)"
216.73.217.27 - - [08/May/2026:10:00:39 -0400] "GET /p/bale%2010587824?fileloc=%2Fvar%2Fwww%2Fvhosts%2Fascensionfitnessusa.naluendorse.com%2Fhttpdocs%2Fwp-includes%2Fcss%2Fadmin-bar-rtl.min.css&path=%2Fvar%2Fwww%2Fvhosts%2Fascensionfitnessusa.naluendorse.com%2Fhttpdocs%2Fwp-includes%2Fcss HTTP/1.0" 200 10367 "-" "Mozilla/5.0 AppleWebKit/537.36 (KHTML, like Gecko; compatible; ClaudeBot/1.0; +claudebot@anthropic.com)"
74.7.241.42 - - [08/May/2026:10:00:41 -0400] "GET /?fileloc=/var/www/vhosts/ascensionfitnessusa.naluendorse.com/httpdocs/wp-content/plugins/woocommerce/templates/emails/plain/customer-cancelled-order.php&path=/var/www/vhosts/ascensionfitnessusa.naluendorse.com/httpdocs/wp-content/plugins/woocommerce/templates/emails/plain HTTP/1.0" 200 7647 "https://ascensionfitnessusa.naluendorse.com/?path=/var/www/vhosts/ascensionfitnessusa.naluendorse.com/httpdocs/wp-content/plugins/woocommerce/templates/emails/plain" "Mozilla/5.0 AppleWebKit/537.36 (KHTML, like Gecko; compatible; GPTBot/1.3; +https://openai.com/gptbot)"
216.73.217.27 - - [08/May/2026:10:00:42 -0400] "GET /p/atom%2022255817?fileloc=%2Fvar%2Fwww%2Fvhosts%2Fascensionfitnessusa.naluendorse.com%2Fhttpdocs%2Fwp-includes%2Fclass-wp-token-map.php&path=%2Fvar%2Fwww%2Fvhosts%2Fascensionfitnessusa.naluendorse.com%2Fhttpdocs%2Fwp-includes HTTP/1.0" 200 14692 "-" "Mozilla/5.0 AppleWebKit/537.36 (KHTML, like Gecko; compatible; ClaudeBot/1.0; +claudebot@anthropic.com)"
74.7.241.42 - - [08/May/2026:10:00:44 -0400] "GET /?fileloc=/var/www/vhosts/ascensionfitnessusa.naluendorse.com/httpdocs/wp-content/plugins/woocommerce/templates/emails/plain/customer-processing-order.php&path=/var/www/vhosts/ascensionfitnessusa.naluendorse.com/httpdocs/wp-content/plugins/woocommerce/templates/emails/plain HTTP/1.0" 200 7733 "https://ascensionfitnessusa.naluendorse.com/?path=/var/www/vhosts/ascensionfitnessusa.naluendorse.com/httpdocs/wp-content/plugins/woocommerce/templates/emails/plain" "Mozilla/5.0 AppleWebKit/537.36 (KHTML, like Gecko; compatible; GPTBot/1.3; +https://openai.com/gptbot)"
216.73.217.27 - - [08/May/2026:10:00:45 -0400] "GET /p/'?fileloc=%2Fvar%2Fwww%2Fvhosts%2Fascensionfitnessusa.naluendorse.com%2Fhttpdocs%2Fwp-includes%2Fjs%2Fwp-api.min.js&path=%2Fvar%2Fwww%2Fvhosts%2Fascensionfitnessusa.naluendorse.com%2Fhttpdocs%2Fwp-includes%2Fjs HTTP/1.0" 200 10866 "-" "Mozilla/5.0 AppleWebKit/537.36 (KHTML, like Gecko; compatible; ClaudeBot/1.0; +claudebot@anthropic.com)"
74.7.241.42 - - [08/May/2026:10:00:47 -0400] "GET /?fileloc=/var/www/vhosts/ascensionfitnessusa.naluendorse.com/httpdocs/wp-content/plugins/woocommerce/templates/emails/plain/customer-completed-order.php&path=/var/www/vhosts/ascensionfitnessusa.naluendorse.com/httpdocs/wp-content/plugins/woocommerce/templates/emails/plain HTTP/1.0" 200 7655 "https://ascensionfitnessusa.naluendorse.com/?path=/var/www/vhosts/ascensionfitnessusa.naluendorse.com/httpdocs/wp-content/plugins/woocommerce/templates/emails/plain" "Mozilla/5.0 AppleWebKit/537.36 (KHTML, like Gecko; compatible; GPTBot/1.3; +https://openai.com/gptbot)"
216.73.217.27 - - [08/May/2026:10:00:48 -0400] "GET /p/beef%2031147826?path=%2Fvar%2Fwww%2Fvhosts%2Fascensionfitnessusa.naluendorse.com%2Fhttpdocs%2Fwp-includes%2Fblocks%2Fsite-logo HTTP/1.0" 200 7318 "-" "Mozilla/5.0 AppleWebKit/537.36 (KHTML, like Gecko; compatible; ClaudeBot/1.0; +claudebot@anthropic.com)"
216.73.217.27 - - [08/May/2026:10:00:51 -0400] "GET /p/beef%2032551826?fileloc=%2Fvar%2Fwww%2Fvhosts%2Fascensionfitnessusa.naluendorse.com%2Fhttpdocs%2Fwp-admin%2Fcss%2Fcommon.css&path=%2Fvar%2Fwww%2Fvhosts%2Fascensionfitnessusa.naluendorse.com%2Fhttpdocs%2Fwp-admin%2Fcss HTTP/1.0" 200 23541 "-" "Mozilla/5.0 AppleWebKit/537.36 (KHTML, like Gecko; compatible; ClaudeBot/1.0; +claudebot@anthropic.com)"
74.7.241.42 - - [08/May/2026:10:00:51 -0400] "GET /?fileloc=/var/www/vhosts/ascensionfitnessusa.naluendorse.com/httpdocs/wp-content/plugins/woocommerce/templates/emails/plain/email-fulfillment-details.php&path=/var/www/vhosts/ascensionfitnessusa.naluendorse.com/httpdocs/wp-content/plugins/woocommerce/templates/emails/plain HTTP/1.0" 200 7921 "https://ascensionfitnessusa.naluendorse.com/?path=/var/www/vhosts/ascensionfitnessusa.naluendorse.com/httpdocs/wp-content/plugins/woocommerce/templates/emails/plain" "Mozilla/5.0 AppleWebKit/537.36 (KHTML, like Gecko; compatible; GPTBot/1.3; +https://openai.com/gptbot)"
216.73.217.27 - - [08/May/2026:10:00:54 -0400] "GET /p/bale%2010587824?fileloc=%2Fvar%2Fwww%2Fvhosts%2Fascensionfitnessusa.naluendorse.com%2Fhttpdocs%2Fwp-includes%2Fcss%2Feditor-rtl.min.css&path=%2Fvar%2Fwww%2Fvhosts%2Fascensionfitnessusa.naluendorse.com%2Fhttpdocs%2Fwp-includes%2Fcss HTTP/1.0" 200 12442 "-" "Mozilla/5.0 AppleWebKit/537.36 (KHTML, like Gecko; compatible; ClaudeBot/1.0; +claudebot@anthropic.com)"
74.7.241.42 - - [08/May/2026:10:00:54 -0400] "GET /?fileloc=/var/www/vhosts/ascensionfitnessusa.naluendorse.com/httpdocs/wp-content/plugins/woocommerce/templates/emails/plain/customer-fulfillment-deleted.php&path=/var/www/vhosts/ascensionfitnessusa.naluendorse.com/httpdocs/wp-content/plugins/woocommerce/templates/emails/plain HTTP/1.0" 200 7659 "https://ascensionfitnessusa.naluendorse.com/?path=/var/www/vhosts/ascensionfitnessusa.naluendorse.com/httpdocs/wp-content/plugins/woocommerce/templates/emails/plain" "Mozilla/5.0 AppleWebKit/537.36 (KHTML, like Gecko; compatible; GPTBot/1.3; +https://openai.com/gptbot)"
