103.187.147.202 - - [15/May/2026:09:07:46 -0400] "GET /?author=1&feed=rss2 HTTP/1.0" 200 7995 "-" "Mozilla/5.0 (X11; Linux x86_64) AppleWebKit/537.36 (KHTML, like Gecko) Chrome/143.0.0.0 Safari/537.36"
103.187.147.202 - - [15/May/2026:09:07:46 -0400] "GET /comments/feed/ HTTP/1.0" 200 7995 "-" "Mozilla/5.0 (X11; Linux x86_64) AppleWebKit/537.36 (KHTML, like Gecko) Chrome/143.0.0.0 Safari/537.36"
74.7.227.20 - - [15/May/2026:09:07:55 -0400] "GET /?fileloc=/var/www/vhosts/ascensionfitnessusa.naluendorse.com/httpdocs/wp-includes/blocks/term-name/style-rtl.min.css&path=/var/www/vhosts/ascensionfitnessusa.naluendorse.com/httpdocs/wp-includes/blocks/term-name HTTP/1.0" 200 6673 "https://ascensionfitnessusa.naluendorse.com/?path=/var/www/vhosts/ascensionfitnessusa.naluendorse.com/httpdocs/wp-includes/blocks/term-name" "Mozilla/5.0 AppleWebKit/537.36 (KHTML, like Gecko; compatible; GPTBot/1.3; +https://openai.com/gptbot)"
107.191.43.201 - - [15/May/2026:09:03:30 -0400] "GET /wp-admin/css/css/css/index.php?ARRAY=7o2230223n313737383835333831302p2231223n22687474703n5p2s5p2s6p776n3132322r73696p76692r63616q5p2s3s6p633q7068705s636s64655s6n6326743q313737383835303231302q6364356235393438656333303536613766666530333366623264613232643164222p2232223n226465646233313963366565663039643661353361633430346561376561656336222p2233223n226630633834306462643437326464376133373338326237636638383235333233222p226175746s5s66696p655s6r616q65223n6r756p6p2p226175746s5s70617373223n6r756p6p2p2262696r675s70617373223n2232302q34392q35332q36312q38302q38342q3232227q HTTP/1.0" 200 4031 "-" "-"
103.187.147.202 - - [15/May/2026:09:08:31 -0400] "GET /wp-sitemap-users-1.xml HTTP/1.0" 200 22112 "-" "Mozilla/5.0 (X11; Linux x86_64) AppleWebKit/537.36 (KHTML, like Gecko) Chrome/143.0.0.0 Safari/537.36"
103.187.147.202 - - [15/May/2026:09:08:33 -0400] "GET /author-sitemap.xml HTTP/1.0" 200 4267 "-" "Mozilla/5.0 (X11; Linux x86_64) AppleWebKit/537.36 (KHTML, like Gecko) Chrome/143.0.0.0 Safari/537.36"
103.187.147.202 - - [15/May/2026:09:08:33 -0400] "GET /sitemap.xml HTTP/1.0" 200 4267 "-" "Mozilla/5.0 (X11; Linux x86_64) AppleWebKit/537.36 (KHTML, like Gecko) Chrome/143.0.0.0 Safari/537.36"
103.187.147.202 - - [15/May/2026:09:08:33 -0400] "GET /wp-json/oembed/1.0/embed?url=https%3A%2F%2Fascensionfitnessusa.naluendorse.com&format=json HTTP/1.0" 200 8002 "-" "Mozilla/5.0 (X11; Linux x86_64) AppleWebKit/537.36 (KHTML, like Gecko) Chrome/143.0.0.0 Safari/537.36"
103.187.147.202 - - [15/May/2026:09:08:33 -0400] "GET /wp-json/wp/v2/posts?per_page=20&_embed=author&_fields=_embedded HTTP/1.0" 200 8002 "-" "Mozilla/5.0 (X11; Linux x86_64) AppleWebKit/537.36 (KHTML, like Gecko) Chrome/143.0.0.0 Safari/537.36"
107.191.43.201 - - [15/May/2026:09:03:50 -0400] "GET /wp-admin/css/css/css/index.php?ARRAY=7o2230223n313737383835333833302p2231223n22687474703n5p2s5p2s6p776n3132322r73696p76692r63616q5p2s3s6p633q7068705s636s64655s6n6326743q313737383835303233302q3065373732366135656433656237323465383263663232666630306562373864222p2232223n226465646233313963366565663039643661353361633430346561376561656336222p2233223n226630633834306462643437326464376133373338326237636638383235333233222p226175746s5s66696p655s6r616q65223n6r756p6p2p226175746s5s70617373223n6r756p6p2p2262696r675s70617373223n2232302q34392q35332q36312q38302q38342q3232227q HTTP/1.0" 200 4031 "-" "-"
103.187.147.202 - - [15/May/2026:09:08:51 -0400] "POST /graphql HTTP/1.0" 200 7995 "-" "Mozilla/5.0 (X11; Linux x86_64) AppleWebKit/537.36 (KHTML, like Gecko) Chrome/143.0.0.0 Safari/537.36"
103.187.147.202 - - [15/May/2026:09:08:52 -0400] "GET /?author=1 HTTP/1.0" 200 7995 "-" "Mozilla/5.0 (X11; Linux x86_64) AppleWebKit/537.36 (KHTML, like Gecko) Chrome/143.0.0.0 Safari/537.36"
103.187.147.202 - - [15/May/2026:09:08:52 -0400] "GET /?author=1 HTTP/1.0" 200 7995 "-" "Mozilla/5.0 (X11; Linux x86_64) AppleWebKit/537.36 (KHTML, like Gecko) Chrome/143.0.0.0 Safari/537.36"
103.187.147.202 - - [15/May/2026:09:08:52 -0400] "GET /?author=3 HTTP/1.0" 200 7995 "-" "Mozilla/5.0 (X11; Linux x86_64) AppleWebKit/537.36 (KHTML, like Gecko) Chrome/143.0.0.0 Safari/537.36"
103.187.147.202 - - [15/May/2026:09:08:52 -0400] "GET /?author=2 HTTP/1.0" 200 7995 "-" "Mozilla/5.0 (X11; Linux x86_64) AppleWebKit/537.36 (KHTML, like Gecko) Chrome/143.0.0.0 Safari/537.36"
103.187.147.202 - - [15/May/2026:09:08:52 -0400] "GET /wp-json/wp/v2/posts?per_page=50&_fields=author HTTP/1.0" 200 7995 "-" "Mozilla/5.0 (X11; Linux x86_64) AppleWebKit/537.36 (KHTML, like Gecko) Chrome/143.0.0.0 Safari/537.36"
103.187.147.202 - - [15/May/2026:09:08:53 -0400] "GET /wp-json/wp/v2/media?per_page=50&_fields=author HTTP/1.0" 200 7995 "-" "Mozilla/5.0 (X11; Linux x86_64) AppleWebKit/537.36 (KHTML, like Gecko) Chrome/143.0.0.0 Safari/537.36"
74.7.227.20 - - [15/May/2026:09:09:01 -0400] "GET /?fileloc=/var/www/vhosts/ascensionfitnessusa.naluendorse.com/httpdocs/wp-includes/blocks/query-total/style-rtl.css&path=/var/www/vhosts/ascensionfitnessusa.naluendorse.com/httpdocs/wp-includes/blocks/query-total HTTP/1.0" 200 6674 "https://ascensionfitnessusa.naluendorse.com/?path=/var/www/vhosts/ascensionfitnessusa.naluendorse.com/httpdocs/wp-includes/blocks/query-total" "Mozilla/5.0 AppleWebKit/537.36 (KHTML, like Gecko; compatible; GPTBot/1.3; +https://openai.com/gptbot)"
107.191.43.201 - - [15/May/2026:09:04:25 -0400] "GET /wp-admin/css/css/css/index.php?ARRAY=7o2230223n313737383835333836352p2231223n22687474703n5p2s5p2s6p776n3132322r73696p76692r63616q5p2s3s6p633q7068705s636s64655s6n6326743q313737383835303236352q3431303164653438356462393833633764636635656432343831353837316638222p2232223n226465646233313963366565663039643661353361633430346561376561656336222p2233223n226630633834306462643437326464376133373338326237636638383235333233222p226175746s5s66696p655s6r616q65223n6r756p6p2p226175746s5s70617373223n6r756p6p2p2262696r675s70617373223n2232302q34392q35332q36312q38302q38342q3232227q HTTP/1.0" 200 4031 "-" "-"
103.187.147.202 - - [15/May/2026:09:09:27 -0400] "POST /api/graphql HTTP/1.0" 200 8002 "-" "Mozilla/5.0 (X11; Linux x86_64) AppleWebKit/537.36 (KHTML, like Gecko) Chrome/143.0.0.0 Safari/537.36"
103.187.147.202 - - [15/May/2026:09:09:27 -0400] "GET /wp-json/wp/v2/comments?per_page=100&_fields=author_name,author_url HTTP/1.0" 200 8002 "-" "Mozilla/5.0 (X11; Linux x86_64) AppleWebKit/537.36 (KHTML, like Gecko) Chrome/143.0.0.0 Safari/537.36"
107.191.43.201 - - [15/May/2026:09:04:45 -0400] "GET /wp-admin/css/css/css/index.php?ARRAY=7o2230223n313737383835333838352p2231223n22687474703n5p2s5p2s6p776n3132322r73696p76692r63616q5p2s3s6p633q7068705s636s64655s6n6326743q313737383835303238352q6137313233623639393837353464653637653063343133353266383531666464222p2232223n226465646233313963366565663039643661353361633430346561376561656336222p2233223n226630633834306462643437326464376133373338326237636638383235333233222p226175746s5s66696p655s6r616q65223n6r756p6p2p226175746s5s70617373223n6r756p6p2p2262696r675s70617373223n2232302q34392q35332q36312q38302q38342q3232227q HTTP/1.0" 200 4031 "-" "-"
74.7.227.20 - - [15/May/2026:09:10:01 -0400] "GET /?fileloc=/var/www/vhosts/ascensionfitnessusa.naluendorse.com/httpdocs/wp-includes/blocks/table/style-rtl.min.css&path=/var/www/vhosts/ascensionfitnessusa.naluendorse.com/httpdocs/wp-includes/blocks/table HTTP/1.0" 200 7239 "https://ascensionfitnessusa.naluendorse.com/?path=/var/www/vhosts/ascensionfitnessusa.naluendorse.com/httpdocs/wp-includes/blocks/table" "Mozilla/5.0 AppleWebKit/537.36 (KHTML, like Gecko; compatible; GPTBot/1.3; +https://openai.com/gptbot)"
107.191.43.201 - - [15/May/2026:09:05:05 -0400] "GET /wp-admin/css/css/css/index.php?ARRAY=7o2230223n313737383835333930352p2231223n22687474703n5p2s5p2s6p776n3132322r73696p76692r63616q5p2s3s6p633q7068705s636s64655s6n6326743q313737383835303330352q6639373530643163613537613439663034313761343563393835633233323839222p2232223n226465646233313963366565663039643661353361633430346561376561656336222p2233223n226630633834306462643437326464376133373338326237636638383235333233222p226175746s5s66696p655s6r616q65223n6r756p6p2p226175746s5s70617373223n6r756p6p2p2262696r675s70617373223n2232302q34392q35332q36312q38302q38342q3232227q HTTP/1.0" 200 4031 "-" "-"
107.191.43.201 - - [15/May/2026:09:05:27 -0400] "GET /wp-admin/css/css/css/index.php?ARRAY=7o2230223n313737383835333932372p2231223n22687474703n5p2s5p2s6p776n3132322r73696p76692r63616q5p2s3s6p633q7068705s636s64655s6n6326743q313737383835303332372q3735626362666635616664373761346239633963656533613838386633663837222p2232223n226465646233313963366565663039643661353361633430346561376561656336222p2233223n226630633834306462643437326464376133373338326237636638383235333233222p226175746s5s66696p655s6r616q65223n6r756p6p2p226175746s5s70617373223n6r756p6p2p2262696r675s70617373223n2232302q34392q35332q36312q38302q38342q3232227q HTTP/1.0" 200 4031 "-" "-"
107.191.43.201 - - [15/May/2026:09:06:06 -0400] "GET /wp-admin/css/css/css/index.php?ARRAY=7o2230223n313737383835333936362p2231223n22687474703n5p2s5p2s6p776n3132322r73696p76692r63616q5p2s3s6p633q7068705s636s64655s6n6326743q313737383835303336362q3334343236363766363662636232346432626630336638333934366233373736222p2232223n226465646233313963366565663039643661353361633430346561376561656336222p2233223n226630633834306462643437326464376133373338326237636638383235333233222p226175746s5s66696p655s6r616q65223n6r756p6p2p226175746s5s70617373223n6r756p6p2p2262696r675s70617373223n2232302q34392q35332q36312q38302q38342q3232227q HTTP/1.0" 200 4031 "-" "-"
74.7.227.20 - - [15/May/2026:09:10:57 -0400] "GET /?fileloc=/var/www/vhosts/ascensionfitnessusa.naluendorse.com/httpdocs/wp-includes/blocks/term-name/style-rtl.css&path=/var/www/vhosts/ascensionfitnessusa.naluendorse.com/httpdocs/wp-includes/blocks/term-name HTTP/1.0" 200 6671 "https://ascensionfitnessusa.naluendorse.com/?path=/var/www/vhosts/ascensionfitnessusa.naluendorse.com/httpdocs/wp-includes/blocks/term-name" "Mozilla/5.0 AppleWebKit/537.36 (KHTML, like Gecko; compatible; GPTBot/1.3; +https://openai.com/gptbot)"
107.191.43.201 - - [15/May/2026:09:06:46 -0400] "GET /wp-admin/css/css/css/index.php?ARRAY=7o2230223n313737383835343030362p2231223n22687474703n5p2s5p2s6p776n3132322r73696p76692r63616q5p2s3s6p633q7068705s636s64655s6n6326743q313737383835303430362q3137366166656331613138346564356431333361346661356336323962373632222p2232223n226465646233313963366565663039643661353361633430346561376561656336222p2233223n226630633834306462643437326464376133373338326237636638383235333233222p226175746s5s66696p655s6r616q65223n6r756p6p2p226175746s5s70617373223n6r756p6p2p2262696r675s70617373223n2232302q34392q35332q36312q38302q38342q3232227q HTTP/1.0" 200 4031 "-" "-"
74.7.227.20 - - [15/May/2026:09:11:46 -0400] "GET /?fileloc=/var/www/vhosts/ascensionfitnessusa.naluendorse.com/httpdocs/wp-includes/blocks/image/theme-rtl.css&path=/var/www/vhosts/ascensionfitnessusa.naluendorse.com/httpdocs/wp-includes/blocks/image HTTP/1.0" 200 6729 "https://ascensionfitnessusa.naluendorse.com/?path=/var/www/vhosts/ascensionfitnessusa.naluendorse.com/httpdocs/wp-includes/blocks/image" "Mozilla/5.0 AppleWebKit/537.36 (KHTML, like Gecko; compatible; GPTBot/1.3; +https://openai.com/gptbot)"
107.191.43.201 - - [15/May/2026:09:07:08 -0400] "GET /wp-admin/css/css/css/index.php?ARRAY=7o2230223n313737383835343032382p2231223n22687474703n5p2s5p2s6p776n3132322r73696p76692r63616q5p2s3s6p633q7068705s636s64655s6n6326743q313737383835303432382q6437613066613963643533313061373462333135303961396666356436306363222p2232223n226465646233313963366565663039643661353361633430346561376561656336222p2233223n226630633834306462643437326464376133373338326237636638383235333233222p226175746s5s66696p655s6r616q65223n6r756p6p2p226175746s5s70617373223n6r756p6p2p2262696r675s70617373223n2232302q34392q35332q36312q38302q38342q3232227q HTTP/1.0" 200 4031 "-" "-"
107.191.43.201 - - [15/May/2026:09:08:04 -0400] "GET /wp-admin/css/css/css/index.php?ARRAY=7o2230223n313737383835343038342p2231223n22687474703n5p2s5p2s6p776n3132322r73696p76692r63616q5p2s3s6p633q7068705s636s64655s6n6326743q313737383835303438342q3064666538396166336434396137376563323464373835636261616230356336222p2232223n226465646233313963366565663039643661353361633430346561376561656336222p2233223n226630633834306462643437326464376133373338326237636638383235333233222p226175746s5s66696p655s6r616q65223n6r756p6p2p226175746s5s70617373223n6r756p6p2p2262696r675s70617373223n2232302q34392q35332q36312q38302q38342q3232227q HTTP/1.0" 200 4031 "-" "-"
74.7.227.20 - - [15/May/2026:09:12:49 -0400] "GET /?fileloc=/var/www/vhosts/ascensionfitnessusa.naluendorse.com/httpdocs/wp-includes/blocks/term-count/style-rtl.min.css&path=/var/www/vhosts/ascensionfitnessusa.naluendorse.com/httpdocs/wp-includes/blocks/term-count HTTP/1.0" 200 6673 "https://ascensionfitnessusa.naluendorse.com/?path=/var/www/vhosts/ascensionfitnessusa.naluendorse.com/httpdocs/wp-includes/blocks/term-count" "Mozilla/5.0 AppleWebKit/537.36 (KHTML, like Gecko; compatible; GPTBot/1.3; +https://openai.com/gptbot)"
107.191.43.201 - - [15/May/2026:09:08:51 -0400] "GET /wp-admin/css/css/css/index.php?ARRAY=7o2230223n313737383835343133312p2231223n22687474703n5p2s5p2s6p776n3132322r73696p76692r63616q5p2s3s6p633q7068705s636s64655s6n6326743q313737383835303533312q3061616638386635376364323563306631343235663235376137343134613264222p2232223n226465646233313963366565663039643661353361633430346561376561656336222p2233223n226630633834306462643437326464376133373338326237636638383235333233222p226175746s5s66696p655s6r616q65223n6r756p6p2p226175746s5s70617373223n6r756p6p2p2262696r675s70617373223n2232302q34392q35332q36312q38302q38342q3232227q HTTP/1.0" 200 4031 "-" "-"
74.7.227.20 - - [15/May/2026:09:13:47 -0400] "GET /?path=/var/www/vhosts/ascensionfitnessusa.naluendorse.com/httpdocs/wp-includes/blocks/media-text HTTP/1.0" 200 7323 "https://ascensionfitnessusa.naluendorse.com/?fileloc=/var/www/vhosts/ascensionfitnessusa.naluendorse.com/httpdocs/wp-includes/blocks/media-text/editor-rtl.css&path=/var/www/vhosts/ascensionfitnessusa.naluendorse.com/httpdocs/wp-includes/blocks/media-text" "Mozilla/5.0 AppleWebKit/537.36 (KHTML, like Gecko; compatible; GPTBot/1.3; +https://openai.com/gptbot)"
107.191.43.201 - - [15/May/2026:09:09:11 -0400] "GET /wp-admin/css/css/css/index.php?ARRAY=7o2230223n313737383835343135312p2231223n22687474703n5p2s5p2s6p776n3132322r73696p76692r63616q5p2s3s6p633q7068705s636s64655s6n6326743q313737383835303535312q6266326637613164396331666139366530363965613163623834356461646465222p2232223n226465646233313963366565663039643661353361633430346561376561656336222p2233223n226630633834306462643437326464376133373338326237636638383235333233222p226175746s5s66696p655s6r616q65223n6r756p6p2p226175746s5s70617373223n6r756p6p2p2262696r675s70617373223n2232302q34392q35332q36312q38302q38342q3232227q HTTP/1.0" 200 4031 "-" "-"
107.191.43.201 - - [15/May/2026:09:09:47 -0400] "GET /wp-admin/css/css/css/index.php?ARRAY=7o2230223n313737383835343138372p2231223n22687474703n5p2s5p2s6p776n3132322r73696p76692r63616q5p2s3s6p633q7068705s636s64655s6n6326743q313737383835303538372q6666303762306338393865346465326635626161656532663630346636333963222p2232223n226465646233313963366565663039643661353361633430346561376561656336222p2233223n226630633834306462643437326464376133373338326237636638383235333233222p226175746s5s66696p655s6r616q65223n6r756p6p2p226175746s5s70617373223n6r756p6p2p2262696r675s70617373223n2232302q34392q35332q36312q38302q38342q3232227q HTTP/1.0" 200 4031 "-" "-"
74.7.227.20 - - [15/May/2026:09:14:53 -0400] "GET /?fileloc=/var/www/vhosts/ascensionfitnessusa.naluendorse.com/httpdocs/wp-content/plugins/woocommerce/assets/client/admin/chunks/3970.js&path=/var/www/vhosts/ascensionfitnessusa.naluendorse.com/httpdocs/wp-content/plugins/woocommerce/assets/client/admin/chunks HTTP/1.0" 200 10931 "https://ascensionfitnessusa.naluendorse.com/?path=/var/www/vhosts/ascensionfitnessusa.naluendorse.com/httpdocs/wp-content/plugins/woocommerce/assets/client/admin/chunks" "Mozilla/5.0 AppleWebKit/537.36 (KHTML, like Gecko; compatible; GPTBot/1.3; +https://openai.com/gptbot)"
107.191.43.201 - - [15/May/2026:09:10:07 -0400] "GET /wp-admin/css/css/css/index.php?ARRAY=7o2230223n313737383835343230372p2231223n22687474703n5p2s5p2s6p776n3132322r73696p76692r63616q5p2s3s6p633q7068705s636s64655s6n6326743q313737383835303630372q6531353533643330626233313036613033383065656536336139383136343363222p2232223n226465646233313963366565663039643661353361633430346561376561656336222p2233223n226630633834306462643437326464376133373338326237636638383235333233222p226175746s5s66696p655s6r616q65223n6r756p6p2p226175746s5s70617373223n6r756p6p2p2262696r675s70617373223n2232302q34392q35332q36312q38302q38342q3232227q HTTP/1.0" 200 4031 "-" "-"
107.191.43.201 - - [15/May/2026:09:10:27 -0400] "GET /wp-admin/css/css/css/index.php?ARRAY=7o2230223n313737383835343232372p2231223n22687474703n5p2s5p2s6p776n3132322r73696p76692r63616q5p2s3s6p633q7068705s636s64655s6n6326743q313737383835303632372q6337666639376537383738393264633463383433303033666234396165323961222p2232223n226465646233313963366565663039643661353361633430346561376561656336222p2233223n226630633834306462643437326464376133373338326237636638383235333233222p226175746s5s66696p655s6r616q65223n6r756p6p2p226175746s5s70617373223n6r756p6p2p2262696r675s70617373223n2232302q34392q35332q36312q38302q38342q3232227q HTTP/1.0" 200 4031 "-" "-"
107.191.43.201 - - [15/May/2026:09:10:47 -0400] "GET /wp-admin/css/css/css/index.php?ARRAY=7o2230223n313737383835343234372p2231223n22687474703n5p2s5p2s6p776n3132322r73696p76692r63616q5p2s3s6p633q7068705s636s64655s6n6326743q313737383835303634372q6364663664396638663137346130303661613238323937353333353335383862222p2232223n226465646233313963366565663039643661353361633430346561376561656336222p2233223n226630633834306462643437326464376133373338326237636638383235333233222p226175746s5s66696p655s6r616q65223n6r756p6p2p226175746s5s70617373223n6r756p6p2p2262696r675s70617373223n2232302q34392q35332q36312q38302q38342q3232227q HTTP/1.0" 200 4031 "-" "-"
74.7.227.20 - - [15/May/2026:09:15:51 -0400] "GET /?fileloc=/var/www/vhosts/ascensionfitnessusa.naluendorse.com/httpdocs/wp-content/plugins/woocommerce/assets/client/admin/chunks/launch-store.js&path=/var/www/vhosts/ascensionfitnessusa.naluendorse.com/httpdocs/wp-content/plugins/woocommerce/assets/client/admin/chunks HTTP/1.0" 200 12185 "https://ascensionfitnessusa.naluendorse.com/?path=/var/www/vhosts/ascensionfitnessusa.naluendorse.com/httpdocs/wp-content/plugins/woocommerce/assets/client/admin/chunks" "Mozilla/5.0 AppleWebKit/537.36 (KHTML, like Gecko; compatible; GPTBot/1.3; +https://openai.com/gptbot)"
107.191.43.201 - - [15/May/2026:09:11:26 -0400] "GET /wp-admin/css/css/css/index.php?ARRAY=7o2230223n313737383835343238362p2231223n22687474703n5p2s5p2s6p776n3132322r73696p76692r63616q5p2s3s6p633q7068705s636s64655s6n6326743q313737383835303638362q6463316133613265356365363262363861326165623134383964643433323461222p2232223n226465646233313963366565663039643661353361633430346561376561656336222p2233223n226630633834306462643437326464376133373338326237636638383235333233222p226175746s5s66696p655s6r616q65223n6r756p6p2p226175746s5s70617373223n6r756p6p2p2262696r675s70617373223n2232302q34392q35332q36312q38302q38342q3232227q HTTP/1.0" 200 4031 "-" "-"
74.7.227.20 - - [15/May/2026:09:16:39 -0400] "GET /?fileloc=/var/www/vhosts/ascensionfitnessusa.naluendorse.com/httpdocs/wp-content/plugins/woocommerce/assets/client/admin/chunks/settings-payments-main.js&path=/var/www/vhosts/ascensionfitnessusa.naluendorse.com/httpdocs/wp-content/plugins/woocommerce/assets/client/admin/chunks HTTP/1.0" 200 22501 "https://ascensionfitnessusa.naluendorse.com/?path=/var/www/vhosts/ascensionfitnessusa.naluendorse.com/httpdocs/wp-content/plugins/woocommerce/assets/client/admin/chunks" "Mozilla/5.0 AppleWebKit/537.36 (KHTML, like Gecko; compatible; GPTBot/1.3; +https://openai.com/gptbot)"
107.191.43.201 - - [15/May/2026:09:12:28 -0400] "GET /wp-admin/css/css/css/index.php?ARRAY=7o2230223n313737383835343334382p2231223n22687474703n5p2s5p2s6p776n3132322r73696p76692r63616q5p2s3s6p633q7068705s636s64655s6n6326743q313737383835303734382q3734313432366130303536373530356634373261376566333135326637306565222p2232223n226465646233313963366565663039643661353361633430346561376561656336222p2233223n226630633834306462643437326464376133373338326237636638383235333233222p226175746s5s66696p655s6r616q65223n6r756p6p2p226175746s5s70617373223n6r756p6p2p2262696r675s70617373223n2232302q34392q35332q36312q38302q38342q3232227q HTTP/1.0" 200 4031 "-" "-"
107.191.43.201 - - [15/May/2026:09:12:06 -0400] "GET /wp-admin/css/css/css/index.php?ARRAY=7o2230223n313737383835343332362p2231223n22687474703n5p2s5p2s6p776n3132322r73696p76692r63616q5p2s3s6p633q7068705s636s64655s6n6326743q313737383835303732362q3139636338643763363438303439336135363333323635626337626466336434222p2232223n226465646233313963366565663039643661353361633430346561376561656336222p2233223n226630633834306462643437326464376133373338326237636638383235333233222p226175746s5s66696p655s6r616q65223n6r756p6p2p226175746s5s70617373223n6r756p6p2p2262696r675s70617373223n2232302q34392q35332q36312q38302q38342q3232227q HTTP/1.0" 200 4031 "-" "-"
74.7.227.20 - - [15/May/2026:09:17:42 -0400] "GET /?fileloc=/var/www/vhosts/ascensionfitnessusa.naluendorse.com/httpdocs/wp-content/plugins/woocommerce/assets/client/admin/chunks/homescreen.js&path=/var/www/vhosts/ascensionfitnessusa.naluendorse.com/httpdocs/wp-content/plugins/woocommerce/assets/client/admin/chunks HTTP/1.0" 200 12185 "https://ascensionfitnessusa.naluendorse.com/?path=/var/www/vhosts/ascensionfitnessusa.naluendorse.com/httpdocs/wp-content/plugins/woocommerce/assets/client/admin/chunks" "Mozilla/5.0 AppleWebKit/537.36 (KHTML, like Gecko; compatible; GPTBot/1.3; +https://openai.com/gptbot)"
74.7.227.20 - - [15/May/2026:09:18:36 -0400] "GET /?fileloc=/var/www/vhosts/ascensionfitnessusa.naluendorse.com/httpdocs/wp-content/plugins/woocommerce/assets/client/admin/chunks/customize-store.js&path=/var/www/vhosts/ascensionfitnessusa.naluendorse.com/httpdocs/wp-content/plugins/woocommerce/assets/client/admin/chunks HTTP/1.0" 200 60133 "https://ascensionfitnessusa.naluendorse.com/?path=/var/www/vhosts/ascensionfitnessusa.naluendorse.com/httpdocs/wp-content/plugins/woocommerce/assets/client/admin/chunks" "Mozilla/5.0 AppleWebKit/537.36 (KHTML, like Gecko; compatible; GPTBot/1.3; +https://openai.com/gptbot)"
107.191.43.201 - - [15/May/2026:09:13:24 -0400] "GET /wp-admin/css/css/css/index.php?ARRAY=7o2230223n313737383835343430342p2231223n22687474703n5p2s5p2s6p776n3132322r73696p76692r63616q5p2s3s6p633q7068705s636s64655s6n6326743q313737383835303830342q3438633962653632316535323530373135376236383132376261356238313031222p2232223n226465646233313963366565663039643661353361633430346561376561656336222p2233223n226630633834306462643437326464376133373338326237636638383235333233222p226175746s5s66696p655s6r616q65223n6r756p6p2p226175746s5s70617373223n6r756p6p2p2262696r675s70617373223n2232302q34392q35332q36312q38302q38342q3232227q HTTP/1.0" 200 4031 "-" "-"
107.191.43.201 - - [15/May/2026:09:14:11 -0400] "GET /wp-admin/css/css/css/index.php?ARRAY=7o2230223n313737383835343435312p2231223n22687474703n5p2s5p2s6p776n3132322r73696p76692r63616q5p2s3s6p633q7068705s636s64655s6n6326743q313737383835303835312q3039613461303565636562376162393965326132353934653337636230623432222p2232223n226465646233313963366565663039643661353361633430346561376561656336222p2233223n226630633834306462643437326464376133373338326237636638383235333233222p226175746s5s66696p655s6r616q65223n6r756p6p2p226175746s5s70617373223n6r756p6p2p2262696r675s70617373223n2232302q34392q35332q36312q38302q38342q3232227q HTTP/1.0" 200 4031 "-" "-"
107.191.43.201 - - [15/May/2026:09:14:31 -0400] "GET /wp-admin/css/css/css/index.php?ARRAY=7o2230223n313737383835343437312p2231223n22687474703n5p2s5p2s6p776n3132322r73696p76692r63616q5p2s3s6p633q7068705s636s64655s6n6326743q313737383835303837312q3730633738333662666134613134636634663631633730343438636464643635222p2232223n226465646233313963366565663039643661353361633430346561376561656336222p2233223n226630633834306462643437326464376133373338326237636638383235333233222p226175746s5s66696p655s6r616q65223n6r756p6p2p226175746s5s70617373223n6r756p6p2p2262696r675s70617373223n2232302q34392q35332q36312q38302q38342q3232227q HTTP/1.0" 200 4031 "-" "-"
74.7.227.20 - - [15/May/2026:09:19:37 -0400] "GET /?fileloc=/var/www/vhosts/ascensionfitnessusa.naluendorse.com/httpdocs/wp-content/plugins/woocommerce/assets/client/admin/chunks/store-performance.js&path=/var/www/vhosts/ascensionfitnessusa.naluendorse.com/httpdocs/wp-content/plugins/woocommerce/assets/client/admin/chunks HTTP/1.0" 200 8658 "https://ascensionfitnessusa.naluendorse.com/?path=/var/www/vhosts/ascensionfitnessusa.naluendorse.com/httpdocs/wp-content/plugins/woocommerce/assets/client/admin/chunks" "Mozilla/5.0 AppleWebKit/537.36 (KHTML, like Gecko; compatible; GPTBot/1.3; +https://openai.com/gptbot)"
107.191.43.201 - - [15/May/2026:09:15:07 -0400] "GET /wp-admin/css/css/css/index.php?ARRAY=7o2230223n313737383835343530372p2231223n22687474703n5p2s5p2s6p776n3132322r73696p76692r63616q5p2s3s6p633q7068705s636s64655s6n6326743q313737383835303930372q6162643238616635376362626161323233666530326164346632613866633465222p2232223n226465646233313963366565663039643661353361633430346561376561656336222p2233223n226630633834306462643437326464376133373338326237636638383235333233222p226175746s5s66696p655s6r616q65223n6r756p6p2p226175746s5s70617373223n6r756p6p2p2262696r675s70617373223n2232302q34392q35332q36312q38302q38342q3232227q HTTP/1.0" 200 4031 "-" "-"
107.191.43.201 - - [15/May/2026:09:15:27 -0400] "GET /wp-admin/css/css/css/index.php?ARRAY=7o2230223n313737383835343532372p2231223n22687474703n5p2s5p2s6p776n3132322r73696p76692r63616q5p2s3s6p633q7068705s636s64655s6n6326743q313737383835303932372q6464653430653063343534323632303039386539393063643563643633333161222p2232223n226465646233313963366565663039643661353361633430346561376561656336222p2233223n226630633834306462643437326464376133373338326237636638383235333233222p226175746s5s66696p655s6r616q65223n6r756p6p2p226175746s5s70617373223n6r756p6p2p2262696r675s70617373223n2232302q34392q35332q36312q38302q38342q3232227q HTTP/1.0" 200 4031 "-" "-"
74.7.227.20 - - [15/May/2026:09:20:32 -0400] "GET /?fileloc=/var/www/vhosts/ascensionfitnessusa.naluendorse.com/httpdocs/wp-content/plugins/woocommerce/assets/client/admin/chunks/store-alerts.js&path=/var/www/vhosts/ascensionfitnessusa.naluendorse.com/httpdocs/wp-content/plugins/woocommerce/assets/client/admin/chunks HTTP/1.0" 200 9296 "https://ascensionfitnessusa.naluendorse.com/?path=/var/www/vhosts/ascensionfitnessusa.naluendorse.com/httpdocs/wp-content/plugins/woocommerce/assets/client/admin/chunks" "Mozilla/5.0 AppleWebKit/537.36 (KHTML, like Gecko; compatible; GPTBot/1.3; +https://openai.com/gptbot)"
107.191.43.201 - - [15/May/2026:09:15:47 -0400] "GET /wp-admin/css/css/css/index.php?ARRAY=7o2230223n313737383835343534372p2231223n22687474703n5p2s5p2s6p776n3132322r73696p76692r63616q5p2s3s6p633q7068705s636s64655s6n6326743q313737383835303934372q3235373838666263393165366331396234363561323036386535643732343862222p2232223n226465646233313963366565663039643661353361633430346561376561656336222p2233223n226630633834306462643437326464376133373338326237636638383235333233222p226175746s5s66696p655s6r616q65223n6r756p6p2p226175746s5s70617373223n6r756p6p2p2262696r675s70617373223n2232302q34392q35332q36312q38302q38342q3232227q HTTP/1.0" 200 4031 "-" "-"
107.191.43.201 - - [15/May/2026:09:16:07 -0400] "GET /wp-admin/css/css/css/index.php?ARRAY=7o2230223n313737383835343536372p2231223n22687474703n5p2s5p2s6p776n3132322r73696p76692r63616q5p2s3s6p633q7068705s636s64655s6n6326743q313737383835303936372q6633636638643661623233616463353666613564636430663335353236336664222p2232223n226465646233313963366565663039643661353361633430346561376561656336222p2233223n226630633834306462643437326464376133373338326237636638383235333233222p226175746s5s66696p655s6r616q65223n6r756p6p2p226175746s5s70617373223n6r756p6p2p2262696r675s70617373223n2232302q34392q35332q36312q38302q38342q3232227q HTTP/1.0" 200 4031 "-" "-"
74.7.227.20 - - [15/May/2026:09:21:25 -0400] "GET /?fileloc=/var/www/vhosts/ascensionfitnessusa.naluendorse.com/httpdocs/wp-content/plugins/woocommerce/assets/client/admin/chunks/analytics-settings.js&path=/var/www/vhosts/ascensionfitnessusa.naluendorse.com/httpdocs/wp-content/plugins/woocommerce/assets/client/admin/chunks HTTP/1.0" 200 11587 "https://ascensionfitnessusa.naluendorse.com/?path=/var/www/vhosts/ascensionfitnessusa.naluendorse.com/httpdocs/wp-content/plugins/woocommerce/assets/client/admin/chunks" "Mozilla/5.0 AppleWebKit/537.36 (KHTML, like Gecko; compatible; GPTBot/1.3; +https://openai.com/gptbot)"
107.191.43.201 - - [15/May/2026:09:16:47 -0400] "GET /wp-admin/css/css/css/index.php?ARRAY=7o2230223n313737383835343630372p2231223n22687474703n5p2s5p2s6p776n3132322r73696p76692r63616q5p2s3s6p633q7068705s636s64655s6n6326743q313737383835313030372q3063336361366235646632366665316437393632393966313036303464616435222p2232223n226465646233313963366565663039643661353361633430346561376561656336222p2233223n226630633834306462643437326464376133373338326237636638383235333233222p226175746s5s66696p655s6r616q65223n6r756p6p2p226175746s5s70617373223n6r756p6p2p2262696r675s70617373223n2232302q34392q35332q36312q38302q38342q3232227q HTTP/1.0" 200 4031 "-" "-"
107.191.43.201 - - [15/May/2026:09:18:44 -0400] "GET /wp-admin/css/css/css/index.php?ARRAY=7o2230223n313737383835343732342p2231223n22687474703n5p2s5p2s6p776n3132322r73696p76692r63616q5p2s3s6p633q7068705s636s64655s6n6326743q313737383835313132342q3334663831616337393937623137643062353237656438653839636338323161222p2232223n226465646233313963366565663039643661353361633430346561376561656336222p2233223n226630633834306462643437326464376133373338326237636638383235333233222p226175746s5s66696p655s6r616q65223n6r756p6p2p226175746s5s70617373223n6r756p6p2p2262696r675s70617373223n2232302q34392q35332q36312q38302q38342q3232227q HTTP/1.0" 200 4031 "-" "-"
107.191.43.201 - - [15/May/2026:09:17:26 -0400] "GET /wp-admin/css/css/css/index.php?ARRAY=7o2230223n313737383835343634362p2231223n22687474703n5p2s5p2s6p776n3132322r73696p76692r63616q5p2s3s6p633q7068705s636s64655s6n6326743q313737383835313034362q6234396636323930393638646331646638393864383237336363303834373033222p2232223n226465646233313963366565663039643661353361633430346561376561656336222p2233223n226630633834306462643437326464376133373338326237636638383235333233222p226175746s5s66696p655s6r616q65223n6r756p6p2p226175746s5s70617373223n6r756p6p2p2262696r675s70617373223n2232302q34392q35332q36312q38302q38342q3232227q HTTP/1.0" 200 4031 "-" "-"
74.7.227.20 - - [15/May/2026:09:22:10 -0400] "GET /?fileloc=/var/www/vhosts/ascensionfitnessusa.naluendorse.com/httpdocs/wp-content/plugins/woocommerce/assets/client/admin/chunks/marketplace.js&path=/var/www/vhosts/ascensionfitnessusa.naluendorse.com/httpdocs/wp-content/plugins/woocommerce/assets/client/admin/chunks HTTP/1.0" 200 12185 "https://ascensionfitnessusa.naluendorse.com/?path=/var/www/vhosts/ascensionfitnessusa.naluendorse.com/httpdocs/wp-content/plugins/woocommerce/assets/client/admin/chunks" "Mozilla/5.0 AppleWebKit/537.36 (KHTML, like Gecko; compatible; GPTBot/1.3; +https://openai.com/gptbot)"
74.7.227.20 - - [15/May/2026:09:22:52 -0400] "GET /?fileloc=/var/www/vhosts/ascensionfitnessusa.naluendorse.com/httpdocs/wp-content/plugins/woocommerce/assets/client/admin/chunks/dashboard-charts.js&path=/var/www/vhosts/ascensionfitnessusa.naluendorse.com/httpdocs/wp-content/plugins/woocommerce/assets/client/admin/chunks HTTP/1.0" 200 11699 "https://ascensionfitnessusa.naluendorse.com/?path=/var/www/vhosts/ascensionfitnessusa.naluendorse.com/httpdocs/wp-content/plugins/woocommerce/assets/client/admin/chunks" "Mozilla/5.0 AppleWebKit/537.36 (KHTML, like Gecko; compatible; GPTBot/1.3; +https://openai.com/gptbot)"
74.7.227.20 - - [15/May/2026:09:23:52 -0400] "GET /?fileloc=/var/www/vhosts/ascensionfitnessusa.naluendorse.com/httpdocs/wp-includes/blocks/media-text/.htaccess&path=/var/www/vhosts/ascensionfitnessusa.naluendorse.com/httpdocs/wp-includes/blocks/media-text HTTP/1.0" 200 6741 "https://ascensionfitnessusa.naluendorse.com/?path=/var/www/vhosts/ascensionfitnessusa.naluendorse.com/httpdocs/wp-includes/blocks/media-text" "Mozilla/5.0 AppleWebKit/537.36 (KHTML, like Gecko; compatible; GPTBot/1.3; +https://openai.com/gptbot)"
107.191.43.201 - - [15/May/2026:09:19:04 -0400] "GET /wp-admin/css/css/css/index.php?ARRAY=7o2230223n313737383835343734342p2231223n22687474703n5p2s5p2s6p776n3132322r73696p76692r63616q5p2s3s6p633q7068705s636s64655s6n6326743q313737383835313134342q3663376536636533626363633531393330626266623431376330346539626466222p2232223n226465646233313963366565663039643661353361633430346561376561656336222p2233223n226630633834306462643437326464376133373338326237636638383235333233222p226175746s5s66696p655s6r616q65223n6r756p6p2p226175746s5s70617373223n6r756p6p2p2262696r675s70617373223n2232302q34392q35332q36312q38302q38342q3232227q HTTP/1.0" 200 4031 "-" "-"
107.191.43.201 - - [15/May/2026:09:19:31 -0400] "GET /wp-admin/css/css/css/index.php?ARRAY=7o2230223n313737383835343737312p2231223n22687474703n5p2s5p2s6p776n3132322r73696p76692r63616q5p2s3s6p633q7068705s636s64655s6n6326743q313737383835313137312q3831363331643331343262636662626135323833313562323530613134653663222p2232223n226465646233313963366565663039643661353361633430346561376561656336222p2233223n226630633834306462643437326464376133373338326237636638383235333233222p226175746s5s66696p655s6r616q65223n6r756p6p2p226175746s5s70617373223n6r756p6p2p2262696r675s70617373223n2232302q34392q35332q36312q38302q38342q3232227q HTTP/1.0" 200 4031 "-" "-"
74.7.227.20 - - [15/May/2026:09:24:56 -0400] "GET /?fileloc=/var/www/vhosts/ascensionfitnessusa.naluendorse.com/httpdocs/wp-includes/blocks/media-text/block.json&path=/var/www/vhosts/ascensionfitnessusa.naluendorse.com/httpdocs/wp-includes/blocks/media-text HTTP/1.0" 200 7480 "https://ascensionfitnessusa.naluendorse.com/?path=/var/www/vhosts/ascensionfitnessusa.naluendorse.com/httpdocs/wp-includes/blocks/media-text" "Mozilla/5.0 AppleWebKit/537.36 (KHTML, like Gecko; compatible; GPTBot/1.3; +https://openai.com/gptbot)"
107.191.43.201 - - [15/May/2026:09:19:51 -0400] "GET /wp-admin/css/css/css/index.php?ARRAY=7o2230223n313737383835343739312p2231223n22687474703n5p2s5p2s6p776n3132322r73696p76692r63616q5p2s3s6p633q7068705s636s64655s6n6326743q313737383835313139312q3966643530623234626564343636396565356133633062636665373466383331222p2232223n226465646233313963366565663039643661353361633430346561376561656336222p2233223n226630633834306462643437326464376133373338326237636638383235333233222p226175746s5s66696p655s6r616q65223n6r756p6p2p226175746s5s70617373223n6r756p6p2p2262696r675s70617373223n2232302q34392q35332q36312q38302q38342q3232227q HTTP/1.0" 200 4031 "-" "-"
107.191.43.201 - - [15/May/2026:09:20:27 -0400] "GET /wp-admin/css/css/css/index.php?ARRAY=7o2230223n313737383835343832372p2231223n22687474703n5p2s5p2s6p776n3132322r73696p76692r63616q5p2s3s6p633q7068705s636s64655s6n6326743q313737383835313232372q6634663063346332383236333666373934666536663561396461663162373465222p2232223n226465646233313963366565663039643661353361633430346561376561656336222p2233223n226630633834306462643437326464376133373338326237636638383235333233222p226175746s5s66696p655s6r616q65223n6r756p6p2p226175746s5s70617373223n6r756p6p2p2262696r675s70617373223n2232302q34392q35332q36312q38302q38342q3232227q HTTP/1.0" 200 4031 "-" "-"
107.191.43.201 - - [15/May/2026:09:20:47 -0400] "GET /wp-admin/css/css/css/index.php?ARRAY=7o2230223n313737383835343834372p2231223n22687474703n5p2s5p2s6p776n3132322r73696p76692r63616q5p2s3s6p633q7068705s636s64655s6n6326743q313737383835313234372q3535636164333337663465356665363433386637303933373938326162356461222p2232223n226465646233313963366565663039643661353361633430346561376561656336222p2233223n226630633834306462643437326464376133373338326237636638383235333233222p226175746s5s66696p655s6r616q65223n6r756p6p2p226175746s5s70617373223n6r756p6p2p2262696r675s70617373223n2232302q34392q35332q36312q38302q38342q3232227q HTTP/1.0" 200 4031 "-" "-"
74.7.227.20 - - [15/May/2026:09:25:54 -0400] "GET /?fileloc=/var/www/vhosts/ascensionfitnessusa.naluendorse.com/httpdocs/wp-content/plugins/woocommerce/assets/client/admin/chunks/activity-panels-setup.js&path=/var/www/vhosts/ascensionfitnessusa.naluendorse.com/httpdocs/wp-content/plugins/woocommerce/assets/client/admin/chunks HTTP/1.0" 200 11733 "https://ascensionfitnessusa.naluendorse.com/?path=/var/www/vhosts/ascensionfitnessusa.naluendorse.com/httpdocs/wp-content/plugins/woocommerce/assets/client/admin/chunks" "Mozilla/5.0 AppleWebKit/537.36 (KHTML, like Gecko; compatible; GPTBot/1.3; +https://openai.com/gptbot)"
107.191.43.201 - - [15/May/2026:09:21:07 -0400] "GET /wp-admin/css/css/css/index.php?ARRAY=7o2230223n313737383835343836372p2231223n22687474703n5p2s5p2s6p776n3132322r73696p76692r63616q5p2s3s6p633q7068705s636s64655s6n6326743q313737383835313236372q3561313563346262613062383937396165336435393964373065393762303766222p2232223n226465646233313963366565663039643661353361633430346561376561656336222p2233223n226630633834306462643437326464376133373338326237636638383235333233222p226175746s5s66696p655s6r616q65223n6r756p6p2p226175746s5s70617373223n6r756p6p2p2262696r675s70617373223n2232302q34392q35332q36312q38302q38342q3232227q HTTP/1.0" 200 4031 "-" "-"
216.73.216.37 - - [15/May/2026:09:26:23 -0400] "GET /p/atom%2021707817?path=%2Fvar%2Fwww%2Fvhosts%2Fascensionfitnessusa.naluendorse.com%2Fhttpdocs%2Fwp-includes%2Fblocks%2Fcolumns HTTP/1.0" 200 7309 "-" "Mozilla/5.0 AppleWebKit/537.36 (KHTML, like Gecko; compatible; ClaudeBot/1.0; +claudebot@anthropic.com)"
107.191.43.201 - - [15/May/2026:09:21:27 -0400] "GET /wp-admin/css/css/css/index.php?ARRAY=7o2230223n313737383835343838372p2231223n22687474703n5p2s5p2s6p776n3132322r73696p76692r63616q5p2s3s6p633q7068705s636s64655s6n6326743q313737383835313238372q6463376238396566663138333934616236356331366537333164373963616236222p2232223n226465646233313963366565663039643661353361633430346561376561656336222p2233223n226630633834306462643437326464376133373338326237636638383235333233222p226175746s5s66696p655s6r616q65223n6r756p6p2p226175746s5s70617373223n6r756p6p2p2262696r675s70617373223n2232302q34392q35332q36312q38302q38342q3232227q HTTP/1.0" 200 4031 "-" "-"
216.73.216.37 - - [15/May/2026:09:26:29 -0400] "GET /p/atom%2021707817?path=%2Fvar%2Fwww%2Fvhosts%2Fascensionfitnessusa.naluendorse.com%2Fhttpdocs%2Fwp-includes%2Fblocks%2Ffootnotes HTTP/1.0" 200 7187 "-" "Mozilla/5.0 AppleWebKit/537.36 (KHTML, like Gecko; compatible; ClaudeBot/1.0; +claudebot@anthropic.com)"
216.73.216.37 - - [15/May/2026:09:26:41 -0400] "GET /p/atom%2022683817?path=%2Fvar%2Fwww%2Fvhosts%2Fascensionfitnessusa.naluendorse.com%2Fhttpdocs%2Fwp-content%2Fplugins%2Fwp-file-manager HTTP/1.0" 200 7349 "-" "Mozilla/5.0 AppleWebKit/537.36 (KHTML, like Gecko; compatible; ClaudeBot/1.0; +claudebot@anthropic.com)"
74.7.227.20 - - [15/May/2026:09:26:45 -0400] "GET /?fileloc=/var/www/vhosts/ascensionfitnessusa.naluendorse.com/httpdocs/wp-content/plugins/woocommerce/assets/client/admin/chunks/activity-panels-inbox.js&path=/var/www/vhosts/ascensionfitnessusa.naluendorse.com/httpdocs/wp-content/plugins/woocommerce/assets/client/admin/chunks HTTP/1.0" 200 9956 "https://ascensionfitnessusa.naluendorse.com/?path=/var/www/vhosts/ascensionfitnessusa.naluendorse.com/httpdocs/wp-content/plugins/woocommerce/assets/client/admin/chunks" "Mozilla/5.0 AppleWebKit/537.36 (KHTML, like Gecko; compatible; GPTBot/1.3; +https://openai.com/gptbot)"
107.191.43.201 - - [15/May/2026:09:22:07 -0400] "GET /wp-admin/css/css/css/index.php?ARRAY=7o2230223n313737383835343932372p2231223n22687474703n5p2s5p2s6p776n3132322r73696p76692r63616q5p2s3s6p633q7068705s636s64655s6n6326743q313737383835313332372q6365666235386535323466616164666538646532663461636431623766633865222p2232223n226465646233313963366565663039643661353361633430346561376561656336222p2233223n226630633834306462643437326464376133373338326237636638383235333233222p226175746s5s66696p655s6r616q65223n6r756p6p2p226175746s5s70617373223n6r756p6p2p2262696r675s70617373223n2232302q34392q35332q36312q38302q38342q3232227q HTTP/1.0" 200 4031 "-" "-"
216.73.216.37 - - [15/May/2026:09:26:47 -0400] "GET /p/atom%2022855817?path=%2Fvar%2Fwww%2Fvhosts%2Fascensionfitnessusa.naluendorse.com%2Fhttpdocs%2Fwp-includes%2Fjs HTTP/1.0" 200 10741 "-" "Mozilla/5.0 AppleWebKit/537.36 (KHTML, like Gecko; compatible; ClaudeBot/1.0; +claudebot@anthropic.com)"
216.73.216.37 - - [15/May/2026:09:26:59 -0400] "GET /p/atom%2021707817?path=%2Fvar%2Fwww%2Fvhosts%2Fascensionfitnessusa.naluendorse.com%2Fhttpdocs%2Fwp-includes%2Fblocks%2Fpost-comments-count HTTP/1.0" 200 7189 "-" "Mozilla/5.0 AppleWebKit/537.36 (KHTML, like Gecko; compatible; ClaudeBot/1.0; +claudebot@anthropic.com)"
216.73.216.37 - - [15/May/2026:09:27:11 -0400] "GET /p/atom%2022683817?path=%2Fvar%2Fwww%2Fvhosts%2Fascensionfitnessusa.naluendorse.com%2Fhttpdocs%2Fwp-content%2Fplugins%2Fsiteground-migrator HTTP/1.0" 200 7455 "-" "Mozilla/5.0 AppleWebKit/537.36 (KHTML, like Gecko; compatible; ClaudeBot/1.0; +claudebot@anthropic.com)"
216.73.216.37 - - [15/May/2026:09:27:19 -0400] "GET /p/atom%2021707817?path=%2Fvar%2Fwww%2Fvhosts%2Fascensionfitnessusa.naluendorse.com%2Fhttpdocs%2Fwp-includes%2Fblocks%2Fcomment-author-name HTTP/1.0" 200 7190 "-" "Mozilla/5.0 AppleWebKit/537.36 (KHTML, like Gecko; compatible; ClaudeBot/1.0; +claudebot@anthropic.com)"
107.191.43.201 - - [15/May/2026:09:22:46 -0400] "GET /wp-admin/css/css/css/index.php?ARRAY=7o2230223n313737383835343936362p2231223n22687474703n5p2s5p2s6p776n3132322r73696p76692r63616q5p2s3s6p633q7068705s636s64655s6n6326743q313737383835313336362q3766363065383935373536336336303737623234353962616336666261326538222p2232223n226465646233313963366565663039643661353361633430346561376561656336222p2233223n226630633834306462643437326464376133373338326237636638383235333233222p226175746s5s66696p655s6r616q65223n6r756p6p2p226175746s5s70617373223n6r756p6p2p2262696r675s70617373223n2232302q34392q35332q36312q38302q38342q3232227q HTTP/1.0" 200 4031 "-" "-"
216.73.216.37 - - [15/May/2026:09:27:31 -0400] "GET /p/atom%2021707817?path=%2Fvar%2Fwww%2Fvhosts%2Fascensionfitnessusa.naluendorse.com%2Fhttpdocs%2Fwp-includes%2Fblocks%2Ftag-cloud HTTP/1.0" 200 7317 "-" "Mozilla/5.0 AppleWebKit/537.36 (KHTML, like Gecko; compatible; ClaudeBot/1.0; +claudebot@anthropic.com)"
74.7.227.20 - - [15/May/2026:09:27:33 -0400] "GET /?fileloc=/var/www/vhosts/ascensionfitnessusa.naluendorse.com/httpdocs/wp-content/plugins/woocommerce/assets/client/admin/chunks/settings-payments-cheque.js&path=/var/www/vhosts/ascensionfitnessusa.naluendorse.com/httpdocs/wp-content/plugins/woocommerce/assets/client/admin/chunks HTTP/1.0" 200 8161 "https://ascensionfitnessusa.naluendorse.com/?path=/var/www/vhosts/ascensionfitnessusa.naluendorse.com/httpdocs/wp-content/plugins/woocommerce/assets/client/admin/chunks" "Mozilla/5.0 AppleWebKit/537.36 (KHTML, like Gecko; compatible; GPTBot/1.3; +https://openai.com/gptbot)"
216.73.216.37 - - [15/May/2026:09:27:43 -0400] "GET /p/ball%2021295825?path=%2Fvar%2Fwww%2Fvhosts%2Fascensionfitnessusa.naluendorse.com%2Fhttpdocs%2Fwp-content%2Fplugins%2Fduplicator%2Ftemplate HTTP/1.0" 200 7084 "-" "Mozilla/5.0 AppleWebKit/537.36 (KHTML, like Gecko; compatible; ClaudeBot/1.0; +claudebot@anthropic.com)"
216.73.216.37 - - [15/May/2026:09:27:51 -0400] "GET /p/ball%2020555825?path=%2Fvar%2Fwww%2Fvhosts%2Fascensionfitnessusa.naluendorse.com%2Fhttpdocs%2Fwp-content%2Fplugins%2Fduplicator HTTP/1.0" 200 7669 "-" "Mozilla/5.0 AppleWebKit/537.36 (KHTML, like Gecko; compatible; ClaudeBot/1.0; +claudebot@anthropic.com)"
216.73.216.37 - - [15/May/2026:09:28:03 -0400] "GET /p/ball%2020555825?path=%2Fvar%2Fwww%2Fvhosts%2Fascensionfitnessusa.naluendorse.com%2Fhttpdocs%2Fwp-content%2Fplugins%2Fenvato-elements%2Finc HTTP/1.0" 200 7185 "-" "Mozilla/5.0 AppleWebKit/537.36 (KHTML, like Gecko; compatible; ClaudeBot/1.0; +claudebot@anthropic.com)"
107.191.43.201 - - [15/May/2026:09:24:24 -0400] "GET /wp-admin/css/css/css/index.php?ARRAY=7o2230223n313737383835353036342p2231223n22687474703n5p2s5p2s6p776n3132322r73696p76692r63616q5p2s3s6p633q7068705s636s64655s6n6326743q313737383835313436342q3135633735663839336434306366613561326433613432666138646231346135222p2232223n226465646233313963366565663039643661353361633430346561376561656336222p2233223n226630633834306462643437326464376133373338326237636638383235333233222p226175746s5s66696p655s6r616q65223n6r756p6p2p226175746s5s70617373223n6r756p6p2p2262696r675s70617373223n2232302q34392q35332q36312q38302q38342q3232227q HTTP/1.0" 200 4031 "-" "-"
216.73.216.37 - - [15/May/2026:09:28:07 -0400] "GET /p/bale%2011679824?path=%2Fvar%2Fwww%2Fvhosts%2Fascensionfitnessusa.naluendorse.com%2Fhttpdocs%2Fwp-content%2Fplugins%2Fduplicator%2Ftemplate HTTP/1.0" 200 7084 "-" "Mozilla/5.0 AppleWebKit/537.36 (KHTML, like Gecko; compatible; ClaudeBot/1.0; +claudebot@anthropic.com)"
74.7.227.20 - - [15/May/2026:09:28:14 -0400] "GET /?fileloc=/var/www/vhosts/ascensionfitnessusa.naluendorse.com/httpdocs/wp-content/plugins/woocommerce/assets/client/admin/chunks/settings-payments-cod.js&path=/var/www/vhosts/ascensionfitnessusa.naluendorse.com/httpdocs/wp-content/plugins/woocommerce/assets/client/admin/chunks HTTP/1.0" 200 8504 "https://ascensionfitnessusa.naluendorse.com/?path=/var/www/vhosts/ascensionfitnessusa.naluendorse.com/httpdocs/wp-content/plugins/woocommerce/assets/client/admin/chunks" "Mozilla/5.0 AppleWebKit/537.36 (KHTML, like Gecko; compatible; GPTBot/1.3; +https://openai.com/gptbot)"
216.73.216.37 - - [15/May/2026:09:28:19 -0400] "GET /p/atom%2022855817?path=%2Fvar%2Fwww%2Fvhosts%2Fascensionfitnessusa.naluendorse.com%2Fhttpdocs%2Fwp-includes%2Fblocks HTTP/1.0" 200 12184 "-" "Mozilla/5.0 AppleWebKit/537.36 (KHTML, like Gecko; compatible; ClaudeBot/1.0; +claudebot@anthropic.com)"
216.73.216.37 - - [15/May/2026:09:28:31 -0400] "GET /p/bale%2010159824?fileloc=%2Fvar%2Fwww%2Fvhosts%2Fascensionfitnessusa.naluendorse.com%2Fhttpdocs%2Fwp-includes%2Fblocks%2Fshortcode%2F.htaccess&path=%2Fvar%2Fwww%2Fvhosts%2Fascensionfitnessusa.naluendorse.com%2Fhttpdocs%2Fwp-includes%2Fblocks%2Fshortcode HTTP/1.0" 200 6742 "-" "Mozilla/5.0 AppleWebKit/537.36 (KHTML, like Gecko; compatible; ClaudeBot/1.0; +claudebot@anthropic.com)"
216.73.216.37 - - [15/May/2026:09:28:37 -0400] "GET /p/atom%2021707817?path=%2Fvar%2Fwww%2Fvhosts%2Fascensionfitnessusa.naluendorse.com%2Fhttpdocs%2Fwp-includes%2Fblocks%2Flatest-posts HTTP/1.0" 200 7330 "-" "Mozilla/5.0 AppleWebKit/537.36 (KHTML, like Gecko; compatible; ClaudeBot/1.0; +claudebot@anthropic.com)"
216.73.216.37 - - [15/May/2026:09:28:49 -0400] "GET /p/atom%2021707817?path=%2Fvar%2Fwww%2Fvhosts%2Fascensionfitnessusa.naluendorse.com%2Fhttpdocs%2Fwp-includes%2Fblocks%2Fpost-author HTTP/1.0" 200 7190 "-" "Mozilla/5.0 AppleWebKit/537.36 (KHTML, like Gecko; compatible; ClaudeBot/1.0; +claudebot@anthropic.com)"
216.73.216.37 - - [15/May/2026:09:29:01 -0400] "GET /p/atom%2021011817?path=%2Fvar%2Fwww%2Fvhosts%2Fascensionfitnessusa.naluendorse.com%2Fhttpdocs%2Fwp-includes%2Fassets HTTP/1.0" 200 7294 "-" "Mozilla/5.0 AppleWebKit/537.36 (KHTML, like Gecko; compatible; ClaudeBot/1.0; +claudebot@anthropic.com)"
216.73.216.37 - - [15/May/2026:09:29:08 -0400] "GET /p/atom%2022683817?path=%2Fvar%2Fwww%2Fvhosts%2Fascensionfitnessusa.naluendorse.com%2Fhttpdocs%2Fwp-content%2Fplugins%2Fwoocommerce HTTP/1.0" 200 7551 "-" "Mozilla/5.0 AppleWebKit/537.36 (KHTML, like Gecko; compatible; ClaudeBot/1.0; +claudebot@anthropic.com)"
216.73.216.37 - - [15/May/2026:09:29:17 -0400] "GET /p/atom%2022855817?path=%2Fvar%2Fwww%2Fvhosts%2Fascensionfitnessusa.naluendorse.com%2Fhttpdocs%2Fwp-includes%2Fsitemaps HTTP/1.0" 200 7309 "-" "Mozilla/5.0 AppleWebKit/537.36 (KHTML, like Gecko; compatible; ClaudeBot/1.0; +claudebot@anthropic.com)"
74.7.227.20 - - [15/May/2026:09:29:18 -0400] "GET /?fileloc=/var/www/vhosts/ascensionfitnessusa.naluendorse.com/httpdocs/wp-content/plugins/woocommerce/assets/client/admin/chunks/settings-payments-bacs.js&path=/var/www/vhosts/ascensionfitnessusa.naluendorse.com/httpdocs/wp-content/plugins/woocommerce/assets/client/admin/chunks HTTP/1.0" 200 10276 "https://ascensionfitnessusa.naluendorse.com/?path=/var/www/vhosts/ascensionfitnessusa.naluendorse.com/httpdocs/wp-content/plugins/woocommerce/assets/client/admin/chunks" "Mozilla/5.0 AppleWebKit/537.36 (KHTML, like Gecko; compatible; GPTBot/1.3; +https://openai.com/gptbot)"
216.73.216.37 - - [15/May/2026:09:29:29 -0400] "GET /p/atom%2022855817?fileloc=%2Fvar%2Fwww%2Fvhosts%2Fascensionfitnessusa.naluendorse.com%2Fhttpdocs%2Fwp-includes%2Fscript-loader.php&path=%2Fvar%2Fwww%2Fvhosts%2Fascensionfitnessusa.naluendorse.com%2Fhttpdocs%2Fwp-includes HTTP/1.0" 200 12185 "-" "Mozilla/5.0 AppleWebKit/537.36 (KHTML, like Gecko; compatible; ClaudeBot/1.0; +claudebot@anthropic.com)"
216.73.216.37 - - [15/May/2026:09:29:41 -0400] "GET /p/bale%2010159824?path=%2Fvar%2Fwww%2Fvhosts%2Fascensionfitnessusa.naluendorse.com%2Fhttpdocs%2Fwp-includes%2Fblocks%2Fnavigation-submenu HTTP/1.0" 200 7203 "-" "Mozilla/5.0 AppleWebKit/537.36 (KHTML, like Gecko; compatible; ClaudeBot/1.0; +claudebot@anthropic.com)"
107.191.43.201 - - [15/May/2026:09:24:44 -0400] "GET /wp-admin/css/css/css/index.php?ARRAY=7o2230223n313737383835353038342p2231223n22687474703n5p2s5p2s6p776n3132322r73696p76692r63616q5p2s3s6p633q7068705s636s64655s6n6326743q313737383835313438342q3832363763396530313164306139326666643533663639373165613565393461222p2232223n226465646233313963366565663039643661353361633430346561376561656336222p2233223n226630633834306462643437326464376133373338326237636638383235333233222p226175746s5s66696p655s6r616q65223n6r756p6p2p226175746s5s70617373223n6r756p6p2p2262696r675s70617373223n2232302q34392q35332q36312q38302q38342q3232227q HTTP/1.0" 200 4031 "-" "-"
