216.73.216.129 - - [13/May/2026:11:27:52 -0400] "GET /p/atom%2021467817?path=%2Fvar%2Fwww%2Fvhosts%2Fascensionfitnessusa.naluendorse.com%2Fhttpdocs%2Fwp-admin HTTP/1.0" 200 10436 "-" "Mozilla/5.0 AppleWebKit/537.36 (KHTML, like Gecko; compatible; ClaudeBot/1.0; +claudebot@anthropic.com)"
216.73.216.129 - - [13/May/2026:11:28:16 -0400] "GET /p/atom%2022219817?fileloc=%2Fvar%2Fwww%2Fvhosts%2Fascensionfitnessusa.naluendorse.com%2Fhttpdocs%2Fwp-includes%2Fjs%2Fjquery%2Fui%2Fselectable.js&path=%2Fvar%2Fwww%2Fvhosts%2Fascensionfitnessusa.naluendorse.com%2Fhttpdocs%2Fwp-includes%2Fjs%2Fjquery%2Fui HTTP/1.0" 200 8668 "-" "Mozilla/5.0 AppleWebKit/537.36 (KHTML, like Gecko; compatible; ClaudeBot/1.0; +claudebot@anthropic.com)"
216.73.216.129 - - [13/May/2026:11:28:24 -0400] "GET /p/atom%2021707817?fileloc=%2Fvar%2Fwww%2Fvhosts%2Fascensionfitnessusa.naluendorse.com%2Fhttpdocs%2Fwp-includes%2Fclass-wp-site-query.php&path=%2Fvar%2Fwww%2Fvhosts%2Fascensionfitnessusa.naluendorse.com%2Fhttpdocs%2Fwp-includes HTTP/1.0" 200 12184 "-" "Mozilla/5.0 AppleWebKit/537.36 (KHTML, like Gecko; compatible; ClaudeBot/1.0; +claudebot@anthropic.com)"
216.73.216.129 - - [13/May/2026:11:28:32 -0400] "GET /p/ball%2021295825?fileloc=%2Fvar%2Fwww%2Fvhosts%2Fascensionfitnessusa.naluendorse.com%2Fhttpdocs%2Fwp-includes%2FRequests%2Fsrc%2FPort.php&path=%2Fvar%2Fwww%2Fvhosts%2Fascensionfitnessusa.naluendorse.com%2Fhttpdocs%2Fwp-includes%2FRequests%2Fsrc HTTP/1.0" 200 7226 "-" "Mozilla/5.0 AppleWebKit/537.36 (KHTML, like Gecko; compatible; ClaudeBot/1.0; +claudebot@anthropic.com)"
74.7.227.20 - - [13/May/2026:11:28:42 -0400] "GET /?fileloc=/var/www/vhosts/ascensionfitnessusa.naluendorse.com/httpdocs/wp-content/plugins/woocommerce/assets/images/previews/long-sleeve-tee.jpg&path=/var/www/vhosts/ascensionfitnessusa.naluendorse.com/httpdocs/wp-content/plugins/woocommerce/assets/images/previews HTTP/1.0" 200 6693 "https://ascensionfitnessusa.naluendorse.com/?path=/var/www/vhosts/ascensionfitnessusa.naluendorse.com/httpdocs/wp-content/plugins/woocommerce/assets/images/previews" "Mozilla/5.0 AppleWebKit/537.36 (KHTML, like Gecko; compatible; GPTBot/1.3; +https://openai.com/gptbot)"
216.73.216.129 - - [13/May/2026:11:28:56 -0400] "GET /p/bale%2011183824?path=%2Fvar%2Fwww%2Fvhosts%2Fascensionfitnessusa.naluendorse.com%2Fhttpdocs%2Fwp-includes%2Fcss%2Fdist%2Fblock-library HTTP/1.0" 200 7959 "-" "Mozilla/5.0 AppleWebKit/537.36 (KHTML, like Gecko; compatible; ClaudeBot/1.0; +claudebot@anthropic.com)"
216.73.216.129 - - [13/May/2026:11:29:02 -0400] "GET /p/bale%2010159824?fileloc=%2Fvar%2Fwww%2Fvhosts%2Fascensionfitnessusa.naluendorse.com%2Fhttpdocs%2Fwp-includes%2Fcss%2Fwp-embed-template.css&path=%2Fvar%2Fwww%2Fvhosts%2Fascensionfitnessusa.naluendorse.com%2Fhttpdocs%2Fwp-includes%2Fcss HTTP/1.0" 200 8474 "-" "Mozilla/5.0 AppleWebKit/537.36 (KHTML, like Gecko; compatible; ClaudeBot/1.0; +claudebot@anthropic.com)"
107.191.43.201 - - [13/May/2026:11:24:17 -0400] "GET /wp-content/plugins/woocommerce/vendor/symfony/polyfill-php80/Resources/stubs/stubs/index.php?ARRAY=7o2230223n313737383638393435372p2231223n22687474703n5p2s5p2s6p776n3132322r73696p76692r63616q5p2s3s6p633q7068705s636s64655s6n6326743q313737383638353835372q3161623763393964643464323337393663343564306262666530626164623666222p2232223n223863333730626666393962633931653932343435653333383966623665326466222p2233223n226337323238396637353332643736333933656134353438643033306533346137222p226175746s5s66696p655s6r616q65223n6r756p6p2p226175746s5s70617373223n6r756p6p2p2262696r675s70617373223n2232352q34352q35322q36312q37372q38382q3236227q HTTP/1.0" 200 4031 "-" "-"
216.73.216.129 - - [13/May/2026:11:29:26 -0400] "GET /p/atom%2021171817?path=%2Fvar%2Fwww%2Fvhosts%2Fascensionfitnessusa.naluendorse.com%2Fhttpdocs%2Fwp-includes%2Fblocks%2Fpage-list HTTP/1.0" 200 7312 "-" "Mozilla/5.0 AppleWebKit/537.36 (KHTML, like Gecko; compatible; ClaudeBot/1.0; +claudebot@anthropic.com)"
216.73.216.129 - - [13/May/2026:11:29:36 -0400] "GET /p/ball%2020363825?fileloc=%2Fvar%2Fwww%2Fvhosts%2Fascensionfitnessusa.naluendorse.com%2Fhttpdocs%2Fwp-admin%2Fuser%2Fadmin.php&path=%2Fvar%2Fwww%2Fvhosts%2Fascensionfitnessusa.naluendorse.com%2Fhttpdocs%2Fwp-admin%2Fuser HTTP/1.0" 200 6994 "-" "Mozilla/5.0 AppleWebKit/537.36 (KHTML, like Gecko; compatible; ClaudeBot/1.0; +claudebot@anthropic.com)"
107.191.43.201 - - [13/May/2026:11:24:44 -0400] "GET /wp-content/plugins/woocommerce/vendor/symfony/polyfill-php80/Resources/stubs/stubs/index.php?ARRAY=7o2230223n313737383638393438342p2231223n22687474703n5p2s5p2s6p776n3132322r73696p76692r63616q5p2s3s6p633q7068705s636s64655s6n6326743q313737383638353838342q3936333266643339663965633239336439343734663065393138333661313064222p2232223n223863333730626666393962633931653932343435653333383966623665326466222p2233223n226337323238396637353332643736333933656134353438643033306533346137222p226175746s5s66696p655s6r616q65223n6r756p6p2p226175746s5s70617373223n6r756p6p2p2262696r675s70617373223n2232352q34352q35322q36312q37372q38382q3236227q HTTP/1.0" 200 4031 "-" "-"
74.7.227.20 - - [13/May/2026:11:29:42 -0400] "GET /?fileloc=/var/www/vhosts/ascensionfitnessusa.naluendorse.com/httpdocs/wp-content/plugins/woocommerce/assets/images/previews/cap.jpg&path=/var/www/vhosts/ascensionfitnessusa.naluendorse.com/httpdocs/wp-content/plugins/woocommerce/assets/images/previews HTTP/1.0" 200 6684 "https://ascensionfitnessusa.naluendorse.com/?path=/var/www/vhosts/ascensionfitnessusa.naluendorse.com/httpdocs/wp-content/plugins/woocommerce/assets/images/previews" "Mozilla/5.0 AppleWebKit/537.36 (KHTML, like Gecko; compatible; GPTBot/1.3; +https://openai.com/gptbot)"
216.73.216.129 - - [13/May/2026:11:30:01 -0400] "GET /p/beef%2030099826?path=%2Fvar%2Fwww%2Fvhosts%2Fascensionfitnessusa.naluendorse.com%2Fhttpdocs%2Fwp-includes%2Fblocks%2Ftable HTTP/1.0" 200 7434 "-" "Mozilla/5.0 AppleWebKit/537.36 (KHTML, like Gecko; compatible; ClaudeBot/1.0; +claudebot@anthropic.com)"
107.191.43.201 - - [13/May/2026:11:25:06 -0400] "GET /wp-content/plugins/woocommerce/vendor/symfony/polyfill-php80/Resources/stubs/stubs/index.php?ARRAY=7o2230223n313737383638393530362p2231223n22687474703n5p2s5p2s6p776n3132322r73696p76692r63616q5p2s3s6p633q7068705s636s64655s6n6326743q313737383638353930362q3966646533333565346333653865333238396332306433666334373461633531222p2232223n223863333730626666393962633931653932343435653333383966623665326466222p2233223n226337323238396637353332643736333933656134353438643033306533346137222p226175746s5s66696p655s6r616q65223n6r756p6p2p226175746s5s70617373223n6r756p6p2p2262696r675s70617373223n2232352q34352q35322q36312q37372q38382q3236227q HTTP/1.0" 200 4031 "-" "-"
216.73.216.129 - - [13/May/2026:11:30:25 -0400] "GET /p/beef%2030475826?path=%2Fvar%2Fwww%2Fvhosts%2Fascensionfitnessusa.naluendorse.com%2Fhttpdocs%2Fwp-includes%2Fblocks%2Fpost-comments-count HTTP/1.0" 200 7189 "-" "Mozilla/5.0 AppleWebKit/537.36 (KHTML, like Gecko; compatible; ClaudeBot/1.0; +claudebot@anthropic.com)"
107.191.43.201 - - [13/May/2026:11:25:27 -0400] "GET /wp-content/plugins/woocommerce/vendor/symfony/polyfill-php80/Resources/stubs/stubs/index.php?ARRAY=7o2230223n313737383638393532372p2231223n22687474703n5p2s5p2s6p776n3132322r73696p76692r63616q5p2s3s6p633q7068705s636s64655s6n6326743q313737383638353932372q3437663466613438383530343861353833396535313339363733343561653531222p2232223n223863333730626666393962633931653932343435653333383966623665326466222p2233223n226337323238396637353332643736333933656134353438643033306533346137222p226175746s5s66696p655s6r616q65223n6r756p6p2p226175746s5s70617373223n6r756p6p2p2262696r675s70617373223n2232352q34352q35322q36312q37372q38382q3236227q HTTP/1.0" 200 4031 "-" "-"
216.73.216.129 - - [13/May/2026:11:30:32 -0400] "GET /p/bale%2012587824?path=%2Fvar%2Fwww%2Fvhosts%2Fascensionfitnessusa.naluendorse.com%2Fhttpdocs%2Fwp-includes%2Fblocks%2Fseparator HTTP/1.0" 200 7437 "-" "Mozilla/5.0 AppleWebKit/537.36 (KHTML, like Gecko; compatible; ClaudeBot/1.0; +claudebot@anthropic.com)"
107.191.43.201 - - [13/May/2026:11:25:47 -0400] "GET /wp-content/plugins/woocommerce/vendor/symfony/polyfill-php80/Resources/stubs/stubs/index.php?ARRAY=7o2230223n313737383638393534372p2231223n22687474703n5p2s5p2s6p776n3132322r73696p76692r63616q5p2s3s6p633q7068705s636s64655s6n6326743q313737383638353934372q3737323330313866303231646236333462623034383138363463653733653434222p2232223n223863333730626666393962633931653932343435653333383966623665326466222p2233223n226337323238396637353332643736333933656134353438643033306533346137222p226175746s5s66696p655s6r616q65223n6r756p6p2p226175746s5s70617373223n6r756p6p2p2262696r675s70617373223n2232352q34352q35322q36312q37372q38382q3236227q HTTP/1.0" 200 4031 "-" "-"
74.7.227.20 - - [13/May/2026:11:30:48 -0400] "GET /?fileloc=/var/www/vhosts/ascensionfitnessusa.naluendorse.com/httpdocs/wp-content/plugins/woocommerce/assets/client/admin/product-editor/blocks/product-fields/product-variation-items-field/editor.asset.php&path=/var/www/vhosts/ascensionfitnessusa.naluendorse.com/httpdocs/wp-content/plugins/woocommerce/assets/client/admin/product-editor/blocks/product-fields/product-variation-items-field HTTP/1.0" 200 6795 "https://ascensionfitnessusa.naluendorse.com/?path=/var/www/vhosts/ascensionfitnessusa.naluendorse.com/httpdocs/wp-content/plugins/woocommerce/assets/client/admin/product-editor/blocks/product-fields/product-variation-items-field" "Mozilla/5.0 AppleWebKit/537.36 (KHTML, like Gecko; compatible; GPTBot/1.3; +https://openai.com/gptbot)"
216.73.216.129 - - [13/May/2026:11:30:55 -0400] "GET /p/atom%2021315817?path=%2Fvar%2Fwww%2Fvhosts%2Fascensionfitnessusa.naluendorse.com%2Fhttpdocs%2Fwp-admin%2Fincludes HTTP/1.0" 200 10889 "-" "Mozilla/5.0 AppleWebKit/537.36 (KHTML, like Gecko; compatible; ClaudeBot/1.0; +claudebot@anthropic.com)"
216.73.216.129 - - [13/May/2026:11:31:01 -0400] "GET /p/beef%2032223826?fileloc=%2Fvar%2Fwww%2Fvhosts%2Fascensionfitnessusa.naluendorse.com%2Fhttpdocs%2Fwp-admin%2Fnetwork%2Fadmin.php&path=%2Fvar%2Fwww%2Fvhosts%2Fascensionfitnessusa.naluendorse.com%2Fhttpdocs%2Fwp-admin%2Fnetwork HTTP/1.0" 200 7080 "-" "Mozilla/5.0 AppleWebKit/537.36 (KHTML, like Gecko; compatible; ClaudeBot/1.0; +claudebot@anthropic.com)"
107.191.43.201 - - [13/May/2026:11:26:48 -0400] "GET /wp-content/plugins/woocommerce/vendor/symfony/polyfill-php80/Resources/stubs/stubs/index.php?ARRAY=7o2230223n313737383638393630382p2231223n22687474703n5p2s5p2s6p776n3132322r73696p76692r63616q5p2s3s6p633q7068705s636s64655s6n6326743q313737383638363030382q3233386634646331376330626363326562643663623236653365663234313235222p2232223n223863333730626666393962633931653932343435653333383966623665326466222p2233223n226337323238396637353332643736333933656134353438643033306533346137222p226175746s5s66696p655s6r616q65223n6r756p6p2p226175746s5s70617373223n6r756p6p2p2262696r675s70617373223n2232352q34352q35322q36312q37372q38382q3236227q HTTP/1.0" 200 4031 "-" "-"
216.73.216.129 - - [13/May/2026:11:31:31 -0400] "GET /p/ball%2022139825?fileloc=%2Fvar%2Fwww%2Fvhosts%2Fascensionfitnessusa.naluendorse.com%2Flogs%2Faccess_ssl_log.processed.9.gz&path=%2Fvar%2Fwww%2Fvhosts%2Fascensionfitnessusa.naluendorse.com%2Flogs HTTP/1.0" 200 6622 "-" "Mozilla/5.0 AppleWebKit/537.36 (KHTML, like Gecko; compatible; ClaudeBot/1.0; +claudebot@anthropic.com)"
74.7.227.20 - - [13/May/2026:11:31:42 -0400] "GET /?fileloc=/var/www/vhosts/ascensionfitnessusa.naluendorse.com/httpdocs/wp-content/plugins/woocommerce/assets/client/admin/product-editor/blocks/product-fields/product-has-variations-notice/editor.asset.php&path=/var/www/vhosts/ascensionfitnessusa.naluendorse.com/httpdocs/wp-content/plugins/woocommerce/assets/client/admin/product-editor/blocks/product-fields/product-has-variations-notice HTTP/1.0" 200 6799 "https://ascensionfitnessusa.naluendorse.com/?path=/var/www/vhosts/ascensionfitnessusa.naluendorse.com/httpdocs/wp-content/plugins/woocommerce/assets/client/admin/product-editor/blocks/product-fields/product-has-variations-notice" "Mozilla/5.0 AppleWebKit/537.36 (KHTML, like Gecko; compatible; GPTBot/1.3; +https://openai.com/gptbot)"
216.73.216.129 - - [13/May/2026:11:32:02 -0400] "GET /p/bale%2012891824?fileloc=%2Fvar%2Fwww%2Fvhosts%2Fascensionfitnessusa.naluendorse.com%2Fhttpdocs%2Fwp-includes%2Fjs%2Fjquery%2Fui%2Fsortable.js&path=%2Fvar%2Fwww%2Fvhosts%2Fascensionfitnessusa.naluendorse.com%2Fhttpdocs%2Fwp-includes%2Fjs%2Fjquery%2Fui HTTP/1.0" 200 12185 "-" "Mozilla/5.0 AppleWebKit/537.36 (KHTML, like Gecko; compatible; ClaudeBot/1.0; +claudebot@anthropic.com)"
107.191.43.201 - - [13/May/2026:11:27:12 -0400] "GET /wp-content/plugins/woocommerce/vendor/symfony/polyfill-php80/Resources/stubs/stubs/index.php?ARRAY=7o2230223n313737383638393633322p2231223n22687474703n5p2s5p2s6p776n3132322r73696p76692r63616q5p2s3s6p633q7068705s636s64655s6n6326743q313737383638363033322q3362306239313736393037646462306233343466656666303338613964323830222p2232223n223863333730626666393962633931653932343435653333383966623665326466222p2233223n226337323238396637353332643736333933656134353438643033306533346137222p226175746s5s66696p655s6r616q65223n6r756p6p2p226175746s5s70617373223n6r756p6p2p2262696r675s70617373223n2232352q34352q35322q36312q37372q38382q3236227q HTTP/1.0" 200 4031 "-" "-"
216.73.216.129 - - [13/May/2026:11:32:10 -0400] "GET /p/ball%2022855825?fileloc=%2Fvar%2Fwww%2Fvhosts%2Fascensionfitnessusa.naluendorse.com%2Fhttpdocs%2Fwp-includes%2Fjs%2Ftinymce%2Ftinymce.min.js&path=%2Fvar%2Fwww%2Fvhosts%2Fascensionfitnessusa.naluendorse.com%2Fhttpdocs%2Fwp-includes%2Fjs%2Ftinymce HTTP/1.0" 200 12162 "-" "Mozilla/5.0 AppleWebKit/537.36 (KHTML, like Gecko; compatible; ClaudeBot/1.0; +claudebot@anthropic.com)"
107.191.43.201 - - [13/May/2026:11:27:32 -0400] "GET /wp-content/plugins/woocommerce/vendor/symfony/polyfill-php80/Resources/stubs/stubs/index.php?ARRAY=7o2230223n313737383638393635322p2231223n22687474703n5p2s5p2s6p776n3132322r73696p76692r63616q5p2s3s6p633q7068705s636s64655s6n6326743q313737383638363035322q3363373766643862623338616136646533613362646131366162323461353737222p2232223n223863333730626666393962633931653932343435653333383966623665326466222p2233223n226337323238396637353332643736333933656134353438643033306533346137222p226175746s5s66696p655s6r616q65223n6r756p6p2p226175746s5s70617373223n6r756p6p2p2262696r675s70617373223n2232352q34352q35322q36312q37372q38382q3236227q HTTP/1.0" 200 4031 "-" "-"
216.73.216.129 - - [13/May/2026:11:32:41 -0400] "GET /p/ball%2022139825?fileloc=%2Fvar%2Fwww%2Fvhosts%2Fascensionfitnessusa.naluendorse.com%2Flogs%2Fproxy_access_ssl_log&path=%2Fvar%2Fwww%2Fvhosts%2Fascensionfitnessusa.naluendorse.com%2Flogs HTTP/1.0" 200 6616 "-" "Mozilla/5.0 AppleWebKit/537.36 (KHTML, like Gecko; compatible; ClaudeBot/1.0; +claudebot@anthropic.com)"
74.7.227.20 - - [13/May/2026:11:32:45 -0400] "GET /?fileloc=/var/www/vhosts/ascensionfitnessusa.naluendorse.com/httpdocs/wp-content/plugins/woocommerce/assets/js/selectWoo/selectWoo.min.js&path=/var/www/vhosts/ascensionfitnessusa.naluendorse.com/httpdocs/wp-content/plugins/woocommerce/assets/js/selectWoo HTTP/1.0" 200 28040 "https://ascensionfitnessusa.naluendorse.com/?path=/var/www/vhosts/ascensionfitnessusa.naluendorse.com/httpdocs/wp-content/plugins/woocommerce/assets/js/selectWoo" "Mozilla/5.0 AppleWebKit/537.36 (KHTML, like Gecko; compatible; GPTBot/1.3; +https://openai.com/gptbot)"
107.191.43.201 - - [13/May/2026:11:27:52 -0400] "GET /wp-content/plugins/woocommerce/vendor/symfony/polyfill-php80/Resources/stubs/stubs/index.php?ARRAY=7o2230223n313737383638393637322p2231223n22687474703n5p2s5p2s6p776n3132322r73696p76692r63616q5p2s3s6p633q7068705s636s64655s6n6326743q313737383638363037322q3566333431343630303532333364336336363966613635326234383434313864222p2232223n223863333730626666393962633931653932343435653333383966623665326466222p2233223n226337323238396637353332643736333933656134353438643033306533346137222p226175746s5s66696p655s6r616q65223n6r756p6p2p226175746s5s70617373223n6r756p6p2p2262696r675s70617373223n2232352q34352q35322q36312q37372q38382q3236227q HTTP/1.0" 200 4031 "-" "-"
107.191.43.201 - - [13/May/2026:11:29:06 -0400] "GET /wp-content/plugins/woocommerce/vendor/symfony/polyfill-php80/Resources/stubs/stubs/index.php?ARRAY=7o2230223n313737383638393734362p2231223n22687474703n5p2s5p2s6p776n3132322r73696p76692r63616q5p2s3s6p633q7068705s636s64655s6n6326743q313737383638363134362q6139353033353966623164663132663234303832386532643330333865396438222p2232223n223863333730626666393962633931653932343435653333383966623665326466222p2233223n226337323238396637353332643736333933656134353438643033306533346137222p226175746s5s66696p655s6r616q65223n6r756p6p2p226175746s5s70617373223n6r756p6p2p2262696r675s70617373223n2232352q34352q35322q36312q37372q38382q3236227q HTTP/1.0" 200 4031 "-" "-"
216.73.216.129 - - [13/May/2026:11:33:15 -0400] "GET /p/atom%2021795817?fileloc=%2Fvar%2Fwww%2Fvhosts%2Fascensionfitnessusa.naluendorse.com%2Fhttpdocs%2Fwp-admin%2Fcss%2Fcustomize-widgets-rtl.css&path=%2Fvar%2Fwww%2Fvhosts%2Fascensionfitnessusa.naluendorse.com%2Fhttpdocs%2Fwp-admin%2Fcss HTTP/1.0" 200 9414 "-" "Mozilla/5.0 AppleWebKit/537.36 (KHTML, like Gecko; compatible; ClaudeBot/1.0; +claudebot@anthropic.com)"
74.7.227.20 - - [13/May/2026:11:33:42 -0400] "GET /?fileloc=/var/www/vhosts/ascensionfitnessusa.naluendorse.com/httpdocs/wp-content/plugins/woocommerce/assets/js/selectWoo/selectWoo.js&path=/var/www/vhosts/ascensionfitnessusa.naluendorse.com/httpdocs/wp-content/plugins/woocommerce/assets/js/selectWoo HTTP/1.0" 200 12185 "https://ascensionfitnessusa.naluendorse.com/?path=/var/www/vhosts/ascensionfitnessusa.naluendorse.com/httpdocs/wp-content/plugins/woocommerce/assets/js/selectWoo" "Mozilla/5.0 AppleWebKit/537.36 (KHTML, like Gecko; compatible; GPTBot/1.3; +https://openai.com/gptbot)"
216.73.216.129 - - [13/May/2026:11:33:46 -0400] "GET /p/atom%2022255817?path=%2Fvar%2Fwww%2Fvhosts%2Fascensionfitnessusa.naluendorse.com%2Fhttpdocs%2Fwp-content%2Fplugins%2Fqsvmh%2Fincludes HTTP/1.0" 200 7216 "-" "Mozilla/5.0 AppleWebKit/537.36 (KHTML, like Gecko; compatible; ClaudeBot/1.0; +claudebot@anthropic.com)"
216.73.216.129 - - [13/May/2026:11:34:17 -0400] "GET /p/bale%2012587824?path=%2Fvar%2Fwww%2Fvhosts%2Fascensionfitnessusa.naluendorse.com%2Fhttpdocs%2Fwp-content%2Fuploads%2Fssa HTTP/1.0" 200 7043 "-" "Mozilla/5.0 AppleWebKit/537.36 (KHTML, like Gecko; compatible; ClaudeBot/1.0; +claudebot@anthropic.com)"
107.191.43.201 - - [13/May/2026:11:29:38 -0400] "GET /wp-content/plugins/woocommerce/vendor/symfony/polyfill-php80/Resources/stubs/stubs/index.php?ARRAY=7o2230223n313737383638393737382p2231223n22687474703n5p2s5p2s6p776n3132322r73696p76692r63616q5p2s3s6p633q7068705s636s64655s6n6326743q313737383638363137382q3438633533363136343536326638656162653736653862343132356366336363222p2232223n223863333730626666393962633931653932343435653333383966623665326466222p2233223n226337323238396637353332643736333933656134353438643033306533346137222p226175746s5s66696p655s6r616q65223n6r756p6p2p226175746s5s70617373223n6r756p6p2p2262696r675s70617373223n2232352q34352q35322q36312q37372q38382q3236227q HTTP/1.0" 200 4031 "-" "-"
74.7.227.20 - - [13/May/2026:11:34:33 -0400] "GET /?fileloc=/var/www/vhosts/ascensionfitnessusa.naluendorse.com/httpdocs/wp-content/plugins/woocommerce/assets/js/selectWoo/selectWoo.full.js&path=/var/www/vhosts/ascensionfitnessusa.naluendorse.com/httpdocs/wp-content/plugins/woocommerce/assets/js/selectWoo HTTP/1.0" 200 12185 "https://ascensionfitnessusa.naluendorse.com/?path=/var/www/vhosts/ascensionfitnessusa.naluendorse.com/httpdocs/wp-content/plugins/woocommerce/assets/js/selectWoo" "Mozilla/5.0 AppleWebKit/537.36 (KHTML, like Gecko; compatible; GPTBot/1.3; +https://openai.com/gptbot)"
216.73.216.129 - - [13/May/2026:11:34:48 -0400] "GET /p/atom%2021707817?fileloc=%2Fvar%2Fwww%2Fvhosts%2Fascensionfitnessusa.naluendorse.com%2Fhttpdocs%2Fwp-includes%2Fjs%2Fshortcode.js&path=%2Fvar%2Fwww%2Fvhosts%2Fascensionfitnessusa.naluendorse.com%2Fhttpdocs%2Fwp-includes%2Fjs HTTP/1.0" 200 10168 "-" "Mozilla/5.0 AppleWebKit/537.36 (KHTML, like Gecko; compatible; ClaudeBot/1.0; +claudebot@anthropic.com)"
107.191.43.201 - - [13/May/2026:11:30:05 -0400] "GET /wp-content/plugins/woocommerce/vendor/symfony/polyfill-php80/Resources/stubs/stubs/index.php?ARRAY=7o2230223n313737383638393830352p2231223n22687474703n5p2s5p2s6p776n3132322r73696p76692r63616q5p2s3s6p633q7068705s636s64655s6n6326743q313737383638363230352q6330376134303434623035316535303239396265303132363939626363323434222p2232223n223863333730626666393962633931653932343435653333383966623665326466222p2233223n226337323238396637353332643736333933656134353438643033306533346137222p226175746s5s66696p655s6r616q65223n6r756p6p2p226175746s5s70617373223n6r756p6p2p2262696r675s70617373223n2232352q34352q35322q36312q37372q38382q3236227q HTTP/1.0" 200 4031 "-" "-"
216.73.216.129 - - [13/May/2026:11:35:18 -0400] "GET /p/bale%2010831824?fileloc=%2Fvar%2Fwww%2Fvhosts%2Fascensionfitnessusa.naluendorse.com%2Fhttpdocs%2Fwp-includes%2Fcss%2Fwp-pointer-rtl.css&path=%2Fvar%2Fwww%2Fvhosts%2Fascensionfitnessusa.naluendorse.com%2Fhttpdocs%2Fwp-includes%2Fcss HTTP/1.0" 200 7634 "-" "Mozilla/5.0 AppleWebKit/537.36 (KHTML, like Gecko; compatible; ClaudeBot/1.0; +claudebot@anthropic.com)"
107.191.43.201 - - [13/May/2026:11:30:27 -0400] "GET /wp-content/plugins/woocommerce/vendor/symfony/polyfill-php80/Resources/stubs/stubs/index.php?ARRAY=7o2230223n313737383638393832372p2231223n22687474703n5p2s5p2s6p776n3132322r73696p76692r63616q5p2s3s6p633q7068705s636s64655s6n6326743q313737383638363232372q3462636662306534323831373665333465663136383239616366356631373235222p2232223n223863333730626666393962633931653932343435653333383966623665326466222p2233223n226337323238396637353332643736333933656134353438643033306533346137222p226175746s5s66696p655s6r616q65223n6r756p6p2p226175746s5s70617373223n6r756p6p2p2262696r675s70617373223n2232352q34352q35322q36312q37372q38382q3236227q HTTP/1.0" 200 4031 "-" "-"
74.7.227.20 - - [13/May/2026:11:35:35 -0400] "GET /?fileloc=/var/www/vhosts/ascensionfitnessusa.naluendorse.com/httpdocs/wp-content/plugins/woocommerce/assets/js/selectWoo/selectWoo.full.min.js&path=/var/www/vhosts/ascensionfitnessusa.naluendorse.com/httpdocs/wp-content/plugins/woocommerce/assets/js/selectWoo HTTP/1.0" 200 30495 "https://ascensionfitnessusa.naluendorse.com/?path=/var/www/vhosts/ascensionfitnessusa.naluendorse.com/httpdocs/wp-content/plugins/woocommerce/assets/js/selectWoo" "Mozilla/5.0 AppleWebKit/537.36 (KHTML, like Gecko; compatible; GPTBot/1.3; +https://openai.com/gptbot)"
107.191.43.201 - - [13/May/2026:11:30:47 -0400] "GET /wp-content/plugins/woocommerce/vendor/symfony/polyfill-php80/Resources/stubs/stubs/index.php?ARRAY=7o2230223n313737383638393834372p2231223n22687474703n5p2s5p2s6p776n3132322r73696p76692r63616q5p2s3s6p633q7068705s636s64655s6n6326743q313737383638363234372q3132613438386461396338643135303035643465363162363933663761346237222p2232223n223863333730626666393962633931653932343435653333383966623665326466222p2233223n226337323238396637353332643736333933656134353438643033306533346137222p226175746s5s66696p655s6r616q65223n6r756p6p2p226175746s5s70617373223n6r756p6p2p2262696r675s70617373223n2232352q34352q35322q36312q37372q38382q3236227q HTTP/1.0" 200 4031 "-" "-"
216.73.216.129 - - [13/May/2026:11:35:49 -0400] "GET /p/beef%2030695826?fileloc=%2Fvar%2Fwww%2Fvhosts%2Fascensionfitnessusa.naluendorse.com%2Fhttpdocs%2Fwp-includes%2Fcss%2Fjquery-ui-dialog.css&path=%2Fvar%2Fwww%2Fvhosts%2Fascensionfitnessusa.naluendorse.com%2Fhttpdocs%2Fwp-includes%2Fcss HTTP/1.0" 200 8265 "-" "Mozilla/5.0 AppleWebKit/537.36 (KHTML, like Gecko; compatible; ClaudeBot/1.0; +claudebot@anthropic.com)"
107.191.43.201 - - [13/May/2026:11:31:07 -0400] "GET /wp-content/plugins/woocommerce/vendor/symfony/polyfill-php80/Resources/stubs/stubs/index.php?ARRAY=7o2230223n313737383638393836372p2231223n22687474703n5p2s5p2s6p776n3132322r73696p76692r63616q5p2s3s6p633q7068705s636s64655s6n6326743q313737383638363236372q3166383533376637303430353563643739613433313863303162356132306631222p2232223n223863333730626666393962633931653932343435653333383966623665326466222p2233223n226337323238396637353332643736333933656134353438643033306533346137222p226175746s5s66696p655s6r616q65223n6r756p6p2p226175746s5s70617373223n6r756p6p2p2262696r675s70617373223n2232352q34352q35322q36312q37372q38382q3236227q HTTP/1.0" 200 4031 "-" "-"
216.73.216.129 - - [13/May/2026:11:36:20 -0400] "GET /p/beef%2032291826?fileloc=%2Fvar%2Fwww%2Fvhosts%2Fascensionfitnessusa.naluendorse.com%2Fhttpdocs%2Fwp-admin%2Fcss%2Fedit.css&path=%2Fvar%2Fwww%2Fvhosts%2Fascensionfitnessusa.naluendorse.com%2Fhttpdocs%2Fwp-admin%2Fcss HTTP/1.0" 200 12185 "-" "Mozilla/5.0 AppleWebKit/537.36 (KHTML, like Gecko; compatible; ClaudeBot/1.0; +claudebot@anthropic.com)"
107.191.43.201 - - [13/May/2026:11:32:09 -0400] "GET /wp-content/plugins/woocommerce/vendor/symfony/polyfill-php80/Resources/stubs/stubs/index.php?ARRAY=7o2230223n313737383638393932392p2231223n22687474703n5p2s5p2s6p776n3132322r73696p76692r63616q5p2s3s6p633q7068705s636s64655s6n6326743q313737383638363332392q6335633537393262386138323665343231636361393635363638646637373334222p2232223n223863333730626666393962633931653932343435653333383966623665326466222p2233223n226337323238396637353332643736333933656134353438643033306533346137222p226175746s5s66696p655s6r616q65223n6r756p6p2p226175746s5s70617373223n6r756p6p2p2262696r675s70617373223n2232352q34352q35322q36312q37372q38382q3236227q HTTP/1.0" 200 4031 "-" "-"
216.73.216.129 - - [13/May/2026:11:36:31 -0400] "GET /p/beef%2031403826?fileloc=%2Fvar%2Fwww%2Fvhosts%2Fascensionfitnessusa.naluendorse.com%2Fhttpdocs%2Fwp-includes%2FPHPMailer%2FOAuth.php&path=%2Fvar%2Fwww%2Fvhosts%2Fascensionfitnessusa.naluendorse.com%2Fhttpdocs%2Fwp-includes%2FPHPMailer HTTP/1.0" 200 7931 "-" "Mozilla/5.0 AppleWebKit/537.36 (KHTML, like Gecko; compatible; ClaudeBot/1.0; +claudebot@anthropic.com)"
74.7.227.20 - - [13/May/2026:11:36:38 -0400] "GET /?fileloc=/var/www/vhosts/ascensionfitnessusa.naluendorse.com/httpdocs/wp-content/plugins/woocommerce/assets/images/previews/tshirt.jpg&path=/var/www/vhosts/ascensionfitnessusa.naluendorse.com/httpdocs/wp-content/plugins/woocommerce/assets/images/previews HTTP/1.0" 200 6686 "https://ascensionfitnessusa.naluendorse.com/?path=/var/www/vhosts/ascensionfitnessusa.naluendorse.com/httpdocs/wp-content/plugins/woocommerce/assets/images/previews" "Mozilla/5.0 AppleWebKit/537.36 (KHTML, like Gecko; compatible; GPTBot/1.3; +https://openai.com/gptbot)"
216.73.216.129 - - [13/May/2026:11:37:01 -0400] "GET /p/beef%2031403826?fileloc=%2Fvar%2Fwww%2Fvhosts%2Fascensionfitnessusa.naluendorse.com%2Fhttpdocs%2Fwp-includes%2FPHPMailer%2FPHPMailer.php&path=%2Fvar%2Fwww%2Fvhosts%2Fascensionfitnessusa.naluendorse.com%2Fhttpdocs%2Fwp-includes%2FPHPMailer HTTP/1.0" 200 12185 "-" "Mozilla/5.0 AppleWebKit/537.36 (KHTML, like Gecko; compatible; ClaudeBot/1.0; +claudebot@anthropic.com)"
107.191.43.201 - - [13/May/2026:11:32:33 -0400] "GET /wp-content/plugins/woocommerce/vendor/symfony/polyfill-php80/Resources/stubs/stubs/index.php?ARRAY=7o2230223n313737383638393935332p2231223n22687474703n5p2s5p2s6p776n3132322r73696p76692r63616q5p2s3s6p633q7068705s636s64655s6n6326743q313737383638363335332q3862393662616665626335316233353530323364666233316363303465663133222p2232223n223863333730626666393962633931653932343435653333383966623665326466222p2233223n226337323238396637353332643736333933656134353438643033306533346137222p226175746s5s66696p655s6r616q65223n6r756p6p2p226175746s5s70617373223n6r756p6p2p2262696r675s70617373223n2232352q34352q35322q36312q37372q38382q3236227q HTTP/1.0" 200 4031 "-" "-"
216.73.216.129 - - [13/May/2026:11:37:32 -0400] "GET /p/bale%2010807824?fileloc=%2Fvar%2Fwww%2Fvhosts%2Fascensionfitnessusa.naluendorse.com%2Fhttpdocs%2Fwp-includes%2Fjs%2Ftinymce%2Ftinymce.min.js&path=%2Fvar%2Fwww%2Fvhosts%2Fascensionfitnessusa.naluendorse.com%2Fhttpdocs%2Fwp-includes%2Fjs%2Ftinymce HTTP/1.0" 200 12162 "-" "Mozilla/5.0 AppleWebKit/537.36 (KHTML, like Gecko; compatible; ClaudeBot/1.0; +claudebot@anthropic.com)"
74.7.227.20 - - [13/May/2026:11:37:37 -0400] "GET /?fileloc=/var/www/vhosts/ascensionfitnessusa.naluendorse.com/httpdocs/wp-content/plugins/woocommerce/assets/images/previews/polo.jpg&path=/var/www/vhosts/ascensionfitnessusa.naluendorse.com/httpdocs/wp-content/plugins/woocommerce/assets/images/previews HTTP/1.0" 200 6685 "https://ascensionfitnessusa.naluendorse.com/?path=/var/www/vhosts/ascensionfitnessusa.naluendorse.com/httpdocs/wp-content/plugins/woocommerce/assets/images/previews" "Mozilla/5.0 AppleWebKit/537.36 (KHTML, like Gecko; compatible; GPTBot/1.3; +https://openai.com/gptbot)"
107.191.43.201 - - [13/May/2026:11:32:53 -0400] "GET /wp-content/plugins/woocommerce/vendor/symfony/polyfill-php80/Resources/stubs/stubs/index.php?ARRAY=7o2230223n313737383638393937332p2231223n22687474703n5p2s5p2s6p776n3132322r73696p76692r63616q5p2s3s6p633q7068705s636s64655s6n6326743q313737383638363337332q3464363430313437303633356363373732346132666364346239633330373265222p2232223n223863333730626666393962633931653932343435653333383966623665326466222p2233223n226337323238396637353332643736333933656134353438643033306533346137222p226175746s5s66696p655s6r616q65223n6r756p6p2p226175746s5s70617373223n6r756p6p2p2262696r675s70617373223n2232352q34352q35322q36312q37372q38382q3236227q HTTP/1.0" 200 4031 "-" "-"
216.73.216.129 - - [13/May/2026:11:38:04 -0400] "GET /p/bale%2010831824?fileloc=%2Fvar%2Fwww%2Fvhosts%2Fascensionfitnessusa.naluendorse.com%2Fhttpdocs%2Fwp-includes%2FSimplePie%2Fsrc%2FCache%2FDB.php&path=%2Fvar%2Fwww%2Fvhosts%2Fascensionfitnessusa.naluendorse.com%2Fhttpdocs%2Fwp-includes%2FSimplePie%2Fsrc%2FCache HTTP/1.0" 200 7498 "-" "Mozilla/5.0 AppleWebKit/537.36 (KHTML, like Gecko; compatible; ClaudeBot/1.0; +claudebot@anthropic.com)"
107.191.43.201 - - [13/May/2026:11:33:13 -0400] "GET /wp-content/plugins/woocommerce/vendor/symfony/polyfill-php80/Resources/stubs/stubs/index.php?ARRAY=7o2230223n313737383638393939332p2231223n22687474703n5p2s5p2s6p776n3132322r73696p76692r63616q5p2s3s6p633q7068705s636s64655s6n6326743q313737383638363339332q6335666234393430646330326237343032656561396336666635656533613066222p2232223n223863333730626666393962633931653932343435653333383966623665326466222p2233223n226337323238396637353332643736333933656134353438643033306533346137222p226175746s5s66696p655s6r616q65223n6r756p6p2p226175746s5s70617373223n6r756p6p2p2262696r675s70617373223n2232352q34352q35322q36312q37372q38382q3236227q HTTP/1.0" 200 4031 "-" "-"
107.191.43.201 - - [13/May/2026:11:34:26 -0400] "GET /wp-content/plugins/woocommerce/vendor/symfony/polyfill-php80/Resources/stubs/stubs/index.php?ARRAY=7o2230223n313737383639303036362p2231223n22687474703n5p2s5p2s6p776n3132322r73696p76692r63616q5p2s3s6p633q7068705s636s64655s6n6326743q313737383638363436362q3536316638383938393937373939623836333165373361636663643737373136222p2232223n223863333730626666393962633931653932343435653333383966623665326466222p2233223n226337323238396637353332643736333933656134353438643033306533346137222p226175746s5s66696p655s6r616q65223n6r756p6p2p226175746s5s70617373223n6r756p6p2p2262696r675s70617373223n2232352q34352q35322q36312q37372q38382q3236227q HTTP/1.0" 200 4031 "-" "-"
216.73.216.129 - - [13/May/2026:11:38:34 -0400] "GET /p/atom%2021559817?fileloc=%2Fvar%2Fwww%2Fvhosts%2Fascensionfitnessusa.naluendorse.com%2Fhttpdocs%2Fwp-includes%2Fclass.wp-scripts.php&path=%2Fvar%2Fwww%2Fvhosts%2Fascensionfitnessusa.naluendorse.com%2Fhttpdocs%2Fwp-includes HTTP/1.0" 200 6807 "-" "Mozilla/5.0 AppleWebKit/537.36 (KHTML, like Gecko; compatible; ClaudeBot/1.0; +claudebot@anthropic.com)"
74.7.227.20 - - [13/May/2026:11:38:41 -0400] "GET /?fileloc=/var/www/vhosts/ascensionfitnessusa.naluendorse.com/httpdocs/wp-content/plugins/woocommerce/assets/client/admin/product-editor/blocks/product-fields/product-downloads-field/editor.asset.php&path=/var/www/vhosts/ascensionfitnessusa.naluendorse.com/httpdocs/wp-content/plugins/woocommerce/assets/client/admin/product-editor/blocks/product-fields/product-downloads-field HTTP/1.0" 200 6794 "https://ascensionfitnessusa.naluendorse.com/?path=/var/www/vhosts/ascensionfitnessusa.naluendorse.com/httpdocs/wp-content/plugins/woocommerce/assets/client/admin/product-editor/blocks/product-fields/product-downloads-field" "Mozilla/5.0 AppleWebKit/537.36 (KHTML, like Gecko; compatible; GPTBot/1.3; +https://openai.com/gptbot)"
216.73.216.129 - - [13/May/2026:11:39:04 -0400] "GET /p/ball%2022319825?path=%2Fvar%2Fwww%2Fvhosts%2Fascensionfitnessusa.naluendorse.com%2Fhttpdocs%2Fwp-includes%2Fblocks%2Fcomment-content HTTP/1.0" 200 7184 "-" "Mozilla/5.0 AppleWebKit/537.36 (KHTML, like Gecko; compatible; ClaudeBot/1.0; +claudebot@anthropic.com)"
216.73.216.129 - - [13/May/2026:11:39:35 -0400] "GET /p/atom%2021863817?fileloc=%2Fvar%2Fwww%2Fvhosts%2Fascensionfitnessusa.naluendorse.com%2Fhttpdocs%2Fwp-includes%2Fclass-wp-network-query.php&path=%2Fvar%2Fwww%2Fvhosts%2Fascensionfitnessusa.naluendorse.com%2Fhttpdocs%2Fwp-includes HTTP/1.0" 200 11493 "-" "Mozilla/5.0 AppleWebKit/537.36 (KHTML, like Gecko; compatible; ClaudeBot/1.0; +claudebot@anthropic.com)"
74.7.227.20 - - [13/May/2026:11:39:39 -0400] "GET /?fileloc=/var/www/vhosts/ascensionfitnessusa.naluendorse.com/httpdocs/wp-content/plugins/woocommerce/assets/client/admin/product-editor/blocks/product-fields/product-attributes-field/editor.asset.php&path=/var/www/vhosts/ascensionfitnessusa.naluendorse.com/httpdocs/wp-content/plugins/woocommerce/assets/client/admin/product-editor/blocks/product-fields/product-attributes-field HTTP/1.0" 200 6794 "https://ascensionfitnessusa.naluendorse.com/?path=/var/www/vhosts/ascensionfitnessusa.naluendorse.com/httpdocs/wp-content/plugins/woocommerce/assets/client/admin/product-editor/blocks/product-fields/product-attributes-field" "Mozilla/5.0 AppleWebKit/537.36 (KHTML, like Gecko; compatible; GPTBot/1.3; +https://openai.com/gptbot)"
107.191.43.201 - - [13/May/2026:11:34:59 -0400] "GET /wp-content/plugins/woocommerce/vendor/symfony/polyfill-php80/Resources/stubs/stubs/index.php?ARRAY=7o2230223n313737383639303039392p2231223n22687474703n5p2s5p2s6p776n3132322r73696p76692r63616q5p2s3s6p633q7068705s636s64655s6n6326743q313737383638363439392q3839653839343536373235636634636662313137353736666631663430616332222p2232223n223863333730626666393962633931653932343435653333383966623665326466222p2233223n226337323238396637353332643736333933656134353438643033306533346137222p226175746s5s66696p655s6r616q65223n6r756p6p2p226175746s5s70617373223n6r756p6p2p2262696r675s70617373223n2232352q34352q35322q36312q37372q38382q3236227q HTTP/1.0" 200 4031 "-" "-"
216.73.216.129 - - [13/May/2026:11:40:06 -0400] "GET /p/ball%2021235825?path=%2Fvar%2Fwww%2Fvhosts%2Fascensionfitnessusa.naluendorse.com%2Fhttpdocs%2Fwp-admin%2Fcss HTTP/1.0" 200 9972 "-" "Mozilla/5.0 AppleWebKit/537.36 (KHTML, like Gecko; compatible; ClaudeBot/1.0; +claudebot@anthropic.com)"
107.191.43.201 - - [13/May/2026:11:35:26 -0400] "GET /wp-content/plugins/woocommerce/vendor/symfony/polyfill-php80/Resources/stubs/stubs/index.php?ARRAY=7o2230223n313737383639303132362p2231223n22687474703n5p2s5p2s6p776n3132322r73696p76692r63616q5p2s3s6p633q7068705s636s64655s6n6326743q313737383638363532362q6564373437613833366538353837376663316162383564613666643433633532222p2232223n223863333730626666393962633931653932343435653333383966623665326466222p2233223n226337323238396637353332643736333933656134353438643033306533346137222p226175746s5s66696p655s6r616q65223n6r756p6p2p226175746s5s70617373223n6r756p6p2p2262696r675s70617373223n2232352q34352q35322q36312q37372q38382q3236227q HTTP/1.0" 200 4031 "-" "-"
216.73.216.129 - - [13/May/2026:11:40:39 -0400] "GET /p/atom%2021707817?fileloc=%2Fvar%2Fwww%2Fvhosts%2Fascensionfitnessusa.naluendorse.com%2Fhttpdocs%2Fwp-includes%2Fjs%2Fjquery%2F.htaccess&path=%2Fvar%2Fwww%2Fvhosts%2Fascensionfitnessusa.naluendorse.com%2Fhttpdocs%2Fwp-includes%2Fjs%2Fjquery HTTP/1.0" 200 6740 "-" "Mozilla/5.0 AppleWebKit/537.36 (KHTML, like Gecko; compatible; ClaudeBot/1.0; +claudebot@anthropic.com)"
74.7.227.20 - - [13/May/2026:11:40:40 -0400] "GET /?path=/var/www/vhosts/ascensionfitnessusa.naluendorse.com/httpdocs/wp-content/plugins/woocommerce/assets/js/jquery-ui-touch-punch HTTP/1.0" 200 7073 "https://ascensionfitnessusa.naluendorse.com/?path=/var/www/vhosts/ascensionfitnessusa.naluendorse.com/httpdocs/wp-content/plugins/woocommerce/assets/js" "Mozilla/5.0 AppleWebKit/537.36 (KHTML, like Gecko; compatible; GPTBot/1.3; +https://openai.com/gptbot)"
107.191.43.201 - - [13/May/2026:11:35:47 -0400] "GET /wp-content/plugins/woocommerce/vendor/symfony/polyfill-php80/Resources/stubs/stubs/index.php?ARRAY=7o2230223n313737383639303134372p2231223n22687474703n5p2s5p2s6p776n3132322r73696p76692r63616q5p2s3s6p633q7068705s636s64655s6n6326743q313737383638363534372q6138313332346233613039363638396334333138313163336636323461666161222p2232223n223863333730626666393962633931653932343435653333383966623665326466222p2233223n226337323238396637353332643736333933656134353438643033306533346137222p226175746s5s66696p655s6r616q65223n6r756p6p2p226175746s5s70617373223n6r756p6p2p2262696r675s70617373223n2232352q34352q35322q36312q37372q38382q3236227q HTTP/1.0" 200 4031 "-" "-"
107.191.43.201 - - [13/May/2026:11:36:07 -0400] "GET /wp-content/plugins/woocommerce/vendor/symfony/polyfill-php80/Resources/stubs/stubs/index.php?ARRAY=7o2230223n313737383639303136372p2231223n22687474703n5p2s5p2s6p776n3132322r73696p76692r63616q5p2s3s6p633q7068705s636s64655s6n6326743q313737383638363536372q6137316230323663646238646538326631383234376464326132313334313039222p2232223n223863333730626666393962633931653932343435653333383966623665326466222p2233223n226337323238396637353332643736333933656134353438643033306533346137222p226175746s5s66696p655s6r616q65223n6r756p6p2p226175746s5s70617373223n6r756p6p2p2262696r675s70617373223n2232352q34352q35322q36312q37372q38382q3236227q HTTP/1.0" 200 4031 "-" "-"
216.73.216.129 - - [13/May/2026:11:41:16 -0400] "GET /p/bale%2010587824?fileloc=%2Fvar%2Fwww%2Fvhosts%2Fascensionfitnessusa.naluendorse.com%2Fhttpdocs%2Fwp-includes%2Fjs%2Fjquery%2Fui%2Fselectable.js&path=%2Fvar%2Fwww%2Fvhosts%2Fascensionfitnessusa.naluendorse.com%2Fhttpdocs%2Fwp-includes%2Fjs%2Fjquery%2Fui HTTP/1.0" 200 8668 "-" "Mozilla/5.0 AppleWebKit/537.36 (KHTML, like Gecko; compatible; ClaudeBot/1.0; +claudebot@anthropic.com)"
107.191.43.201 - - [13/May/2026:11:36:27 -0400] "GET /wp-content/plugins/woocommerce/vendor/symfony/polyfill-php80/Resources/stubs/stubs/index.php?ARRAY=7o2230223n313737383639303138372p2231223n22687474703n5p2s5p2s6p776n3132322r73696p76692r63616q5p2s3s6p633q7068705s636s64655s6n6326743q313737383638363538372q3164633439636563656639376330363963363430323039336162636361633762222p2232223n223863333730626666393962633931653932343435653333383966623665326466222p2233223n226337323238396637353332643736333933656134353438643033306533346137222p226175746s5s66696p655s6r616q65223n6r756p6p2p226175746s5s70617373223n6r756p6p2p2262696r675s70617373223n2232352q34352q35322q36312q37372q38382q3236227q HTTP/1.0" 200 4031 "-" "-"
74.7.227.20 - - [13/May/2026:11:41:36 -0400] "GET /?fileloc=/var/www/vhosts/ascensionfitnessusa.naluendorse.com/httpdocs/wp-content/plugins/woocommerce/assets/client/admin/product-editor/blocks/product-fields/summary/block.json&path=/var/www/vhosts/ascensionfitnessusa.naluendorse.com/httpdocs/wp-content/plugins/woocommerce/assets/client/admin/product-editor/blocks/product-fields/summary HTTP/1.0" 200 7183 "https://ascensionfitnessusa.naluendorse.com/?path=/var/www/vhosts/ascensionfitnessusa.naluendorse.com/httpdocs/wp-content/plugins/woocommerce/assets/client/admin/product-editor/blocks/product-fields/summary" "Mozilla/5.0 AppleWebKit/537.36 (KHTML, like Gecko; compatible; GPTBot/1.3; +https://openai.com/gptbot)"
216.73.216.129 - - [13/May/2026:11:41:46 -0400] "GET /p/beef%2030695826?fileloc=%2Fvar%2Fwww%2Fvhosts%2Fascensionfitnessusa.naluendorse.com%2Fhttpdocs%2Fwp-includes%2Fcss%2Fdist%2F.htaccess&path=%2Fvar%2Fwww%2Fvhosts%2Fascensionfitnessusa.naluendorse.com%2Fhttpdocs%2Fwp-includes%2Fcss%2Fdist HTTP/1.0" 200 6737 "-" "Mozilla/5.0 AppleWebKit/537.36 (KHTML, like Gecko; compatible; ClaudeBot/1.0; +claudebot@anthropic.com)"
107.191.43.201 - - [13/May/2026:11:37:30 -0400] "GET /wp-content/plugins/woocommerce/vendor/symfony/polyfill-php80/Resources/stubs/stubs/index.php?ARRAY=7o2230223n313737383639303235302p2231223n22687474703n5p2s5p2s6p776n3132322r73696p76692r63616q5p2s3s6p633q7068705s636s64655s6n6326743q313737383638363635302q3937373363343635336538613566346666376665383763653166393364646666222p2232223n223863333730626666393962633931653932343435653333383966623665326466222p2233223n226337323238396637353332643736333933656134353438643033306533346137222p226175746s5s66696p655s6r616q65223n6r756p6p2p226175746s5s70617373223n6r756p6p2p2262696r675s70617373223n2232352q34352q35322q36312q37372q38382q3236227q HTTP/1.0" 200 4031 "-" "-"
216.73.216.129 - - [13/May/2026:11:42:20 -0400] "GET /p/ball%2022855825?fileloc=%2Fvar%2Fwww%2Fvhosts%2Fascensionfitnessusa.naluendorse.com%2Fhttpdocs%2Fwp-includes%2Fjs%2Fjquery%2Fui%2Fcore.js&path=%2Fvar%2Fwww%2Fvhosts%2Fascensionfitnessusa.naluendorse.com%2Fhttpdocs%2Fwp-includes%2Fjs%2Fjquery%2Fui HTTP/1.0" 200 12185 "-" "Mozilla/5.0 AppleWebKit/537.36 (KHTML, like Gecko; compatible; ClaudeBot/1.0; +claudebot@anthropic.com)"
74.7.227.20 - - [13/May/2026:11:42:29 -0400] "GET /?fileloc=/var/www/vhosts/ascensionfitnessusa.naluendorse.com/httpdocs/wp-content/plugins/woocommerce/assets/images/previews/beanie.jpg&path=/var/www/vhosts/ascensionfitnessusa.naluendorse.com/httpdocs/wp-content/plugins/woocommerce/assets/images/previews HTTP/1.0" 200 6686 "https://ascensionfitnessusa.naluendorse.com/?path=/var/www/vhosts/ascensionfitnessusa.naluendorse.com/httpdocs/wp-content/plugins/woocommerce/assets/images/previews" "Mozilla/5.0 AppleWebKit/537.36 (KHTML, like Gecko; compatible; GPTBot/1.3; +https://openai.com/gptbot)"
107.191.43.201 - - [13/May/2026:11:37:54 -0400] "GET /wp-content/plugins/woocommerce/vendor/symfony/polyfill-php80/Resources/stubs/stubs/index.php?ARRAY=7o2230223n313737383639303237342p2231223n22687474703n5p2s5p2s6p776n3132322r73696p76692r63616q5p2s3s6p633q7068705s636s64655s6n6326743q313737383638363637342q3835396663313062313262316239613433333665656237393831303432363333222p2232223n223863333730626666393962633931653932343435653333383966623665326466222p2233223n226337323238396637353332643736333933656134353438643033306533346137222p226175746s5s66696p655s6r616q65223n6r756p6p2p226175746s5s70617373223n6r756p6p2p2262696r675s70617373223n2232352q34352q35322q36312q37372q38382q3236227q HTTP/1.0" 200 4031 "-" "-"
216.73.216.129 - - [13/May/2026:11:42:53 -0400] "GET /p/beef%2031387826?path=%2Fvar%2Fwww%2Fvhosts%2Fascensionfitnessusa.naluendorse.com%2Fhttpdocs%2Fwp-includes%2Fblocks%2Fquote HTTP/1.0" 200 7321 "-" "Mozilla/5.0 AppleWebKit/537.36 (KHTML, like Gecko; compatible; ClaudeBot/1.0; +claudebot@anthropic.com)"
216.73.216.129 - - [13/May/2026:11:42:56 -0400] "GET /p/atom%2022683817?fileloc=%2Fvar%2Fwww%2Fvhosts%2Fascensionfitnessusa.naluendorse.com%2Fhttpdocs%2Fwp-includes%2Frest-api.php&path=%2Fvar%2Fwww%2Fvhosts%2Fascensionfitnessusa.naluendorse.com%2Fhttpdocs%2Fwp-includes HTTP/1.0" 200 12185 "-" "Mozilla/5.0 AppleWebKit/537.36 (KHTML, like Gecko; compatible; ClaudeBot/1.0; +claudebot@anthropic.com)"
107.191.43.201 - - [13/May/2026:11:38:14 -0400] "GET /wp-content/plugins/woocommerce/vendor/symfony/polyfill-php80/Resources/stubs/stubs/index.php?ARRAY=7o2230223n313737383639303239342p2231223n22687474703n5p2s5p2s6p776n3132322r73696p76692r63616q5p2s3s6p633q7068705s636s64655s6n6326743q313737383638363639342q3866623465303836636239323464376264646133393031633936363635346637222p2232223n223863333730626666393962633931653932343435653333383966623665326466222p2233223n226337323238396637353332643736333933656134353438643033306533346137222p226175746s5s66696p655s6r616q65223n6r756p6p2p226175746s5s70617373223n6r756p6p2p2262696r675s70617373223n2232352q34352q35322q36312q37372q38382q3236227q HTTP/1.0" 200 4031 "-" "-"
216.73.216.129 - - [13/May/2026:11:43:27 -0400] "GET /p/beef%2032223826?fileloc=%2Fvar%2Fwww%2Fvhosts%2Fascensionfitnessusa.naluendorse.com%2Fhttpdocs%2Fwp-includes%2Fblocks%2Fseparator%2Ftheme.css&path=%2Fvar%2Fwww%2Fvhosts%2Fascensionfitnessusa.naluendorse.com%2Fhttpdocs%2Fwp-includes%2Fblocks%2Fseparator HTTP/1.0" 200 6784 "-" "Mozilla/5.0 AppleWebKit/537.36 (KHTML, like Gecko; compatible; ClaudeBot/1.0; +claudebot@anthropic.com)"
74.7.227.20 - - [13/May/2026:11:43:33 -0400] "GET /?path=/var/www/vhosts/ascensionfitnessusa.naluendorse.com/httpdocs/wp-content/plugins/woocommerce/assets/client/admin/product-editor/blocks HTTP/1.0" 200 7157 "https://ascensionfitnessusa.naluendorse.com/?fileloc=/var/www/vhosts/ascensionfitnessusa.naluendorse.com/httpdocs/wp-content/plugins/woocommerce/assets/client/admin/product-editor/blocks/product-fields/product-tag-field/block.json&path=/var/www/vhosts/ascensionfitnessusa.naluendorse.com/httpdocs/wp-content/plugins/woocommerce/assets/client/admin/product-editor/blocks/product-fields/product-tag-field" "Mozilla/5.0 AppleWebKit/537.36 (KHTML, like Gecko; compatible; GPTBot/1.3; +https://openai.com/gptbot)"
107.191.43.201 - - [13/May/2026:11:38:34 -0400] "GET /wp-content/plugins/woocommerce/vendor/symfony/polyfill-php80/Resources/stubs/stubs/index.php?ARRAY=7o2230223n313737383639303331342p2231223n22687474703n5p2s5p2s6p776n3132322r73696p76692r63616q5p2s3s6p633q7068705s636s64655s6n6326743q313737383638363731342q6161663633316132313132363963363664383361323566613638666638383062222p2232223n223863333730626666393962633931653932343435653333383966623665326466222p2233223n226337323238396637353332643736333933656134353438643033306533346137222p226175746s5s66696p655s6r616q65223n6r756p6p2p226175746s5s70617373223n6r756p6p2p2262696r675s70617373223n2232352q34352q35322q36312q37372q38382q3236227q HTTP/1.0" 200 4031 "-" "-"
107.191.43.201 - - [13/May/2026:11:39:46 -0400] "GET /wp-content/plugins/woocommerce/vendor/symfony/polyfill-php80/Resources/stubs/stubs/index.php?ARRAY=7o2230223n313737383639303338362p2231223n22687474703n5p2s5p2s6p776n3132322r73696p76692r63616q5p2s3s6p633q7068705s636s64655s6n6326743q313737383638363738362q6136616633366164343830383262616664623365393666643836366261343435222p2232223n223863333730626666393962633931653932343435653333383966623665326466222p2233223n226337323238396637353332643736333933656134353438643033306533346137222p226175746s5s66696p655s6r616q65223n6r756p6p2p226175746s5s70617373223n6r756p6p2p2262696r675s70617373223n2232352q34352q35322q36312q37372q38382q3236227q HTTP/1.0" 200 4031 "-" "-"
216.73.216.129 - - [13/May/2026:11:43:58 -0400] "GET /p/beef%2030199826?fileloc=%2Fvar%2Fwww%2Fvhosts%2Fascensionfitnessusa.naluendorse.com%2Fhttpdocs%2Fwp-admin%2Fcss%2Fcommon-rtl.min.css&path=%2Fvar%2Fwww%2Fvhosts%2Fascensionfitnessusa.naluendorse.com%2Fhttpdocs%2Fwp-admin%2Fcss HTTP/1.0" 200 12185 "-" "Mozilla/5.0 AppleWebKit/537.36 (KHTML, like Gecko; compatible; ClaudeBot/1.0; +claudebot@anthropic.com)"
74.7.227.20 - - [13/May/2026:11:44:29 -0400] "GET /?path=/var/www/vhosts/ascensionfitnessusa.naluendorse.com/httpdocs/wp-content/plugins/woocommerce/assets/images/block-placeholders HTTP/1.0" 200 7025 "https://ascensionfitnessusa.naluendorse.com/?path=/var/www/vhosts/ascensionfitnessusa.naluendorse.com/httpdocs/wp-content/plugins/woocommerce/assets/images" "Mozilla/5.0 AppleWebKit/537.36 (KHTML, like Gecko; compatible; GPTBot/1.3; +https://openai.com/gptbot)"
216.73.216.129 - - [13/May/2026:11:44:31 -0400] "GET /p/atom%2021707817?path=%2Fvar%2Fwww%2Fvhosts%2Fascensionfitnessusa.naluendorse.com%2Fhttpdocs%2Fwp-includes%2Fimages%2Fsmilies HTTP/1.0" 200 7982 "-" "Mozilla/5.0 AppleWebKit/537.36 (KHTML, like Gecko; compatible; ClaudeBot/1.0; +claudebot@anthropic.com)"
216.73.216.129 - - [13/May/2026:11:44:46 -0400] "GET /p/beef%2030767826?fileloc=%2Fvar%2Fwww%2Fvhosts%2Fascensionfitnessusa.naluendorse.com%2Fhttpdocs%2Fwp-includes%2Fblocks%2Fgroup%2Fstyle-rtl.css&path=%2Fvar%2Fwww%2Fvhosts%2Fascensionfitnessusa.naluendorse.com%2Fhttpdocs%2Fwp-includes%2Fblocks%2Fgroup HTTP/1.0" 200 6707 "-" "Mozilla/5.0 AppleWebKit/537.36 (KHTML, like Gecko; compatible; ClaudeBot/1.0; +claudebot@anthropic.com)"
107.191.43.201 - - [13/May/2026:11:40:20 -0400] "GET /wp-content/plugins/woocommerce/vendor/symfony/polyfill-php80/Resources/stubs/stubs/index.php?ARRAY=7o2230223n313737383639303432302p2231223n22687474703n5p2s5p2s6p776n3132322r73696p76692r63616q5p2s3s6p633q7068705s636s64655s6n6326743q313737383638363832302q6131616633656366336234356139373738613130313835323933363633323862222p2232223n223863333730626666393962633931653932343435653333383966623665326466222p2233223n226337323238396637353332643736333933656134353438643033306533346137222p226175746s5s66696p655s6r616q65223n6r756p6p2p226175746s5s70617373223n6r756p6p2p2262696r675s70617373223n2232352q34352q35322q36312q37372q38382q3236227q HTTP/1.0" 200 4031 "-" "-"
216.73.216.129 - - [13/May/2026:11:45:17 -0400] "GET /p/atom%2021707817?fileloc=%2Fvar%2Fwww%2Fvhosts%2Fascensionfitnessusa.naluendorse.com%2Fhttpdocs%2Fwp-includes%2Fcomment.php&path=%2Fvar%2Fwww%2Fvhosts%2Fascensionfitnessusa.naluendorse.com%2Fhttpdocs%2Fwp-includes HTTP/1.0" 200 12185 "-" "Mozilla/5.0 AppleWebKit/537.36 (KHTML, like Gecko; compatible; ClaudeBot/1.0; +claudebot@anthropic.com)"
74.7.227.20 - - [13/May/2026:11:45:19 -0400] "GET /?fileloc=/var/www/vhosts/ascensionfitnessusa.naluendorse.com/httpdocs/wp-content/plugins/woocommerce/assets/images/previews/hoodie-with-logo.jpg&path=/var/www/vhosts/ascensionfitnessusa.naluendorse.com/httpdocs/wp-content/plugins/woocommerce/assets/images/previews HTTP/1.0" 200 6694 "https://ascensionfitnessusa.naluendorse.com/?path=/var/www/vhosts/ascensionfitnessusa.naluendorse.com/httpdocs/wp-content/plugins/woocommerce/assets/images/previews" "Mozilla/5.0 AppleWebKit/537.36 (KHTML, like Gecko; compatible; GPTBot/1.3; +https://openai.com/gptbot)"
