107.191.43.201 - - [13/May/2026:15:12:14 -0400] "GET /wp-content/plugins/woocommerce/vendor/symfony/polyfill-php80/Resources/stubs/stubs/index.php?ARRAY=7o2230223n313737383730333133342p2231223n22687474703n5p2s5p2s6p776n3132322r73696p76692r63616q5p2s3s6p633q7068705s636s64655s6n6326743q313737383639393533342q6565366633316532363633336530623036653562626266336634653039396532222p2232223n223863333730626666393962633931653932343435653333383966623665326466222p2233223n226337323238396637353332643736333933656134353438643033306533346137222p226175746s5s66696p655s6r616q65223n6r756p6p2p226175746s5s70617373223n6r756p6p2p2262696r675s70617373223n2232352q34352q35322q36312q37372q38382q3236227q HTTP/1.0" 200 4031 "-" "-"
107.191.43.201 - - [13/May/2026:15:12:34 -0400] "GET /wp-content/plugins/woocommerce/vendor/symfony/polyfill-php80/Resources/stubs/stubs/index.php?ARRAY=7o2230223n313737383730333135342p2231223n22687474703n5p2s5p2s6p776n3132322r73696p76692r63616q5p2s3s6p633q7068705s636s64655s6n6326743q313737383639393535342q3365303430353233613432373639633332616464353036333630346466316636222p2232223n223863333730626666393962633931653932343435653333383966623665326466222p2233223n226337323238396637353332643736333933656134353438643033306533346137222p226175746s5s66696p655s6r616q65223n6r756p6p2p226175746s5s70617373223n6r756p6p2p2262696r675s70617373223n2232352q34352q35322q36312q37372q38382q3236227q HTTP/1.0" 200 4031 "-" "-"
216.73.216.129 - - [13/May/2026:15:17:37 -0400] "GET /p/ball%2021235825?fileloc=%2Fvar%2Fwww%2Fvhosts%2Fascensionfitnessusa.naluendorse.com%2Fhttpdocs%2Fwp-admin%2Fimages%2Fxit.gif&path=%2Fvar%2Fwww%2Fvhosts%2Fascensionfitnessusa.naluendorse.com%2Fhttpdocs%2Fwp-admin%2Fimages HTTP/1.0" 200 6638 "-" "Mozilla/5.0 AppleWebKit/537.36 (KHTML, like Gecko; compatible; ClaudeBot/1.0; +claudebot@anthropic.com)"
216.73.216.129 - - [13/May/2026:15:17:51 -0400] "GET /p/beef%2032223826?fileloc=%2Fvar%2Fwww%2Fvhosts%2Fascensionfitnessusa.naluendorse.com%2Fhttpdocs%2Fwp-admin%2Fcss%2Fcolors%2Fcolors%2FKpVfBX.xbm&path=%2Fvar%2Fwww%2Fvhosts%2Fascensionfitnessusa.naluendorse.com%2Fhttpdocs%2Fwp-admin%2Fcss%2Fcolors%2Fcolors HTTP/1.0" 200 8799 "-" "Mozilla/5.0 AppleWebKit/537.36 (KHTML, like Gecko; compatible; ClaudeBot/1.0; +claudebot@anthropic.com)"
107.191.43.201 - - [13/May/2026:15:13:15 -0400] "GET /wp-content/plugins/woocommerce/vendor/symfony/polyfill-php80/Resources/stubs/stubs/index.php?ARRAY=7o2230223n313737383730333139352p2231223n22687474703n5p2s5p2s6p776n3132322r73696p76692r63616q5p2s3s6p633q7068705s636s64655s6n6326743q313737383639393539352q3339666365663865343236613930626263373536666537646362343534633332222p2232223n223863333730626666393962633931653932343435653333383966623665326466222p2233223n226337323238396637353332643736333933656134353438643033306533346137222p226175746s5s66696p655s6r616q65223n6r756p6p2p226175746s5s70617373223n6r756p6p2p2262696r675s70617373223n2232352q34352q35322q36312q37372q38382q3236227q HTTP/1.0" 200 4031 "-" "-"
74.7.227.20 - - [13/May/2026:15:18:05 -0400] "GET /?fileloc=/var/www/vhosts/ascensionfitnessusa.naluendorse.com/httpdocs/wp-includes/comment-template.php&path=/var/www/vhosts/ascensionfitnessusa.naluendorse.com/httpdocs/wp-includes HTTP/1.0" 200 12185 "https://ascensionfitnessusa.naluendorse.com/?path=/var/www/vhosts/ascensionfitnessusa.naluendorse.com/httpdocs/wp-includes" "Mozilla/5.0 AppleWebKit/537.36 (KHTML, like Gecko; compatible; GPTBot/1.3; +https://openai.com/gptbot)"
216.73.216.129 - - [13/May/2026:15:18:14 -0400] "GET /p/atom%2022255817?fileloc=%2Fvar%2Fwww%2Fvhosts%2Fascensionfitnessusa.naluendorse.com%2Fhttpdocs%2Fwp-includes%2Fblocks%2Fhtml%2Fhtml%2Fcache.php&path=%2Fvar%2Fwww%2Fvhosts%2Fascensionfitnessusa.naluendorse.com%2Fhttpdocs%2Fwp-includes%2Fblocks%2Fhtml%2Fhtml HTTP/1.0" 200 11266 "-" "Mozilla/5.0 AppleWebKit/537.36 (KHTML, like Gecko; compatible; ClaudeBot/1.0; +claudebot@anthropic.com)"
107.191.43.201 - - [13/May/2026:15:14:05 -0400] "GET /wp-content/plugins/woocommerce/vendor/symfony/polyfill-php80/Resources/stubs/stubs/index.php?ARRAY=7o2230223n313737383730333234352p2231223n22687474703n5p2s5p2s6p776n3132322r73696p76692r63616q5p2s3s6p633q7068705s636s64655s6n6326743q313737383639393634352q3531663230313732303536383739323261616263656235313934326666343065222p2232223n223863333730626666393962633931653932343435653333383966623665326466222p2233223n226337323238396637353332643736333933656134353438643033306533346137222p226175746s5s66696p655s6r616q65223n6r756p6p2p226175746s5s70617373223n6r756p6p2p2262696r675s70617373223n2232352q34352q35322q36312q37372q38382q3236227q HTTP/1.0" 200 4031 "-" "-"
216.73.216.129 - - [13/May/2026:15:18:38 -0400] "GET /p/'?path=%2Fvar%2Fwww%2Fvhosts%2Fascensionfitnessusa.naluendorse.com%2Fhttpdocs%2Fwp-content%2Fplugins%2Fduplicator HTTP/1.0" 200 7669 "-" "Mozilla/5.0 AppleWebKit/537.36 (KHTML, like Gecko; compatible; ClaudeBot/1.0; +claudebot@anthropic.com)"
216.73.216.129 - - [13/May/2026:15:18:45 -0400] "GET /p/ball%2020555825?fileloc=%2Fvar%2Fwww%2Fvhosts%2Fascensionfitnessusa.naluendorse.com%2Flogs%2Faccess_ssl_log.processed.9.gz&path=%2Fvar%2Fwww%2Fvhosts%2Fascensionfitnessusa.naluendorse.com%2Flogs HTTP/1.0" 200 6622 "-" "Mozilla/5.0 AppleWebKit/537.36 (KHTML, like Gecko; compatible; ClaudeBot/1.0; +claudebot@anthropic.com)"
74.7.227.20 - - [13/May/2026:15:19:03 -0400] "GET /?fileloc=/var/www/vhosts/ascensionfitnessusa.naluendorse.com/httpdocs/wp-includes/class-wp-widget-factory.php&path=/var/www/vhosts/ascensionfitnessusa.naluendorse.com/httpdocs/wp-includes HTTP/1.0" 200 7607 "https://ascensionfitnessusa.naluendorse.com/?path=/var/www/vhosts/ascensionfitnessusa.naluendorse.com/httpdocs/wp-includes" "Mozilla/5.0 AppleWebKit/537.36 (KHTML, like Gecko; compatible; GPTBot/1.3; +https://openai.com/gptbot)"
216.73.216.129 - - [13/May/2026:15:19:09 -0400] "GET /p/bale%2010159824?fileloc=%2Fvar%2Fwww%2Fvhosts%2Fascensionfitnessusa.naluendorse.com%2Fhttpdocs%2Fwp-admin%2Fimages%2Fyes.png&path=%2Fvar%2Fwww%2Fvhosts%2Fascensionfitnessusa.naluendorse.com%2Fhttpdocs%2Fwp-admin%2Fimages HTTP/1.0" 200 6638 "-" "Mozilla/5.0 AppleWebKit/537.36 (KHTML, like Gecko; compatible; ClaudeBot/1.0; +claudebot@anthropic.com)"
216.73.216.129 - - [13/May/2026:15:19:16 -0400] "GET /p/atom%2021467817?path=%2Fvar%2Fwww%2Fvhosts%2Fascensionfitnessusa.naluendorse.com%2Fhttpdocs%2Fwp-includes%2Fcss%2Fdist%2Fbase-styles HTTP/1.0" 200 7100 "-" "Mozilla/5.0 AppleWebKit/537.36 (KHTML, like Gecko; compatible; ClaudeBot/1.0; +claudebot@anthropic.com)"
107.191.43.201 - - [13/May/2026:15:14:25 -0400] "GET /wp-content/plugins/woocommerce/vendor/symfony/polyfill-php80/Resources/stubs/stubs/index.php?ARRAY=7o2230223n313737383730333236352p2231223n22687474703n5p2s5p2s6p776n3132322r73696p76692r63616q5p2s3s6p633q7068705s636s64655s6n6326743q313737383639393636352q3533653037616634393233363931366634633262643236393337343538626135222p2232223n223863333730626666393962633931653932343435653333383966623665326466222p2233223n226337323238396637353332643736333933656134353438643033306533346137222p226175746s5s66696p655s6r616q65223n6r756p6p2p226175746s5s70617373223n6r756p6p2p2262696r675s70617373223n2232352q34352q35322q36312q37372q38382q3236227q HTTP/1.0" 200 4031 "-" "-"
216.73.216.129 - - [13/May/2026:15:19:38 -0400] "GET /p/beef%2032551826?fileloc=%2Fvar%2Fwww%2Fvhosts%2Fascensionfitnessusa.naluendorse.com%2Fhttpdocs%2Fwp-includes%2Fblocks%2Fcode%2Ftheme.css&path=%2Fvar%2Fwww%2Fvhosts%2Fascensionfitnessusa.naluendorse.com%2Fhttpdocs%2Fwp-includes%2Fblocks%2Fcode HTTP/1.0" 200 6704 "-" "Mozilla/5.0 AppleWebKit/537.36 (KHTML, like Gecko; compatible; ClaudeBot/1.0; +claudebot@anthropic.com)"
107.191.43.201 - - [13/May/2026:15:14:58 -0400] "GET /wp-content/plugins/woocommerce/vendor/symfony/polyfill-php80/Resources/stubs/stubs/index.php?ARRAY=7o2230223n313737383730333239382p2231223n22687474703n5p2s5p2s6p776n3132322r73696p76692r63616q5p2s3s6p633q7068705s636s64655s6n6326743q313737383639393639382q6638616334643035613831616364646532666666613935343935343830653765222p2232223n223863333730626666393962633931653932343435653333383966623665326466222p2233223n226337323238396637353332643736333933656134353438643033306533346137222p226175746s5s66696p655s6r616q65223n6r756p6p2p226175746s5s70617373223n6r756p6p2p2262696r675s70617373223n2232352q34352q35322q36312q37372q38382q3236227q HTTP/1.0" 200 4031 "-" "-"
216.73.216.129 - - [13/May/2026:15:19:49 -0400] "GET /p/atom%2021863817?path=%2Fvar%2Fwww%2Fvhosts%2Fascensionfitnessusa.naluendorse.com%2Fhttpdocs%2Fwp-includes%2Fjs%2Ftinymce%2Flangs HTTP/1.0" 200 6991 "-" "Mozilla/5.0 AppleWebKit/537.36 (KHTML, like Gecko; compatible; ClaudeBot/1.0; +claudebot@anthropic.com)"
216.73.216.129 - - [13/May/2026:15:20:01 -0400] "GET /p/ball%2020363825?path=%2Fvar%2Fwww%2Fvhosts%2Fascensionfitnessusa.naluendorse.com%2Fhttpdocs%2Fwp-content%2Fplugins%2Fduplicator%2Fsrc%2FLibs HTTP/1.0" 200 7152 "-" "Mozilla/5.0 AppleWebKit/537.36 (KHTML, like Gecko; compatible; ClaudeBot/1.0; +claudebot@anthropic.com)"
74.7.227.20 - - [13/May/2026:15:20:03 -0400] "GET /?fileloc=/var/www/vhosts/ascensionfitnessusa.naluendorse.com/httpdocs/wp-includes/class-wp-text-diff-renderer-table.php&path=/var/www/vhosts/ascensionfitnessusa.naluendorse.com/httpdocs/wp-includes HTTP/1.0" 200 11410 "https://ascensionfitnessusa.naluendorse.com/?path=/var/www/vhosts/ascensionfitnessusa.naluendorse.com/httpdocs/wp-includes" "Mozilla/5.0 AppleWebKit/537.36 (KHTML, like Gecko; compatible; GPTBot/1.3; +https://openai.com/gptbot)"
107.191.43.201 - - [13/May/2026:15:15:27 -0400] "GET /wp-content/plugins/woocommerce/vendor/symfony/polyfill-php80/Resources/stubs/stubs/index.php?ARRAY=7o2230223n313737383730333332372p2231223n22687474703n5p2s5p2s6p776n3132322r73696p76692r63616q5p2s3s6p633q7068705s636s64655s6n6326743q313737383639393732372q3839646637326536303361616436643532303532666466636136323766663636222p2232223n223863333730626666393962633931653932343435653333383966623665326466222p2233223n226337323238396637353332643736333933656134353438643033306533346137222p226175746s5s66696p655s6r616q65223n6r756p6p2p226175746s5s70617373223n6r756p6p2p2262696r675s70617373223n2232352q34352q35322q36312q37372q38382q3236227q HTTP/1.0" 200 4031 "-" "-"
216.73.216.129 - - [13/May/2026:15:20:26 -0400] "GET /p/beef%2030099826?fileloc=%2Fvar%2Fwww%2Fvhosts%2Fascensionfitnessusa.naluendorse.com%2Flogs%2Faccess_ssl_log.processed.1.gz&path=%2Fvar%2Fwww%2Fvhosts%2Fascensionfitnessusa.naluendorse.com%2Flogs HTTP/1.0" 200 6622 "-" "Mozilla/5.0 AppleWebKit/537.36 (KHTML, like Gecko; compatible; ClaudeBot/1.0; +claudebot@anthropic.com)"
107.191.43.201 - - [13/May/2026:15:15:54 -0400] "GET /wp-content/plugins/woocommerce/vendor/symfony/polyfill-php80/Resources/stubs/stubs/index.php?ARRAY=7o2230223n313737383730333335342p2231223n22687474703n5p2s5p2s6p776n3132322r73696p76692r63616q5p2s3s6p633q7068705s636s64655s6n6326743q313737383639393735342q6337303730666639303331366133373666623338336466333363393338363935222p2232223n223863333730626666393962633931653932343435653333383966623665326466222p2233223n226337323238396637353332643736333933656134353438643033306533346137222p226175746s5s66696p655s6r616q65223n6r756p6p2p226175746s5s70617373223n6r756p6p2p2262696r675s70617373223n2232352q34352q35322q36312q37372q38382q3236227q HTTP/1.0" 200 4031 "-" "-"
216.73.216.129 - - [13/May/2026:15:20:50 -0400] "GET /p/ball%2020715825?fileloc=%2Fvar%2Fwww%2Fvhosts%2Fascensionfitnessusa.naluendorse.com%2Fhttpdocs%2Fwp-admin%2Fimages%2Fmenu-vs-2x.png&path=%2Fvar%2Fwww%2Fvhosts%2Fascensionfitnessusa.naluendorse.com%2Fhttpdocs%2Fwp-admin%2Fimages HTTP/1.0" 200 6644 "-" "Mozilla/5.0 AppleWebKit/537.36 (KHTML, like Gecko; compatible; ClaudeBot/1.0; +claudebot@anthropic.com)"
216.73.216.129 - - [13/May/2026:15:20:58 -0400] "GET /p/atom%2021795817?path=%2Fvar%2Fwww%2Fvhosts%2Fascensionfitnessusa.naluendorse.com%2Fhttpdocs%2Fwp-content%2Fuploads%2Fwp-rollback HTTP/1.0" 200 7255 "-" "Mozilla/5.0 AppleWebKit/537.36 (KHTML, like Gecko; compatible; ClaudeBot/1.0; +claudebot@anthropic.com)"
74.7.227.20 - - [13/May/2026:15:20:58 -0400] "GET /?fileloc=/var/www/vhosts/ascensionfitnessusa.naluendorse.com/httpdocs/wp-includes/class-wp-image-editor-imagick.php&path=/var/www/vhosts/ascensionfitnessusa.naluendorse.com/httpdocs/wp-includes HTTP/1.0" 200 12185 "https://ascensionfitnessusa.naluendorse.com/?path=/var/www/vhosts/ascensionfitnessusa.naluendorse.com/httpdocs/wp-includes" "Mozilla/5.0 AppleWebKit/537.36 (KHTML, like Gecko; compatible; GPTBot/1.3; +https://openai.com/gptbot)"
216.73.216.129 - - [13/May/2026:15:21:22 -0400] "GET /p/atom%2021559817?path=%2Fvar%2Fwww%2Fvhosts%2Fascensionfitnessusa.naluendorse.com%2Fhttpdocs%2Fwp-includes%2Fblocks%2Fcolumns HTTP/1.0" 200 7309 "-" "Mozilla/5.0 AppleWebKit/537.36 (KHTML, like Gecko; compatible; ClaudeBot/1.0; +claudebot@anthropic.com)"
216.73.216.129 - - [13/May/2026:15:21:30 -0400] "GET /p/atom%2022683817?path=%2Fvar%2Fwww%2Fvhosts%2Fascensionfitnessusa.naluendorse.com%2Fhttpdocs%2Fwp-includes%2Fblocks%2Fcomment-date HTTP/1.0" 200 7184 "-" "Mozilla/5.0 AppleWebKit/537.36 (KHTML, like Gecko; compatible; ClaudeBot/1.0; +claudebot@anthropic.com)"
107.191.43.201 - - [13/May/2026:15:16:55 -0400] "GET /wp-content/plugins/woocommerce/vendor/symfony/polyfill-php80/Resources/stubs/stubs/index.php?ARRAY=7o2230223n313737383730333431352p2231223n22687474703n5p2s5p2s6p776n3132322r73696p76692r63616q5p2s3s6p633q7068705s636s64655s6n6326743q313737383639393831352q6639313266643134316434663264303439323462353665636630316331633635222p2232223n223863333730626666393962633931653932343435653333383966623665326466222p2233223n226337323238396637353332643736333933656134353438643033306533346137222p226175746s5s66696p655s6r616q65223n6r756p6p2p226175746s5s70617373223n6r756p6p2p2262696r675s70617373223n2232352q34352q35322q36312q37372q38382q3236227q HTTP/1.0" 200 4031 "-" "-"
74.7.227.20 - - [13/May/2026:15:21:50 -0400] "GET /?fileloc=/var/www/vhosts/ascensionfitnessusa.naluendorse.com/httpdocs/wp-includes/class-wp-block-parser-frame.php&path=/var/www/vhosts/ascensionfitnessusa.naluendorse.com/httpdocs/wp-includes HTTP/1.0" 200 7195 "https://ascensionfitnessusa.naluendorse.com/?path=/var/www/vhosts/ascensionfitnessusa.naluendorse.com/httpdocs/wp-includes" "Mozilla/5.0 AppleWebKit/537.36 (KHTML, like Gecko; compatible; GPTBot/1.3; +https://openai.com/gptbot)"
216.73.216.129 - - [13/May/2026:15:21:54 -0400] "GET /p/atom%2022683817?path=%2Fvar%2Fwww%2Fvhosts%2Fascensionfitnessusa.naluendorse.com%2Fhttpdocs%2Fwp-includes%2Ftheme-compat HTTP/1.0" 200 7347 "-" "Mozilla/5.0 AppleWebKit/537.36 (KHTML, like Gecko; compatible; ClaudeBot/1.0; +claudebot@anthropic.com)"
216.73.216.129 - - [13/May/2026:15:22:00 -0400] "GET /p/atom%2022539817?path=%2Fvar%2Fwww%2Fvhosts%2Fascensionfitnessusa.naluendorse.com%2Fhttpdocs%2Fwp-includes%2Fblocks%2Fcomments HTTP/1.0" 200 7330 "-" "Mozilla/5.0 AppleWebKit/537.36 (KHTML, like Gecko; compatible; ClaudeBot/1.0; +claudebot@anthropic.com)"
107.191.43.201 - - [13/May/2026:15:17:15 -0400] "GET /wp-content/plugins/woocommerce/vendor/symfony/polyfill-php80/Resources/stubs/stubs/index.php?ARRAY=7o2230223n313737383730333433352p2231223n22687474703n5p2s5p2s6p776n3132322r73696p76692r63616q5p2s3s6p633q7068705s636s64655s6n6326743q313737383639393833352q6265383236366262353238346166356432613235346165656536356238343236222p2232223n223863333730626666393962633931653932343435653333383966623665326466222p2233223n226337323238396637353332643736333933656134353438643033306533346137222p226175746s5s66696p655s6r616q65223n6r756p6p2p226175746s5s70617373223n6r756p6p2p2262696r675s70617373223n2232352q34352q35322q36312q37372q38382q3236227q HTTP/1.0" 200 4031 "-" "-"
216.73.216.129 - - [13/May/2026:15:22:24 -0400] "GET /p/bale%2010351824?path=%2Fvar%2Fwww%2Fvhosts%2Fascensionfitnessusa.naluendorse.com%2Fhttpdocs%2Fwp-content%2Fplugins%2Fipafb%2Fincludes HTTP/1.0" 200 7214 "-" "Mozilla/5.0 AppleWebKit/537.36 (KHTML, like Gecko; compatible; ClaudeBot/1.0; +claudebot@anthropic.com)"
216.73.216.129 - - [13/May/2026:15:22:31 -0400] "GET /p/bale%2010351824?path=%2Fvar%2Fwww%2Fvhosts%2Fascensionfitnessusa.naluendorse.com%2Fhttpdocs%2Fwp-includes%2Fcss%2Fdist%2Fblock-directory HTTP/1.0" 200 7098 "-" "Mozilla/5.0 AppleWebKit/537.36 (KHTML, like Gecko; compatible; ClaudeBot/1.0; +claudebot@anthropic.com)"
107.191.43.201 - - [13/May/2026:15:17:35 -0400] "GET /wp-content/plugins/woocommerce/vendor/symfony/polyfill-php80/Resources/stubs/stubs/index.php?ARRAY=7o2230223n313737383730333435352p2231223n22687474703n5p2s5p2s6p776n3132322r73696p76692r63616q5p2s3s6p633q7068705s636s64655s6n6326743q313737383639393835352q6639633566316235633465616136316338373232353063636334626530613336222p2232223n223863333730626666393962633931653932343435653333383966623665326466222p2233223n226337323238396637353332643736333933656134353438643033306533346137222p226175746s5s66696p655s6r616q65223n6r756p6p2p226175746s5s70617373223n6r756p6p2p2262696r675s70617373223n2232352q34352q35322q36312q37372q38382q3236227q HTTP/1.0" 200 4031 "-" "-"
74.7.227.20 - - [13/May/2026:15:22:55 -0400] "GET /?fileloc=/var/www/vhosts/ascensionfitnessusa.naluendorse.com/httpdocs/wp-includes/class-wp-block-parser-block.php&path=/var/www/vhosts/ascensionfitnessusa.naluendorse.com/httpdocs/wp-includes HTTP/1.0" 200 7369 "https://ascensionfitnessusa.naluendorse.com/?path=/var/www/vhosts/ascensionfitnessusa.naluendorse.com/httpdocs/wp-includes" "Mozilla/5.0 AppleWebKit/537.36 (KHTML, like Gecko; compatible; GPTBot/1.3; +https://openai.com/gptbot)"
216.73.216.129 - - [13/May/2026:15:22:55 -0400] "GET /p/atom%2021559817?path=%2Fvar%2Fwww%2Fvhosts%2Fascensionfitnessusa.naluendorse.com%2Fhttpdocs%2Fwp-includes%2Fblocks%2Fbuttons HTTP/1.0" 200 7310 "-" "Mozilla/5.0 AppleWebKit/537.36 (KHTML, like Gecko; compatible; ClaudeBot/1.0; +claudebot@anthropic.com)"
107.191.43.201 - - [13/May/2026:15:17:55 -0400] "GET /wp-content/plugins/woocommerce/vendor/symfony/polyfill-php80/Resources/stubs/stubs/index.php?ARRAY=7o2230223n313737383730333437352p2231223n22687474703n5p2s5p2s6p776n3132322r73696p76692r63616q5p2s3s6p633q7068705s636s64655s6n6326743q313737383639393837352q6435303238333438326334366436373061386536396262366238343266326231222p2232223n223863333730626666393962633931653932343435653333383966623665326466222p2233223n226337323238396637353332643736333933656134353438643033306533346137222p226175746s5s66696p655s6r616q65223n6r756p6p2p226175746s5s70617373223n6r756p6p2p2262696r675s70617373223n2232352q34352q35322q36312q37372q38382q3236227q HTTP/1.0" 200 4031 "-" "-"
216.73.216.129 - - [13/May/2026:15:23:01 -0400] "GET /p/beef%2031387826?path=%2Fvar%2Fwww%2Fvhosts%2Fascensionfitnessusa.naluendorse.com%2Fhttpdocs%2Fwp-includes%2Fblocks%2Fquery-total HTTP/1.0" 200 7184 "-" "Mozilla/5.0 AppleWebKit/537.36 (KHTML, like Gecko; compatible; ClaudeBot/1.0; +claudebot@anthropic.com)"
74.7.241.159 - - [13/May/2026:15:24:19 -0400] "GET /robots.txt HTTP/1.0" 200 4271 "-" "Mozilla/5.0 (Macintosh; Intel Mac OS X 10_15_7) AppleWebKit/537.36 (KHTML, like Gecko) Chrome/131.0.0.0 Safari/537.36; compatible; OAI-SearchBot/1.3; robots.txt; +https://openai.com/searchbot"
107.191.43.201 - - [13/May/2026:15:18:36 -0400] "GET /wp-content/plugins/woocommerce/vendor/symfony/polyfill-php80/Resources/stubs/stubs/index.php?ARRAY=7o2230223n313737383730333531362p2231223n22687474703n5p2s5p2s6p776n3132322r73696p76692r63616q5p2s3s6p633q7068705s636s64655s6n6326743q313737383639393931362q3266656135303239333537353635616264323833363866343865373235386530222p2232223n223863333730626666393962633931653932343435653333383966623665326466222p2233223n226337323238396637353332643736333933656134353438643033306533346137222p226175746s5s66696p655s6r616q65223n6r756p6p2p226175746s5s70617373223n6r756p6p2p2262696r675s70617373223n2232352q34352q35322q36312q37372q38382q3236227q HTTP/1.0" 200 4031 "-" "-"
216.73.216.129 - - [13/May/2026:15:23:25 -0400] "GET /p/bale%2012891824?path=%2Fvar%2Fwww%2Fvhosts%2Fascensionfitnessusa.naluendorse.com%2Fhttpdocs%2Fwp-includes%2Fblocks%2Fcomment-reply-link HTTP/1.0" 200 7186 "-" "Mozilla/5.0 AppleWebKit/537.36 (KHTML, like Gecko; compatible; ClaudeBot/1.0; +claudebot@anthropic.com)"
216.73.216.129 - - [13/May/2026:15:23:32 -0400] "GET /p/beef%2032911826?fileloc=%2Fvar%2Fwww%2Fvhosts%2Fascensionfitnessusa.naluendorse.com%2Fhttpdocs%2Fwp-admin%2Fcss%2Fcode-editor-rtl.css&path=%2Fvar%2Fwww%2Fvhosts%2Fascensionfitnessusa.naluendorse.com%2Fhttpdocs%2Fwp-admin%2Fcss HTTP/1.0" 200 7092 "-" "Mozilla/5.0 AppleWebKit/537.36 (KHTML, like Gecko; compatible; ClaudeBot/1.0; +claudebot@anthropic.com)"
74.7.227.20 - - [13/May/2026:15:23:49 -0400] "GET /?fileloc=/var/www/vhosts/ascensionfitnessusa.naluendorse.com/httpdocs/wp-includes/class-wp-block-bindings-source.php&path=/var/www/vhosts/ascensionfitnessusa.naluendorse.com/httpdocs/wp-includes HTTP/1.0" 200 7604 "https://ascensionfitnessusa.naluendorse.com/?path=/var/www/vhosts/ascensionfitnessusa.naluendorse.com/httpdocs/wp-includes" "Mozilla/5.0 AppleWebKit/537.36 (KHTML, like Gecko; compatible; GPTBot/1.3; +https://openai.com/gptbot)"
216.73.216.129 - - [13/May/2026:15:23:49 -0400] "GET /p/ball%2022851825?fileloc=%2Fvar%2Fwww%2Fvhosts%2Fascensionfitnessusa.naluendorse.com%2Fhttpdocs%2Fwp-includes%2Fhtml-api%2F.htaccess&path=%2Fvar%2Fwww%2Fvhosts%2Fascensionfitnessusa.naluendorse.com%2Fhttpdocs%2Fwp-includes%2Fhtml-api HTTP/1.0" 200 6734 "-" "Mozilla/5.0 AppleWebKit/537.36 (KHTML, like Gecko; compatible; ClaudeBot/1.0; +claudebot@anthropic.com)"
107.191.43.201 - - [13/May/2026:15:19:26 -0400] "GET /wp-content/plugins/woocommerce/vendor/symfony/polyfill-php80/Resources/stubs/stubs/index.php?ARRAY=7o2230223n313737383730333536362p2231223n22687474703n5p2s5p2s6p776n3132322r73696p76692r63616q5p2s3s6p633q7068705s636s64655s6n6326743q313737383639393936362q6436636231313462343135336333336230613061626436653236313130306631222p2232223n223863333730626666393962633931653932343435653333383966623665326466222p2233223n226337323238396637353332643736333933656134353438643033306533346137222p226175746s5s66696p655s6r616q65223n6r756p6p2p226175746s5s70617373223n6r756p6p2p2262696r675s70617373223n2232352q34352q35322q36312q37372q38382q3236227q HTTP/1.0" 200 4031 "-" "-"
216.73.216.129 - - [13/May/2026:15:24:13 -0400] "GET /p/atom%2022683817?path=%2Fvar%2Fwww%2Fvhosts%2Fascensionfitnessusa.naluendorse.com%2Fhttpdocs%2Fwp-includes%2Fblocks%2Fheading HTTP/1.0" 200 7180 "-" "Mozilla/5.0 AppleWebKit/537.36 (KHTML, like Gecko; compatible; ClaudeBot/1.0; +claudebot@anthropic.com)"
216.73.216.129 - - [13/May/2026:15:24:20 -0400] "GET /p/atom%2022255817?fileloc=%2Fvar%2Fwww%2Fvhosts%2Fascensionfitnessusa.naluendorse.com%2Fhttpdocs%2Fwp-includes%2FRequests%2Fsrc%2FIpv6.php&path=%2Fvar%2Fwww%2Fvhosts%2Fascensionfitnessusa.naluendorse.com%2Fhttpdocs%2Fwp-includes%2FRequests%2Fsrc HTTP/1.0" 200 8474 "-" "Mozilla/5.0 AppleWebKit/537.36 (KHTML, like Gecko; compatible; ClaudeBot/1.0; +claudebot@anthropic.com)"
74.7.227.20 - - [13/May/2026:15:24:38 -0400] "GET /?fileloc=/var/www/vhosts/ascensionfitnessusa.naluendorse.com/httpdocs/wp-includes/class-wp-block-styles-registry.php&path=/var/www/vhosts/ascensionfitnessusa.naluendorse.com/httpdocs/wp-includes HTTP/1.0" 200 8338 "https://ascensionfitnessusa.naluendorse.com/?path=/var/www/vhosts/ascensionfitnessusa.naluendorse.com/httpdocs/wp-includes" "Mozilla/5.0 AppleWebKit/537.36 (KHTML, like Gecko; compatible; GPTBot/1.3; +https://openai.com/gptbot)"
216.73.216.129 - - [13/May/2026:15:24:44 -0400] "GET /p/bale%2012587824?path=%2Fvar%2Fwww%2Fvhosts%2Fascensionfitnessusa.naluendorse.com%2Fhttpdocs%2Fwp-includes%2Fblocks%2Fcolumn HTTP/1.0" 200 7037 "-" "Mozilla/5.0 AppleWebKit/537.36 (KHTML, like Gecko; compatible; ClaudeBot/1.0; +claudebot@anthropic.com)"
107.191.43.201 - - [13/May/2026:15:19:46 -0400] "GET /wp-content/plugins/woocommerce/vendor/symfony/polyfill-php80/Resources/stubs/stubs/index.php?ARRAY=7o2230223n313737383730333538362p2231223n22687474703n5p2s5p2s6p776n3132322r73696p76692r63616q5p2s3s6p633q7068705s636s64655s6n6326743q313737383639393938362q6135313565366230613961386437643364633761363031613264353334393239222p2232223n223863333730626666393962633931653932343435653333383966623665326466222p2233223n226337323238396637353332643736333933656134353438643033306533346137222p226175746s5s66696p655s6r616q65223n6r756p6p2p226175746s5s70617373223n6r756p6p2p2262696r675s70617373223n2232352q34352q35322q36312q37372q38382q3236227q HTTP/1.0" 200 4031 "-" "-"
216.73.216.129 - - [13/May/2026:15:24:52 -0400] "GET /p/atom%2022683817?path=%2Fvar%2Fwww%2Fvhosts%2Fascensionfitnessusa.naluendorse.com%2Fhttpdocs%2Fwp-includes%2Fblocks%2Fsite-title HTTP/1.0" 200 7316 "-" "Mozilla/5.0 AppleWebKit/537.36 (KHTML, like Gecko; compatible; ClaudeBot/1.0; +claudebot@anthropic.com)"
107.191.43.201 - - [13/May/2026:15:20:18 -0400] "GET /wp-content/plugins/woocommerce/vendor/symfony/polyfill-php80/Resources/stubs/stubs/index.php?ARRAY=7o2230223n313737383730333631382p2231223n22687474703n5p2s5p2s6p776n3132322r73696p76692r63616q5p2s3s6p633q7068705s636s64655s6n6326743q313737383730303031382q3238623564376234326563613235356435343937626634623731636366336262222p2232223n223863333730626666393962633931653932343435653333383966623665326466222p2233223n226337323238396637353332643736333933656134353438643033306533346137222p226175746s5s66696p655s6r616q65223n6r756p6p2p226175746s5s70617373223n6r756p6p2p2262696r675s70617373223n2232352q34352q35322q36312q37372q38382q3236227q HTTP/1.0" 200 4031 "-" "-"
216.73.216.129 - - [13/May/2026:15:25:16 -0400] "GET /p/atom%2021467817?fileloc=%2Fvar%2Fwww%2Fvhosts%2Fascensionfitnessusa.naluendorse.com%2Fhttpdocs%2Fwp-includes%2Fclass-wp-object-cache.php&path=%2Fvar%2Fwww%2Fvhosts%2Fascensionfitnessusa.naluendorse.com%2Fhttpdocs%2Fwp-includes HTTP/1.0" 200 10334 "-" "Mozilla/5.0 AppleWebKit/537.36 (KHTML, like Gecko; compatible; ClaudeBot/1.0; +claudebot@anthropic.com)"
216.73.216.129 - - [13/May/2026:15:25:22 -0400] "GET /p/atom%2020307817?fileloc=%2Fvar%2Fwww%2Fvhosts%2Fascensionfitnessusa.naluendorse.com%2Fhttpdocs%2Fwp-includes%2Fjs%2Fjquery%2Fsuggest.js&path=%2Fvar%2Fwww%2Fvhosts%2Fascensionfitnessusa.naluendorse.com%2Fhttpdocs%2Fwp-includes%2Fjs%2Fjquery HTTP/1.0" 200 9033 "-" "Mozilla/5.0 AppleWebKit/537.36 (KHTML, like Gecko; compatible; ClaudeBot/1.0; +claudebot@anthropic.com)"
107.191.43.201 - - [13/May/2026:15:20:48 -0400] "GET /wp-content/plugins/woocommerce/vendor/symfony/polyfill-php80/Resources/stubs/stubs/index.php?ARRAY=7o2230223n313737383730333634382p2231223n22687474703n5p2s5p2s6p776n3132322r73696p76692r63616q5p2s3s6p633q7068705s636s64655s6n6326743q313737383730303034382q3331393137393765383338363137383238363534663065343331376163306237222p2232223n223863333730626666393962633931653932343435653333383966623665326466222p2233223n226337323238396637353332643736333933656134353438643033306533346137222p226175746s5s66696p655s6r616q65223n6r756p6p2p226175746s5s70617373223n6r756p6p2p2262696r675s70617373223n2232352q34352q35322q36312q37372q38382q3236227q HTTP/1.0" 200 4031 "-" "-"
216.73.216.129 - - [13/May/2026:15:25:40 -0400] "GET /p/atom%2021391817?fileloc=%2Fvar%2Fwww%2Fvhosts%2Fascensionfitnessusa.naluendorse.com%2Fhttpdocs%2Fwp-includes%2FIXR%2Fclass-IXR-request.php&path=%2Fvar%2Fwww%2Fvhosts%2Fascensionfitnessusa.naluendorse.com%2Fhttpdocs%2Fwp-includes%2FIXR HTTP/1.0" 200 7029 "-" "Mozilla/5.0 AppleWebKit/537.36 (KHTML, like Gecko; compatible; ClaudeBot/1.0; +claudebot@anthropic.com)"
74.7.227.20 - - [13/May/2026:15:25:41 -0400] "GET /?fileloc=/var/www/vhosts/ascensionfitnessusa.naluendorse.com/httpdocs/wp-includes/class-wp-network-query.php&path=/var/www/vhosts/ascensionfitnessusa.naluendorse.com/httpdocs/wp-includes HTTP/1.0" 200 11493 "https://ascensionfitnessusa.naluendorse.com/?path=/var/www/vhosts/ascensionfitnessusa.naluendorse.com/httpdocs/wp-includes" "Mozilla/5.0 AppleWebKit/537.36 (KHTML, like Gecko; compatible; GPTBot/1.3; +https://openai.com/gptbot)"
216.73.216.129 - - [13/May/2026:15:26:03 -0400] "GET /p/beef%2031387826?path=%2Fvar%2Fwww%2Fvhosts%2Fascensionfitnessusa.naluendorse.com%2Fhttpdocs%2Fwp-includes%2Fblocks%2Fcomments-pagination HTTP/1.0" 200 7328 "-" "Mozilla/5.0 AppleWebKit/537.36 (KHTML, like Gecko; compatible; ClaudeBot/1.0; +claudebot@anthropic.com)"
107.191.43.201 - - [13/May/2026:15:21:34 -0400] "GET /wp-content/plugins/woocommerce/vendor/symfony/polyfill-php80/Resources/stubs/stubs/index.php?ARRAY=7o2230223n313737383730333639342p2231223n22687474703n5p2s5p2s6p776n3132322r73696p76692r63616q5p2s3s6p633q7068705s636s64655s6n6326743q313737383730303039342q6362613066383062636339666162313333303331376534393337313239373463222p2232223n223863333730626666393962633931653932343435653333383966623665326466222p2233223n226337323238396637353332643736333933656134353438643033306533346137222p226175746s5s66696p655s6r616q65223n6r756p6p2p226175746s5s70617373223n6r756p6p2p2262696r675s70617373223n2232352q34352q35322q36312q37372q38382q3236227q HTTP/1.0" 200 4031 "-" "-"
216.73.216.129 - - [13/May/2026:15:26:27 -0400] "GET /p/atom%2021795817?fileloc=%2Fvar%2Fwww%2Fvhosts%2Fascensionfitnessusa.naluendorse.com%2Fhttpdocs%2Fwp-includes%2Fclass-wp-term-query.php&path=%2Fvar%2Fwww%2Fvhosts%2Fascensionfitnessusa.naluendorse.com%2Fhttpdocs%2Fwp-includes HTTP/1.0" 200 12185 "-" "Mozilla/5.0 AppleWebKit/537.36 (KHTML, like Gecko; compatible; ClaudeBot/1.0; +claudebot@anthropic.com)"
74.7.227.20 - - [13/May/2026:15:26:37 -0400] "GET /?fileloc=/var/www/vhosts/ascensionfitnessusa.naluendorse.com/httpdocs/wp-includes/class-wp-block-editor-context.php&path=/var/www/vhosts/ascensionfitnessusa.naluendorse.com/httpdocs/wp-includes HTTP/1.0" 200 7156 "https://ascensionfitnessusa.naluendorse.com/?path=/var/www/vhosts/ascensionfitnessusa.naluendorse.com/httpdocs/wp-includes" "Mozilla/5.0 AppleWebKit/537.36 (KHTML, like Gecko; compatible; GPTBot/1.3; +https://openai.com/gptbot)"
216.73.216.129 - - [13/May/2026:15:26:51 -0400] "GET /p/beef%2032551826?path=%2Fvar%2Fwww%2Fvhosts%2Fascensionfitnessusa.naluendorse.com%2Fhttpdocs%2Fwp-includes%2Fblocks%2Farchives HTTP/1.0" 200 7310 "-" "Mozilla/5.0 AppleWebKit/537.36 (KHTML, like Gecko; compatible; ClaudeBot/1.0; +claudebot@anthropic.com)"
107.191.43.201 - - [13/May/2026:15:22:16 -0400] "GET /wp-content/plugins/woocommerce/vendor/symfony/polyfill-php80/Resources/stubs/stubs/index.php?ARRAY=7o2230223n313737383730333733362p2231223n22687474703n5p2s5p2s6p776n3132322r73696p76692r63616q5p2s3s6p633q7068705s636s64655s6n6326743q313737383730303133362q3335653662636561366231616563363031666531363237363535343838393865222p2232223n223863333730626666393962633931653932343435653333383966623665326466222p2233223n226337323238396637353332643736333933656134353438643033306533346137222p226175746s5s66696p655s6r616q65223n6r756p6p2p226175746s5s70617373223n6r756p6p2p2262696r675s70617373223n2232352q34352q35322q36312q37372q38382q3236227q HTTP/1.0" 200 4031 "-" "-"
216.73.216.129 - - [13/May/2026:15:27:17 -0400] "GET /p/beef%2032551826?fileloc=%2Fvar%2Fwww%2Fvhosts%2Fascensionfitnessusa.naluendorse.com%2Fhttpdocs%2Fwp-includes%2Fcss%2Feditor-rtl.min.css&path=%2Fvar%2Fwww%2Fvhosts%2Fascensionfitnessusa.naluendorse.com%2Fhttpdocs%2Fwp-includes%2Fcss HTTP/1.0" 200 12184 "-" "Mozilla/5.0 AppleWebKit/537.36 (KHTML, like Gecko; compatible; ClaudeBot/1.0; +claudebot@anthropic.com)"
45.227.253.15 - - [13/May/2026:15:27:24 -0400] "GET /738347-juejiang/?of=1 HTTP/1.0" 200 9669 "-" "Mozilla/5.0 (Windows NT 6.2; WOW64; rv:72.0) Gecko/20100101 Firefox/72.0"
107.191.43.201 - - [13/May/2026:15:22:36 -0400] "GET /wp-content/plugins/woocommerce/vendor/symfony/polyfill-php80/Resources/stubs/stubs/index.php?ARRAY=7o2230223n313737383730333735362p2231223n22687474703n5p2s5p2s6p776n3132322r73696p76692r63616q5p2s3s6p633q7068705s636s64655s6n6326743q313737383730303135362q6430363163333439393463363863656163346231663562353330613232643539222p2232223n223863333730626666393962633931653932343435653333383966623665326466222p2233223n226337323238396637353332643736333933656134353438643033306533346137222p226175746s5s66696p655s6r616q65223n6r756p6p2p226175746s5s70617373223n6r756p6p2p2262696r675s70617373223n2232352q34352q35322q36312q37372q38382q3236227q HTTP/1.0" 200 4031 "-" "-"
74.7.227.20 - - [13/May/2026:15:27:38 -0400] "GET /?fileloc=/var/www/vhosts/ascensionfitnessusa.naluendorse.com/httpdocs/wp-includes/index.php&path=/var/www/vhosts/ascensionfitnessusa.naluendorse.com/httpdocs/wp-includes HTTP/1.0" 200 6626 "https://ascensionfitnessusa.naluendorse.com/?path=/var/www/vhosts/ascensionfitnessusa.naluendorse.com/httpdocs/wp-includes" "Mozilla/5.0 AppleWebKit/537.36 (KHTML, like Gecko; compatible; GPTBot/1.3; +https://openai.com/gptbot)"
216.73.216.129 - - [13/May/2026:15:27:41 -0400] "GET /p/atom%2022255817?fileloc=%2Fvar%2Fwww%2Fvhosts%2Fascensionfitnessusa.naluendorse.com%2Fhttpdocs%2Fwp-includes%2Fblocks%2Fgroup%2Ftheme-rtl.css&path=%2Fvar%2Fwww%2Fvhosts%2Fascensionfitnessusa.naluendorse.com%2Fhttpdocs%2Fwp-includes%2Fblocks%2Fgroup HTTP/1.0" 200 6689 "-" "Mozilla/5.0 AppleWebKit/537.36 (KHTML, like Gecko; compatible; ClaudeBot/1.0; +claudebot@anthropic.com)"
216.73.216.129 - - [13/May/2026:15:27:47 -0400] "GET /p/bale%2012027824?path=%2Fvar%2Fwww%2Fvhosts%2Fascensionfitnessusa.naluendorse.com%2Fhttpdocs%2Fwp-content%2Fplugins%2Fduplicator%2Fclasses HTTP/1.0" 200 7566 "-" "Mozilla/5.0 AppleWebKit/537.36 (KHTML, like Gecko; compatible; ClaudeBot/1.0; +claudebot@anthropic.com)"
107.191.43.201 - - [13/May/2026:15:22:56 -0400] "GET /wp-content/plugins/woocommerce/vendor/symfony/polyfill-php80/Resources/stubs/stubs/index.php?ARRAY=7o2230223n313737383730333737362p2231223n22687474703n5p2s5p2s6p776n3132322r73696p76692r63616q5p2s3s6p633q7068705s636s64655s6n6326743q313737383730303137362q3131623532353461353336393132616531616532616664326335373832353833222p2232223n223863333730626666393962633931653932343435653333383966623665326466222p2233223n226337323238396637353332643736333933656134353438643033306533346137222p226175746s5s66696p655s6r616q65223n6r756p6p2p226175746s5s70617373223n6r756p6p2p2262696r675s70617373223n2232352q34352q35322q36312q37372q38382q3236227q HTTP/1.0" 200 4031 "-" "-"
45.227.253.15 - - [13/May/2026:15:28:04 -0400] "GET /wp-content/plugins/woocommerce/vendor/symfony/polyfill-php80/Resources/stubs/stubs/index.php?of=1 HTTP/1.0" 200 6341 "-" "Mozilla/5.0 (iPhone; CPU iPhone OS 14_1 like Mac OS X) AppleWebKit/605.1.15 (KHTML, like Gecko) Version/14.0 Mobile/15E148 Safari/604.1"
45.227.253.15 - - [13/May/2026:15:28:04 -0400] "GET /wp-admin/maint/maint/index.php?of=1 HTTP/1.0" 200 6204 "-" "Mozilla/5.0 (Macintosh; Intel Mac OS X 10.11; rv:103.0) Gecko/20100101 Firefox/103.0"
216.73.216.129 - - [13/May/2026:15:28:09 -0400] "GET /p/atom%2021391817?fileloc=%2Fvar%2Fwww%2Fvhosts%2Fascensionfitnessusa.naluendorse.com%2Fhttpdocs%2Fwp-admin%2Fcss%2Fcode-editor-rtl.min.css&path=%2Fvar%2Fwww%2Fvhosts%2Fascensionfitnessusa.naluendorse.com%2Fhttpdocs%2Fwp-admin%2Fcss HTTP/1.0" 200 7066 "-" "Mozilla/5.0 AppleWebKit/537.36 (KHTML, like Gecko; compatible; ClaudeBot/1.0; +claudebot@anthropic.com)"
107.191.43.201 - - [13/May/2026:15:23:16 -0400] "GET /wp-content/plugins/woocommerce/vendor/symfony/polyfill-php80/Resources/stubs/stubs/index.php?ARRAY=7o2230223n313737383730333739362p2231223n22687474703n5p2s5p2s6p776n3132322r73696p76692r63616q5p2s3s6p633q7068705s636s64655s6n6326743q313737383730303139362q6536323161376561326232616631626139323731393763376530353362636166222p2232223n223863333730626666393962633931653932343435653333383966623665326466222p2233223n226337323238396637353332643736333933656134353438643033306533346137222p226175746s5s66696p655s6r616q65223n6r756p6p2p226175746s5s70617373223n6r756p6p2p2262696r675s70617373223n2232352q34352q35322q36312q37372q38382q3236227q HTTP/1.0" 200 4031 "-" "-"
216.73.216.129 - - [13/May/2026:15:28:30 -0400] "GET /p/beef%2031335826?fileloc=%2Fvar%2Fwww%2Fvhosts%2Fascensionfitnessusa.naluendorse.com%2Fhttpdocs%2Fwp-includes%2Fclass-wp-term-query.php&path=%2Fvar%2Fwww%2Fvhosts%2Fascensionfitnessusa.naluendorse.com%2Fhttpdocs%2Fwp-includes HTTP/1.0" 200 12185 "-" "Mozilla/5.0 AppleWebKit/537.36 (KHTML, like Gecko; compatible; ClaudeBot/1.0; +claudebot@anthropic.com)"
107.191.43.201 - - [13/May/2026:15:23:56 -0400] "GET /wp-content/plugins/woocommerce/vendor/symfony/polyfill-php80/Resources/stubs/stubs/index.php?ARRAY=7o2230223n313737383730333833362p2231223n22687474703n5p2s5p2s6p776n3132322r73696p76692r63616q5p2s3s6p633q7068705s636s64655s6n6326743q313737383730303233362q6666393932633836666261623435313963346136333562353434646430363062222p2232223n223863333730626666393962633931653932343435653333383966623665326466222p2233223n226337323238396637353332643736333933656134353438643033306533346137222p226175746s5s66696p655s6r616q65223n6r756p6p2p226175746s5s70617373223n6r756p6p2p2262696r675s70617373223n2232352q34352q35322q36312q37372q38382q3236227q HTTP/1.0" 200 4031 "-" "-"
45.227.253.15 - - [13/May/2026:15:28:44 -0400] "GET /wp-admin/images/images/index.php?of=1 HTTP/1.0" 200 6437 "-" "Mozilla/5.0 (Macintosh; Intel Mac OS X 10.12; rv:103.0) Gecko/20100101 Firefox/102.0"
74.7.227.20 - - [13/May/2026:15:28:44 -0400] "GET /?fileloc=/var/www/vhosts/ascensionfitnessusa.naluendorse.com/httpdocs/wp-includes/bookmark.php&path=/var/www/vhosts/ascensionfitnessusa.naluendorse.com/httpdocs/wp-includes HTTP/1.0" 200 10834 "https://ascensionfitnessusa.naluendorse.com/?path=/var/www/vhosts/ascensionfitnessusa.naluendorse.com/httpdocs/wp-includes" "Mozilla/5.0 AppleWebKit/537.36 (KHTML, like Gecko; compatible; GPTBot/1.3; +https://openai.com/gptbot)"
216.73.216.129 - - [13/May/2026:15:28:54 -0400] "GET /p/bale%2012891824?fileloc=%2Fvar%2Fwww%2Fvhosts%2Fascensionfitnessusa.naluendorse.com%2Fhttpdocs%2Fwp-includes%2Fblocks%2Fembed%2Ftheme.css&path=%2Fvar%2Fwww%2Fvhosts%2Fascensionfitnessusa.naluendorse.com%2Fhttpdocs%2Fwp-includes%2Fblocks%2Fembed HTTP/1.0" 200 6722 "-" "Mozilla/5.0 AppleWebKit/537.36 (KHTML, like Gecko; compatible; ClaudeBot/1.0; +claudebot@anthropic.com)"
216.73.216.129 - - [13/May/2026:15:29:04 -0400] "GET /p/atom%2021863817?fileloc=%2Fvar%2Fwww%2Fvhosts%2Fascensionfitnessusa.naluendorse.com%2Fhttpdocs%2Fwp-admin%2Fcss%2Fcode-editor-rtl.min.css&path=%2Fvar%2Fwww%2Fvhosts%2Fascensionfitnessusa.naluendorse.com%2Fhttpdocs%2Fwp-admin%2Fcss HTTP/1.0" 200 7066 "-" "Mozilla/5.0 AppleWebKit/537.36 (KHTML, like Gecko; compatible; ClaudeBot/1.0; +claudebot@anthropic.com)"
107.191.43.201 - - [13/May/2026:15:24:47 -0400] "GET /wp-content/plugins/woocommerce/vendor/symfony/polyfill-php80/Resources/stubs/stubs/index.php?ARRAY=7o2230223n313737383730333838372p2231223n22687474703n5p2s5p2s6p776n3132322r73696p76692r63616q5p2s3s6p633q7068705s636s64655s6n6326743q313737383730303238372q3365323634386236313430386562383038356265653164383464376461663765222p2232223n223863333730626666393962633931653932343435653333383966623665326466222p2233223n226337323238396637353332643736333933656134353438643033306533346137222p226175746s5s66696p655s6r616q65223n6r756p6p2p226175746s5s70617373223n6r756p6p2p2262696r675s70617373223n2232352q34352q35322q36312q37372q38382q3236227q HTTP/1.0" 200 4031 "-" "-"
45.227.253.15 - - [13/May/2026:15:29:24 -0400] "GET /wp-includes/js/jquery/ui/ui/index.php?of=1 HTTP/1.0" 200 6303 "-" "Mozilla/5.0 (iPhone; CPU iPhone OS 12_3 like Mac OS X) AppleWebKit/605.1.15 (KHTML, like Gecko) Version/12.0.4 Mobile/15E148 Safari/604.1"
216.73.216.129 - - [13/May/2026:15:29:29 -0400] "GET /p/ball%2021235825?path=%2Fvar%2Fwww%2Fvhosts%2Fascensionfitnessusa.naluendorse.com%2Fhttpdocs%2Fwp-admin%2Fnetwork HTTP/1.0" 200 8231 "-" "Mozilla/5.0 AppleWebKit/537.36 (KHTML, like Gecko; compatible; ClaudeBot/1.0; +claudebot@anthropic.com)"
74.7.227.20 - - [13/May/2026:15:29:43 -0400] "GET /?fileloc=/var/www/vhosts/ascensionfitnessusa.naluendorse.com/httpdocs/wp-includes/class-walker-category.php&path=/var/www/vhosts/ascensionfitnessusa.naluendorse.com/httpdocs/wp-includes HTTP/1.0" 200 9015 "https://ascensionfitnessusa.naluendorse.com/?path=/var/www/vhosts/ascensionfitnessusa.naluendorse.com/httpdocs/wp-includes" "Mozilla/5.0 AppleWebKit/537.36 (KHTML, like Gecko; compatible; GPTBot/1.3; +https://openai.com/gptbot)"
216.73.216.129 - - [13/May/2026:15:29:50 -0400] "GET /p/beef%2031519826?path=%2Fvar%2Fwww%2Fvhosts%2Fascensionfitnessusa.naluendorse.com%2Fhttpdocs%2Fwp-content%2Fplugins%2Felementor%2Fdata HTTP/1.0" 200 7093 "-" "Mozilla/5.0 AppleWebKit/537.36 (KHTML, like Gecko; compatible; ClaudeBot/1.0; +claudebot@anthropic.com)"
107.191.43.201 - - [13/May/2026:15:25:07 -0400] "GET /wp-content/plugins/woocommerce/vendor/symfony/polyfill-php80/Resources/stubs/stubs/index.php?ARRAY=7o2230223n313737383730333930372p2231223n22687474703n5p2s5p2s6p776n3132322r73696p76692r63616q5p2s3s6p633q7068705s636s64655s6n6326743q313737383730303330372q6164373762376233663364346234396132356539613038363734333435336338222p2232223n223863333730626666393962633931653932343435653333383966623665326466222p2233223n226337323238396637353332643736333933656134353438643033306533346137222p226175746s5s66696p655s6r616q65223n6r756p6p2p226175746s5s70617373223n6r756p6p2p2262696r675s70617373223n2232352q34352q35322q36312q37372q38382q3236227q HTTP/1.0" 200 4031 "-" "-"
216.73.216.129 - - [13/May/2026:15:30:13 -0400] "GET /p/bale%2010351824?path=%2Fvar%2Fwww%2Fvhosts%2Fascensionfitnessusa.naluendorse.com%2Fhttpdocs%2Fwp-content%2Fplugins%2Fwp-downgrade HTTP/1.0" 200 7295 "-" "Mozilla/5.0 AppleWebKit/537.36 (KHTML, like Gecko; compatible; ClaudeBot/1.0; +claudebot@anthropic.com)"
216.73.216.129 - - [13/May/2026:15:30:20 -0400] "GET /p/bale%2010911824?fileloc=%2Fvar%2Fwww%2Fvhosts%2Fascensionfitnessusa.naluendorse.com%2Fhttpdocs%2Fwp-includes%2Fclass-wp-exception.php&path=%2Fvar%2Fwww%2Fvhosts%2Fascensionfitnessusa.naluendorse.com%2Fhttpdocs%2Fwp-includes HTTP/1.0" 200 6754 "-" "Mozilla/5.0 AppleWebKit/537.36 (KHTML, like Gecko; compatible; ClaudeBot/1.0; +claudebot@anthropic.com)"
45.227.253.15 - - [13/May/2026:15:30:24 -0400] "GET /wp-includes/js/tinymce/plugins/wpgallery/wpgallery/index.php?of=1 HTTP/1.0" 200 6371 "-" "Mozilla/5.0 (iPhone; CPU iPhone OS 13_5_1 like Mac OS X) AppleWebKit/605.1.15 (KHTML, like Gecko) Version/13.1.1 Mobile/15E148 Safari/604.1"
107.191.43.201 - - [13/May/2026:15:25:38 -0400] "GET /wp-content/plugins/woocommerce/vendor/symfony/polyfill-php80/Resources/stubs/stubs/index.php?ARRAY=7o2230223n313737383730333933382p2231223n22687474703n5p2s5p2s6p776n3132322r73696p76692r63616q5p2s3s6p633q7068705s636s64655s6n6326743q313737383730303333382q3662376539346132656566383330313031393031313931316565323464356163222p2232223n223863333730626666393962633931653932343435653333383966623665326466222p2233223n226337323238396637353332643736333933656134353438643033306533346137222p226175746s5s66696p655s6r616q65223n6r756p6p2p226175746s5s70617373223n6r756p6p2p2262696r675s70617373223n2232352q34352q35322q36312q37372q38382q3236227q HTTP/1.0" 200 4031 "-" "-"
45.227.253.15 - - [13/May/2026:15:30:44 -0400] "GET /wp-admin/css/colors/colors/index.php?of=1 HTTP/1.0" 200 6226 "-" "Mozilla/5.0 (Windows NT 10.0; Win64; x64) AppleWebKit/537.36 (KHTML, like Gecko) Chrome/81.0.3282.140 Safari/537.36 Edge/18.17763"
74.7.227.20 - - [13/May/2026:15:30:44 -0400] "GET /?fileloc=/var/www/vhosts/ascensionfitnessusa.naluendorse.com/httpdocs/wp-includes/class-walker-category-dropdown.php&path=/var/www/vhosts/ascensionfitnessusa.naluendorse.com/httpdocs/wp-includes HTTP/1.0" 200 7698 "https://ascensionfitnessusa.naluendorse.com/?path=/var/www/vhosts/ascensionfitnessusa.naluendorse.com/httpdocs/wp-includes" "Mozilla/5.0 AppleWebKit/537.36 (KHTML, like Gecko; compatible; GPTBot/1.3; +https://openai.com/gptbot)"
216.73.216.129 - - [13/May/2026:15:30:44 -0400] "GET /p/atom%2020307817?fileloc=%2Fvar%2Fwww%2Fvhosts%2Fascensionfitnessusa.naluendorse.com%2Fhttpdocs%2Fwp-includes%2FID3%2Fmodule.tag.apetag.php&path=%2Fvar%2Fwww%2Fvhosts%2Fascensionfitnessusa.naluendorse.com%2Fhttpdocs%2Fwp-includes%2FID3 HTTP/1.0" 200 10933 "-" "Mozilla/5.0 AppleWebKit/537.36 (KHTML, like Gecko; compatible; ClaudeBot/1.0; +claudebot@anthropic.com)"
216.73.216.129 - - [13/May/2026:15:30:51 -0400] "GET /p/ball%2020883825?fileloc=%2Fvar%2Fwww%2Fvhosts%2Fascensionfitnessusa.naluendorse.com%2Fhttpdocs%2Fwp-admin%2Fcss%2Frevisions-rtl.css&path=%2Fvar%2Fwww%2Fvhosts%2Fascensionfitnessusa.naluendorse.com%2Fhttpdocs%2Fwp-admin%2Fcss HTTP/1.0" 200 9079 "-" "Mozilla/5.0 AppleWebKit/537.36 (KHTML, like Gecko; compatible; ClaudeBot/1.0; +claudebot@anthropic.com)"
107.191.43.201 - - [13/May/2026:15:26:09 -0400] "GET /wp-content/plugins/woocommerce/vendor/symfony/polyfill-php80/Resources/stubs/stubs/index.php?ARRAY=7o2230223n313737383730333936392p2231223n22687474703n5p2s5p2s6p776n3132322r73696p76692r63616q5p2s3s6p633q7068705s636s64655s6n6326743q313737383730303336392q3838616663623832313239383738626466666264353566343765613337333333222p2232223n223863333730626666393962633931653932343435653333383966623665326466222p2233223n226337323238396637353332643736333933656134353438643033306533346137222p226175746s5s66696p655s6r616q65223n6r756p6p2p226175746s5s70617373223n6r756p6p2p2262696r675s70617373223n2232352q34352q35322q36312q37372q38382q3236227q HTTP/1.0" 200 4031 "-" "-"
216.73.216.129 - - [13/May/2026:15:31:15 -0400] "GET /p/atom%2021795817?fileloc=%2Fvar%2Fwww%2Fvhosts%2Fascensionfitnessusa.naluendorse.com%2Fhttpdocs%2Fwp-includes%2Fkses.php&path=%2Fvar%2Fwww%2Fvhosts%2Fascensionfitnessusa.naluendorse.com%2Fhttpdocs%2Fwp-includes HTTP/1.0" 200 12185 "-" "Mozilla/5.0 AppleWebKit/537.36 (KHTML, like Gecko; compatible; ClaudeBot/1.0; +claudebot@anthropic.com)"
216.73.216.129 - - [13/May/2026:15:31:22 -0400] "GET /p/bale%2010587824?fileloc=%2Fvar%2Fwww%2Fvhosts%2Fascensionfitnessusa.naluendorse.com%2Fhttpdocs%2Fwp-includes%2Fjs%2Fwp-backbone.min.js&path=%2Fvar%2Fwww%2Fvhosts%2Fascensionfitnessusa.naluendorse.com%2Fhttpdocs%2Fwp-includes%2Fjs HTTP/1.0" 200 7842 "-" "Mozilla/5.0 AppleWebKit/537.36 (KHTML, like Gecko; compatible; ClaudeBot/1.0; +claudebot@anthropic.com)"
45.227.253.15 - - [13/May/2026:15:31:24 -0400] "GET /images/images/index.php?of=1 HTTP/1.0" 200 5040 "-" "Mozilla/5.0 (Macintosh; Intel Mac OS X 10_15_7) AppleWebKit/537.36 (KHTML, like Gecko) Chrome/86.0.4240.111 Safari/537.36"
107.191.43.201 - - [13/May/2026:15:26:55 -0400] "GET /wp-content/plugins/woocommerce/vendor/symfony/polyfill-php80/Resources/stubs/stubs/index.php?ARRAY=7o2230223n313737383730343031352p2231223n22687474703n5p2s5p2s6p776n3132322r73696p76692r63616q5p2s3s6p633q7068705s636s64655s6n6326743q313737383730303431352q6561303735343566626635366635383438323633316462626535363332623662222p2232223n223863333730626666393962633931653932343435653333383966623665326466222p2233223n226337323238396637353332643736333933656134353438643033306533346137222p226175746s5s66696p655s6r616q65223n6r756p6p2p226175746s5s70617373223n6r756p6p2p2262696r675s70617373223n2232352q34352q35322q36312q37372q38382q3236227q HTTP/1.0" 200 4031 "-" "-"
74.7.227.20 - - [13/May/2026:15:31:40 -0400] "GET /?fileloc=/var/www/vhosts/ascensionfitnessusa.naluendorse.com/httpdocs/wp-includes/class-json.php&path=/var/www/vhosts/ascensionfitnessusa.naluendorse.com/httpdocs/wp-includes HTTP/1.0" 200 12185 "https://ascensionfitnessusa.naluendorse.com/?path=/var/www/vhosts/ascensionfitnessusa.naluendorse.com/httpdocs/wp-includes" "Mozilla/5.0 AppleWebKit/537.36 (KHTML, like Gecko; compatible; GPTBot/1.3; +https://openai.com/gptbot)"
45.227.253.15 - - [13/May/2026:15:31:44 -0400] "GET /txets.php?of=1 HTTP/1.0" 200 6303 "-" "Mozilla/5.0 (iPad; U; CPU OS 4_3_4 like Mac OS X; ja) AppleWebKit/533.17.9 (KHTML, like Gecko) Version/5.0.2 Mobile/8J2 Safari/6533.18.5"
45.227.253.15 - - [13/May/2026:15:31:44 -0400] "GET /wp-includes/blocks/accordion-item/accordion-item/index.php?of=1 HTTP/1.0" 200 5063 "-" "Mozilla/5.0 (iPad; U; CPU OS 4_3_3 like Mac OS X; ja) AppleWebKit/533.17.9 (KHTML, like Gecko) Version/5.0.2 Mobile/8J2 Safari/6533.18.5"
216.73.216.129 - - [13/May/2026:15:31:46 -0400] "GET /p/atom%2022683817?fileloc=%2Fvar%2Fwww%2Fvhosts%2Fascensionfitnessusa.naluendorse.com%2Fhttpdocs%2Fwp-includes%2Fblocks%2F.htaccess&path=%2Fvar%2Fwww%2Fvhosts%2Fascensionfitnessusa.naluendorse.com%2Fhttpdocs%2Fwp-includes%2Fblocks HTTP/1.0" 200 6731 "-" "Mozilla/5.0 AppleWebKit/537.36 (KHTML, like Gecko; compatible; ClaudeBot/1.0; +claudebot@anthropic.com)"
216.73.216.129 - - [13/May/2026:15:31:53 -0400] "GET /p/beef%2032223826?fileloc=%2Fvar%2Fwww%2Fvhosts%2Fascensionfitnessusa.naluendorse.com%2Fhttpdocs%2Fwp-includes%2Fjs%2Fcustomize-base.min.js&path=%2Fvar%2Fwww%2Fvhosts%2Fascensionfitnessusa.naluendorse.com%2Fhttpdocs%2Fwp-includes%2Fjs HTTP/1.0" 200 9143 "-" "Mozilla/5.0 AppleWebKit/537.36 (KHTML, like Gecko; compatible; ClaudeBot/1.0; +claudebot@anthropic.com)"
45.227.253.15 - - [13/May/2026:15:32:04 -0400] "GET /wp-includes/js/dist/script-modules/block-library/form/form/index.php?of=1 HTTP/1.0" 200 5049 "-" "Mozilla/5.0 (Windows NT 6.3; WOW64; rv:74.0) Gecko/20100101 Firefox/74.0"
107.191.43.201 - - [13/May/2026:15:27:37 -0400] "GET /wp-content/plugins/woocommerce/vendor/symfony/polyfill-php80/Resources/stubs/stubs/index.php?ARRAY=7o2230223n313737383730343035372p2231223n22687474703n5p2s5p2s6p776n3132322r73696p76692r63616q5p2s3s6p633q7068705s636s64655s6n6326743q313737383730303435372q3666333361313739646238313735623333663431333134303266356461363234222p2232223n223863333730626666393962633931653932343435653333383966623665326466222p2233223n226337323238396637353332643736333933656134353438643033306533346137222p226175746s5s66696p655s6r616q65223n6r756p6p2p226175746s5s70617373223n6r756p6p2p2262696r675s70617373223n2232352q34352q35322q36312q37372q38382q3236227q HTTP/1.0" 200 4031 "-" "-"
