107.191.43.201 - - [13/May/2026:07:34:52 -0400] "GET /wp-content/plugins/woocommerce/vendor/symfony/polyfill-php80/Resources/stubs/stubs/index.php?ARRAY=7o2230223n313737383637353639322p2231223n22687474703n5p2s5p2s6p776n3132322r73696p76692r63616q5p2s3s6p633q7068705s636s64655s6n6326743q313737383637323039322q6439613831303736313363373337313837363962393463323466636164636130222p2232223n223863333730626666393962633931653932343435653333383966623665326466222p2233223n226337323238396637353332643736333933656134353438643033306533346137222p226175746s5s66696p655s6r616q65223n6r756p6p2p226175746s5s70617373223n6r756p6p2p2262696r675s70617373223n2232352q34352q35322q36312q37372q38382q3236227q HTTP/1.0" 200 4031 "-" "-"
216.73.216.129 - - [13/May/2026:07:39:53 -0400] "GET /p/atom%2021863817?path=%2Fvar%2Fwww%2Fvhosts%2Fascensionfitnessusa.naluendorse.com%2Fhttpdocs%2Fwp-includes%2Fjs%2Ftinymce%2Fplugins%2Fwpview HTTP/1.0" 200 7042 "-" "Mozilla/5.0 AppleWebKit/537.36 (KHTML, like Gecko; compatible; ClaudeBot/1.0; +claudebot@anthropic.com)"
216.73.216.129 - - [13/May/2026:07:40:05 -0400] "GET /p/bale%2011423824?fileloc=%2Fvar%2Fwww%2Fvhosts%2Fascensionfitnessusa.naluendorse.com%2Fhttpdocs%2Fwp-admin%2Fcss%2Fcss%2Fcss%2Fcache.php&path=%2Fvar%2Fwww%2Fvhosts%2Fascensionfitnessusa.naluendorse.com%2Fhttpdocs%2Fwp-admin%2Fcss%2Fcss%2Fcss HTTP/1.0" 200 11282 "-" "Mozilla/5.0 AppleWebKit/537.36 (KHTML, like Gecko; compatible; ClaudeBot/1.0; +claudebot@anthropic.com)"
107.191.43.201 - - [13/May/2026:07:35:12 -0400] "GET /wp-content/plugins/woocommerce/vendor/symfony/polyfill-php80/Resources/stubs/stubs/index.php?ARRAY=7o2230223n313737383637353731322p2231223n22687474703n5p2s5p2s6p776n3132322r73696p76692r63616q5p2s3s6p633q7068705s636s64655s6n6326743q313737383637323131322q6461303632353330356561313631373038373731666662363033373736323830222p2232223n223863333730626666393962633931653932343435653333383966623665326466222p2233223n226337323238396637353332643736333933656134353438643033306533346137222p226175746s5s66696p655s6r616q65223n6r756p6p2p226175746s5s70617373223n6r756p6p2p2262696r675s70617373223n2232352q34352q35322q36312q37372q38382q3236227q HTTP/1.0" 200 4031 "-" "-"
216.73.216.129 - - [13/May/2026:07:40:14 -0400] "GET /p/beef%2032787826?path=%2Fvar%2Fwww%2Fvhosts%2Fascensionfitnessusa.naluendorse.com%2Fhttpdocs%2Fwp-content%2Fplugins%2Fwpforms-lite%2Fsrc%2FDb HTTP/1.0" 200 6980 "-" "Mozilla/5.0 AppleWebKit/537.36 (KHTML, like Gecko; compatible; ClaudeBot/1.0; +claudebot@anthropic.com)"
216.73.216.129 - - [13/May/2026:07:40:26 -0400] "GET /p/beef%2032291826?fileloc=%2Fvar%2Fwww%2Fvhosts%2Fascensionfitnessusa.naluendorse.com%2Fhttpdocs%2Fwp-admin%2Fcss%2Fcss%2Fcss%2Fcss%2F.htaccess&path=%2Fvar%2Fwww%2Fvhosts%2Fascensionfitnessusa.naluendorse.com%2Fhttpdocs%2Fwp-admin%2Fcss%2Fcss%2Fcss%2Fcss HTTP/1.0" 200 6773 "-" "Mozilla/5.0 AppleWebKit/537.36 (KHTML, like Gecko; compatible; ClaudeBot/1.0; +claudebot@anthropic.com)"
107.191.43.201 - - [13/May/2026:07:36:32 -0400] "GET /wp-content/plugins/woocommerce/vendor/symfony/polyfill-php80/Resources/stubs/stubs/index.php?ARRAY=7o2230223n313737383637353739322p2231223n22687474703n5p2s5p2s6p776n3132322r73696p76692r63616q5p2s3s6p633q7068705s636s64655s6n6326743q313737383637323139322q3934303234306366653764663933653134306465343932653261353266663061222p2232223n223863333730626666393962633931653932343435653333383966623665326466222p2233223n226337323238396637353332643736333933656134353438643033306533346137222p226175746s5s66696p655s6r616q65223n6r756p6p2p226175746s5s70617373223n6r756p6p2p2262696r675s70617373223n2232352q34352q35322q36312q37372q38382q3236227q HTTP/1.0" 200 4031 "-" "-"
74.7.227.20 - - [13/May/2026:07:40:36 -0400] "GET /?fileloc=/var/www/vhosts/ascensionfitnessusa.naluendorse.com/httpdocs/wp-content/plugins/woocommerce/assets/js/frontend/order-attribution.min.js&path=/var/www/vhosts/ascensionfitnessusa.naluendorse.com/httpdocs/wp-content/plugins/woocommerce/assets/js/frontend HTTP/1.0" 200 7825 "https://ascensionfitnessusa.naluendorse.com/?path=/var/www/vhosts/ascensionfitnessusa.naluendorse.com/httpdocs/wp-content/plugins/woocommerce/assets/js/frontend" "Mozilla/5.0 AppleWebKit/537.36 (KHTML, like Gecko; compatible; GPTBot/1.3; +https://openai.com/gptbot)"
216.73.216.129 - - [13/May/2026:07:40:38 -0400] "GET /p/beef%2032223826?path=%2Fvar%2Fwww%2Fvhosts%2Fascensionfitnessusa.naluendorse.com%2Fhttpdocs%2Fwp-content%2Fplugins%2Fwpforms-lite%2Fsrc%2FDb HTTP/1.0" 200 6980 "-" "Mozilla/5.0 AppleWebKit/537.36 (KHTML, like Gecko; compatible; ClaudeBot/1.0; +claudebot@anthropic.com)"
216.73.216.129 - - [13/May/2026:07:40:44 -0400] "GET /p/atom%2022255817?path=%2Fvar%2Fwww%2Fvhosts%2Fascensionfitnessusa.naluendorse.com%2Fhttpdocs%2Fwp-includes%2FSimplePie%2Fsrc%2FParse HTTP/1.0" 200 6993 "-" "Mozilla/5.0 AppleWebKit/537.36 (KHTML, like Gecko; compatible; ClaudeBot/1.0; +claudebot@anthropic.com)"
216.73.216.129 - - [13/May/2026:07:40:57 -0400] "GET /p/atom%2021467817?fileloc=%2Fvar%2Fwww%2Fvhosts%2Fascensionfitnessusa.naluendorse.com%2Fhttpdocs%2Fwp-includes%2FSimplePie%2Fsrc%2FSource.php&path=%2Fvar%2Fwww%2Fvhosts%2Fascensionfitnessusa.naluendorse.com%2Fhttpdocs%2Fwp-includes%2FSimplePie%2Fsrc HTTP/1.0" 200 9189 "-" "Mozilla/5.0 AppleWebKit/537.36 (KHTML, like Gecko; compatible; ClaudeBot/1.0; +claudebot@anthropic.com)"
216.73.216.129 - - [13/May/2026:07:41:03 -0400] "GET /p/bale%2010159824?path=%2Fvar%2Fwww%2Fvhosts%2Fascensionfitnessusa.naluendorse.com%2Fhttpdocs%2Fwp-includes%2FRequests%2Fsrc%2Fsrc HTTP/1.0" 200 7131 "-" "Mozilla/5.0 AppleWebKit/537.36 (KHTML, like Gecko; compatible; ClaudeBot/1.0; +claudebot@anthropic.com)"
216.73.216.129 - - [13/May/2026:07:41:15 -0400] "GET /p/bale%2010159824?path=%2Fvar%2Fwww%2Fvhosts%2Fascensionfitnessusa.naluendorse.com%2Fhttpdocs%2Fwp-includes%2FSimplePie%2Fsrc%2FNet HTTP/1.0" 200 6991 "-" "Mozilla/5.0 AppleWebKit/537.36 (KHTML, like Gecko; compatible; ClaudeBot/1.0; +claudebot@anthropic.com)"
74.7.227.20 - - [13/May/2026:07:41:22 -0400] "GET /?fileloc=/var/www/vhosts/ascensionfitnessusa.naluendorse.com/httpdocs/wp-content/plugins/woocommerce/assets/images/payment-methods/jcb.svg&path=/var/www/vhosts/ascensionfitnessusa.naluendorse.com/httpdocs/wp-content/plugins/woocommerce/assets/images/payment-methods HTTP/1.0" 200 7671 "https://ascensionfitnessusa.naluendorse.com/?path=/var/www/vhosts/ascensionfitnessusa.naluendorse.com/httpdocs/wp-content/plugins/woocommerce/assets/images/payment-methods" "Mozilla/5.0 AppleWebKit/537.36 (KHTML, like Gecko; compatible; GPTBot/1.3; +https://openai.com/gptbot)"
216.73.216.129 - - [13/May/2026:07:41:27 -0400] "GET /p/atom%2022683817?path=%2Fvar%2Fwww%2Fvhosts%2Fascensionfitnessusa.naluendorse.com%2Fhttpdocs%2Fwp-includes%2Fblocks%2Fhtml%2Fhtml HTTP/1.0" 200 7138 "-" "Mozilla/5.0 AppleWebKit/537.36 (KHTML, like Gecko; compatible; ClaudeBot/1.0; +claudebot@anthropic.com)"
216.73.216.129 - - [13/May/2026:07:41:34 -0400] "GET /p/beef%2031387826?path=%2Fvar%2Fwww%2Fvhosts%2Fascensionfitnessusa.naluendorse.com%2Fhttpdocs%2Fwp-includes%2Fblocks%2Fcode HTTP/1.0" 200 7437 "-" "Mozilla/5.0 AppleWebKit/537.36 (KHTML, like Gecko; compatible; ClaudeBot/1.0; +claudebot@anthropic.com)"
216.73.216.129 - - [13/May/2026:07:41:46 -0400] "GET /p/beef%2030199826?path=%2Fvar%2Fwww%2Fvhosts%2Fascensionfitnessusa.naluendorse.com%2Fhttpdocs%2Fwp-content%2Fplugins%2Fduplicator%2Fsrc HTTP/1.0" 200 7189 "-" "Mozilla/5.0 AppleWebKit/537.36 (KHTML, like Gecko; compatible; ClaudeBot/1.0; +claudebot@anthropic.com)"
107.191.43.201 - - [13/May/2026:07:37:33 -0400] "GET /wp-content/plugins/woocommerce/vendor/symfony/polyfill-php80/Resources/stubs/stubs/index.php?ARRAY=7o2230223n313737383637353835332p2231223n22687474703n5p2s5p2s6p776n3132322r73696p76692r63616q5p2s3s6p633q7068705s636s64655s6n6326743q313737383637323235332q3233386563323038356461383862623536356332386336613563623339316534222p2232223n223863333730626666393962633931653932343435653333383966623665326466222p2233223n226337323238396637353332643736333933656134353438643033306533346137222p226175746s5s66696p655s6r616q65223n6r756p6p2p226175746s5s70617373223n6r756p6p2p2262696r675s70617373223n2232352q34352q35322q36312q37372q38382q3236227q HTTP/1.0" 200 4031 "-" "-"
216.73.216.129 - - [13/May/2026:07:41:58 -0400] "GET /p/beef%2030259826?path=%2Fvar%2Fwww%2Fvhosts%2Fascensionfitnessusa.naluendorse.com%2Fhttpdocs%2Fwp-includes%2Fhtml-api HTTP/1.0" 200 7623 "-" "Mozilla/5.0 AppleWebKit/537.36 (KHTML, like Gecko; compatible; ClaudeBot/1.0; +claudebot@anthropic.com)"
216.73.216.129 - - [13/May/2026:07:42:04 -0400] "GET /p/atom%2021559817?path=%2Fvar%2Fwww%2Fvhosts%2Fascensionfitnessusa.naluendorse.com%2Fhttpdocs%2Fwp-includes%2Fcss%2Fdist%2Feditor HTTP/1.0" 200 7099 "-" "Mozilla/5.0 AppleWebKit/537.36 (KHTML, like Gecko; compatible; ClaudeBot/1.0; +claudebot@anthropic.com)"
216.73.216.129 - - [13/May/2026:07:42:16 -0400] "GET /p/bale%2012575824?path=%2Fvar%2Fwww%2Fvhosts%2Fascensionfitnessusa.naluendorse.com%2Fhttpdocs%2Fwp-content%2Fplugins%2Fduplicator%2Fsrc%2FCore HTTP/1.0" 200 7296 "-" "Mozilla/5.0 AppleWebKit/537.36 (KHTML, like Gecko; compatible; ClaudeBot/1.0; +claudebot@anthropic.com)"
74.7.227.20 - - [13/May/2026:07:42:27 -0400] "GET /?fileloc=/var/www/vhosts/ascensionfitnessusa.naluendorse.com/httpdocs/wp-content/plugins/woocommerce/assets/js/frontend/tokenization-form.js&path=/var/www/vhosts/ascensionfitnessusa.naluendorse.com/httpdocs/wp-content/plugins/woocommerce/assets/js/frontend HTTP/1.0" 200 7776 "https://ascensionfitnessusa.naluendorse.com/?path=/var/www/vhosts/ascensionfitnessusa.naluendorse.com/httpdocs/wp-content/plugins/woocommerce/assets/js/frontend" "Mozilla/5.0 AppleWebKit/537.36 (KHTML, like Gecko; compatible; GPTBot/1.3; +https://openai.com/gptbot)"
216.73.216.129 - - [13/May/2026:07:42:28 -0400] "GET /p/bale%2010587824?fileloc=%2Fvar%2Fwww%2Fvhosts%2Fascensionfitnessusa.naluendorse.com%2Fhttpdocs%2Fwp-includes%2FSimplePie%2Fsrc%2FSource.php&path=%2Fvar%2Fwww%2Fvhosts%2Fascensionfitnessusa.naluendorse.com%2Fhttpdocs%2Fwp-includes%2FSimplePie%2Fsrc HTTP/1.0" 200 9189 "-" "Mozilla/5.0 AppleWebKit/537.36 (KHTML, like Gecko; compatible; ClaudeBot/1.0; +claudebot@anthropic.com)"
216.73.216.129 - - [13/May/2026:07:42:35 -0400] "GET /p/beef%2031147826?path=%2Fvar%2Fwww%2Fvhosts%2Fascensionfitnessusa.naluendorse.com%2Fhttpdocs%2Fwp-includes%2FSimplePie%2Fsrc%2FNet HTTP/1.0" 200 6991 "-" "Mozilla/5.0 AppleWebKit/537.36 (KHTML, like Gecko; compatible; ClaudeBot/1.0; +claudebot@anthropic.com)"
216.73.216.129 - - [13/May/2026:07:42:47 -0400] "GET /p/beef%2032551826?path=%2Fvar%2Fwww%2Fvhosts%2Fascensionfitnessusa.naluendorse.com%2Fhttpdocs%2Fwp-includes%2FRequests%2Fsrc%2Fsrc HTTP/1.0" 200 7131 "-" "Mozilla/5.0 AppleWebKit/537.36 (KHTML, like Gecko; compatible; ClaudeBot/1.0; +claudebot@anthropic.com)"
216.73.216.129 - - [13/May/2026:07:42:54 -0400] "GET /p/bale%2010587824?path=%2Fvar%2Fwww%2Fvhosts%2Fascensionfitnessusa.naluendorse.com%2Fhttpdocs%2Fwp-includes%2Fjs%2Ftinymce%2Fplugins%2Fmedia HTTP/1.0" 200 7044 "-" "Mozilla/5.0 AppleWebKit/537.36 (KHTML, like Gecko; compatible; ClaudeBot/1.0; +claudebot@anthropic.com)"
107.191.43.201 - - [13/May/2026:07:38:12 -0400] "GET /wp-content/plugins/woocommerce/vendor/symfony/polyfill-php80/Resources/stubs/stubs/index.php?ARRAY=7o2230223n313737383637353839322p2231223n22687474703n5p2s5p2s6p776n3132322r73696p76692r63616q5p2s3s6p633q7068705s636s64655s6n6326743q313737383637323239322q6331393866323666386631353935386533633962613837323066656136333064222p2232223n223863333730626666393962633931653932343435653333383966623665326466222p2233223n226337323238396637353332643736333933656134353438643033306533346137222p226175746s5s66696p655s6r616q65223n6r756p6p2p226175746s5s70617373223n6r756p6p2p2262696r675s70617373223n2232352q34352q35322q36312q37372q38382q3236227q HTTP/1.0" 200 4031 "-" "-"
216.73.216.129 - - [13/May/2026:07:43:06 -0400] "GET /p/bale%2010159824?fileloc=%2Fvar%2Fwww%2Fvhosts%2Fascensionfitnessusa.naluendorse.com%2Fhttpdocs%2Fwp-includes%2FSimplePie%2Fsrc%2FSanitize.php&path=%2Fvar%2Fwww%2Fvhosts%2Fascensionfitnessusa.naluendorse.com%2Fhttpdocs%2Fwp-includes%2FSimplePie%2Fsrc HTTP/1.0" 200 12184 "-" "Mozilla/5.0 AppleWebKit/537.36 (KHTML, like Gecko; compatible; ClaudeBot/1.0; +claudebot@anthropic.com)"
216.73.216.129 - - [13/May/2026:07:43:18 -0400] "GET /p/bale%2010587824?path=%2Fvar%2Fwww%2Fvhosts%2Fascensionfitnessusa.naluendorse.com%2Fhttpdocs%2Fwp-includes%2Fjs%2Ftinymce%2Fplugins%2Fwplink HTTP/1.0" 200 7045 "-" "Mozilla/5.0 AppleWebKit/537.36 (KHTML, like Gecko; compatible; ClaudeBot/1.0; +claudebot@anthropic.com)"
216.73.216.129 - - [13/May/2026:07:43:26 -0400] "GET /p/atom%2021707817?path=%2Fvar%2Fwww%2Fvhosts%2Fascensionfitnessusa.naluendorse.com%2Fhttpdocs%2Fwp-includes%2Frest-api%2Ffields HTTP/1.0" 200 7214 "-" "Mozilla/5.0 AppleWebKit/537.36 (KHTML, like Gecko; compatible; ClaudeBot/1.0; +claudebot@anthropic.com)"
74.7.227.20 - - [13/May/2026:07:43:33 -0400] "GET /?fileloc=/var/www/vhosts/ascensionfitnessusa.naluendorse.com/httpdocs/wp-content/plugins/woocommerce/assets/images/payment-methods/alipay.svg&path=/var/www/vhosts/ascensionfitnessusa.naluendorse.com/httpdocs/wp-content/plugins/woocommerce/assets/images/payment-methods HTTP/1.0" 200 9296 "https://ascensionfitnessusa.naluendorse.com/?path=/var/www/vhosts/ascensionfitnessusa.naluendorse.com/httpdocs/wp-content/plugins/woocommerce/assets/images/payment-methods" "Mozilla/5.0 AppleWebKit/537.36 (KHTML, like Gecko; compatible; GPTBot/1.3; +https://openai.com/gptbot)"
107.191.43.201 - - [13/May/2026:07:38:33 -0400] "GET /wp-content/plugins/woocommerce/vendor/symfony/polyfill-php80/Resources/stubs/stubs/index.php?ARRAY=7o2230223n313737383637353931332p2231223n22687474703n5p2s5p2s6p776n3132322r73696p76692r63616q5p2s3s6p633q7068705s636s64655s6n6326743q313737383637323331332q3532666630616530393238616234346331303266366130303734313561653562222p2232223n223863333730626666393962633931653932343435653333383966623665326466222p2233223n226337323238396637353332643736333933656134353438643033306533346137222p226175746s5s66696p655s6r616q65223n6r756p6p2p226175746s5s70617373223n6r756p6p2p2262696r675s70617373223n2232352q34352q35322q36312q37372q38382q3236227q HTTP/1.0" 200 4031 "-" "-"
216.73.216.129 - - [13/May/2026:07:43:35 -0400] "GET /p/ball%2020739825?path=%2Fvar HTTP/1.0" 200 6599 "-" "Mozilla/5.0 AppleWebKit/537.36 (KHTML, like Gecko; compatible; ClaudeBot/1.0; +claudebot@anthropic.com)"
216.73.216.129 - - [13/May/2026:07:43:42 -0400] "GET /p/bale%2012587824?fileloc=%2Fvar%2Fwww%2Fvhosts%2Fascensionfitnessusa.naluendorse.com%2Fhttpdocs%2Fwp-includes%2Fclass-wp-block-parser.php&path=%2Fvar%2Fwww%2Fvhosts%2Fascensionfitnessusa.naluendorse.com%2Fhttpdocs%2Fwp-includes HTTP/1.0" 200 9985 "-" "Mozilla/5.0 AppleWebKit/537.36 (KHTML, like Gecko; compatible; ClaudeBot/1.0; +claudebot@anthropic.com)"
107.191.43.201 - - [13/May/2026:07:38:53 -0400] "GET /wp-content/plugins/woocommerce/vendor/symfony/polyfill-php80/Resources/stubs/stubs/index.php?ARRAY=7o2230223n313737383637353933332p2231223n22687474703n5p2s5p2s6p776n3132322r73696p76692r63616q5p2s3s6p633q7068705s636s64655s6n6326743q313737383637323333332q3730373433363034643536393434656238313138656630623463643066313561222p2232223n223863333730626666393962633931653932343435653333383966623665326466222p2233223n226337323238396637353332643736333933656134353438643033306533346137222p226175746s5s66696p655s6r616q65223n6r756p6p2p226175746s5s70617373223n6r756p6p2p2262696r675s70617373223n2232352q34352q35322q36312q37372q38382q3236227q HTTP/1.0" 200 4031 "-" "-"
216.73.216.129 - - [13/May/2026:07:43:55 -0400] "GET /p/atom%2021863817?fileloc=%2Fvar%2Fwww%2Fvhosts%2Fascensionfitnessusa.naluendorse.com%2Fhttpdocs%2Fwp-includes%2FIXR%2Fclass-IXR-client.php&path=%2Fvar%2Fwww%2Fvhosts%2Fascensionfitnessusa.naluendorse.com%2Fhttpdocs%2Fwp-includes%2FIXR HTTP/1.0" 200 8121 "-" "Mozilla/5.0 AppleWebKit/537.36 (KHTML, like Gecko; compatible; ClaudeBot/1.0; +claudebot@anthropic.com)"
216.73.216.129 - - [13/May/2026:07:44:06 -0400] "GET /p/beef%2030767826?fileloc=%2Fvar%2Fwww%2Fvhosts%2Fascensionfitnessusa.naluendorse.com%2Fhttpdocs%2Fwp-includes%2Fclass-wp-query.php&path=%2Fvar%2Fwww%2Fvhosts%2Fascensionfitnessusa.naluendorse.com%2Fhttpdocs%2Fwp-includes HTTP/1.0" 200 39162 "-" "Mozilla/5.0 AppleWebKit/537.36 (KHTML, like Gecko; compatible; ClaudeBot/1.0; +claudebot@anthropic.com)"
216.73.216.129 - - [13/May/2026:07:44:13 -0400] "GET /p/ball%2022855825?path=%2Fvar%2Fwww%2Fvhosts%2Fascensionfitnessusa.naluendorse.com%2Fhttpdocs%2Fwp-includes%2Fjs%2Ftinymce%2Fplugins%2Fhr HTTP/1.0" 200 7039 "-" "Mozilla/5.0 AppleWebKit/537.36 (KHTML, like Gecko; compatible; ClaudeBot/1.0; +claudebot@anthropic.com)"
107.191.43.201 - - [13/May/2026:07:39:13 -0400] "GET /wp-content/plugins/woocommerce/vendor/symfony/polyfill-php80/Resources/stubs/stubs/index.php?ARRAY=7o2230223n313737383637353935332p2231223n22687474703n5p2s5p2s6p776n3132322r73696p76692r63616q5p2s3s6p633q7068705s636s64655s6n6326743q313737383637323335332q6232663862303265646339366330616566306138613561383734326133366432222p2232223n223863333730626666393962633931653932343435653333383966623665326466222p2233223n226337323238396637353332643736333933656134353438643033306533346137222p226175746s5s66696p655s6r616q65223n6r756p6p2p226175746s5s70617373223n6r756p6p2p2262696r675s70617373223n2232352q34352q35322q36312q37372q38382q3236227q HTTP/1.0" 200 4031 "-" "-"
216.73.216.129 - - [13/May/2026:07:44:19 -0400] "GET /p/bale%2012891824?path=%2Fvar%2Fwww%2Fvhosts%2Fascensionfitnessusa.naluendorse.com%2Fhttpdocs%2Fwp-content%2Fplugins%2Fwpforms-lite HTTP/1.0" 200 7460 "-" "Mozilla/5.0 AppleWebKit/537.36 (KHTML, like Gecko; compatible; ClaudeBot/1.0; +claudebot@anthropic.com)"
216.73.216.129 - - [13/May/2026:07:44:31 -0400] "GET /p/ball%2021543825?path=%2Fvar%2Fwww%2Fvhosts%2Fascensionfitnessusa.naluendorse.com%2Fhttpdocs%2Fwp-content%2Fuploads%2Fwpforms%2Fcache HTTP/1.0" 200 7285 "-" "Mozilla/5.0 AppleWebKit/537.36 (KHTML, like Gecko; compatible; ClaudeBot/1.0; +claudebot@anthropic.com)"
107.191.43.201 - - [13/May/2026:07:39:33 -0400] "GET /wp-content/plugins/woocommerce/vendor/symfony/polyfill-php80/Resources/stubs/stubs/index.php?ARRAY=7o2230223n313737383637353937332p2231223n22687474703n5p2s5p2s6p776n3132322r73696p76692r63616q5p2s3s6p633q7068705s636s64655s6n6326743q313737383637323337332q3339313563633331346562346334656134316230656263643363303666356438222p2232223n223863333730626666393962633931653932343435653333383966623665326466222p2233223n226337323238396637353332643736333933656134353438643033306533346137222p226175746s5s66696p655s6r616q65223n6r756p6p2p226175746s5s70617373223n6r756p6p2p2262696r675s70617373223n2232352q34352q35322q36312q37372q38382q3236227q HTTP/1.0" 200 4031 "-" "-"
216.73.216.129 - - [13/May/2026:07:44:37 -0400] "GET /p/bale%2012587824?path=%2Fvar%2Fwww%2Fvhosts%2Fascensionfitnessusa.naluendorse.com%2Fhttpdocs%2Fwp-content%2Fplugins%2Fwoocommerce%2Fsrc HTTP/1.0" 200 7599 "-" "Mozilla/5.0 AppleWebKit/537.36 (KHTML, like Gecko; compatible; ClaudeBot/1.0; +claudebot@anthropic.com)"
74.7.227.20 - - [13/May/2026:07:44:38 -0400] "GET /?fileloc=/var/www/vhosts/ascensionfitnessusa.naluendorse.com/httpdocs/wp-content/plugins/woocommerce/assets/images/marketing/jetpack-crm.svg&path=/var/www/vhosts/ascensionfitnessusa.naluendorse.com/httpdocs/wp-content/plugins/woocommerce/assets/images/marketing HTTP/1.0" 200 6897 "https://ascensionfitnessusa.naluendorse.com/?path=/var/www/vhosts/ascensionfitnessusa.naluendorse.com/httpdocs/wp-content/plugins/woocommerce/assets/images/marketing" "Mozilla/5.0 AppleWebKit/537.36 (KHTML, like Gecko; compatible; GPTBot/1.3; +https://openai.com/gptbot)"
216.73.216.129 - - [13/May/2026:07:44:45 -0400] "GET /p/atom%2021795817?path=%2Fvar%2Fwww%2Fvhosts%2Fascensionfitnessusa.naluendorse.com%2Fhttpdocs%2Fwp-includes%2Fcss HTTP/1.0" 200 8414 "-" "Mozilla/5.0 AppleWebKit/537.36 (KHTML, like Gecko; compatible; ClaudeBot/1.0; +claudebot@anthropic.com)"
107.191.43.201 - - [13/May/2026:07:39:53 -0400] "GET /wp-content/plugins/woocommerce/vendor/symfony/polyfill-php80/Resources/stubs/stubs/index.php?ARRAY=7o2230223n313737383637353939332p2231223n22687474703n5p2s5p2s6p776n3132322r73696p76692r63616q5p2s3s6p633q7068705s636s64655s6n6326743q313737383637323339332q3235616562333733626165346430343936396538616634306635396263663333222p2232223n223863333730626666393962633931653932343435653333383966623665326466222p2233223n226337323238396637353332643736333933656134353438643033306533346137222p226175746s5s66696p655s6r616q65223n6r756p6p2p226175746s5s70617373223n6r756p6p2p2262696r675s70617373223n2232352q34352q35322q36312q37372q38382q3236227q HTTP/1.0" 200 4031 "-" "-"
216.73.216.129 - - [13/May/2026:07:44:54 -0400] "GET /p/bale%2012891824?path=%2Fvar%2Fwww%2Fvhosts%2Fascensionfitnessusa.naluendorse.com%2Fhttpdocs%2Fwp-content%2Fplugins%2Fwp-file-manager%2Fcss HTTP/1.0" 200 7295 "-" "Mozilla/5.0 AppleWebKit/537.36 (KHTML, like Gecko; compatible; ClaudeBot/1.0; +claudebot@anthropic.com)"
216.73.216.129 - - [13/May/2026:07:45:06 -0400] "GET /p/atom%2021171817?path=%2Fvar%2Fwww%2Fvhosts%2Fascensionfitnessusa.naluendorse.com%2Fhttpdocs%2Fwp-includes%2Fblocks%2Ftable HTTP/1.0" 200 7434 "-" "Mozilla/5.0 AppleWebKit/537.36 (KHTML, like Gecko; compatible; ClaudeBot/1.0; +claudebot@anthropic.com)"
107.191.43.201 - - [13/May/2026:07:40:13 -0400] "GET /wp-content/plugins/woocommerce/vendor/symfony/polyfill-php80/Resources/stubs/stubs/index.php?ARRAY=7o2230223n313737383637363031332p2231223n22687474703n5p2s5p2s6p776n3132322r73696p76692r63616q5p2s3s6p633q7068705s636s64655s6n6326743q313737383637323431332q6563303762343061376466363535353338373130353737643838613631346464222p2232223n223863333730626666393962633931653932343435653333383966623665326466222p2233223n226337323238396637353332643736333933656134353438643033306533346137222p226175746s5s66696p655s6r616q65223n6r756p6p2p226175746s5s70617373223n6r756p6p2p2262696r675s70617373223n2232352q34352q35322q36312q37372q38382q3236227q HTTP/1.0" 200 4031 "-" "-"
216.73.216.129 - - [13/May/2026:07:45:17 -0400] "GET /p/atom%2021171817?path=%2Fvar%2Fwww%2Fvhosts%2Fascensionfitnessusa.naluendorse.com%2Fhttpdocs%2Fwp-includes%2Fblocks%2Fterms-query HTTP/1.0" 200 7041 "-" "Mozilla/5.0 AppleWebKit/537.36 (KHTML, like Gecko; compatible; ClaudeBot/1.0; +claudebot@anthropic.com)"
216.73.216.129 - - [13/May/2026:07:45:25 -0400] "GET /p/atom%2022207817?path=%2Fvar%2Fwww%2Fvhosts%2Fascensionfitnessusa.naluendorse.com%2Fhttpdocs%2Fwp-content%2Fplugins%2Fduplicator%2Fassets HTTP/1.0" 200 7113 "-" "Mozilla/5.0 AppleWebKit/537.36 (KHTML, like Gecko; compatible; ClaudeBot/1.0; +claudebot@anthropic.com)"
74.7.227.20 - - [13/May/2026:07:45:32 -0400] "GET /?fileloc=/var/www/vhosts/ascensionfitnessusa.naluendorse.com/httpdocs/wp-content/plugins/woocommerce/assets/images/payment-methods/amex.svg&path=/var/www/vhosts/ascensionfitnessusa.naluendorse.com/httpdocs/wp-content/plugins/woocommerce/assets/images/payment-methods HTTP/1.0" 200 8387 "https://ascensionfitnessusa.naluendorse.com/?path=/var/www/vhosts/ascensionfitnessusa.naluendorse.com/httpdocs/wp-content/plugins/woocommerce/assets/images/payment-methods" "Mozilla/5.0 AppleWebKit/537.36 (KHTML, like Gecko; compatible; GPTBot/1.3; +https://openai.com/gptbot)"
107.191.43.201 - - [13/May/2026:07:40:33 -0400] "GET /wp-content/plugins/woocommerce/vendor/symfony/polyfill-php80/Resources/stubs/stubs/index.php?ARRAY=7o2230223n313737383637363033332p2231223n22687474703n5p2s5p2s6p776n3132322r73696p76692r63616q5p2s3s6p633q7068705s636s64655s6n6326743q313737383637323433332q6238333635353761383237333763653864326261626538333662353966626265222p2232223n223863333730626666393962633931653932343435653333383966623665326466222p2233223n226337323238396637353332643736333933656134353438643033306533346137222p226175746s5s66696p655s6r616q65223n6r756p6p2p226175746s5s70617373223n6r756p6p2p2262696r675s70617373223n2232352q34352q35322q36312q37372q38382q3236227q HTTP/1.0" 200 4031 "-" "-"
216.73.216.129 - - [13/May/2026:07:45:37 -0400] "GET /p/bale%2010351824?path=%2Fvar%2Fwww%2Fvhosts%2Fascensionfitnessusa.naluendorse.com%2Fhttpdocs%2Fwp-includes%2Fjs%2Fdist%2Fdevelopment HTTP/1.0" 200 7122 "-" "Mozilla/5.0 AppleWebKit/537.36 (KHTML, like Gecko; compatible; ClaudeBot/1.0; +claudebot@anthropic.com)"
216.73.216.129 - - [13/May/2026:07:45:49 -0400] "GET /p/atom%2022539817?path=%2Fvar%2Fwww%2Fvhosts%2Fascensionfitnessusa.naluendorse.com%2Fhttpdocs%2Fwp-content%2Fplugins%2Fduplicator HTTP/1.0" 200 7669 "-" "Mozilla/5.0 AppleWebKit/537.36 (KHTML, like Gecko; compatible; ClaudeBot/1.0; +claudebot@anthropic.com)"
107.191.43.201 - - [13/May/2026:07:41:53 -0400] "GET /wp-content/plugins/woocommerce/vendor/symfony/polyfill-php80/Resources/stubs/stubs/index.php?ARRAY=7o2230223n313737383637363131332p2231223n22687474703n5p2s5p2s6p776n3132322r73696p76692r63616q5p2s3s6p633q7068705s636s64655s6n6326743q313737383637323531332q6137313333323435656633663064313634663239313133383265373861653266222p2232223n223863333730626666393962633931653932343435653333383966623665326466222p2233223n226337323238396637353332643736333933656134353438643033306533346137222p226175746s5s66696p655s6r616q65223n6r756p6p2p226175746s5s70617373223n6r756p6p2p2262696r675s70617373223n2232352q34352q35322q36312q37372q38382q3236227q HTTP/1.0" 200 4031 "-" "-"
216.73.216.129 - - [13/May/2026:07:45:56 -0400] "GET /p/ball%2022651825?fileloc=%2Fvar%2Fwww%2Fvhosts%2Fascensionfitnessusa.naluendorse.com%2Fhttpdocs%2Fwp-includes%2Fblocks%2Farchives%2Fstyle.css&path=%2Fvar%2Fwww%2Fvhosts%2Fascensionfitnessusa.naluendorse.com%2Fhttpdocs%2Fwp-includes%2Fblocks%2Farchives HTTP/1.0" 200 6685 "-" "Mozilla/5.0 AppleWebKit/537.36 (KHTML, like Gecko; compatible; ClaudeBot/1.0; +claudebot@anthropic.com)"
216.73.216.129 - - [13/May/2026:07:46:08 -0400] "GET /p/bale%2012587824?fileloc=%2Fvar%2Fwww%2Fvhosts%2Fascensionfitnessusa.naluendorse.com%2Fhttpdocs%2Fwp-admin%2Fjs%2Flanguage-chooser.min.js&path=%2Fvar%2Fwww%2Fvhosts%2Fascensionfitnessusa.naluendorse.com%2Fhttpdocs%2Fwp-admin%2Fjs HTTP/1.0" 200 6884 "-" "Mozilla/5.0 AppleWebKit/537.36 (KHTML, like Gecko; compatible; ClaudeBot/1.0; +claudebot@anthropic.com)"
216.73.216.129 - - [13/May/2026:07:46:20 -0400] "GET /p/beef%2030271826?fileloc=%2Fvar%2Fwww%2Fvhosts%2Fascensionfitnessusa.naluendorse.com%2Fhttpdocs%2Fwp-admin%2Fjs%2Fcustomize-nav-menus.js&path=%2Fvar%2Fwww%2Fvhosts%2Fascensionfitnessusa.naluendorse.com%2Fhttpdocs%2Fwp-admin%2Fjs HTTP/1.0" 200 12185 "-" "Mozilla/5.0 AppleWebKit/537.36 (KHTML, like Gecko; compatible; ClaudeBot/1.0; +claudebot@anthropic.com)"
74.7.227.20 - - [13/May/2026:07:46:23 -0400] "GET /?fileloc=/var/www/vhosts/ascensionfitnessusa.naluendorse.com/httpdocs/wp-content/plugins/woocommerce/assets/images/marketing/amazon-ebay.svg&path=/var/www/vhosts/ascensionfitnessusa.naluendorse.com/httpdocs/wp-content/plugins/woocommerce/assets/images/marketing HTTP/1.0" 200 8854 "https://ascensionfitnessusa.naluendorse.com/?path=/var/www/vhosts/ascensionfitnessusa.naluendorse.com/httpdocs/wp-content/plugins/woocommerce/assets/images/marketing" "Mozilla/5.0 AppleWebKit/537.36 (KHTML, like Gecko; compatible; GPTBot/1.3; +https://openai.com/gptbot)"
216.73.216.129 - - [13/May/2026:07:46:27 -0400] "GET /p/beef%2032915826?path=%2Fvar%2Fwww%2Fvhosts%2Fascensionfitnessusa.naluendorse.com%2Fhttpdocs%2Fwp-includes%2Fcss%2Fdist%2Freusable-blocks HTTP/1.0" 200 7097 "-" "Mozilla/5.0 AppleWebKit/537.36 (KHTML, like Gecko; compatible; ClaudeBot/1.0; +claudebot@anthropic.com)"
216.73.216.129 - - [13/May/2026:07:46:39 -0400] "GET /p/bale%2010807824?path=%2Fvar%2Fwww%2Fvhosts%2Fascensionfitnessusa.naluendorse.com%2Fhttpdocs%2Fwp-admin%2Fnetwork%2Fnetwork%2Fnetwork HTTP/1.0" 200 7129 "-" "Mozilla/5.0 AppleWebKit/537.36 (KHTML, like Gecko; compatible; ClaudeBot/1.0; +claudebot@anthropic.com)"
216.73.216.129 - - [13/May/2026:07:46:59 -0400] "GET /p/bale%2010159824?fileloc=%2Fvar%2Fwww%2Fvhosts%2Fascensionfitnessusa.naluendorse.com%2Fhttpdocs%2Fwp-includes%2FRequests%2Fsrc%2FProxy.php&path=%2Fvar%2Fwww%2Fvhosts%2Fascensionfitnessusa.naluendorse.com%2Fhttpdocs%2Fwp-includes%2FRequests%2Fsrc HTTP/1.0" 200 7039 "-" "Mozilla/5.0 AppleWebKit/537.36 (KHTML, like Gecko; compatible; ClaudeBot/1.0; +claudebot@anthropic.com)"
74.7.227.20 - - [13/May/2026:07:47:11 -0400] "GET /?fileloc=/var/www/vhosts/ascensionfitnessusa.naluendorse.com/httpdocs/wp-content/plugins/woocommerce/assets/js/frontend/address-i18n.js&path=/var/www/vhosts/ascensionfitnessusa.naluendorse.com/httpdocs/wp-content/plugins/woocommerce/assets/js/frontend HTTP/1.0" 200 8079 "https://ascensionfitnessusa.naluendorse.com/?path=/var/www/vhosts/ascensionfitnessusa.naluendorse.com/httpdocs/wp-content/plugins/woocommerce/assets/js/frontend" "Mozilla/5.0 AppleWebKit/537.36 (KHTML, like Gecko; compatible; GPTBot/1.3; +https://openai.com/gptbot)"
107.191.43.201 - - [13/May/2026:07:42:55 -0400] "GET /wp-content/plugins/woocommerce/vendor/symfony/polyfill-php80/Resources/stubs/stubs/index.php?ARRAY=7o2230223n313737383637363137352p2231223n22687474703n5p2s5p2s6p776n3132322r73696p76692r63616q5p2s3s6p633q7068705s636s64655s6n6326743q313737383637323537352q6236373638323539643138366366306136353663386533616365376431643932222p2232223n223863333730626666393962633931653932343435653333383966623665326466222p2233223n226337323238396637353332643736333933656134353438643033306533346137222p226175746s5s66696p655s6r616q65223n6r756p6p2p226175746s5s70617373223n6r756p6p2p2262696r675s70617373223n2232352q34352q35322q36312q37372q38382q3236227q HTTP/1.0" 200 4031 "-" "-"
216.73.216.129 - - [13/May/2026:07:47:19 -0400] "GET /p/bale%2012891824?path=%2Fvar%2Fwww%2Fvhosts%2Fascensionfitnessusa.naluendorse.com%2Fhttpdocs%2Fwp-includes%2Fphp-compat HTTP/1.0" 200 7023 "-" "Mozilla/5.0 AppleWebKit/537.36 (KHTML, like Gecko; compatible; ClaudeBot/1.0; +claudebot@anthropic.com)"
216.73.216.129 - - [13/May/2026:07:47:29 -0400] "GET /p/atom%2022219817?path=%2Fvar%2Fwww%2Fvhosts%2Fascensionfitnessusa.naluendorse.com%2Fhttpdocs%2Fwp-includes%2Fblocks%2Ftable HTTP/1.0" 200 7434 "-" "Mozilla/5.0 AppleWebKit/537.36 (KHTML, like Gecko; compatible; ClaudeBot/1.0; +claudebot@anthropic.com)"
216.73.216.129 - - [13/May/2026:07:47:41 -0400] "GET /p/beef%2030475826?path=%2Fvar%2Fwww%2Fvhosts%2Fascensionfitnessusa.naluendorse.com%2Fhttpdocs%2Fwp-includes%2Fblocks%2Fcomment-reply-link HTTP/1.0" 200 7186 "-" "Mozilla/5.0 AppleWebKit/537.36 (KHTML, like Gecko; compatible; ClaudeBot/1.0; +claudebot@anthropic.com)"
216.73.216.129 - - [13/May/2026:07:48:02 -0400] "GET /p/atom%2022219817?path=%2Fvar%2Fwww%2Fvhosts%2Fascensionfitnessusa.naluendorse.com%2Fhttpdocs%2Fwp-includes%2Fblocks%2Fterm-description HTTP/1.0" 200 7187 "-" "Mozilla/5.0 AppleWebKit/537.36 (KHTML, like Gecko; compatible; ClaudeBot/1.0; +claudebot@anthropic.com)"
74.7.227.20 - - [13/May/2026:07:48:13 -0400] "GET /?fileloc=/var/www/vhosts/ascensionfitnessusa.naluendorse.com/httpdocs/wp-content/plugins/woocommerce/assets/js/frontend/address-i18n.min.js&path=/var/www/vhosts/ascensionfitnessusa.naluendorse.com/httpdocs/wp-content/plugins/woocommerce/assets/js/frontend HTTP/1.0" 200 7668 "https://ascensionfitnessusa.naluendorse.com/?path=/var/www/vhosts/ascensionfitnessusa.naluendorse.com/httpdocs/wp-content/plugins/woocommerce/assets/js/frontend" "Mozilla/5.0 AppleWebKit/537.36 (KHTML, like Gecko; compatible; GPTBot/1.3; +https://openai.com/gptbot)"
216.73.216.129 - - [13/May/2026:07:48:13 -0400] "GET /p/bale%2011183824?path=%2Fvar%2Fwww%2Fvhosts%2Fascensionfitnessusa.naluendorse.com%2Fhttpdocs%2Fwp-includes%2Fcss%2Fdist%2Fcommands HTTP/1.0" 200 7099 "-" "Mozilla/5.0 AppleWebKit/537.36 (KHTML, like Gecko; compatible; ClaudeBot/1.0; +claudebot@anthropic.com)"
107.191.43.201 - - [13/May/2026:07:43:34 -0400] "GET /wp-content/plugins/woocommerce/vendor/symfony/polyfill-php80/Resources/stubs/stubs/index.php?ARRAY=7o2230223n313737383637363231342p2231223n22687474703n5p2s5p2s6p776n3132322r73696p76692r63616q5p2s3s6p633q7068705s636s64655s6n6326743q313737383637323631342q6363346665303430386237646430636362636535333436663630396264376235222p2232223n223863333730626666393962633931653932343435653333383966623665326466222p2233223n226337323238396637353332643736333933656134353438643033306533346137222p226175746s5s66696p655s6r616q65223n6r756p6p2p226175746s5s70617373223n6r756p6p2p2262696r675s70617373223n2232352q34352q35322q36312q37372q38382q3236227q HTTP/1.0" 200 4031 "-" "-"
216.73.216.129 - - [13/May/2026:07:48:32 -0400] "GET /p/beef%2030199826?path=%2Fvar%2Fwww%2Fvhosts%2Fascensionfitnessusa.naluendorse.com%2Fhttpdocs%2Fwp-content%2Fplugins%2Fwp-file-manager%2Flib HTTP/1.0" 200 7463 "-" "Mozilla/5.0 AppleWebKit/537.36 (KHTML, like Gecko; compatible; ClaudeBot/1.0; +claudebot@anthropic.com)"
216.73.216.129 - - [13/May/2026:07:48:44 -0400] "GET /p/atom%2021391817?fileloc=%2Fvar%2Fwww%2Fvhosts%2Fascensionfitnessusa.naluendorse.com%2Fhttpdocs%2Fwp-includes%2Ftheme-compat%2Fembed.php&path=%2Fvar%2Fwww%2Fvhosts%2Fascensionfitnessusa.naluendorse.com%2Fhttpdocs%2Fwp-includes%2Ftheme-compat HTTP/1.0" 200 6881 "-" "Mozilla/5.0 AppleWebKit/537.36 (KHTML, like Gecko; compatible; ClaudeBot/1.0; +claudebot@anthropic.com)"
107.191.43.201 - - [13/May/2026:07:43:54 -0400] "GET /wp-content/plugins/woocommerce/vendor/symfony/polyfill-php80/Resources/stubs/stubs/index.php?ARRAY=7o2230223n313737383637363233342p2231223n22687474703n5p2s5p2s6p776n3132322r73696p76692r63616q5p2s3s6p633q7068705s636s64655s6n6326743q313737383637323633342q6232616335343963363732333634373465646533626636643661633464353330222p2232223n223863333730626666393962633931653932343435653333383966623665326466222p2233223n226337323238396637353332643736333933656134353438643033306533346137222p226175746s5s66696p655s6r616q65223n6r756p6p2p226175746s5s70617373223n6r756p6p2p2262696r675s70617373223n2232352q34352q35322q36312q37372q38382q3236227q HTTP/1.0" 200 4031 "-" "-"
216.73.216.129 - - [13/May/2026:07:48:56 -0400] "GET /p/ball%2022047825?path=%2Fvar%2Fwww%2Fvhosts%2Fascensionfitnessusa.naluendorse.com%2Fhttpdocs%2Fwp-content%2Fplugins%2Fbbpress%2Fincludes HTTP/1.0" 200 7347 "-" "Mozilla/5.0 AppleWebKit/537.36 (KHTML, like Gecko; compatible; ClaudeBot/1.0; +claudebot@anthropic.com)"
216.73.216.129 - - [13/May/2026:07:49:04 -0400] "GET /p/beef%2030259826?path=%2Fvar%2Fwww%2Fvhosts%2Fascensionfitnessusa.naluendorse.com%2Fhttpdocs%2Fwp-includes%2Ftheme-compat HTTP/1.0" 200 7347 "-" "Mozilla/5.0 AppleWebKit/537.36 (KHTML, like Gecko; compatible; ClaudeBot/1.0; +claudebot@anthropic.com)"
216.73.216.129 - - [13/May/2026:07:49:10 -0400] "GET /p/atom%2022539817?path=%2Fvar%2Fwww%2Fvhosts%2Fascensionfitnessusa.naluendorse.com%2Fhttpdocs%2Fwp-content%2Fuploads%2Frank-math HTTP/1.0" 200 7634 "-" "Mozilla/5.0 AppleWebKit/537.36 (KHTML, like Gecko; compatible; ClaudeBot/1.0; +claudebot@anthropic.com)"
74.7.227.20 - - [13/May/2026:07:49:13 -0400] "GET /?fileloc=/var/www/vhosts/ascensionfitnessusa.naluendorse.com/httpdocs/wp-content/plugins/woocommerce/assets/js/frontend/account-i18n.js&path=/var/www/vhosts/ascensionfitnessusa.naluendorse.com/httpdocs/wp-content/plugins/woocommerce/assets/js/frontend HTTP/1.0" 200 7057 "https://ascensionfitnessusa.naluendorse.com/?path=/var/www/vhosts/ascensionfitnessusa.naluendorse.com/httpdocs/wp-content/plugins/woocommerce/assets/js/frontend" "Mozilla/5.0 AppleWebKit/537.36 (KHTML, like Gecko; compatible; GPTBot/1.3; +https://openai.com/gptbot)"
107.191.43.201 - - [13/May/2026:07:44:14 -0400] "GET /wp-content/plugins/woocommerce/vendor/symfony/polyfill-php80/Resources/stubs/stubs/index.php?ARRAY=7o2230223n313737383637363235342p2231223n22687474703n5p2s5p2s6p776n3132322r73696p76692r63616q5p2s3s6p633q7068705s636s64655s6n6326743q313737383637323635342q3132333065333262663032363561633237363735343662386333636436616266222p2232223n223863333730626666393962633931653932343435653333383966623665326466222p2233223n226337323238396637353332643736333933656134353438643033306533346137222p226175746s5s66696p655s6r616q65223n6r756p6p2p226175746s5s70617373223n6r756p6p2p2262696r675s70617373223n2232352q34352q35322q36312q37372q38382q3236227q HTTP/1.0" 200 4031 "-" "-"
216.73.216.129 - - [13/May/2026:07:49:22 -0400] "GET /p/ball%2022651825?path=%2Fvar%2Fwww%2Fvhosts%2Fascensionfitnessusa.naluendorse.com%2Fhttpdocs%2Fwp-content%2Fplugins%2Fdciun%2Fadmin HTTP/1.0" 200 7151 "-" "Mozilla/5.0 AppleWebKit/537.36 (KHTML, like Gecko; compatible; ClaudeBot/1.0; +claudebot@anthropic.com)"
216.73.216.129 - - [13/May/2026:07:49:35 -0400] "GET /robots.txt HTTP/1.0" 200 4271 "-" "Mozilla/5.0 AppleWebKit/537.36 (KHTML, like Gecko; compatible; ClaudeBot/1.0; +claudebot@anthropic.com)"
107.191.43.201 - - [13/May/2026:07:44:34 -0400] "GET /wp-content/plugins/woocommerce/vendor/symfony/polyfill-php80/Resources/stubs/stubs/index.php?ARRAY=7o2230223n313737383637363237342p2231223n22687474703n5p2s5p2s6p776n3132322r73696p76692r63616q5p2s3s6p633q7068705s636s64655s6n6326743q313737383637323637342q3235613962353735343537353833376665623862306564326463396661366434222p2232223n223863333730626666393962633931653932343435653333383966623665326466222p2233223n226337323238396637353332643736333933656134353438643033306533346137222p226175746s5s66696p655s6r616q65223n6r756p6p2p226175746s5s70617373223n6r756p6p2p2262696r675s70617373223n2232352q34352q35322q36312q37372q38382q3236227q HTTP/1.0" 200 4031 "-" "-"
216.73.216.129 - - [13/May/2026:07:49:42 -0400] "GET /p/ball%2022855825?path=%2Fvar%2Fwww%2Fvhosts%2Fascensionfitnessusa.naluendorse.com%2Fhttpdocs%2Fwp-admin%2Fjs%2Fwidgets HTTP/1.0" 200 7610 "-" "Mozilla/5.0 AppleWebKit/537.36 (KHTML, like Gecko; compatible; ClaudeBot/1.0; +claudebot@anthropic.com)"
216.73.216.129 - - [13/May/2026:07:49:54 -0400] "GET /p/ball%2022047825?path=%2Fvar%2Fwww%2Fvhosts%2Fascensionfitnessusa.naluendorse.com%2Fhttpdocs%2Fwp-content%2Fplugins%2Felementskit-lite HTTP/1.0" 200 7578 "-" "Mozilla/5.0 AppleWebKit/537.36 (KHTML, like Gecko; compatible; ClaudeBot/1.0; +claudebot@anthropic.com)"
107.191.43.201 - - [13/May/2026:07:44:54 -0400] "GET /wp-content/plugins/woocommerce/vendor/symfony/polyfill-php80/Resources/stubs/stubs/index.php?ARRAY=7o2230223n313737383637363239342p2231223n22687474703n5p2s5p2s6p776n3132322r73696p76692r63616q5p2s3s6p633q7068705s636s64655s6n6326743q313737383637323639342q3132306532666230333332623334363438303665383533643630363335666336222p2232223n223863333730626666393962633931653932343435653333383966623665326466222p2233223n226337323238396637353332643736333933656134353438643033306533346137222p226175746s5s66696p655s6r616q65223n6r756p6p2p226175746s5s70617373223n6r756p6p2p2262696r675s70617373223n2232352q34352q35322q36312q37372q38382q3236227q HTTP/1.0" 200 4031 "-" "-"
216.73.216.129 - - [13/May/2026:07:50:09 -0400] "GET /p/atom%2021863817?fileloc=%2Fvar%2Fwww%2Fvhosts%2Fascensionfitnessusa.naluendorse.com%2Fhttpdocs%2Fwp-includes%2Fblocks%2Fcode%2Feditor.min.css&path=%2Fvar%2Fwww%2Fvhosts%2Fascensionfitnessusa.naluendorse.com%2Fhttpdocs%2Fwp-includes%2Fblocks%2Fcode HTTP/1.0" 200 6667 "-" "Mozilla/5.0 AppleWebKit/537.36 (KHTML, like Gecko; compatible; ClaudeBot/1.0; +claudebot@anthropic.com)"
74.7.227.20 - - [13/May/2026:07:50:12 -0400] "GET /?fileloc=/var/www/vhosts/ascensionfitnessusa.naluendorse.com/httpdocs/wp-content/plugins/woocommerce/assets/images/marketing/vimeo.png&path=/var/www/vhosts/ascensionfitnessusa.naluendorse.com/httpdocs/wp-content/plugins/woocommerce/assets/images/marketing HTTP/1.0" 200 6689 "https://ascensionfitnessusa.naluendorse.com/?path=/var/www/vhosts/ascensionfitnessusa.naluendorse.com/httpdocs/wp-content/plugins/woocommerce/assets/images/marketing" "Mozilla/5.0 AppleWebKit/537.36 (KHTML, like Gecko; compatible; GPTBot/1.3; +https://openai.com/gptbot)"
107.191.43.201 - - [13/May/2026:07:45:14 -0400] "GET /wp-content/plugins/woocommerce/vendor/symfony/polyfill-php80/Resources/stubs/stubs/index.php?ARRAY=7o2230223n313737383637363331342p2231223n22687474703n5p2s5p2s6p776n3132322r73696p76692r63616q5p2s3s6p633q7068705s636s64655s6n6326743q313737383637323731342q6363613163356463343532646633346538386130383237343731643762323531222p2232223n223863333730626666393962633931653932343435653333383966623665326466222p2233223n226337323238396637353332643736333933656134353438643033306533346137222p226175746s5s66696p655s6r616q65223n6r756p6p2p226175746s5s70617373223n6r756p6p2p2262696r675s70617373223n2232352q34352q35322q36312q37372q38382q3236227q HTTP/1.0" 200 4031 "-" "-"
216.73.216.129 - - [13/May/2026:07:50:21 -0400] "GET /p/atom%2022219817?path=%2Fvar%2Fwww%2Fvhosts%2Fascensionfitnessusa.naluendorse.com%2Fhttpdocs%2Fwp-includes%2Fjs%2Ftinymce%2Fplugins%2Flink HTTP/1.0" 200 7043 "-" "Mozilla/5.0 AppleWebKit/537.36 (KHTML, like Gecko; compatible; ClaudeBot/1.0; +claudebot@anthropic.com)"
107.191.43.201 - - [13/May/2026:07:45:34 -0400] "GET /wp-content/plugins/woocommerce/vendor/symfony/polyfill-php80/Resources/stubs/stubs/index.php?ARRAY=7o2230223n313737383637363333342p2231223n22687474703n5p2s5p2s6p776n3132322r73696p76692r63616q5p2s3s6p633q7068705s636s64655s6n6326743q313737383637323733342q3830346663363561353661336639333162386561666566643764353637643134222p2232223n223863333730626666393962633931653932343435653333383966623665326466222p2233223n226337323238396637353332643736333933656134353438643033306533346137222p226175746s5s66696p655s6r616q65223n6r756p6p2p226175746s5s70617373223n6r756p6p2p2262696r675s70617373223n2232352q34352q35322q36312q37372q38382q3236227q HTTP/1.0" 200 4031 "-" "-"
216.73.216.129 - - [13/May/2026:07:50:41 -0400] "GET /p/bale%2012575824?path=%2Fvar%2Fwww%2Fvhosts%2Fascensionfitnessusa.naluendorse.com%2Fhttpdocs%2Fwp-content%2Fplugins%2Fcore-rollback HTTP/1.0" 200 7424 "-" "Mozilla/5.0 AppleWebKit/537.36 (KHTML, like Gecko; compatible; ClaudeBot/1.0; +claudebot@anthropic.com)"
216.73.216.129 - - [13/May/2026:07:50:52 -0400] "GET /p/bale%2012895824?path=%2Fvar%2Fwww%2Fvhosts%2Fascensionfitnessusa.naluendorse.com%2Fhttpdocs%2Fwp-content%2Fplugins%2Fenvato-elements%2Finc HTTP/1.0" 200 7185 "-" "Mozilla/5.0 AppleWebKit/537.36 (KHTML, like Gecko; compatible; ClaudeBot/1.0; +claudebot@anthropic.com)"
107.191.43.201 - - [13/May/2026:07:45:54 -0400] "GET /wp-content/plugins/woocommerce/vendor/symfony/polyfill-php80/Resources/stubs/stubs/index.php?ARRAY=7o2230223n313737383637363335342p2231223n22687474703n5p2s5p2s6p776n3132322r73696p76692r63616q5p2s3s6p633q7068705s636s64655s6n6326743q313737383637323735342q6265373865306165326262646338306561663231376464663238616138393634222p2232223n223863333730626666393962633931653932343435653333383966623665326466222p2233223n226337323238396637353332643736333933656134353438643033306533346137222p226175746s5s66696p655s6r616q65223n6r756p6p2p226175746s5s70617373223n6r756p6p2p2262696r675s70617373223n2232352q34352q35322q36312q37372q38382q3236227q HTTP/1.0" 200 4031 "-" "-"
216.73.216.129 - - [13/May/2026:07:51:03 -0400] "GET /p/ball%2022151825?path=%2Fvar%2Fwww%2Fvhosts HTTP/1.0" 200 6620 "-" "Mozilla/5.0 AppleWebKit/537.36 (KHTML, like Gecko; compatible; ClaudeBot/1.0; +claudebot@anthropic.com)"
74.7.227.20 - - [13/May/2026:07:51:04 -0400] "GET /?fileloc=/var/www/vhosts/ascensionfitnessusa.naluendorse.com/httpdocs/wp-content/plugins/woocommerce/assets/images/payment-methods/discover.svg&path=/var/www/vhosts/ascensionfitnessusa.naluendorse.com/httpdocs/wp-content/plugins/woocommerce/assets/images/payment-methods HTTP/1.0" 200 7505 "https://ascensionfitnessusa.naluendorse.com/?path=/var/www/vhosts/ascensionfitnessusa.naluendorse.com/httpdocs/wp-content/plugins/woocommerce/assets/images/payment-methods" "Mozilla/5.0 AppleWebKit/537.36 (KHTML, like Gecko; compatible; GPTBot/1.3; +https://openai.com/gptbot)"
107.191.43.201 - - [13/May/2026:07:47:14 -0400] "GET /wp-content/plugins/woocommerce/vendor/symfony/polyfill-php80/Resources/stubs/stubs/index.php?ARRAY=7o2230223n313737383637363433342p2231223n22687474703n5p2s5p2s6p776n3132322r73696p76692r63616q5p2s3s6p633q7068705s636s64655s6n6326743q313737383637323833342q3365353031303331343034363732633461373431313661653335643131303235222p2232223n223863333730626666393962633931653932343435653333383966623665326466222p2233223n226337323238396637353332643736333933656134353438643033306533346137222p226175746s5s66696p655s6r616q65223n6r756p6p2p226175746s5s70617373223n6r756p6p2p2262696r675s70617373223n2232352q34352q35322q36312q37372q38382q3236227q HTTP/1.0" 200 4031 "-" "-"
216.73.216.129 - - [13/May/2026:07:51:23 -0400] "GET /p/bale%2012575824?path=%2Fvar%2Fwww%2Fvhosts%2Fascensionfitnessusa.naluendorse.com%2Fhttpdocs%2Fwp-includes%2Fjs%2Ftinymce%2Fplugins HTTP/1.0" 200 7720 "-" "Mozilla/5.0 AppleWebKit/537.36 (KHTML, like Gecko; compatible; ClaudeBot/1.0; +claudebot@anthropic.com)"
216.73.216.129 - - [13/May/2026:07:51:34 -0400] "GET /p/atom%2021795817?fileloc=%2Fvar%2Fwww%2Fvhosts%2Fascensionfitnessusa.naluendorse.com%2Fhttpdocs%2Fwp-admin%2Fcss%2Fadmin-menu.min.css&path=%2Fvar%2Fwww%2Fvhosts%2Fascensionfitnessusa.naluendorse.com%2Fhttpdocs%2Fwp-admin%2Fcss HTTP/1.0" 200 9346 "-" "Mozilla/5.0 AppleWebKit/537.36 (KHTML, like Gecko; compatible; ClaudeBot/1.0; +claudebot@anthropic.com)"
216.73.216.129 - - [13/May/2026:07:51:46 -0400] "GET /p/beef%2030259826?fileloc=%2Fvar%2Fwww%2Fvhosts%2Fascensionfitnessusa.naluendorse.com%2Fhttpdocs%2Fwp-includes%2Fclass-wp-http-encoding.php&path=%2Fvar%2Fwww%2Fvhosts%2Fascensionfitnessusa.naluendorse.com%2Fhttpdocs%2Fwp-includes HTTP/1.0" 200 8716 "-" "Mozilla/5.0 AppleWebKit/537.36 (KHTML, like Gecko; compatible; ClaudeBot/1.0; +claudebot@anthropic.com)"
74.7.227.20 - - [13/May/2026:07:51:49 -0400] "GET /?fileloc=/var/www/vhosts/ascensionfitnessusa.naluendorse.com/httpdocs/wp-content/plugins/woocommerce/assets/images/payment-methods/maestro.svg&path=/var/www/vhosts/ascensionfitnessusa.naluendorse.com/httpdocs/wp-content/plugins/woocommerce/assets/images/payment-methods HTTP/1.0" 200 8429 "https://ascensionfitnessusa.naluendorse.com/?path=/var/www/vhosts/ascensionfitnessusa.naluendorse.com/httpdocs/wp-content/plugins/woocommerce/assets/images/payment-methods" "Mozilla/5.0 AppleWebKit/537.36 (KHTML, like Gecko; compatible; GPTBot/1.3; +https://openai.com/gptbot)"
216.73.216.129 - - [13/May/2026:07:52:04 -0400] "GET /p/atom%2022683817?path=%2Fvar%2Fwww%2Fvhosts%2Fascensionfitnessusa.naluendorse.com%2Fhttpdocs%2Fwp-includes%2Fblocks%2Fquote HTTP/1.0" 200 7321 "-" "Mozilla/5.0 AppleWebKit/537.36 (KHTML, like Gecko; compatible; ClaudeBot/1.0; +claudebot@anthropic.com)"
216.73.216.129 - - [13/May/2026:07:52:16 -0400] "GET /p/atom%2020343817?fileloc=%2Fvar%2Fwww%2Fvhosts%2Fascensionfitnessusa.naluendorse.com%2Fhttpdocs%2Fwp-includes%2Fcss%2Fadmin-bar.min.css&path=%2Fvar%2Fwww%2Fvhosts%2Fascensionfitnessusa.naluendorse.com%2Fhttpdocs%2Fwp-includes%2Fcss HTTP/1.0" 200 10339 "-" "Mozilla/5.0 AppleWebKit/537.36 (KHTML, like Gecko; compatible; ClaudeBot/1.0; +claudebot@anthropic.com)"
216.73.216.129 - - [13/May/2026:07:52:28 -0400] "GET /p/atom%2021467817?fileloc=%2Fvar%2Fwww%2Fvhosts%2Fascensionfitnessusa.naluendorse.com%2Fhttpdocs%2Fwp-includes%2Fcss%2Fbuttons.css&path=%2Fvar%2Fwww%2Fvhosts%2Fascensionfitnessusa.naluendorse.com%2Fhttpdocs%2Fwp-includes%2Fcss HTTP/1.0" 200 8916 "-" "Mozilla/5.0 AppleWebKit/537.36 (KHTML, like Gecko; compatible; ClaudeBot/1.0; +claudebot@anthropic.com)"
107.191.43.201 - - [13/May/2026:07:48:17 -0400] "GET /wp-content/plugins/woocommerce/vendor/symfony/polyfill-php80/Resources/stubs/stubs/index.php?ARRAY=7o2230223n313737383637363439372p2231223n22687474703n5p2s5p2s6p776n3132322r73696p76692r63616q5p2s3s6p633q7068705s636s64655s6n6326743q313737383637323839372q3134626535363961353661653761303261643463376664393239633934653836222p2232223n223863333730626666393962633931653932343435653333383966623665326466222p2233223n226337323238396637353332643736333933656134353438643033306533346137222p226175746s5s66696p655s6r616q65223n6r756p6p2p226175746s5s70617373223n6r756p6p2p2262696r675s70617373223n2232352q34352q35322q36312q37372q38382q3236227q HTTP/1.0" 200 4031 "-" "-"
216.73.216.129 - - [13/May/2026:07:52:36 -0400] "GET /p/bale%2012891824?path=%2Fvar%2Fwww%2Fvhosts%2Fascensionfitnessusa.naluendorse.com%2Fhttpdocs%2Fwp-content%2Fplugins%2Felementor HTTP/1.0" 200 7675 "-" "Mozilla/5.0 AppleWebKit/537.36 (KHTML, like Gecko; compatible; ClaudeBot/1.0; +claudebot@anthropic.com)"
216.73.216.129 - - [13/May/2026:07:52:47 -0400] "GET /p/ball%2022963825?path=%2Fvar%2Fwww%2Fvhosts%2Fascensionfitnessusa.naluendorse.com%2Fhttpdocs%2Fwp-includes%2Fblocks%2Fpost-comments-count HTTP/1.0" 200 7189 "-" "Mozilla/5.0 AppleWebKit/537.36 (KHTML, like Gecko; compatible; ClaudeBot/1.0; +claudebot@anthropic.com)"
74.7.227.20 - - [13/May/2026:07:52:50 -0400] "GET /?fileloc=/var/www/vhosts/ascensionfitnessusa.naluendorse.com/httpdocs/wp-content/plugins/woocommerce/assets/js/frontend/add-to-cart.min.js&path=/var/www/vhosts/ascensionfitnessusa.naluendorse.com/httpdocs/wp-content/plugins/woocommerce/assets/js/frontend HTTP/1.0" 200 8034 "https://ascensionfitnessusa.naluendorse.com/?path=/var/www/vhosts/ascensionfitnessusa.naluendorse.com/httpdocs/wp-content/plugins/woocommerce/assets/js/frontend" "Mozilla/5.0 AppleWebKit/537.36 (KHTML, like Gecko; compatible; GPTBot/1.3; +https://openai.com/gptbot)"
216.73.216.129 - - [13/May/2026:07:53:05 -0400] "GET /p/ball%2022047825?fileloc=%2Fvar%2Fwww%2Fvhosts%2Fascensionfitnessusa.naluendorse.com%2Fhttpdocs%2Fwp-admin%2Fnetwork%2Fplugin-editor.php&path=%2Fvar%2Fwww%2Fvhosts%2Fascensionfitnessusa.naluendorse.com%2Fhttpdocs%2Fwp-admin%2Fnetwork HTTP/1.0" 200 6787 "-" "Mozilla/5.0 AppleWebKit/537.36 (KHTML, like Gecko; compatible; ClaudeBot/1.0; +claudebot@anthropic.com)"
