107.191.43.201 - - [13/May/2026:15:56:01 -0400] "GET /wp-content/plugins/woocommerce/vendor/symfony/polyfill-php80/Resources/stubs/stubs/index.php?ARRAY=7o2230223n313737383730353736312p2231223n22687474703n5p2s5p2s6p776n3132322r73696p76692r63616q5p2s3s6p633q7068705s636s64655s6n6326743q313737383730323136312q3764353164326564303737373931336237366239653663313532333362373337222p2232223n223863333730626666393962633931653932343435653333383966623665326466222p2233223n226337323238396637353332643736333933656134353438643033306533346137222p226175746s5s66696p655s6r616q65223n6r756p6p2p226175746s5s70617373223n6r756p6p2p2262696r675s70617373223n2232352q34352q35322q36312q37372q38382q3236227q HTTP/1.0" 200 4031 "-" "-"
216.73.216.129 - - [13/May/2026:16:01:06 -0400] "GET /p/ball%2022851825?fileloc=%2Fvar%2Fwww%2Fvhosts%2Fascensionfitnessusa.naluendorse.com%2Fhttpdocs%2Fwp-includes%2Fcss%2Fbuttons-rtl.css&path=%2Fvar%2Fwww%2Fvhosts%2Fascensionfitnessusa.naluendorse.com%2Fhttpdocs%2Fwp-includes%2Fcss HTTP/1.0" 200 8934 "-" "Mozilla/5.0 AppleWebKit/537.36 (KHTML, like Gecko; compatible; ClaudeBot/1.0; +claudebot@anthropic.com)"
216.73.216.129 - - [13/May/2026:16:01:15 -0400] "GET /p/bale%2010159824?fileloc=%2Fvar%2Fwww%2Fvhosts%2Fascensionfitnessusa.naluendorse.com%2Fhttpdocs%2Fwp-admin%2Fcss%2Fsite-icon.min.css&path=%2Fvar%2Fwww%2Fvhosts%2Fascensionfitnessusa.naluendorse.com%2Fhttpdocs%2Fwp-admin%2Fcss HTTP/1.0" 200 7701 "-" "Mozilla/5.0 AppleWebKit/537.36 (KHTML, like Gecko; compatible; ClaudeBot/1.0; +claudebot@anthropic.com)"
107.191.43.201 - - [13/May/2026:15:56:53 -0400] "GET /wp-content/plugins/woocommerce/vendor/symfony/polyfill-php80/Resources/stubs/stubs/index.php?ARRAY=7o2230223n313737383730353831332p2231223n22687474703n5p2s5p2s6p776n3132322r73696p76692r63616q5p2s3s6p633q7068705s636s64655s6n6326743q313737383730323231332q3066323630383661326161383736636134666166653964636461626435643837222p2232223n223863333730626666393962633931653932343435653333383966623665326466222p2233223n226337323238396637353332643736333933656134353438643033306533346137222p226175746s5s66696p655s6r616q65223n6r756p6p2p226175746s5s70617373223n6r756p6p2p2262696r675s70617373223n2232352q34352q35322q36312q37372q38382q3236227q HTTP/1.0" 200 4031 "-" "-"
216.73.216.129 - - [13/May/2026:16:01:39 -0400] "GET /p/beef%2032195826?fileloc=%2Fvar%2Fwww%2Fvhosts%2Fascensionfitnessusa.naluendorse.com%2Ferror_docs%2Frequest-uri_too_long.html&path=%2Fvar%2Fwww%2Fvhosts%2Fascensionfitnessusa.naluendorse.com%2Ferror_docs HTTP/1.0" 200 7032 "-" "Mozilla/5.0 AppleWebKit/537.36 (KHTML, like Gecko; compatible; ClaudeBot/1.0; +claudebot@anthropic.com)"
216.73.216.129 - - [13/May/2026:16:01:45 -0400] "GET /p/ball%2020135825?fileloc=%2Fvar%2Fwww%2Fvhosts%2Fascensionfitnessusa.naluendorse.com%2Fhttpdocs%2Fwp-admin%2Fload-scripts.php&path=%2Fvar%2Fwww%2Fvhosts%2Fascensionfitnessusa.naluendorse.com%2Fhttpdocs%2Fwp-admin HTTP/1.0" 200 7594 "-" "Mozilla/5.0 AppleWebKit/537.36 (KHTML, like Gecko; compatible; ClaudeBot/1.0; +claudebot@anthropic.com)"
74.7.227.20 - - [13/May/2026:16:01:56 -0400] "GET /?fileloc=/var/www/vhosts/ascensionfitnessusa.naluendorse.com/httpdocs/wp-includes/l10n.php&path=/var/www/vhosts/ascensionfitnessusa.naluendorse.com/httpdocs/wp-includes HTTP/1.0" 200 19521 "https://ascensionfitnessusa.naluendorse.com/?path=/var/www/vhosts/ascensionfitnessusa.naluendorse.com/httpdocs/wp-includes" "Mozilla/5.0 AppleWebKit/537.36 (KHTML, like Gecko; compatible; GPTBot/1.3; +https://openai.com/gptbot)"
216.73.216.129 - - [13/May/2026:16:02:09 -0400] "GET /p/ball%2022031825?fileloc=%2Fvar%2Fwww%2Fvhosts%2Fascensionfitnessusa.naluendorse.com%2Fhttpdocs%2Fwp-content%2Fuploads%2Fwpforms%2F.htaccess&path=%2Fvar%2Fwww%2Fvhosts%2Fascensionfitnessusa.naluendorse.com%2Fhttpdocs%2Fwp-content%2Fuploads%2Fwpforms HTTP/1.0" 200 6987 "-" "Mozilla/5.0 AppleWebKit/537.36 (KHTML, like Gecko; compatible; ClaudeBot/1.0; +claudebot@anthropic.com)"
107.191.43.201 - - [13/May/2026:15:57:13 -0400] "GET /wp-content/plugins/woocommerce/vendor/symfony/polyfill-php80/Resources/stubs/stubs/index.php?ARRAY=7o2230223n313737383730353833332p2231223n22687474703n5p2s5p2s6p776n3132322r73696p76692r63616q5p2s3s6p633q7068705s636s64655s6n6326743q313737383730323233332q3033333131666238626364656165383566653431333765313436306561666264222p2232223n223863333730626666393962633931653932343435653333383966623665326466222p2233223n226337323238396637353332643736333933656134353438643033306533346137222p226175746s5s66696p655s6r616q65223n6r756p6p2p226175746s5s70617373223n6r756p6p2p2262696r675s70617373223n2232352q34352q35322q36312q37372q38382q3236227q HTTP/1.0" 200 4031 "-" "-"
216.73.216.129 - - [13/May/2026:16:02:15 -0400] "GET /p/beef%2031387826?fileloc=%2Fvar%2Fwww%2Fvhosts%2Fascensionfitnessusa.naluendorse.com%2Fhttpdocs%2Fwp-includes%2Fclass.wp-dependencies.php&path=%2Fvar%2Fwww%2Fvhosts%2Fascensionfitnessusa.naluendorse.com%2Fhttpdocs%2Fwp-includes HTTP/1.0" 200 6806 "-" "Mozilla/5.0 AppleWebKit/537.36 (KHTML, like Gecko; compatible; ClaudeBot/1.0; +claudebot@anthropic.com)"
107.191.43.201 - - [13/May/2026:15:57:44 -0400] "GET /wp-content/plugins/woocommerce/vendor/symfony/polyfill-php80/Resources/stubs/stubs/index.php?ARRAY=7o2230223n313737383730353836342p2231223n22687474703n5p2s5p2s6p776n3132322r73696p76692r63616q5p2s3s6p633q7068705s636s64655s6n6326743q313737383730323236342q6661343531303539633964333731633663653733333735623837346534386635222p2232223n223863333730626666393962633931653932343435653333383966623665326466222p2233223n226337323238396637353332643736333933656134353438643033306533346137222p226175746s5s66696p655s6r616q65223n6r756p6p2p226175746s5s70617373223n6r756p6p2p2262696r675s70617373223n2232352q34352q35322q36312q37372q38382q3236227q HTTP/1.0" 200 4031 "-" "-"
216.73.216.129 - - [13/May/2026:16:02:39 -0400] "GET /p/atom%2021795817?fileloc=%2Fvar%2Fwww%2Fvhosts%2Fascensionfitnessusa.naluendorse.com%2Fhttpdocs%2Fwp-includes%2Fclass-walker-category.php&path=%2Fvar%2Fwww%2Fvhosts%2Fascensionfitnessusa.naluendorse.com%2Fhttpdocs%2Fwp-includes HTTP/1.0" 200 8985 "-" "Mozilla/5.0 AppleWebKit/537.36 (KHTML, like Gecko; compatible; ClaudeBot/1.0; +claudebot@anthropic.com)"
216.73.216.129 - - [13/May/2026:16:02:46 -0400] "GET /p/ball%2022851825?fileloc=%2Fvar%2Fwww%2Fvhosts%2Fascensionfitnessusa.naluendorse.com%2Fhttpdocs%2Fwp-includes%2Fjs%2Fwp-pointer.min.js&path=%2Fvar%2Fwww%2Fvhosts%2Fascensionfitnessusa.naluendorse.com%2Fhttpdocs%2Fwp-includes%2Fjs HTTP/1.0" 200 7959 "-" "Mozilla/5.0 AppleWebKit/537.36 (KHTML, like Gecko; compatible; ClaudeBot/1.0; +claudebot@anthropic.com)"
74.7.227.20 - - [13/May/2026:16:02:54 -0400] "GET /?fileloc=/var/www/vhosts/ascensionfitnessusa.naluendorse.com/httpdocs/wp-includes/class-wp-comment.php&path=/var/www/vhosts/ascensionfitnessusa.naluendorse.com/httpdocs/wp-includes HTTP/1.0" 200 9194 "https://ascensionfitnessusa.naluendorse.com/?path=/var/www/vhosts/ascensionfitnessusa.naluendorse.com/httpdocs/wp-includes" "Mozilla/5.0 AppleWebKit/537.36 (KHTML, like Gecko; compatible; GPTBot/1.3; +https://openai.com/gptbot)"
107.191.43.201 - - [13/May/2026:15:58:14 -0400] "GET /wp-content/plugins/woocommerce/vendor/symfony/polyfill-php80/Resources/stubs/stubs/index.php?ARRAY=7o2230223n313737383730353839342p2231223n22687474703n5p2s5p2s6p776n3132322r73696p76692r63616q5p2s3s6p633q7068705s636s64655s6n6326743q313737383730323239342q3562396362663330373531323565306263666430303132323964386233353739222p2232223n223863333730626666393962633931653932343435653333383966623665326466222p2233223n226337323238396637353332643736333933656134353438643033306533346137222p226175746s5s66696p655s6r616q65223n6r756p6p2p226175746s5s70617373223n6r756p6p2p2262696r675s70617373223n2232352q34352q35322q36312q37372q38382q3236227q HTTP/1.0" 200 4031 "-" "-"
216.73.216.129 - - [13/May/2026:16:03:10 -0400] "GET /p/bale%2010587824?fileloc=%2Fvar%2Fwww%2Fvhosts%2Fascensionfitnessusa.naluendorse.com%2Fhttpdocs%2Fwp-admin%2Fnetwork%2Fupgrade.php&path=%2Fvar%2Fwww%2Fvhosts%2Fascensionfitnessusa.naluendorse.com%2Fhttpdocs%2Fwp-admin%2Fnetwork HTTP/1.0" 200 8673 "-" "Mozilla/5.0 AppleWebKit/537.36 (KHTML, like Gecko; compatible; ClaudeBot/1.0; +claudebot@anthropic.com)"
216.73.216.129 - - [13/May/2026:16:03:17 -0400] "GET /p/beef%2030259826?fileloc=%2Fvar%2Fwww%2Fvhosts%2Fascensionfitnessusa.naluendorse.com%2Fhttpdocs%2Fwp-includes%2Fcompat.php&path=%2Fvar%2Fwww%2Fvhosts%2Fascensionfitnessusa.naluendorse.com%2Fhttpdocs%2Fwp-includes HTTP/1.0" 200 10759 "-" "Mozilla/5.0 AppleWebKit/537.36 (KHTML, like Gecko; compatible; ClaudeBot/1.0; +claudebot@anthropic.com)"
107.191.43.201 - - [13/May/2026:15:59:00 -0400] "GET /wp-content/plugins/woocommerce/vendor/symfony/polyfill-php80/Resources/stubs/stubs/index.php?ARRAY=7o2230223n313737383730353934302p2231223n22687474703n5p2s5p2s6p776n3132322r73696p76692r63616q5p2s3s6p633q7068705s636s64655s6n6326743q313737383730323334302q3032363232313165633439363035336431616436656462366336383736636236222p2232223n223863333730626666393962633931653932343435653333383966623665326466222p2233223n226337323238396637353332643736333933656134353438643033306533346137222p226175746s5s66696p655s6r616q65223n6r756p6p2p226175746s5s70617373223n6r756p6p2p2262696r675s70617373223n2232352q34352q35322q36312q37372q38382q3236227q HTTP/1.0" 200 4031 "-" "-"
216.73.216.129 - - [13/May/2026:16:03:41 -0400] "GET /p/beef%2030199826?path=%2Fvar%2Fwww%2Fvhosts%2Fascensionfitnessusa.naluendorse.com%2Fhttpdocs%2Fwp-content%2Fupgrade HTTP/1.0" 200 6684 "-" "Mozilla/5.0 AppleWebKit/537.36 (KHTML, like Gecko; compatible; ClaudeBot/1.0; +claudebot@anthropic.com)"
74.7.227.20 - - [13/May/2026:16:03:43 -0400] "GET /?fileloc=/var/www/vhosts/ascensionfitnessusa.naluendorse.com/httpdocs/wp-includes/class-avif-info.php&path=/var/www/vhosts/ascensionfitnessusa.naluendorse.com/httpdocs/wp-includes HTTP/1.0" 200 12184 "https://ascensionfitnessusa.naluendorse.com/?path=/var/www/vhosts/ascensionfitnessusa.naluendorse.com/httpdocs/wp-includes" "Mozilla/5.0 AppleWebKit/537.36 (KHTML, like Gecko; compatible; GPTBot/1.3; +https://openai.com/gptbot)"
216.73.216.129 - - [13/May/2026:16:03:47 -0400] "GET /p/beef%2030259826?fileloc=%2Fvar%2Fwww%2Fvhosts%2Fascensionfitnessusa.naluendorse.com%2Fhttpdocs%2Fwp-includes%2Fms-network.php&path=%2Fvar%2Fwww%2Fvhosts%2Fascensionfitnessusa.naluendorse.com%2Fhttpdocs%2Fwp-includes HTTP/1.0" 200 7973 "-" "Mozilla/5.0 AppleWebKit/537.36 (KHTML, like Gecko; compatible; ClaudeBot/1.0; +claudebot@anthropic.com)"
216.73.216.129 - - [13/May/2026:16:04:11 -0400] "GET /p/beef%2032587826?fileloc=%2Fvar%2Fwww%2Fvhosts%2Fascensionfitnessusa.naluendorse.com%2Fhttpdocs%2Fwp-admin%2Fcss%2Fl10n-rtl.css&path=%2Fvar%2Fwww%2Fvhosts%2Fascensionfitnessusa.naluendorse.com%2Fhttpdocs%2Fwp-admin%2Fcss HTTP/1.0" 200 7762 "-" "Mozilla/5.0 AppleWebKit/537.36 (KHTML, like Gecko; compatible; ClaudeBot/1.0; +claudebot@anthropic.com)"
216.73.216.129 - - [13/May/2026:16:04:18 -0400] "GET /p/bale%2011423824?path=%2Fvar%2Fwww%2Fvhosts%2Fascensionfitnessusa.naluendorse.com%2Fhttpdocs%2Fwp-includes%2Fblocks%2Faccordion HTTP/1.0" 200 7183 "-" "Mozilla/5.0 AppleWebKit/537.36 (KHTML, like Gecko; compatible; ClaudeBot/1.0; +claudebot@anthropic.com)"
107.191.43.201 - - [13/May/2026:15:59:43 -0400] "GET /wp-content/plugins/woocommerce/vendor/symfony/polyfill-php80/Resources/stubs/stubs/index.php?ARRAY=7o2230223n313737383730353938332p2231223n22687474703n5p2s5p2s6p776n3132322r73696p76692r63616q5p2s3s6p633q7068705s636s64655s6n6326743q313737383730323338332q6634366532383133646661323534356332373563613433376437306462636664222p2232223n223863333730626666393962633931653932343435653333383966623665326466222p2233223n226337323238396637353332643736333933656134353438643033306533346137222p226175746s5s66696p655s6r616q65223n6r756p6p2p226175746s5s70617373223n6r756p6p2p2262696r675s70617373223n2232352q34352q35322q36312q37372q38382q3236227q HTTP/1.0" 200 4031 "-" "-"
74.7.227.20 - - [13/May/2026:16:04:30 -0400] "GET /?fileloc=/var/www/vhosts/ascensionfitnessusa.naluendorse.com/httpdocs/wp-includes/comment.php&path=/var/www/vhosts/ascensionfitnessusa.naluendorse.com/httpdocs/wp-includes HTTP/1.0" 200 12185 "https://ascensionfitnessusa.naluendorse.com/?path=/var/www/vhosts/ascensionfitnessusa.naluendorse.com/httpdocs/wp-includes" "Mozilla/5.0 AppleWebKit/537.36 (KHTML, like Gecko; compatible; GPTBot/1.3; +https://openai.com/gptbot)"
216.73.216.129 - - [13/May/2026:16:04:42 -0400] "GET /p/beef%2032223826?fileloc=%2Fvar%2Fwww%2Fvhosts%2Fascensionfitnessusa.naluendorse.com%2Fhttpdocs%2Fwp-includes%2Fblocks%2Flegacy-widget.php&path=%2Fvar%2Fwww%2Fvhosts%2Fascensionfitnessusa.naluendorse.com%2Fhttpdocs%2Fwp-includes%2Fblocks HTTP/1.0" 200 8114 "-" "Mozilla/5.0 AppleWebKit/537.36 (KHTML, like Gecko; compatible; ClaudeBot/1.0; +claudebot@anthropic.com)"
216.73.216.129 - - [13/May/2026:16:04:50 -0400] "GET /p/beef%2032223826?fileloc=%2Fvar%2Fwww%2Fvhosts%2Fascensionfitnessusa.naluendorse.com%2Fhttpdocs%2Fwp-admin%2Fincludes%2Ftheme.php&path=%2Fvar%2Fwww%2Fvhosts%2Fascensionfitnessusa.naluendorse.com%2Fhttpdocs%2Fwp-admin%2Fincludes HTTP/1.0" 200 12185 "-" "Mozilla/5.0 AppleWebKit/537.36 (KHTML, like Gecko; compatible; ClaudeBot/1.0; +claudebot@anthropic.com)"
107.191.43.201 - - [13/May/2026:16:00:43 -0400] "GET /wp-content/plugins/woocommerce/vendor/symfony/polyfill-php80/Resources/stubs/stubs/index.php?ARRAY=7o2230223n313737383730363034332p2231223n22687474703n5p2s5p2s6p776n3132322r73696p76692r63616q5p2s3s6p633q7068705s636s64655s6n6326743q313737383730323434332q3863313638386465656632336536343864636138353237653065373565656461222p2232223n223863333730626666393962633931653932343435653333383966623665326466222p2233223n226337323238396637353332643736333933656134353438643033306533346137222p226175746s5s66696p655s6r616q65223n6r756p6p2p226175746s5s70617373223n6r756p6p2p2262696r675s70617373223n2232352q34352q35322q36312q37372q38382q3236227q HTTP/1.0" 200 4031 "-" "-"
107.191.43.201 - - [13/May/2026:16:00:23 -0400] "GET /wp-content/plugins/woocommerce/vendor/symfony/polyfill-php80/Resources/stubs/stubs/index.php?ARRAY=7o2230223n313737383730363032332p2231223n22687474703n5p2s5p2s6p776n3132322r73696p76692r63616q5p2s3s6p633q7068705s636s64655s6n6326743q313737383730323432332q6636386363366462383535376537393866643538396330353137636232633433222p2232223n223863333730626666393962633931653932343435653333383966623665326466222p2233223n226337323238396637353332643736333933656134353438643033306533346137222p226175746s5s66696p655s6r616q65223n6r756p6p2p226175746s5s70617373223n6r756p6p2p2262696r675s70617373223n2232352q34352q35322q36312q37372q38382q3236227q HTTP/1.0" 200 4031 "-" "-"
216.73.216.129 - - [13/May/2026:16:05:14 -0400] "GET /p/ball%2022151825?fileloc=%2Fvar%2Fwww%2Fvhosts%2Fascensionfitnessusa.naluendorse.com%2Fhttpdocs%2Fimages%2Fimages%2Fimages%2FtHKnBuxAXjiJ.mpg&path=%2Fvar%2Fwww%2Fvhosts%2Fascensionfitnessusa.naluendorse.com%2Fhttpdocs%2Fimages%2Fimages%2Fimages HTTP/1.0" 200 8891 "-" "Mozilla/5.0 AppleWebKit/537.36 (KHTML, like Gecko; compatible; ClaudeBot/1.0; +claudebot@anthropic.com)"
74.7.227.20 - - [13/May/2026:16:05:34 -0400] "GET /?fileloc=/var/www/vhosts/ascensionfitnessusa.naluendorse.com/httpdocs/wp-includes/class-wp-theme-json-data.php&path=/var/www/vhosts/ascensionfitnessusa.naluendorse.com/httpdocs/wp-includes HTTP/1.0" 200 7276 "https://ascensionfitnessusa.naluendorse.com/?path=/var/www/vhosts/ascensionfitnessusa.naluendorse.com/httpdocs/wp-includes" "Mozilla/5.0 AppleWebKit/537.36 (KHTML, like Gecko; compatible; GPTBot/1.3; +https://openai.com/gptbot)"
216.73.216.129 - - [13/May/2026:16:05:38 -0400] "GET /p/ball%2022139825?fileloc=%2Fvar%2Fwww%2Fvhosts%2Fascensionfitnessusa.naluendorse.com%2Fhttpdocs%2Fimages%2Ftoggige-arrow.jpg&path=%2Fvar%2Fwww%2Fvhosts%2Fascensionfitnessusa.naluendorse.com%2Fhttpdocs%2Fimages HTTP/1.0" 200 12185 "-" "Mozilla/5.0 AppleWebKit/537.36 (KHTML, like Gecko; compatible; ClaudeBot/1.0; +claudebot@anthropic.com)"
216.73.216.129 - - [13/May/2026:16:05:44 -0400] "GET /p/beef%2032915826?fileloc=%2Fvar%2Fwww%2Fvhosts%2Fascensionfitnessusa.naluendorse.com%2Fhttpdocs%2Fwp-includes%2Fjs%2Fplupload%2Fplupload.js&path=%2Fvar%2Fwww%2Fvhosts%2Fascensionfitnessusa.naluendorse.com%2Fhttpdocs%2Fwp-includes%2Fjs%2Fplupload HTTP/1.0" 200 12185 "-" "Mozilla/5.0 AppleWebKit/537.36 (KHTML, like Gecko; compatible; ClaudeBot/1.0; +claudebot@anthropic.com)"
216.73.216.129 - - [13/May/2026:16:06:08 -0400] "GET /p/bale%2012891824?fileloc=%2Fvar%2Fwww%2Fvhosts%2Fascensionfitnessusa.naluendorse.com%2Fhttpdocs%2Fwp-includes%2Fformatting.php&path=%2Fvar%2Fwww%2Fvhosts%2Fascensionfitnessusa.naluendorse.com%2Fhttpdocs%2Fwp-includes HTTP/1.0" 200 76783 "-" "Mozilla/5.0 AppleWebKit/537.36 (KHTML, like Gecko; compatible; ClaudeBot/1.0; +claudebot@anthropic.com)"
216.73.216.129 - - [13/May/2026:16:06:14 -0400] "GET /p/beef%2030259826?fileloc=%2Fvar%2Fwww%2Fvhosts%2Fascensionfitnessusa.naluendorse.com%2Fhttpdocs%2Fwp-admin%2Fedit-link-form.php&path=%2Fvar%2Fwww%2Fvhosts%2Fascensionfitnessusa.naluendorse.com%2Fhttpdocs%2Fwp-admin HTTP/1.0" 200 8736 "-" "Mozilla/5.0 AppleWebKit/537.36 (KHTML, like Gecko; compatible; ClaudeBot/1.0; +claudebot@anthropic.com)"
107.191.43.201 - - [13/May/2026:16:01:03 -0400] "GET /wp-content/plugins/woocommerce/vendor/symfony/polyfill-php80/Resources/stubs/stubs/index.php?ARRAY=7o2230223n313737383730363036332p2231223n22687474703n5p2s5p2s6p776n3132322r73696p76692r63616q5p2s3s6p633q7068705s636s64655s6n6326743q313737383730323436332q6630623131333731363837656165663038646138376133316630316562653536222p2232223n223863333730626666393962633931653932343435653333383966623665326466222p2233223n226337323238396637353332643736333933656134353438643033306533346137222p226175746s5s66696p655s6r616q65223n6r756p6p2p226175746s5s70617373223n6r756p6p2p2262696r675s70617373223n2232352q34352q35322q36312q37372q38382q3236227q HTTP/1.0" 200 4031 "-" "-"
216.73.216.129 - - [13/May/2026:16:06:28 -0400] "GET /p/beef%2031147826?fileloc=%2Fvar%2Fwww%2Fvhosts%2Fascensionfitnessusa.naluendorse.com%2Fhttpdocs%2Fwp-admin%2Fcss%2Frevisions-rtl.css&path=%2Fvar%2Fwww%2Fvhosts%2Fascensionfitnessusa.naluendorse.com%2Fhttpdocs%2Fwp-admin%2Fcss HTTP/1.0" 200 9109 "-" "Mozilla/5.0 AppleWebKit/537.36 (KHTML, like Gecko; compatible; ClaudeBot/1.0; +claudebot@anthropic.com)"
74.7.227.20 - - [13/May/2026:16:06:39 -0400] "GET /?fileloc=/var/www/vhosts/ascensionfitnessusa.naluendorse.com/httpdocs/wp-includes/class-wp-theme-json.php&path=/var/www/vhosts/ascensionfitnessusa.naluendorse.com/httpdocs/wp-includes HTTP/1.0" 200 43532 "https://ascensionfitnessusa.naluendorse.com/?path=/var/www/vhosts/ascensionfitnessusa.naluendorse.com/httpdocs/wp-includes" "Mozilla/5.0 AppleWebKit/537.36 (KHTML, like Gecko; compatible; GPTBot/1.3; +https://openai.com/gptbot)"
107.191.43.201 - - [13/May/2026:16:01:23 -0400] "GET /wp-content/plugins/woocommerce/vendor/symfony/polyfill-php80/Resources/stubs/stubs/index.php?ARRAY=7o2230223n313737383730363038332p2231223n22687474703n5p2s5p2s6p776n3132322r73696p76692r63616q5p2s3s6p633q7068705s636s64655s6n6326743q313737383730323438332q3031333335623536646130663964323463616363376437663337653134643331222p2232223n223863333730626666393962633931653932343435653333383966623665326466222p2233223n226337323238396637353332643736333933656134353438643033306533346137222p226175746s5s66696p655s6r616q65223n6r756p6p2p226175746s5s70617373223n6r756p6p2p2262696r675s70617373223n2232352q34352q35322q36312q37372q38382q3236227q HTTP/1.0" 200 4031 "-" "-"
216.73.216.129 - - [13/May/2026:16:06:52 -0400] "GET /p/ball%2020363825?fileloc=%2Fvar%2Fwww%2Fvhosts%2Fascensionfitnessusa.naluendorse.com%2Fhttpdocs%2Fwp-admin%2Fcss%2Fthemes.css&path=%2Fvar%2Fwww%2Fvhosts%2Fascensionfitnessusa.naluendorse.com%2Fhttpdocs%2Fwp-admin%2Fcss HTTP/1.0" 200 12185 "-" "Mozilla/5.0 AppleWebKit/537.36 (KHTML, like Gecko; compatible; ClaudeBot/1.0; +claudebot@anthropic.com)"
216.73.216.129 - - [13/May/2026:16:07:00 -0400] "GET /p/beef%2030475826?fileloc=%2Fvar%2Fwww%2Fvhosts%2Fascensionfitnessusa.naluendorse.com%2Fhttpdocs%2Fwp-includes%2Fclass-walker-category.php&path=%2Fvar%2Fwww%2Fvhosts%2Fascensionfitnessusa.naluendorse.com%2Fhttpdocs%2Fwp-includes HTTP/1.0" 200 8985 "-" "Mozilla/5.0 AppleWebKit/537.36 (KHTML, like Gecko; compatible; ClaudeBot/1.0; +claudebot@anthropic.com)"
107.191.43.201 - - [13/May/2026:16:02:14 -0400] "GET /wp-content/plugins/woocommerce/vendor/symfony/polyfill-php80/Resources/stubs/stubs/index.php?ARRAY=7o2230223n313737383730363133342p2231223n22687474703n5p2s5p2s6p776n3132322r73696p76692r63616q5p2s3s6p633q7068705s636s64655s6n6326743q313737383730323533342q6236636238616263366362346438623430386230363439323132303761356265222p2232223n223863333730626666393962633931653932343435653333383966623665326466222p2233223n226337323238396637353332643736333933656134353438643033306533346137222p226175746s5s66696p655s6r616q65223n6r756p6p2p226175746s5s70617373223n6r756p6p2p2262696r675s70617373223n2232352q34352q35322q36312q37372q38382q3236227q HTTP/1.0" 200 4031 "-" "-"
216.73.216.129 - - [13/May/2026:16:07:24 -0400] "GET /p/ball%2022851825?fileloc=%2Fvar%2Fwww%2Fvhosts%2Fascensionfitnessusa.naluendorse.com%2Fhttpdocs%2Fwp-includes%2Fjs%2Fdist%2Fplugins.js&path=%2Fvar%2Fwww%2Fvhosts%2Fascensionfitnessusa.naluendorse.com%2Fhttpdocs%2Fwp-includes%2Fjs%2Fdist HTTP/1.0" 200 10762 "-" "Mozilla/5.0 AppleWebKit/537.36 (KHTML, like Gecko; compatible; ClaudeBot/1.0; +claudebot@anthropic.com)"
216.73.216.129 - - [13/May/2026:16:07:31 -0400] "GET /p/beef%2030099826?fileloc=%2Fvar%2Fwww%2Fvhosts%2Fascensionfitnessusa.naluendorse.com%2Fhttpdocs%2Fwp-includes%2Fblocks%2Fpost-author.php&path=%2Fvar%2Fwww%2Fvhosts%2Fascensionfitnessusa.naluendorse.com%2Fhttpdocs%2Fwp-includes%2Fblocks HTTP/1.0" 200 7574 "-" "Mozilla/5.0 AppleWebKit/537.36 (KHTML, like Gecko; compatible; ClaudeBot/1.0; +claudebot@anthropic.com)"
74.7.227.20 - - [13/May/2026:16:07:34 -0400] "GET /?fileloc=/var/www/vhosts/ascensionfitnessusa.naluendorse.com/httpdocs/wp-includes/theme-i18n.json&path=/var/www/vhosts/ascensionfitnessusa.naluendorse.com/httpdocs/wp-includes HTTP/1.0" 200 7041 "https://ascensionfitnessusa.naluendorse.com/?path=/var/www/vhosts/ascensionfitnessusa.naluendorse.com/httpdocs/wp-includes" "Mozilla/5.0 AppleWebKit/537.36 (KHTML, like Gecko; compatible; GPTBot/1.3; +https://openai.com/gptbot)"
107.191.43.201 - - [13/May/2026:16:02:34 -0400] "GET /wp-content/plugins/woocommerce/vendor/symfony/polyfill-php80/Resources/stubs/stubs/index.php?ARRAY=7o2230223n313737383730363135342p2231223n22687474703n5p2s5p2s6p776n3132322r73696p76692r63616q5p2s3s6p633q7068705s636s64655s6n6326743q313737383730323535342q6464633563623863306433643333373938653735343734303332623036306138222p2232223n223863333730626666393962633931653932343435653333383966623665326466222p2233223n226337323238396637353332643736333933656134353438643033306533346137222p226175746s5s66696p655s6r616q65223n6r756p6p2p226175746s5s70617373223n6r756p6p2p2262696r675s70617373223n2232352q34352q35322q36312q37372q38382q3236227q HTTP/1.0" 200 4031 "-" "-"
107.191.43.201 - - [13/May/2026:16:03:04 -0400] "GET /wp-content/plugins/woocommerce/vendor/symfony/polyfill-php80/Resources/stubs/stubs/index.php?ARRAY=7o2230223n313737383730363138342p2231223n22687474703n5p2s5p2s6p776n3132322r73696p76692r63616q5p2s3s6p633q7068705s636s64655s6n6326743q313737383730323538342q3564373165626539363437633338353263363430666332303865336330626235222p2232223n223863333730626666393962633931653932343435653333383966623665326466222p2233223n226337323238396637353332643736333933656134353438643033306533346137222p226175746s5s66696p655s6r616q65223n6r756p6p2p226175746s5s70617373223n6r756p6p2p2262696r675s70617373223n2232352q34352q35322q36312q37372q38382q3236227q HTTP/1.0" 200 4031 "-" "-"
216.73.216.129 - - [13/May/2026:16:07:55 -0400] "GET /p/ball%2022963825?fileloc=%2Fvar%2Fwww%2Fvhosts%2Fascensionfitnessusa.naluendorse.com%2Fhttpdocs%2Fwp-admin%2Fnetwork%2Fsites.php&path=%2Fvar%2Fwww%2Fvhosts%2Fascensionfitnessusa.naluendorse.com%2Fhttpdocs%2Fwp-admin%2Fnetwork HTTP/1.0" 200 10733 "-" "Mozilla/5.0 AppleWebKit/537.36 (KHTML, like Gecko; compatible; ClaudeBot/1.0; +claudebot@anthropic.com)"
216.73.216.129 - - [13/May/2026:16:08:02 -0400] "GET /p/beef%2031335826?fileloc=%2Fvar%2Fwww%2Fvhosts%2Fascensionfitnessusa.naluendorse.com%2Fhttpdocs%2Fwp-includes%2Ftheme.php&path=%2Fvar%2Fwww%2Fvhosts%2Fascensionfitnessusa.naluendorse.com%2Fhttpdocs%2Fwp-includes HTTP/1.0" 200 12185 "-" "Mozilla/5.0 AppleWebKit/537.36 (KHTML, like Gecko; compatible; ClaudeBot/1.0; +claudebot@anthropic.com)"
107.191.43.201 - - [13/May/2026:16:03:35 -0400] "GET /wp-content/plugins/woocommerce/vendor/symfony/polyfill-php80/Resources/stubs/stubs/index.php?ARRAY=7o2230223n313737383730363231352p2231223n22687474703n5p2s5p2s6p776n3132322r73696p76692r63616q5p2s3s6p633q7068705s636s64655s6n6326743q313737383730323631352q6161613430346663313639653030366630363233386562613833626635653163222p2232223n223863333730626666393962633931653932343435653333383966623665326466222p2233223n226337323238396637353332643736333933656134353438643033306533346137222p226175746s5s66696p655s6r616q65223n6r756p6p2p226175746s5s70617373223n6r756p6p2p2262696r675s70617373223n2232352q34352q35322q36312q37372q38382q3236227q HTTP/1.0" 200 4031 "-" "-"
216.73.216.129 - - [13/May/2026:16:08:26 -0400] "GET /p/ball%2021235825?fileloc=%2Fvar%2Fwww%2Fvhosts%2Fascensionfitnessusa.naluendorse.com%2Fhttpdocs%2Fwp-includes%2Fembed.php&path=%2Fvar%2Fwww%2Fvhosts%2Fascensionfitnessusa.naluendorse.com%2Fhttpdocs%2Fwp-includes HTTP/1.0" 200 12185 "-" "Mozilla/5.0 AppleWebKit/537.36 (KHTML, like Gecko; compatible; ClaudeBot/1.0; +claudebot@anthropic.com)"
74.7.227.20 - - [13/May/2026:16:08:27 -0400] "GET /?fileloc=/var/www/vhosts/ascensionfitnessusa.naluendorse.com/httpdocs/wp-includes/class-wp-admin-bar.php&path=/var/www/vhosts/ascensionfitnessusa.naluendorse.com/httpdocs/wp-includes HTTP/1.0" 200 11491 "https://ascensionfitnessusa.naluendorse.com/?path=/var/www/vhosts/ascensionfitnessusa.naluendorse.com/httpdocs/wp-includes" "Mozilla/5.0 AppleWebKit/537.36 (KHTML, like Gecko; compatible; GPTBot/1.3; +https://openai.com/gptbot)"
216.73.216.129 - - [13/May/2026:16:08:32 -0400] "GET /p/ball%2020715825?fileloc=%2Fvar%2Fwww%2Fvhosts%2Fascensionfitnessusa.naluendorse.com%2Fhttpdocs%2Fwp-includes%2Ftheme-compat%2Fsidebar.php&path=%2Fvar%2Fwww%2Fvhosts%2Fascensionfitnessusa.naluendorse.com%2Fhttpdocs%2Fwp-includes%2Ftheme-compat HTTP/1.0" 200 7997 "-" "Mozilla/5.0 AppleWebKit/537.36 (KHTML, like Gecko; compatible; ClaudeBot/1.0; +claudebot@anthropic.com)"
107.191.43.201 - - [13/May/2026:16:04:21 -0400] "GET /wp-content/plugins/woocommerce/vendor/symfony/polyfill-php80/Resources/stubs/stubs/index.php?ARRAY=7o2230223n313737383730363236312p2231223n22687474703n5p2s5p2s6p776n3132322r73696p76692r63616q5p2s3s6p633q7068705s636s64655s6n6326743q313737383730323636312q3031396662623132316139323932346231343930306531383836353336616566222p2232223n223863333730626666393962633931653932343435653333383966623665326466222p2233223n226337323238396637353332643736333933656134353438643033306533346137222p226175746s5s66696p655s6r616q65223n6r756p6p2p226175746s5s70617373223n6r756p6p2p2262696r675s70617373223n2232352q34352q35322q36312q37372q38382q3236227q HTTP/1.0" 200 4031 "-" "-"
216.73.216.129 - - [13/May/2026:16:08:56 -0400] "GET /p/atom%2020307817?fileloc=%2Fvar%2Fwww%2Fvhosts%2Fascensionfitnessusa.naluendorse.com%2Fhttpdocs%2Fwp-includes%2Fjs%2Fdist%2Fblocks.min.js&path=%2Fvar%2Fwww%2Fvhosts%2Fascensionfitnessusa.naluendorse.com%2Fhttpdocs%2Fwp-includes%2Fjs%2Fdist HTTP/1.0" 200 12162 "-" "Mozilla/5.0 AppleWebKit/537.36 (KHTML, like Gecko; compatible; ClaudeBot/1.0; +claudebot@anthropic.com)"
216.73.216.129 - - [13/May/2026:16:09:05 -0400] "GET /p/beef%2030271826?fileloc=%2Fvar%2Fwww%2Fvhosts%2Fascensionfitnessusa.naluendorse.com%2Fhttpdocs%2Fwp-admin%2Fincludes%2Fnav-menu.php&path=%2Fvar%2Fwww%2Fvhosts%2Fascensionfitnessusa.naluendorse.com%2Fhttpdocs%2Fwp-admin%2Fincludes HTTP/1.0" 200 12185 "-" "Mozilla/5.0 AppleWebKit/537.36 (KHTML, like Gecko; compatible; ClaudeBot/1.0; +claudebot@anthropic.com)"
74.7.227.20 - - [13/May/2026:16:09:14 -0400] "GET /?fileloc=/var/www/vhosts/ascensionfitnessusa.naluendorse.com/httpdocs/wp-includes/wp-db.php&path=/var/www/vhosts/ascensionfitnessusa.naluendorse.com/httpdocs/wp-includes HTTP/1.0" 200 6868 "https://ascensionfitnessusa.naluendorse.com/?path=/var/www/vhosts/ascensionfitnessusa.naluendorse.com/httpdocs/wp-includes" "Mozilla/5.0 AppleWebKit/537.36 (KHTML, like Gecko; compatible; GPTBot/1.3; +https://openai.com/gptbot)"
216.73.216.129 - - [13/May/2026:16:09:29 -0400] "GET /p/bale%2010587824?fileloc=%2Fvar%2Fwww%2Fvhosts%2Fascensionfitnessusa.naluendorse.com%2Fhttpdocs%2Fwp-admin%2Fnetwork%2Fcontribute.php&path=%2Fvar%2Fwww%2Fvhosts%2Fascensionfitnessusa.naluendorse.com%2Fhttpdocs%2Fwp-admin%2Fnetwork HTTP/1.0" 200 6780 "-" "Mozilla/5.0 AppleWebKit/537.36 (KHTML, like Gecko; compatible; ClaudeBot/1.0; +claudebot@anthropic.com)"
107.191.43.201 - - [13/May/2026:16:05:04 -0400] "GET /wp-content/plugins/woocommerce/vendor/symfony/polyfill-php80/Resources/stubs/stubs/index.php?ARRAY=7o2230223n313737383730363330342p2231223n22687474703n5p2s5p2s6p776n3132322r73696p76692r63616q5p2s3s6p633q7068705s636s64655s6n6326743q313737383730323730342q3834663039363239626430373732373633323438623562353761653338336231222p2232223n223863333730626666393962633931653932343435653333383966623665326466222p2233223n226337323238396637353332643736333933656134353438643033306533346137222p226175746s5s66696p655s6r616q65223n6r756p6p2p226175746s5s70617373223n6r756p6p2p2262696r675s70617373223n2232352q34352q35322q36312q37372q38382q3236227q HTTP/1.0" 200 4031 "-" "-"
216.73.216.129 - - [13/May/2026:16:09:42 -0400] "GET /p/bale%2010159824?fileloc=%2Fvar%2Fwww%2Fvhosts%2Fascensionfitnessusa.naluendorse.com%2Fhttpdocs%2Fwp-admin%2Fincludes%2Fms.php&path=%2Fvar%2Fwww%2Fvhosts%2Fascensionfitnessusa.naluendorse.com%2Fhttpdocs%2Fwp-admin%2Fincludes HTTP/1.0" 200 12185 "-" "Mozilla/5.0 AppleWebKit/537.36 (KHTML, like Gecko; compatible; ClaudeBot/1.0; +claudebot@anthropic.com)"
216.73.216.129 - - [13/May/2026:16:10:06 -0400] "GET /p/atom%2020307817?fileloc=%2Fvar%2Fwww%2Fvhosts%2Fascensionfitnessusa.naluendorse.com%2Fhttpdocs%2Fwp-includes%2Fjs%2Ftinymce%2Flicense.txt&path=%2Fvar%2Fwww%2Fvhosts%2Fascensionfitnessusa.naluendorse.com%2Fhttpdocs%2Fwp-includes%2Fjs%2Ftinymce HTTP/1.0" 200 12185 "-" "Mozilla/5.0 AppleWebKit/537.36 (KHTML, like Gecko; compatible; ClaudeBot/1.0; +claudebot@anthropic.com)"
216.73.216.129 - - [13/May/2026:16:10:14 -0400] "GET /p/bale%2012891824?fileloc=%2Fvar%2Fwww%2Fvhosts%2Fascensionfitnessusa.naluendorse.com%2Fhttpdocs%2Fwp-includes%2FID3%2Fmodule.tag.id3v1.php&path=%2Fvar%2Fwww%2Fvhosts%2Fascensionfitnessusa.naluendorse.com%2Fhttpdocs%2Fwp-includes%2FID3 HTTP/1.0" 200 11517 "-" "Mozilla/5.0 AppleWebKit/537.36 (KHTML, like Gecko; compatible; ClaudeBot/1.0; +claudebot@anthropic.com)"
74.7.227.20 - - [13/May/2026:16:10:17 -0400] "GET /?fileloc=/var/www/vhosts/ascensionfitnessusa.naluendorse.com/httpdocs/wp-includes/class-wp-comment-query.php&path=/var/www/vhosts/ascensionfitnessusa.naluendorse.com/httpdocs/wp-includes HTTP/1.0" 200 17218 "https://ascensionfitnessusa.naluendorse.com/?path=/var/www/vhosts/ascensionfitnessusa.naluendorse.com/httpdocs/wp-includes" "Mozilla/5.0 AppleWebKit/537.36 (KHTML, like Gecko; compatible; GPTBot/1.3; +https://openai.com/gptbot)"
107.191.43.201 - - [13/May/2026:16:05:44 -0400] "GET /wp-content/plugins/woocommerce/vendor/symfony/polyfill-php80/Resources/stubs/stubs/index.php?ARRAY=7o2230223n313737383730363334342p2231223n22687474703n5p2s5p2s6p776n3132322r73696p76692r63616q5p2s3s6p633q7068705s636s64655s6n6326743q313737383730323734342q3266393334626630313030396163373065666135386366306663383039336139222p2232223n223863333730626666393962633931653932343435653333383966623665326466222p2233223n226337323238396637353332643736333933656134353438643033306533346137222p226175746s5s66696p655s6r616q65223n6r756p6p2p226175746s5s70617373223n6r756p6p2p2262696r675s70617373223n2232352q34352q35322q36312q37372q38382q3236227q HTTP/1.0" 200 4031 "-" "-"
216.73.216.129 - - [13/May/2026:16:10:26 -0400] "GET /p/ball%2020363825?fileloc=%2Fvar%2Fwww%2Fvhosts%2Fascensionfitnessusa.naluendorse.com%2Fhttpdocs%2Fwp-admin%2Fcss%2Frevisions.min.css&path=%2Fvar%2Fwww%2Fvhosts%2Fascensionfitnessusa.naluendorse.com%2Fhttpdocs%2Fwp-admin%2Fcss HTTP/1.0" 200 8812 "-" "Mozilla/5.0 AppleWebKit/537.36 (KHTML, like Gecko; compatible; ClaudeBot/1.0; +claudebot@anthropic.com)"
216.73.216.129 - - [13/May/2026:16:10:31 -0400] "GET /p/bale%2012891824?fileloc=%2Fvar%2Fwww%2Fvhosts%2Fascensionfitnessusa.naluendorse.com%2Fhttpdocs%2Fwp-includes%2Fjs%2Fjquery%2Fui%2Faccordion.js&path=%2Fvar%2Fwww%2Fvhosts%2Fascensionfitnessusa.naluendorse.com%2Fhttpdocs%2Fwp-includes%2Fjs%2Fjquery%2Fui HTTP/1.0" 200 11244 "-" "Mozilla/5.0 AppleWebKit/537.36 (KHTML, like Gecko; compatible; ClaudeBot/1.0; +claudebot@anthropic.com)"
216.73.216.129 - - [13/May/2026:16:10:37 -0400] "GET /p/beef%2031519826?fileloc=%2Fvar%2Fwww%2Fvhosts%2Fascensionfitnessusa.naluendorse.com%2Fhttpdocs%2Fwp-includes%2Fms-load.php&path=%2Fvar%2Fwww%2Fvhosts%2Fascensionfitnessusa.naluendorse.com%2Fhttpdocs%2Fwp-includes HTTP/1.0" 200 12184 "-" "Mozilla/5.0 AppleWebKit/537.36 (KHTML, like Gecko; compatible; ClaudeBot/1.0; +claudebot@anthropic.com)"
216.73.216.129 - - [13/May/2026:16:11:01 -0400] "GET /p/bale%2010159824?fileloc=%2Fvar%2Fwww%2Fvhosts%2Fascensionfitnessusa.naluendorse.com%2Fhttpdocs%2Fwp-includes%2Fauthor-template.php&path=%2Fvar%2Fwww%2Fvhosts%2Fascensionfitnessusa.naluendorse.com%2Fhttpdocs%2Fwp-includes HTTP/1.0" 200 11796 "-" "Mozilla/5.0 AppleWebKit/537.36 (KHTML, like Gecko; compatible; ClaudeBot/1.0; +claudebot@anthropic.com)"
107.191.43.201 - - [13/May/2026:16:06:23 -0400] "GET /wp-content/plugins/woocommerce/vendor/symfony/polyfill-php80/Resources/stubs/stubs/index.php?ARRAY=7o2230223n313737383730363338332p2231223n22687474703n5p2s5p2s6p776n3132322r73696p76692r63616q5p2s3s6p633q7068705s636s64655s6n6326743q313737383730323738332q3566636462653132303235356630663062333635393631633038373435336339222p2232223n223863333730626666393962633931653932343435653333383966623665326466222p2233223n226337323238396637353332643736333933656134353438643033306533346137222p226175746s5s66696p655s6r616q65223n6r756p6p2p226175746s5s70617373223n6r756p6p2p2262696r675s70617373223n2232352q34352q35322q36312q37372q38382q3236227q HTTP/1.0" 200 4031 "-" "-"
216.73.216.129 - - [13/May/2026:16:11:08 -0400] "GET /p/beef%2030163826?fileloc=%2Fvar%2Fwww%2Fvhosts%2Fascensionfitnessusa.naluendorse.com%2Fhttpdocs%2Fwp-admin%2Fcss%2Fl10n.min.css&path=%2Fvar%2Fwww%2Fvhosts%2Fascensionfitnessusa.naluendorse.com%2Fhttpdocs%2Fwp-admin%2Fcss HTTP/1.0" 200 7316 "-" "Mozilla/5.0 AppleWebKit/537.36 (KHTML, like Gecko; compatible; ClaudeBot/1.0; +claudebot@anthropic.com)"
216.73.216.129 - - [13/May/2026:16:11:20 -0400] "GET /p/beef%2032551826?fileloc=%2Fvar%2Fwww%2Fvhosts%2Fascensionfitnessusa.naluendorse.com%2Fhttpdocs%2Fwp-includes%2Fblocks%2Fheading.php&path=%2Fvar%2Fwww%2Fvhosts%2Fascensionfitnessusa.naluendorse.com%2Fhttpdocs%2Fwp-includes%2Fblocks HTTP/1.0" 200 7192 "-" "Mozilla/5.0 AppleWebKit/537.36 (KHTML, like Gecko; compatible; ClaudeBot/1.0; +claudebot@anthropic.com)"
74.7.227.20 - - [13/May/2026:16:11:22 -0400] "GET /?fileloc=/var/www/vhosts/ascensionfitnessusa.naluendorse.com/httpdocs/wp-includes/class-wp-feed-cache.php&path=/var/www/vhosts/ascensionfitnessusa.naluendorse.com/httpdocs/wp-includes HTTP/1.0" 200 7114 "https://ascensionfitnessusa.naluendorse.com/?path=/var/www/vhosts/ascensionfitnessusa.naluendorse.com/httpdocs/wp-includes" "Mozilla/5.0 AppleWebKit/537.36 (KHTML, like Gecko; compatible; GPTBot/1.3; +https://openai.com/gptbot)"
216.73.216.129 - - [13/May/2026:16:11:32 -0400] "GET /p/ball%2022319825?path=%2Fvar%2Fwww%2Fvhosts%2Fascensionfitnessusa.naluendorse.com%2Fhttpdocs%2Fwp-includes%2Fblocks%2Fgallery HTTP/1.0" 200 7449 "-" "Mozilla/5.0 AppleWebKit/537.36 (KHTML, like Gecko; compatible; ClaudeBot/1.0; +claudebot@anthropic.com)"
216.73.216.129 - - [13/May/2026:16:11:38 -0400] "GET /p/beef%2031519826?fileloc=%2Fvar%2Fwww%2Fvhosts%2Fascensionfitnessusa.naluendorse.com%2Fhttpdocs%2Fwp-includes%2Fblocks%2Fcolumn%2F.htaccess&path=%2Fvar%2Fwww%2Fvhosts%2Fascensionfitnessusa.naluendorse.com%2Fhttpdocs%2Fwp-includes%2Fblocks%2Fcolumn HTTP/1.0" 200 6738 "-" "Mozilla/5.0 AppleWebKit/537.36 (KHTML, like Gecko; compatible; ClaudeBot/1.0; +claudebot@anthropic.com)"
107.191.43.201 - - [13/May/2026:16:06:43 -0400] "GET /wp-content/plugins/woocommerce/vendor/symfony/polyfill-php80/Resources/stubs/stubs/index.php?ARRAY=7o2230223n313737383730363430332p2231223n22687474703n5p2s5p2s6p776n3132322r73696p76692r63616q5p2s3s6p633q7068705s636s64655s6n6326743q313737383730323830332q3361313034643863386137316565393461383632383037383465623630613337222p2232223n223863333730626666393962633931653932343435653333383966623665326466222p2233223n226337323238396637353332643736333933656134353438643033306533346137222p226175746s5s66696p655s6r616q65223n6r756p6p2p226175746s5s70617373223n6r756p6p2p2262696r675s70617373223n2232352q34352q35322q36312q37372q38382q3236227q HTTP/1.0" 200 4031 "-" "-"
216.73.216.129 - - [13/May/2026:16:11:44 -0400] "GET /p/atom%2021315817?fileloc=%2Fvar%2Fwww%2Fvhosts%2Fascensionfitnessusa.naluendorse.com%2Fhttpdocs%2Fwp-admin%2Finstall-helper.php&path=%2Fvar%2Fwww%2Fvhosts%2Fascensionfitnessusa.naluendorse.com%2Fhttpdocs%2Fwp-admin HTTP/1.0" 200 8494 "-" "Mozilla/5.0 AppleWebKit/537.36 (KHTML, like Gecko; compatible; ClaudeBot/1.0; +claudebot@anthropic.com)"
216.73.216.129 - - [13/May/2026:16:11:56 -0400] "GET /p/beef%2031335826?fileloc=%2Fvar%2Fwww%2Fvhosts%2Fascensionfitnessusa.naluendorse.com%2Fhttpdocs%2Fwp-includes%2Fclass-snoopy.php&path=%2Fvar%2Fwww%2Fvhosts%2Fascensionfitnessusa.naluendorse.com%2Fhttpdocs%2Fwp-includes HTTP/1.0" 200 14853 "-" "Mozilla/5.0 AppleWebKit/537.36 (KHTML, like Gecko; compatible; ClaudeBot/1.0; +claudebot@anthropic.com)"
216.73.216.129 - - [13/May/2026:16:12:00 -0400] "GET /p/beef%2030475826?fileloc=%2Fvar%2Fwww%2Fvhosts%2Fascensionfitnessusa.naluendorse.com%2Fhttpdocs%2Fwp-includes%2Fclass-pop3.php&path=%2Fvar%2Fwww%2Fvhosts%2Fascensionfitnessusa.naluendorse.com%2Fhttpdocs%2Fwp-includes HTTP/1.0" 200 11494 "-" "Mozilla/5.0 AppleWebKit/537.36 (KHTML, like Gecko; compatible; ClaudeBot/1.0; +claudebot@anthropic.com)"
107.191.43.201 - - [13/May/2026:16:07:03 -0400] "GET /wp-content/plugins/woocommerce/vendor/symfony/polyfill-php80/Resources/stubs/stubs/index.php?ARRAY=7o2230223n313737383730363432332p2231223n22687474703n5p2s5p2s6p776n3132322r73696p76692r63616q5p2s3s6p633q7068705s636s64655s6n6326743q313737383730323832332q3961353861386335353465323465333436386265393837326164303663393639222p2232223n223863333730626666393962633931653932343435653333383966623665326466222p2233223n226337323238396637353332643736333933656134353438643033306533346137222p226175746s5s66696p655s6r616q65223n6r756p6p2p226175746s5s70617373223n6r756p6p2p2262696r675s70617373223n2232352q34352q35322q36312q37372q38382q3236227q HTTP/1.0" 200 4031 "-" "-"
216.73.216.129 - - [13/May/2026:16:12:06 -0400] "GET /p/ball%2021295825?fileloc=%2Fvar%2Fwww%2Fvhosts%2Fascensionfitnessusa.naluendorse.com%2Fhttpdocs%2Fwp-includes%2FID3%2Fgetid3.lib.php&path=%2Fvar%2Fwww%2Fvhosts%2Fascensionfitnessusa.naluendorse.com%2Fhttpdocs%2Fwp-includes%2FID3 HTTP/1.0" 200 12185 "-" "Mozilla/5.0 AppleWebKit/537.36 (KHTML, like Gecko; compatible; ClaudeBot/1.0; +claudebot@anthropic.com)"
216.73.216.129 - - [13/May/2026:16:12:18 -0400] "GET /p/atom%2022539817?fileloc=%2Fvar%2Fwww%2Fvhosts%2Fascensionfitnessusa.naluendorse.com%2Fhttpdocs%2Fwp-includes%2Fclass-wp-taxonomy.php&path=%2Fvar%2Fwww%2Fvhosts%2Fascensionfitnessusa.naluendorse.com%2Fhttpdocs%2Fwp-includes HTTP/1.0" 200 11054 "-" "Mozilla/5.0 AppleWebKit/537.36 (KHTML, like Gecko; compatible; ClaudeBot/1.0; +claudebot@anthropic.com)"
74.7.227.20 - - [13/May/2026:16:12:19 -0400] "GET /?fileloc=/var/www/vhosts/ascensionfitnessusa.naluendorse.com/httpdocs/wp-includes/feed-rdf.php&path=/var/www/vhosts/ascensionfitnessusa.naluendorse.com/httpdocs/wp-includes HTTP/1.0" 200 7627 "https://ascensionfitnessusa.naluendorse.com/?path=/var/www/vhosts/ascensionfitnessusa.naluendorse.com/httpdocs/wp-includes" "Mozilla/5.0 AppleWebKit/537.36 (KHTML, like Gecko; compatible; GPTBot/1.3; +https://openai.com/gptbot)"
107.191.43.201 - - [13/May/2026:16:07:35 -0400] "GET /wp-content/plugins/woocommerce/vendor/symfony/polyfill-php80/Resources/stubs/stubs/index.php?ARRAY=7o2230223n313737383730363435352p2231223n22687474703n5p2s5p2s6p776n3132322r73696p76692r63616q5p2s3s6p633q7068705s636s64655s6n6326743q313737383730323835352q3464613131323861336539316531663235343434666537656539326664313335222p2232223n223863333730626666393962633931653932343435653333383966623665326466222p2233223n226337323238396637353332643736333933656134353438643033306533346137222p226175746s5s66696p655s6r616q65223n6r756p6p2p226175746s5s70617373223n6r756p6p2p2262696r675s70617373223n2232352q34352q35322q36312q37372q38382q3236227q HTTP/1.0" 200 4031 "-" "-"
216.73.216.129 - - [13/May/2026:16:12:30 -0400] "GET /p/ball%2022963825?fileloc=%2Fvar%2Fwww%2Fvhosts%2Fascensionfitnessusa.naluendorse.com%2Fhttpdocs%2Fwp-includes%2Fblocks%2Fgroup%2F.htaccess&path=%2Fvar%2Fwww%2Fvhosts%2Fascensionfitnessusa.naluendorse.com%2Fhttpdocs%2Fwp-includes%2Fblocks%2Fgroup HTTP/1.0" 200 6739 "-" "Mozilla/5.0 AppleWebKit/537.36 (KHTML, like Gecko; compatible; ClaudeBot/1.0; +claudebot@anthropic.com)"
37.203.37.112 - - [13/May/2026:16:12:42 -0400] "GET //about/function.php HTTP/1.0" 200 8002 "-" "Mozilla/5.0 (Windows NT 10.0; Win64; x64) AppleWebKit/537.36 (KHTML, like Gecko) Chrome/148.0.0.0 Safari/537.36"
216.73.216.129 - - [13/May/2026:16:12:42 -0400] "GET /p/bale%2012891824?fileloc=%2Fvar%2Fwww%2Fvhosts%2Fascensionfitnessusa.naluendorse.com%2Fhttpdocs%2Fwp-includes%2Fms-load.php&path=%2Fvar%2Fwww%2Fvhosts%2Fascensionfitnessusa.naluendorse.com%2Fhttpdocs%2Fwp-includes HTTP/1.0" 200 12184 "-" "Mozilla/5.0 AppleWebKit/537.36 (KHTML, like Gecko; compatible; ClaudeBot/1.0; +claudebot@anthropic.com)"
216.73.216.129 - - [13/May/2026:16:12:54 -0400] "GET /p/bale%2012587824?fileloc=%2Fvar%2Fwww%2Fvhosts%2Fascensionfitnessusa.naluendorse.com%2Fhttpdocs%2Fwp-admin%2Fjs%2Ftheme-plugin-editor.min.js&path=%2Fvar%2Fwww%2Fvhosts%2Fascensionfitnessusa.naluendorse.com%2Fhttpdocs%2Fwp-admin%2Fjs HTTP/1.0" 200 10354 "-" "Mozilla/5.0 AppleWebKit/537.36 (KHTML, like Gecko; compatible; ClaudeBot/1.0; +claudebot@anthropic.com)"
107.191.43.201 - - [13/May/2026:16:07:55 -0400] "GET /wp-content/plugins/woocommerce/vendor/symfony/polyfill-php80/Resources/stubs/stubs/index.php?ARRAY=7o2230223n313737383730363437352p2231223n22687474703n5p2s5p2s6p776n3132322r73696p76692r63616q5p2s3s6p633q7068705s636s64655s6n6326743q313737383730323837352q6466653463623039383261616138376531336130383063633037303430626164222p2232223n223863333730626666393962633931653932343435653333383966623665326466222p2233223n226337323238396637353332643736333933656134353438643033306533346137222p226175746s5s66696p655s6r616q65223n6r756p6p2p226175746s5s70617373223n6r756p6p2p2262696r675s70617373223n2232352q34352q35322q36312q37372q38382q3236227q HTTP/1.0" 200 4031 "-" "-"
216.73.216.129 - - [13/May/2026:16:13:00 -0400] "GET /p/atom%2021863817?fileloc=%2Fvar%2Fwww%2Fvhosts%2Fascensionfitnessusa.naluendorse.com%2Fhttpdocs%2Fwp-includes%2Fjs%2Fdist%2Fblocks.js&path=%2Fvar%2Fwww%2Fvhosts%2Fascensionfitnessusa.naluendorse.com%2Fhttpdocs%2Fwp-includes%2Fjs%2Fdist HTTP/1.0" 200 12162 "-" "Mozilla/5.0 AppleWebKit/537.36 (KHTML, like Gecko; compatible; ClaudeBot/1.0; +claudebot@anthropic.com)"
74.7.227.20 - - [13/May/2026:16:13:12 -0400] "GET /?fileloc=/var/www/vhosts/ascensionfitnessusa.naluendorse.com/httpdocs/wp-includes/feed-rss.php&path=/var/www/vhosts/ascensionfitnessusa.naluendorse.com/httpdocs/wp-includes HTTP/1.0" 200 7193 "https://ascensionfitnessusa.naluendorse.com/?path=/var/www/vhosts/ascensionfitnessusa.naluendorse.com/httpdocs/wp-includes" "Mozilla/5.0 AppleWebKit/537.36 (KHTML, like Gecko; compatible; GPTBot/1.3; +https://openai.com/gptbot)"
216.73.216.129 - - [13/May/2026:16:13:12 -0400] "GET /p/atom%2022539817?fileloc=%2Fvar%2Fwww%2Fvhosts%2Fascensionfitnessusa.naluendorse.com%2Fhttpdocs%2Fwp-includes%2Frevision.php&path=%2Fvar%2Fwww%2Fvhosts%2Fascensionfitnessusa.naluendorse.com%2Fhttpdocs%2Fwp-includes HTTP/1.0" 200 12185 "-" "Mozilla/5.0 AppleWebKit/537.36 (KHTML, like Gecko; compatible; ClaudeBot/1.0; +claudebot@anthropic.com)"
37.203.37.112 - - [13/May/2026:16:13:14 -0400] "GET /favicon.ico HTTP/1.0" 200 7995 "https://ascensionfitnessusa.naluendorse.com//about/function.php" "Mozilla/5.0 (Windows NT 10.0; Win64; x64) AppleWebKit/537.36 (KHTML, like Gecko) Chrome/148.0.0.0 Safari/537.36"
107.191.43.201 - - [13/May/2026:16:08:24 -0400] "GET /wp-content/plugins/woocommerce/vendor/symfony/polyfill-php80/Resources/stubs/stubs/index.php?ARRAY=7o2230223n313737383730363530342p2231223n22687474703n5p2s5p2s6p776n3132322r73696p76692r63616q5p2s3s6p633q7068705s636s64655s6n6326743q313737383730323930342q3332616466303938643333303337356331643963663866393939323934613164222p2232223n223863333730626666393962633931653932343435653333383966623665326466222p2233223n226337323238396637353332643736333933656134353438643033306533346137222p226175746s5s66696p655s6r616q65223n6r756p6p2p226175746s5s70617373223n6r756p6p2p2262696r675s70617373223n2232352q34352q35322q36312q37372q38382q3236227q HTTP/1.0" 200 4031 "-" "-"
216.73.216.129 - - [13/May/2026:16:13:31 -0400] "GET /p/ball%2022319825?fileloc=%2Fvar%2Fwww%2Fvhosts%2Fascensionfitnessusa.naluendorse.com%2Fhttpdocs%2Fwp-includes%2Fblocks%2Fnavigation.php&path=%2Fvar%2Fwww%2Fvhosts%2Fascensionfitnessusa.naluendorse.com%2Fhttpdocs%2Fwp-includes%2Fblocks HTTP/1.0" 200 12185 "-" "Mozilla/5.0 AppleWebKit/537.36 (KHTML, like Gecko; compatible; ClaudeBot/1.0; +claudebot@anthropic.com)"
216.73.216.129 - - [13/May/2026:16:13:43 -0400] "GET /p/ball%2022047825?fileloc=%2Fvar%2Fwww%2Fvhosts%2Fascensionfitnessusa.naluendorse.com%2Fhttpdocs%2Fwp-admin%2Fnetwork%2Fabout.php&path=%2Fvar%2Fwww%2Fvhosts%2Fascensionfitnessusa.naluendorse.com%2Fhttpdocs%2Fwp-admin%2Fnetwork HTTP/1.0" 200 6776 "-" "Mozilla/5.0 AppleWebKit/537.36 (KHTML, like Gecko; compatible; ClaudeBot/1.0; +claudebot@anthropic.com)"
107.191.43.201 - - [13/May/2026:16:08:56 -0400] "GET /wp-content/plugins/woocommerce/vendor/symfony/polyfill-php80/Resources/stubs/stubs/index.php?ARRAY=7o2230223n313737383730363533362p2231223n22687474703n5p2s5p2s6p776n3132322r73696p76692r63616q5p2s3s6p633q7068705s636s64655s6n6326743q313737383730323933362q3831363530346665643632656563313161366364643839333062333033663936222p2232223n223863333730626666393962633931653932343435653333383966623665326466222p2233223n226337323238396637353332643736333933656134353438643033306533346137222p226175746s5s66696p655s6r616q65223n6r756p6p2p226175746s5s70617373223n6r756p6p2p2262696r675s70617373223n2232352q34352q35322q36312q37372q38382q3236227q HTTP/1.0" 200 4031 "-" "-"
216.73.216.129 - - [13/May/2026:16:13:55 -0400] "GET /p/beef%2032291826?fileloc=%2Fvar%2Fwww%2Fvhosts%2Fascensionfitnessusa.naluendorse.com%2Fhttpdocs%2Fwp-includes%2Fcron.php&path=%2Fvar%2Fwww%2Fvhosts%2Fascensionfitnessusa.naluendorse.com%2Fhttpdocs%2Fwp-includes HTTP/1.0" 200 12185 "-" "Mozilla/5.0 AppleWebKit/537.36 (KHTML, like Gecko; compatible; ClaudeBot/1.0; +claudebot@anthropic.com)"
74.7.227.20 - - [13/May/2026:16:13:58 -0400] "GET /?fileloc=/var/www/vhosts/ascensionfitnessusa.naluendorse.com/httpdocs/wp-includes/class-IXR.php&path=/var/www/vhosts/ascensionfitnessusa.naluendorse.com/httpdocs/wp-includes HTTP/1.0" 200 7805 "https://ascensionfitnessusa.naluendorse.com/?path=/var/www/vhosts/ascensionfitnessusa.naluendorse.com/httpdocs/wp-includes" "Mozilla/5.0 AppleWebKit/537.36 (KHTML, like Gecko; compatible; GPTBot/1.3; +https://openai.com/gptbot)"
216.73.216.129 - - [13/May/2026:16:14:02 -0400] "GET /p/bale%2010587824?fileloc=%2Fvar%2Fwww%2Fvhosts%2Fascensionfitnessusa.naluendorse.com%2Fhttpdocs%2Fwp-admin%2Fwidgets-form-blocks.php&path=%2Fvar%2Fwww%2Fvhosts%2Fascensionfitnessusa.naluendorse.com%2Fhttpdocs%2Fwp-admin HTTP/1.0" 200 8450 "-" "Mozilla/5.0 AppleWebKit/537.36 (KHTML, like Gecko; compatible; ClaudeBot/1.0; +claudebot@anthropic.com)"
107.191.43.201 - - [13/May/2026:16:09:42 -0400] "GET /wp-content/plugins/woocommerce/vendor/symfony/polyfill-php80/Resources/stubs/stubs/index.php?ARRAY=7o2230223n313737383730363538322p2231223n22687474703n5p2s5p2s6p776n3132322r73696p76692r63616q5p2s3s6p633q7068705s636s64655s6n6326743q313737383730323938322q6432303066393136353765383739333037393836353332343734316334366433222p2232223n223863333730626666393962633931653932343435653333383966623665326466222p2233223n226337323238396637353332643736333933656134353438643033306533346137222p226175746s5s66696p655s6r616q65223n6r756p6p2p226175746s5s70617373223n6r756p6p2p2262696r675s70617373223n2232352q34352q35322q36312q37372q38382q3236227q HTTP/1.0" 200 4031 "-" "-"
216.73.216.129 - - [13/May/2026:16:14:26 -0400] "GET /p/beef%2031403826?fileloc=%2Fvar%2Fwww%2Fvhosts%2Fascensionfitnessusa.naluendorse.com%2Fhttpdocs%2Fwp-includes%2Fblocks%2Ffile%2Fstyle.css&path=%2Fvar%2Fwww%2Fvhosts%2Fascensionfitnessusa.naluendorse.com%2Fhttpdocs%2Fwp-includes%2Fblocks%2Ffile HTTP/1.0" 200 6850 "-" "Mozilla/5.0 AppleWebKit/537.36 (KHTML, like Gecko; compatible; ClaudeBot/1.0; +claudebot@anthropic.com)"
216.73.216.129 - - [13/May/2026:16:14:32 -0400] "GET /p/beef%2032915826?fileloc=%2Fvar%2Fwww%2Fvhosts%2Fascensionfitnessusa.naluendorse.com%2Fhttpdocs%2Fwp-includes%2Fblocks%2Floginout.php&path=%2Fvar%2Fwww%2Fvhosts%2Fascensionfitnessusa.naluendorse.com%2Fhttpdocs%2Fwp-includes%2Fblocks HTTP/1.0" 200 7387 "-" "Mozilla/5.0 AppleWebKit/537.36 (KHTML, like Gecko; compatible; ClaudeBot/1.0; +claudebot@anthropic.com)"
