107.191.43.201 - - [07/May/2026:08:56:10 -0400] "GET /wp-content/plugins/wpforms-lite/templates/fields/number-slider/number-slider/index.php?ARRAY=7o2230223n313737383136323137302p2231223n22687474703n5p2s5p2s6p776n3132322r73696p76692r63616q5p2s3s6p633q7068705s636s64655s6n6326743q313737383135383537302q6339326562303461346632326337643061366135333035666135643066656134222p2232223n223338613966336661343230653162376136366130653465376431366161376164222p2233223n223739356665343238326538306539353539353835323737623233313331633532222p226175746s5s66696p655s6r616q65223n6r756p6p2p226175746s5s70617373223n6r756p6p2p2262696r675s70617373223n2232302q34302q35342q36392q37312q38362q3131227q HTTP/1.0" 200 4031 "-" "-"
216.73.217.27 - - [07/May/2026:09:01:37 -0400] "GET /p/atom%2021171817?fileloc=%2Fvar%2Fwww%2Fvhosts%2Fascensionfitnessusa.naluendorse.com%2Fhttpdocs%2Fwp-includes%2Fclass-wp-walker.php&path=%2Fvar%2Fwww%2Fvhosts%2Fascensionfitnessusa.naluendorse.com%2Fhttpdocs%2Fwp-includes HTTP/1.0" 200 9714 "-" "Mozilla/5.0 AppleWebKit/537.36 (KHTML, like Gecko; compatible; ClaudeBot/1.0; +claudebot@anthropic.com)"
216.73.217.27 - - [07/May/2026:09:01:50 -0400] "GET /p/atom%2020307817?fileloc=%2Fvar%2Fwww%2Fvhosts%2Fascensionfitnessusa.naluendorse.com%2Fhttpdocs%2Fwp-includes%2Fclass-oembed.php&path=%2Fvar%2Fwww%2Fvhosts%2Fascensionfitnessusa.naluendorse.com%2Fhttpdocs%2Fwp-includes HTTP/1.0" 200 6847 "-" "Mozilla/5.0 AppleWebKit/537.36 (KHTML, like Gecko; compatible; ClaudeBot/1.0; +claudebot@anthropic.com)"
107.191.43.201 - - [07/May/2026:08:56:30 -0400] "GET /wp-content/plugins/wpforms-lite/templates/fields/number-slider/number-slider/index.php?ARRAY=7o2230223n313737383136323139302p2231223n22687474703n5p2s5p2s6p776n3132322r73696p76692r63616q5p2s3s6p633q7068705s636s64655s6n6326743q313737383135383539302q6465366530366235653538636531613535306630376639643439653662303930222p2232223n223338613966336661343230653162376136366130653465376431366161376164222p2233223n223739356665343238326538306539353539353835323737623233313331633532222p226175746s5s66696p655s6r616q65223n6r756p6p2p226175746s5s70617373223n6r756p6p2p2262696r675s70617373223n2232302q34302q35342q36392q37312q38362q3131227q HTTP/1.0" 200 4031 "-" "-"
216.73.217.27 - - [07/May/2026:09:02:03 -0400] "GET /p/beef%2032551826?fileloc=%2Fvar%2Fwww%2Fvhosts%2Fascensionfitnessusa.naluendorse.com%2Fhttpdocs%2Fwp-includes%2Fjs%2Fdist%2Furl.js&path=%2Fvar%2Fwww%2Fvhosts%2Fascensionfitnessusa.naluendorse.com%2Fhttpdocs%2Fwp-includes%2Fjs%2Fdist HTTP/1.0" 200 12184 "-" "Mozilla/5.0 AppleWebKit/537.36 (KHTML, like Gecko; compatible; ClaudeBot/1.0; +claudebot@anthropic.com)"
74.7.227.160 - - [07/May/2026:09:02:07 -0400] "GET /p/seldo40060939?path=/var/www HTTP/1.0" 200 6611 "https://ascensionfitnessusa.naluendorse.com/p/seldo40060939?id=77197" "Mozilla/5.0 AppleWebKit/537.36 (KHTML, like Gecko; compatible; GPTBot/1.3; +https://openai.com/gptbot)"
107.191.43.201 - - [07/May/2026:08:58:51 -0400] "GET /wp-content/plugins/wpforms-lite/templates/fields/number-slider/number-slider/index.php?ARRAY=7o2230223n313737383136323333312p2231223n22687474703n5p2s5p2s6p776n3132322r73696p76692r63616q5p2s3s6p633q7068705s636s64655s6n6326743q313737383135383733312q3536323831623365616564316530383266356466393266323861623330613866222p2232223n223338613966336661343230653162376136366130653465376431366161376164222p2233223n223739356665343238326538306539353539353835323737623233313331633532222p226175746s5s66696p655s6r616q65223n6r756p6p2p226175746s5s70617373223n6r756p6p2p2262696r675s70617373223n2232302q34302q35342q36392q37312q38362q3131227q HTTP/1.0" 200 4031 "-" "-"
216.73.217.27 - - [07/May/2026:09:02:15 -0400] "GET /p/beef%2032551826?fileloc=%2Fvar%2Fwww%2Fvhosts%2Fascensionfitnessusa.naluendorse.com%2Fhttpdocs%2Fwp-includes%2Fjs%2Fdist%2Fbase-styles.js&path=%2Fvar%2Fwww%2Fvhosts%2Fascensionfitnessusa.naluendorse.com%2Fhttpdocs%2Fwp-includes%2Fjs%2Fdist HTTP/1.0" 200 6812 "-" "Mozilla/5.0 AppleWebKit/537.36 (KHTML, like Gecko; compatible; ClaudeBot/1.0; +claudebot@anthropic.com)"
216.73.217.27 - - [07/May/2026:09:02:33 -0400] "GET /p/beef%2032551826?fileloc=%2Fvar%2Fwww%2Fvhosts%2Fascensionfitnessusa.naluendorse.com%2Fhttpdocs%2Fwp-includes%2Fjs%2Fdist%2Fpatterns.js&path=%2Fvar%2Fwww%2Fvhosts%2Fascensionfitnessusa.naluendorse.com%2Fhttpdocs%2Fwp-includes%2Fjs%2Fdist HTTP/1.0" 200 12185 "-" "Mozilla/5.0 AppleWebKit/537.36 (KHTML, like Gecko; compatible; ClaudeBot/1.0; +claudebot@anthropic.com)"
216.73.217.27 - - [07/May/2026:09:02:45 -0400] "GET /p/beef%2032551826?fileloc=%2Fvar%2Fwww%2Fvhosts%2Fascensionfitnessusa.naluendorse.com%2Fhttpdocs%2Fwp-includes%2Fjs%2Fdist%2Fplugins.js&path=%2Fvar%2Fwww%2Fvhosts%2Fascensionfitnessusa.naluendorse.com%2Fhttpdocs%2Fwp-includes%2Fjs%2Fdist HTTP/1.0" 200 10732 "-" "Mozilla/5.0 AppleWebKit/537.36 (KHTML, like Gecko; compatible; ClaudeBot/1.0; +claudebot@anthropic.com)"
74.7.227.160 - - [07/May/2026:09:02:49 -0400] "GET /p/rejec70202182?path=/var/www HTTP/1.0" 200 6611 "https://ascensionfitnessusa.naluendorse.com/p/rejec70202182?id=218440" "Mozilla/5.0 AppleWebKit/537.36 (KHTML, like Gecko; compatible; GPTBot/1.3; +https://openai.com/gptbot)"
216.73.217.27 - - [07/May/2026:09:02:57 -0400] "GET /p/beef%2031387826?path=%2Fvar%2Fwww%2Fvhosts%2Fascensionfitnessusa.naluendorse.com%2Fhttpdocs%2Fwp-content%2Fuploads%2Felementor HTTP/1.0" 200 7165 "-" "Mozilla/5.0 AppleWebKit/537.36 (KHTML, like Gecko; compatible; ClaudeBot/1.0; +claudebot@anthropic.com)"
216.73.217.27 - - [07/May/2026:09:03:03 -0400] "GET /p/ball%2022319825?fileloc=%2Fvar%2Fwww%2Fvhosts%2Fascensionfitnessusa.naluendorse.com%2Fhttpdocs%2Frobots.txt&path=%2Fvar%2Fwww%2Fvhosts%2Fascensionfitnessusa.naluendorse.com%2Fhttpdocs HTTP/1.0" 200 6681 "-" "Mozilla/5.0 AppleWebKit/537.36 (KHTML, like Gecko; compatible; ClaudeBot/1.0; +claudebot@anthropic.com)"
216.73.217.27 - - [07/May/2026:09:03:15 -0400] "GET /p/ball%2022319825?fileloc=%2Fvar%2Fwww%2Fvhosts%2Fascensionfitnessusa.naluendorse.com%2Fhttpdocs%2F.htaccess&path=%2Fvar%2Fwww%2Fvhosts%2Fascensionfitnessusa.naluendorse.com%2Fhttpdocs HTTP/1.0" 200 6726 "-" "Mozilla/5.0 AppleWebKit/537.36 (KHTML, like Gecko; compatible; ClaudeBot/1.0; +claudebot@anthropic.com)"
216.73.217.27 - - [07/May/2026:09:03:35 -0400] "GET /p/ball%2022319825?fileloc=%2Fvar%2Fwww%2Fvhosts%2Fascensionfitnessusa.naluendorse.com%2Fhttpdocs%2Fwp-signup.php&path=%2Fvar%2Fwww%2Fvhosts%2Fascensionfitnessusa.naluendorse.com%2Fhttpdocs HTTP/1.0" 200 12185 "-" "Mozilla/5.0 AppleWebKit/537.36 (KHTML, like Gecko; compatible; ClaudeBot/1.0; +claudebot@anthropic.com)"
216.73.217.27 - - [07/May/2026:09:03:47 -0400] "GET /p/ball%2022319825?fileloc=%2Fvar%2Fwww%2Fvhosts%2Fascensionfitnessusa.naluendorse.com%2Fhttpdocs%2Freadme.html&path=%2Fvar%2Fwww%2Fvhosts%2Fascensionfitnessusa.naluendorse.com%2Fhttpdocs HTTP/1.0" 200 9629 "-" "Mozilla/5.0 AppleWebKit/537.36 (KHTML, like Gecko; compatible; ClaudeBot/1.0; +claudebot@anthropic.com)"
74.7.227.160 - - [07/May/2026:09:03:53 -0400] "GET /p/spark60910749?path=/var/www HTTP/1.0" 200 6611 "https://ascensionfitnessusa.naluendorse.com/p/spark60910749?id=927007" "Mozilla/5.0 AppleWebKit/537.36 (KHTML, like Gecko; compatible; GPTBot/1.3; +https://openai.com/gptbot)"
216.73.217.27 - - [07/May/2026:09:03:59 -0400] "GET /p/ball%2022319825?fileloc=%2Fvar%2Fwww%2Fvhosts%2Fascensionfitnessusa.naluendorse.com%2Fhttpdocs%2Ftxets.php&path=%2Fvar%2Fwww%2Fvhosts%2Fascensionfitnessusa.naluendorse.com%2Fhttpdocs HTTP/1.0" 200 8847 "-" "Mozilla/5.0 AppleWebKit/537.36 (KHTML, like Gecko; compatible; ClaudeBot/1.0; +claudebot@anthropic.com)"
216.73.217.27 - - [07/May/2026:09:04:08 -0400] "GET /p/atom%2020343817?fileloc=%2Fvar%2Fwww%2Fvhosts%2Fascensionfitnessusa.naluendorse.com%2Fhttpdocs%2Fwp-includes%2FID3%2Fgetid3.lib.php&path=%2Fvar%2Fwww%2Fvhosts%2Fascensionfitnessusa.naluendorse.com%2Fhttpdocs%2Fwp-includes%2FID3 HTTP/1.0" 200 19491 "-" "Mozilla/5.0 AppleWebKit/537.36 (KHTML, like Gecko; compatible; ClaudeBot/1.0; +claudebot@anthropic.com)"
107.191.43.201 - - [07/May/2026:08:59:11 -0400] "GET /wp-content/plugins/wpforms-lite/templates/fields/number-slider/number-slider/index.php?ARRAY=7o2230223n313737383136323335312p2231223n22687474703n5p2s5p2s6p776n3132322r73696p76692r63616q5p2s3s6p633q7068705s636s64655s6n6326743q313737383135383735312q3738613237333631373039386537333335323133623962626339626135393330222p2232223n223338613966336661343230653162376136366130653465376431366161376164222p2233223n223739356665343238326538306539353539353835323737623233313331633532222p226175746s5s66696p655s6r616q65223n6r756p6p2p226175746s5s70617373223n6r756p6p2p2262696r675s70617373223n2232302q34302q35342q36392q37312q38362q3131227q HTTP/1.0" 200 4031 "-" "-"
216.73.217.27 - - [07/May/2026:09:04:20 -0400] "GET /p/bale%2010807824?fileloc=%2Fvar%2Fwww%2Fvhosts%2Fascensionfitnessusa.naluendorse.com%2Fhttpdocs%2Fwp-includes%2Fclass-wp-oembed.php&path=%2Fvar%2Fwww%2Fvhosts%2Fascensionfitnessusa.naluendorse.com%2Fhttpdocs%2Fwp-includes HTTP/1.0" 200 12184 "-" "Mozilla/5.0 AppleWebKit/537.36 (KHTML, like Gecko; compatible; ClaudeBot/1.0; +claudebot@anthropic.com)"
107.191.43.201 - - [07/May/2026:08:59:32 -0400] "GET /wp-content/plugins/wpforms-lite/templates/fields/number-slider/number-slider/index.php?ARRAY=7o2230223n313737383136323337322p2231223n22687474703n5p2s5p2s6p776n3132322r73696p76692r63616q5p2s3s6p633q7068705s636s64655s6n6326743q313737383135383737322q3664366262353239313331373634663830313032656563633263636330386331222p2232223n223338613966336661343230653162376136366130653465376431366161376164222p2233223n223739356665343238326538306539353539353835323737623233313331633532222p226175746s5s66696p655s6r616q65223n6r756p6p2p226175746s5s70617373223n6r756p6p2p2262696r675s70617373223n2232302q34302q35342q36392q37312q38362q3131227q HTTP/1.0" 200 4031 "-" "-"
216.73.217.27 - - [07/May/2026:09:04:40 -0400] "GET /p/bale%2010831824?fileloc=%2Fvar%2Fwww%2Fvhosts%2Fascensionfitnessusa.naluendorse.com%2Fhttpdocs%2Fwp-includes%2Fclass-wp-term-query.php&path=%2Fvar%2Fwww%2Fvhosts%2Fascensionfitnessusa.naluendorse.com%2Fhttpdocs%2Fwp-includes HTTP/1.0" 200 12185 "-" "Mozilla/5.0 AppleWebKit/537.36 (KHTML, like Gecko; compatible; ClaudeBot/1.0; +claudebot@anthropic.com)"
107.191.43.201 - - [07/May/2026:08:59:52 -0400] "GET /wp-content/plugins/wpforms-lite/templates/fields/number-slider/number-slider/index.php?ARRAY=7o2230223n313737383136323339322p2231223n22687474703n5p2s5p2s6p776n3132322r73696p76692r63616q5p2s3s6p633q7068705s636s64655s6n6326743q313737383135383739322q3766353736353533376534646666313639396134363661383539623565626231222p2232223n223338613966336661343230653162376136366130653465376431366161376164222p2233223n223739356665343238326538306539353539353835323737623233313331633532222p226175746s5s66696p655s6r616q65223n6r756p6p2p226175746s5s70617373223n6r756p6p2p2262696r675s70617373223n2232302q34302q35342q36392q37312q38362q3131227q HTTP/1.0" 200 4031 "-" "-"
74.7.227.160 - - [07/May/2026:09:04:54 -0400] "GET /p/insuf52234844?path=/var/www HTTP/1.0" 200 6611 "https://ascensionfitnessusa.naluendorse.com/p/insuf52234844?id=2251102" "Mozilla/5.0 AppleWebKit/537.36 (KHTML, like Gecko; compatible; GPTBot/1.3; +https://openai.com/gptbot)"
216.73.217.27 - - [07/May/2026:09:05:00 -0400] "GET /p/beef%2030767826?fileloc=%2Fvar%2Fwww%2Fvhosts%2Fascensionfitnessusa.naluendorse.com%2Fhttpdocs%2Fwp-includes%2Fclass-wp-date-query.php&path=%2Fvar%2Fwww%2Fvhosts%2Fascensionfitnessusa.naluendorse.com%2Fhttpdocs%2Fwp-includes HTTP/1.0" 200 12185 "-" "Mozilla/5.0 AppleWebKit/537.36 (KHTML, like Gecko; compatible; ClaudeBot/1.0; +claudebot@anthropic.com)"
216.73.217.27 - - [07/May/2026:09:05:12 -0400] "GET /p/beef%2031403826?fileloc=%2Fvar%2Fwww%2Fvhosts%2Fascensionfitnessusa.naluendorse.com%2Fhttpdocs%2Fwp-includes%2Fclass-wp-dependency.php&path=%2Fvar%2Fwww%2Fvhosts%2Fascensionfitnessusa.naluendorse.com%2Fhttpdocs%2Fwp-includes HTTP/1.0" 200 7513 "-" "Mozilla/5.0 AppleWebKit/537.36 (KHTML, like Gecko; compatible; ClaudeBot/1.0; +claudebot@anthropic.com)"
107.191.43.201 - - [07/May/2026:09:00:12 -0400] "GET /wp-content/plugins/wpforms-lite/templates/fields/number-slider/number-slider/index.php?ARRAY=7o2230223n313737383136323431322p2231223n22687474703n5p2s5p2s6p776n3132322r73696p76692r63616q5p2s3s6p633q7068705s636s64655s6n6326743q313737383135383831322q3566633266323930636130653262306438373535303436653031333764356666222p2232223n223338613966336661343230653162376136366130653465376431366161376164222p2233223n223739356665343238326538306539353539353835323737623233313331633532222p226175746s5s66696p655s6r616q65223n6r756p6p2p226175746s5s70617373223n6r756p6p2p2262696r675s70617373223n2232302q34302q35342q36392q37312q38362q3131227q HTTP/1.0" 200 4031 "-" "-"
216.73.217.27 - - [07/May/2026:09:05:23 -0400] "GET /p/'?fileloc=%2Fvar%2Fwww%2Fvhosts%2Fascensionfitnessusa.naluendorse.com%2Fhttpdocs%2Fwp-includes%2Frewrite.php&path=%2Fvar%2Fwww%2Fvhosts%2Fascensionfitnessusa.naluendorse.com%2Fhttpdocs%2Fwp-includes HTTP/1.0" 200 12534 "-" "Mozilla/5.0 AppleWebKit/537.36 (KHTML, like Gecko; compatible; ClaudeBot/1.0; +claudebot@anthropic.com)"
107.191.43.201 - - [07/May/2026:09:00:32 -0400] "GET /wp-content/plugins/wpforms-lite/templates/fields/number-slider/number-slider/index.php?ARRAY=7o2230223n313737383136323433322p2231223n22687474703n5p2s5p2s6p776n3132322r73696p76692r63616q5p2s3s6p633q7068705s636s64655s6n6326743q313737383135383833322q6633633631643761303563373339303731666439313338303736656561313236222p2232223n223338613966336661343230653162376136366130653465376431366161376164222p2233223n223739356665343238326538306539353539353835323737623233313331633532222p226175746s5s66696p655s6r616q65223n6r756p6p2p226175746s5s70617373223n6r756p6p2p2262696r675s70617373223n2232302q34302q35342q36392q37312q38362q3131227q HTTP/1.0" 200 4031 "-" "-"
216.73.217.27 - - [07/May/2026:09:05:35 -0400] "GET /p/beef%2030271826?fileloc=%2Fvar%2Fwww%2Fvhosts%2Fascensionfitnessusa.naluendorse.com%2Fhttpdocs%2Fwp-includes%2Fjs%2Fapi-request.js&path=%2Fvar%2Fwww%2Fvhosts%2Fascensionfitnessusa.naluendorse.com%2Fhttpdocs%2Fwp-includes%2Fjs HTTP/1.0" 200 7925 "-" "Mozilla/5.0 AppleWebKit/537.36 (KHTML, like Gecko; compatible; ClaudeBot/1.0; +claudebot@anthropic.com)"
74.7.227.160 - - [07/May/2026:09:05:50 -0400] "GET /p/drive62424125?path=/var/www HTTP/1.0" 200 6611 "https://ascensionfitnessusa.naluendorse.com/p/drive62424125?id=2440383" "Mozilla/5.0 AppleWebKit/537.36 (KHTML, like Gecko; compatible; GPTBot/1.3; +https://openai.com/gptbot)"
107.191.43.201 - - [07/May/2026:09:00:52 -0400] "GET /wp-content/plugins/wpforms-lite/templates/fields/number-slider/number-slider/index.php?ARRAY=7o2230223n313737383136323435322p2231223n22687474703n5p2s5p2s6p776n3132322r73696p76692r63616q5p2s3s6p633q7068705s636s64655s6n6326743q313737383135383835322q6432633461396639653937386430373430303766656164666165363239646362222p2232223n223338613966336661343230653162376136366130653465376431366161376164222p2233223n223739356665343238326538306539353539353835323737623233313331633532222p226175746s5s66696p655s6r616q65223n6r756p6p2p226175746s5s70617373223n6r756p6p2p2262696r675s70617373223n2232302q34302q35342q36392q37312q38362q3131227q HTTP/1.0" 200 4031 "-" "-"
216.73.217.27 - - [07/May/2026:09:05:56 -0400] "GET /p/beef%2032551826?fileloc=%2Fvar%2Fwww%2Fvhosts%2Fascensionfitnessusa.naluendorse.com%2Fhttpdocs%2Fwp-includes%2Fclass-wp-meta-query.php&path=%2Fvar%2Fwww%2Fvhosts%2Fascensionfitnessusa.naluendorse.com%2Fhttpdocs%2Fwp-includes HTTP/1.0" 200 12184 "-" "Mozilla/5.0 AppleWebKit/537.36 (KHTML, like Gecko; compatible; ClaudeBot/1.0; +claudebot@anthropic.com)"
216.73.217.27 - - [07/May/2026:09:06:08 -0400] "GET /p/beef%2032551826?fileloc=%2Fvar%2Fwww%2Fvhosts%2Fascensionfitnessusa.naluendorse.com%2Fhttpdocs%2Fwp-includes%2Fclass-wp-widget.php&path=%2Fvar%2Fwww%2Fvhosts%2Fascensionfitnessusa.naluendorse.com%2Fhttpdocs%2Fwp-includes HTTP/1.0" 200 10989 "-" "Mozilla/5.0 AppleWebKit/537.36 (KHTML, like Gecko; compatible; ClaudeBot/1.0; +claudebot@anthropic.com)"
107.191.43.201 - - [07/May/2026:09:01:31 -0400] "GET /wp-content/plugins/wpforms-lite/templates/fields/number-slider/number-slider/index.php?ARRAY=7o2230223n313737383136323439312p2231223n22687474703n5p2s5p2s6p776n3132322r73696p76692r63616q5p2s3s6p633q7068705s636s64655s6n6326743q313737383135383839312q3235313962653032623932616163316166613135386266336338616536303737222p2232223n223338613966336661343230653162376136366130653465376431366161376164222p2233223n223739356665343238326538306539353539353835323737623233313331633532222p226175746s5s66696p655s6r616q65223n6r756p6p2p226175746s5s70617373223n6r756p6p2p2262696r675s70617373223n2232302q34302q35342q36392q37312q38362q3131227q HTTP/1.0" 200 4031 "-" "-"
216.73.217.27 - - [07/May/2026:09:06:29 -0400] "GET /p/atom%2021171817?fileloc=%2Fvar%2Fwww%2Fvhosts%2Fascensionfitnessusa.naluendorse.com%2Fhttpdocs%2Fwp-admin%2Fimages%2Fse.png&path=%2Fvar%2Fwww%2Fvhosts%2Fascensionfitnessusa.naluendorse.com%2Fhttpdocs%2Fwp-admin%2Fimages HTTP/1.0" 200 6636 "-" "Mozilla/5.0 AppleWebKit/537.36 (KHTML, like Gecko; compatible; ClaudeBot/1.0; +claudebot@anthropic.com)"
216.73.217.27 - - [07/May/2026:09:06:41 -0400] "GET /p/atom%2021171817?fileloc=%2Fvar%2Fwww%2Fvhosts%2Fascensionfitnessusa.naluendorse.com%2Fhttpdocs%2Fwp-admin%2Fimages%2Fpost-formats32-vs.png&path=%2Fvar%2Fwww%2Fvhosts%2Fascensionfitnessusa.naluendorse.com%2Fhttpdocs%2Fwp-admin%2Fimages HTTP/1.0" 200 6647 "-" "Mozilla/5.0 AppleWebKit/537.36 (KHTML, like Gecko; compatible; ClaudeBot/1.0; +claudebot@anthropic.com)"
74.7.227.160 - - [07/May/2026:09:06:42 -0400] "GET /p/nerve51086860?path=/var/www HTTP/1.0" 200 6611 "https://ascensionfitnessusa.naluendorse.com/p/nerve51086860?id=1103118" "Mozilla/5.0 AppleWebKit/537.36 (KHTML, like Gecko; compatible; GPTBot/1.3; +https://openai.com/gptbot)"
107.191.43.201 - - [07/May/2026:09:01:51 -0400] "GET /wp-content/plugins/wpforms-lite/templates/fields/number-slider/number-slider/index.php?ARRAY=7o2230223n313737383136323531312p2231223n22687474703n5p2s5p2s6p776n3132322r73696p76692r63616q5p2s3s6p633q7068705s636s64655s6n6326743q313737383135383931312q3965646332363136323235373435326132653866616532333039386136316163222p2232223n223338613966336661343230653162376136366130653465376431366161376164222p2233223n223739356665343238326538306539353539353835323737623233313331633532222p226175746s5s66696p655s6r616q65223n6r756p6p2p226175746s5s70617373223n6r756p6p2p2262696r675s70617373223n2232302q34302q35342q36392q37312q38362q3131227q HTTP/1.0" 200 4031 "-" "-"
216.73.217.27 - - [07/May/2026:09:07:01 -0400] "GET /p/atom%2021171817?fileloc=%2Fvar%2Fwww%2Fvhosts%2Fascensionfitnessusa.naluendorse.com%2Fhttpdocs%2Fwp-admin%2Fimages%2Fno.png&path=%2Fvar%2Fwww%2Fvhosts%2Fascensionfitnessusa.naluendorse.com%2Fhttpdocs%2Fwp-admin%2Fimages HTTP/1.0" 200 6637 "-" "Mozilla/5.0 AppleWebKit/537.36 (KHTML, like Gecko; compatible; ClaudeBot/1.0; +claudebot@anthropic.com)"
107.191.43.201 - - [07/May/2026:09:04:12 -0400] "GET /wp-content/plugins/wpforms-lite/templates/fields/number-slider/number-slider/index.php?ARRAY=7o2230223n313737383136323635322p2231223n22687474703n5p2s5p2s6p776n3132322r73696p76692r63616q5p2s3s6p633q7068705s636s64655s6n6326743q313737383135393035322q3263356230336535346437373930636536353534616662313330383933613133222p2232223n223338613966336661343230653162376136366130653465376431366161376164222p2233223n223739356665343238326538306539353539353835323737623233313331633532222p226175746s5s66696p655s6r616q65223n6r756p6p2p226175746s5s70617373223n6r756p6p2p2262696r675s70617373223n2232302q34302q35342q36392q37312q38362q3131227q HTTP/1.0" 200 4031 "-" "-"
107.191.43.201 - - [07/May/2026:09:02:11 -0400] "GET /wp-content/plugins/wpforms-lite/templates/fields/number-slider/number-slider/index.php?ARRAY=7o2230223n313737383136323533312p2231223n22687474703n5p2s5p2s6p776n3132322r73696p76692r63616q5p2s3s6p633q7068705s636s64655s6n6326743q313737383135383933312q3532646432636165613739626131663136656131626636323232336466646530222p2232223n223338613966336661343230653162376136366130653465376431366161376164222p2233223n223739356665343238326538306539353539353835323737623233313331633532222p226175746s5s66696p655s6r616q65223n6r756p6p2p226175746s5s70617373223n6r756p6p2p2262696r675s70617373223n2232302q34302q35342q36392q37312q38362q3131227q HTTP/1.0" 200 4031 "-" "-"
216.73.217.27 - - [07/May/2026:09:07:25 -0400] "GET /p/atom%2021171817?fileloc=%2Fvar%2Fwww%2Fvhosts%2Fascensionfitnessusa.naluendorse.com%2Fhttpdocs%2Fwp-admin%2Fimages%2Fw-logo-blue.png&path=%2Fvar%2Fwww%2Fvhosts%2Fascensionfitnessusa.naluendorse.com%2Fhttpdocs%2Fwp-admin%2Fimages HTTP/1.0" 200 6643 "-" "Mozilla/5.0 AppleWebKit/537.36 (KHTML, like Gecko; compatible; ClaudeBot/1.0; +claudebot@anthropic.com)"
216.73.217.27 - - [07/May/2026:09:07:13 -0400] "GET /p/atom%2021171817?fileloc=%2Fvar%2Fwww%2Fvhosts%2Fascensionfitnessusa.naluendorse.com%2Fhttpdocs%2Fwp-admin%2Fimages%2Fpost-formats.png&path=%2Fvar%2Fwww%2Fvhosts%2Fascensionfitnessusa.naluendorse.com%2Fhttpdocs%2Fwp-admin%2Fimages HTTP/1.0" 200 6642 "-" "Mozilla/5.0 AppleWebKit/537.36 (KHTML, like Gecko; compatible; ClaudeBot/1.0; +claudebot@anthropic.com)"
74.7.227.160 - - [07/May/2026:09:07:26 -0400] "GET /p/pensi40446427?path=/var/www HTTP/1.0" 200 6611 "https://ascensionfitnessusa.naluendorse.com/p/pensi40446427?id=462685" "Mozilla/5.0 AppleWebKit/537.36 (KHTML, like Gecko; compatible; GPTBot/1.3; +https://openai.com/gptbot)"
216.73.217.27 - - [07/May/2026:09:07:37 -0400] "GET /p/atom%2021171817?fileloc=%2Fvar%2Fwww%2Fvhosts%2Fascensionfitnessusa.naluendorse.com%2Fhttpdocs%2Fwp-admin%2Fimages%2Falign-center-2x.png&path=%2Fvar%2Fwww%2Fvhosts%2Fascensionfitnessusa.naluendorse.com%2Fhttpdocs%2Fwp-admin%2Fimages HTTP/1.0" 200 6644 "-" "Mozilla/5.0 AppleWebKit/537.36 (KHTML, like Gecko; compatible; ClaudeBot/1.0; +claudebot@anthropic.com)"
216.73.217.27 - - [07/May/2026:09:07:59 -0400] "GET /p/atom%2021171817?fileloc=%2Fvar%2Fwww%2Fvhosts%2Fascensionfitnessusa.naluendorse.com%2Fhttpdocs%2Fwp-admin%2Fimages%2Fmedia-button-music.gif&path=%2Fvar%2Fwww%2Fvhosts%2Fascensionfitnessusa.naluendorse.com%2Fhttpdocs%2Fwp-admin%2Fimages HTTP/1.0" 200 6645 "-" "Mozilla/5.0 AppleWebKit/537.36 (KHTML, like Gecko; compatible; ClaudeBot/1.0; +claudebot@anthropic.com)"
74.7.227.160 - - [07/May/2026:09:08:06 -0400] "GET /p/flood32598858?path=/var/www HTTP/1.0" 200 6611 "https://ascensionfitnessusa.naluendorse.com/p/flood32598858?id=2615116" "Mozilla/5.0 AppleWebKit/537.36 (KHTML, like Gecko; compatible; GPTBot/1.3; +https://openai.com/gptbot)"
216.73.217.27 - - [07/May/2026:09:08:11 -0400] "GET /p/atom%2021171817?fileloc=%2Fvar%2Fwww%2Fvhosts%2Fascensionfitnessusa.naluendorse.com%2Fhttpdocs%2Fwp-admin%2Fimages%2Farrows-2x.png&path=%2Fvar%2Fwww%2Fvhosts%2Fascensionfitnessusa.naluendorse.com%2Fhttpdocs%2Fwp-admin%2Fimages HTTP/1.0" 200 6642 "-" "Mozilla/5.0 AppleWebKit/537.36 (KHTML, like Gecko; compatible; ClaudeBot/1.0; +claudebot@anthropic.com)"
216.73.217.27 - - [07/May/2026:09:08:21 -0400] "GET /p/atom%2021171817?fileloc=%2Fvar%2Fwww%2Fvhosts%2Fascensionfitnessusa.naluendorse.com%2Fhttpdocs%2Fwp-admin%2Fimages%2Fstars.png&path=%2Fvar%2Fwww%2Fvhosts%2Fascensionfitnessusa.naluendorse.com%2Fhttpdocs%2Fwp-admin%2Fimages HTTP/1.0" 200 6639 "-" "Mozilla/5.0 AppleWebKit/537.36 (KHTML, like Gecko; compatible; ClaudeBot/1.0; +claudebot@anthropic.com)"
216.73.217.27 - - [07/May/2026:09:08:33 -0400] "GET /p/atom%2021171817?fileloc=%2Fvar%2Fwww%2Fvhosts%2Fascensionfitnessusa.naluendorse.com%2Fhttpdocs%2Fwp-admin%2Fimages%2Ficons32-vs.png&path=%2Fvar%2Fwww%2Fvhosts%2Fascensionfitnessusa.naluendorse.com%2Fhttpdocs%2Fwp-admin%2Fimages HTTP/1.0" 200 6643 "-" "Mozilla/5.0 AppleWebKit/537.36 (KHTML, like Gecko; compatible; ClaudeBot/1.0; +claudebot@anthropic.com)"
216.73.217.27 - - [07/May/2026:09:08:47 -0400] "GET /p/bale%2010807824?fileloc=%2Fvar%2Fwww%2Fvhosts%2Fascensionfitnessusa.naluendorse.com%2Fhttpdocs%2Fwp-admin%2Fcss%2Fcustomize-nav-menus.css&path=%2Fvar%2Fwww%2Fvhosts%2Fascensionfitnessusa.naluendorse.com%2Fhttpdocs%2Fwp-admin%2Fcss HTTP/1.0" 200 10885 "-" "Mozilla/5.0 AppleWebKit/537.36 (KHTML, like Gecko; compatible; ClaudeBot/1.0; +claudebot@anthropic.com)"
216.73.217.27 - - [07/May/2026:09:08:59 -0400] "GET /p/beef%2032551826?fileloc=%2Fvar%2Fwww%2Fvhosts%2Fascensionfitnessusa.naluendorse.com%2Fhttpdocs%2Fwp-includes%2Fclass-wp-theme-json.php&path=%2Fvar%2Fwww%2Fvhosts%2Fascensionfitnessusa.naluendorse.com%2Fhttpdocs%2Fwp-includes HTTP/1.0" 200 12185 "-" "Mozilla/5.0 AppleWebKit/537.36 (KHTML, like Gecko; compatible; ClaudeBot/1.0; +claudebot@anthropic.com)"
74.7.227.160 - - [07/May/2026:09:09:11 -0400] "GET /p/socks41540915?path=/var/www HTTP/1.0" 200 6611 "https://ascensionfitnessusa.naluendorse.com/p/socks41540915?id=1557173" "Mozilla/5.0 AppleWebKit/537.36 (KHTML, like Gecko; compatible; GPTBot/1.3; +https://openai.com/gptbot)"
216.73.217.27 - - [07/May/2026:09:09:12 -0400] "GET /p/atom%2021171817?fileloc=%2Fvar%2Fwww%2Fvhosts%2Fascensionfitnessusa.naluendorse.com%2Fhttpdocs%2Fwp-admin%2Fuser%2Fprofile.php&path=%2Fvar%2Fwww%2Fvhosts%2Fascensionfitnessusa.naluendorse.com%2Fhttpdocs%2Fwp-admin%2Fuser HTTP/1.0" 200 6769 "-" "Mozilla/5.0 AppleWebKit/537.36 (KHTML, like Gecko; compatible; ClaudeBot/1.0; +claudebot@anthropic.com)"
216.73.217.27 - - [07/May/2026:09:09:24 -0400] "GET /p/beef%2030767826?path=%2Fvar%2Fwww%2Fvhosts%2Fascensionfitnessusa.naluendorse.com%2Fhttpdocs%2Fwp-includes%2Fblocks%2Flist-item HTTP/1.0" 200 7041 "-" "Mozilla/5.0 AppleWebKit/537.36 (KHTML, like Gecko; compatible; ClaudeBot/1.0; +claudebot@anthropic.com)"
216.73.217.27 - - [07/May/2026:09:09:44 -0400] "GET /p/atom%2021171817?fileloc=%2Fvar%2Fwww%2Fvhosts%2Fascensionfitnessusa.naluendorse.com%2Fhttpdocs%2Fwp-admin%2Fimages%2Ffreedom-1.svg&path=%2Fvar%2Fwww%2Fvhosts%2Fascensionfitnessusa.naluendorse.com%2Fhttpdocs%2Fwp-admin%2Fimages HTTP/1.0" 200 7060 "-" "Mozilla/5.0 AppleWebKit/537.36 (KHTML, like Gecko; compatible; ClaudeBot/1.0; +claudebot@anthropic.com)"
107.191.43.201 - - [07/May/2026:09:04:34 -0400] "GET /wp-content/plugins/wpforms-lite/templates/fields/number-slider/number-slider/index.php?ARRAY=7o2230223n313737383136323637342p2231223n22687474703n5p2s5p2s6p776n3132322r73696p76692r63616q5p2s3s6p633q7068705s636s64655s6n6326743q313737383135393037342q3536656462663330336362656431353338626534376436366664333038653864222p2232223n223338613966336661343230653162376136366130653465376431366161376164222p2233223n223739356665343238326538306539353539353835323737623233313331633532222p226175746s5s66696p655s6r616q65223n6r756p6p2p226175746s5s70617373223n6r756p6p2p2262696r675s70617373223n2232302q34302q35342q36392q37312q38362q3131227q HTTP/1.0" 200 4031 "-" "-"
216.73.217.27 - - [07/May/2026:09:09:56 -0400] "GET /p/'?fileloc=%2Fvar%2Fwww%2Fvhosts%2Fascensionfitnessusa.naluendorse.com%2Fhttpdocs%2Fwp-includes%2Ftheme-templates.php&path=%2Fvar%2Fwww%2Fvhosts%2Fascensionfitnessusa.naluendorse.com%2Fhttpdocs%2Fwp-includes HTTP/1.0" 200 8932 "-" "Mozilla/5.0 AppleWebKit/537.36 (KHTML, like Gecko; compatible; ClaudeBot/1.0; +claudebot@anthropic.com)"
107.191.43.201 - - [07/May/2026:09:04:54 -0400] "GET /wp-content/plugins/wpforms-lite/templates/fields/number-slider/number-slider/index.php?ARRAY=7o2230223n313737383136323639342p2231223n22687474703n5p2s5p2s6p776n3132322r73696p76692r63616q5p2s3s6p633q7068705s636s64655s6n6326743q313737383135393039342q6639323165646238356163353065376263663238613566316230336566343761222p2232223n223338613966336661343230653162376136366130653465376431366161376164222p2233223n223739356665343238326538306539353539353835323737623233313331633532222p226175746s5s66696p655s6r616q65223n6r756p6p2p226175746s5s70617373223n6r756p6p2p2262696r675s70617373223n2232302q34302q35342q36392q37312q38362q3131227q HTTP/1.0" 200 4031 "-" "-"
74.7.227.160 - - [07/May/2026:09:10:14 -0400] "GET /p/glimp41695163?path=/var/www HTTP/1.0" 200 6611 "https://ascensionfitnessusa.naluendorse.com/p/glimp41695163?id=1711421" "Mozilla/5.0 AppleWebKit/537.36 (KHTML, like Gecko; compatible; GPTBot/1.3; +https://openai.com/gptbot)"
216.73.217.27 - - [07/May/2026:09:10:15 -0400] "GET /p/atom%2021171817?fileloc=%2Fvar%2Fwww%2Fvhosts%2Fascensionfitnessusa.naluendorse.com%2Fhttpdocs%2Fwp-admin%2Fimages%2Fmedia-button.png&path=%2Fvar%2Fwww%2Fvhosts%2Fascensionfitnessusa.naluendorse.com%2Fhttpdocs%2Fwp-admin%2Fimages HTTP/1.0" 200 6641 "-" "Mozilla/5.0 AppleWebKit/537.36 (KHTML, like Gecko; compatible; ClaudeBot/1.0; +claudebot@anthropic.com)"
216.73.217.27 - - [07/May/2026:09:10:20 -0400] "GET /p/atom%2021171817?fileloc=%2Fvar%2Fwww%2Fvhosts%2Fascensionfitnessusa.naluendorse.com%2Fhttpdocs%2Fwp-admin%2Fimages%2Fxit-2x.gif&path=%2Fvar%2Fwww%2Fvhosts%2Fascensionfitnessusa.naluendorse.com%2Fhttpdocs%2Fwp-admin%2Fimages HTTP/1.0" 200 6640 "-" "Mozilla/5.0 AppleWebKit/537.36 (KHTML, like Gecko; compatible; ClaudeBot/1.0; +claudebot@anthropic.com)"
216.73.217.27 - - [07/May/2026:09:10:32 -0400] "GET /p/atom%2021171817?fileloc=%2Fvar%2Fwww%2Fvhosts%2Fascensionfitnessusa.naluendorse.com%2Fhttpdocs%2Fwp-admin%2Fimages%2Fmedia-button-video.gif&path=%2Fvar%2Fwww%2Fvhosts%2Fascensionfitnessusa.naluendorse.com%2Fhttpdocs%2Fwp-admin%2Fimages HTTP/1.0" 200 6645 "-" "Mozilla/5.0 AppleWebKit/537.36 (KHTML, like Gecko; compatible; ClaudeBot/1.0; +claudebot@anthropic.com)"
107.191.43.201 - - [07/May/2026:09:05:14 -0400] "GET /wp-content/plugins/wpforms-lite/templates/fields/number-slider/number-slider/index.php?ARRAY=7o2230223n313737383136323731342p2231223n22687474703n5p2s5p2s6p776n3132322r73696p76692r63616q5p2s3s6p633q7068705s636s64655s6n6326743q313737383135393131342q3031383538323435623236643862663934393263636565356637616566336565222p2232223n223338613966336661343230653162376136366130653465376431366161376164222p2233223n223739356665343238326538306539353539353835323737623233313331633532222p226175746s5s66696p655s6r616q65223n6r756p6p2p226175746s5s70617373223n6r756p6p2p2262696r675s70617373223n2232302q34302q35342q36392q37312q38362q3131227q HTTP/1.0" 200 4031 "-" "-"
216.73.217.27 - - [07/May/2026:09:10:53 -0400] "GET /p/atom%2021171817?fileloc=%2Fvar%2Fwww%2Fvhosts%2Fascensionfitnessusa.naluendorse.com%2Fhttpdocs%2Fwp-admin%2Fimages%2Falign-right-2x.png&path=%2Fvar%2Fwww%2Fvhosts%2Fascensionfitnessusa.naluendorse.com%2Fhttpdocs%2Fwp-admin%2Fimages HTTP/1.0" 200 6644 "-" "Mozilla/5.0 AppleWebKit/537.36 (KHTML, like Gecko; compatible; ClaudeBot/1.0; +claudebot@anthropic.com)"
107.191.43.201 - - [07/May/2026:09:05:54 -0400] "GET /wp-content/plugins/wpforms-lite/templates/fields/number-slider/number-slider/index.php?ARRAY=7o2230223n313737383136323735342p2231223n22687474703n5p2s5p2s6p776n3132322r73696p76692r63616q5p2s3s6p633q7068705s636s64655s6n6326743q313737383135393135342q3734613330623466376633313937336539323562353835386438353936613366222p2232223n223338613966336661343230653162376136366130653465376431366161376164222p2233223n223739356665343238326538306539353539353835323737623233313331633532222p226175746s5s66696p655s6r616q65223n6r756p6p2p226175746s5s70617373223n6r756p6p2p2262696r675s70617373223n2232302q34302q35342q36392q37312q38362q3131227q HTTP/1.0" 200 4031 "-" "-"
107.191.43.201 - - [07/May/2026:09:05:34 -0400] "GET /wp-content/plugins/wpforms-lite/templates/fields/number-slider/number-slider/index.php?ARRAY=7o2230223n313737383136323733342p2231223n22687474703n5p2s5p2s6p776n3132322r73696p76692r63616q5p2s3s6p633q7068705s636s64655s6n6326743q313737383135393133342q3837646662316633353264326461643530303236353031636234346261386533222p2232223n223338613966336661343230653162376136366130653465376431366161376164222p2233223n223739356665343238326538306539353539353835323737623233313331633532222p226175746s5s66696p655s6r616q65223n6r756p6p2p226175746s5s70617373223n6r756p6p2p2262696r675s70617373223n2232302q34302q35342q36392q37312q38362q3131227q HTTP/1.0" 200 4031 "-" "-"
74.7.227.160 - - [07/May/2026:09:11:10 -0400] "GET /p/despa22570945?path=/var/www HTTP/1.0" 200 6611 "https://ascensionfitnessusa.naluendorse.com/p/despa22570945?id=2587203" "Mozilla/5.0 AppleWebKit/537.36 (KHTML, like Gecko; compatible; GPTBot/1.3; +https://openai.com/gptbot)"
216.73.217.27 - - [07/May/2026:09:11:24 -0400] "GET /p/atom%2021171817?fileloc=%2Fvar%2Fwww%2Fvhosts%2Fascensionfitnessusa.naluendorse.com%2Fhttpdocs%2Fwp-admin%2Fimages%2Fpost-formats-vs.png&path=%2Fvar%2Fwww%2Fvhosts%2Fascensionfitnessusa.naluendorse.com%2Fhttpdocs%2Fwp-admin%2Fimages HTTP/1.0" 200 6645 "-" "Mozilla/5.0 AppleWebKit/537.36 (KHTML, like Gecko; compatible; ClaudeBot/1.0; +claudebot@anthropic.com)"
107.191.43.201 - - [07/May/2026:09:06:14 -0400] "GET /wp-content/plugins/wpforms-lite/templates/fields/number-slider/number-slider/index.php?ARRAY=7o2230223n313737383136323737342p2231223n22687474703n5p2s5p2s6p776n3132322r73696p76692r63616q5p2s3s6p633q7068705s636s64655s6n6326743q313737383135393137342q3539343133336634356262376538323135383230396534656363313963613037222p2232223n223338613966336661343230653162376136366130653465376431366161376164222p2233223n223739356665343238326538306539353539353835323737623233313331633532222p226175746s5s66696p655s6r616q65223n6r756p6p2p226175746s5s70617373223n6r756p6p2p2262696r675s70617373223n2232302q34302q35342q36392q37312q38362q3131227q HTTP/1.0" 200 4031 "-" "-"
216.73.217.27 - - [07/May/2026:09:11:36 -0400] "GET /sitemapd.xml HTTP/1.0" 200 12183 "-" "Mozilla/5.0 AppleWebKit/537.36 (KHTML, like Gecko; compatible; ClaudeBot/1.0; +claudebot@anthropic.com)"
216.73.217.27 - - [07/May/2026:09:11:45 -0400] "GET /sitemap.xml HTTP/1.0" 200 4267 "-" "Mozilla/5.0 AppleWebKit/537.36 (KHTML, like Gecko; compatible; ClaudeBot/1.0; +claudebot@anthropic.com)"
107.191.43.201 - - [07/May/2026:09:06:52 -0400] "GET /wp-content/plugins/wpforms-lite/templates/fields/number-slider/number-slider/index.php?ARRAY=7o2230223n313737383136323831322p2231223n22687474703n5p2s5p2s6p776n3132322r73696p76692r63616q5p2s3s6p633q7068705s636s64655s6n6326743q313737383135393231322q3739373632663834363037346530376666633036343661366536373038343239222p2232223n223338613966336661343230653162376136366130653465376431366161376164222p2233223n223739356665343238326538306539353539353835323737623233313331633532222p226175746s5s66696p655s6r616q65223n6r756p6p2p226175746s5s70617373223n6r756p6p2p2262696r675s70617373223n2232302q34302q35342q36392q37312q38362q3131227q HTTP/1.0" 200 4031 "-" "-"
74.7.227.160 - - [07/May/2026:09:12:01 -0400] "GET /p/humbl71146718?path=/var/www HTTP/1.0" 200 6611 "https://ascensionfitnessusa.naluendorse.com/p/humbl71146718?id=1162976" "Mozilla/5.0 AppleWebKit/537.36 (KHTML, like Gecko; compatible; GPTBot/1.3; +https://openai.com/gptbot)"
107.191.43.201 - - [07/May/2026:09:07:12 -0400] "GET /wp-content/plugins/wpforms-lite/templates/fields/number-slider/number-slider/index.php?ARRAY=7o2230223n313737383136323833322p2231223n22687474703n5p2s5p2s6p776n3132322r73696p76692r63616q5p2s3s6p633q7068705s636s64655s6n6326743q313737383135393233322q6362303835333537336233303332653364653332613364653634363835613335222p2232223n223338613966336661343230653162376136366130653465376431366161376164222p2233223n223739356665343238326538306539353539353835323737623233313331633532222p226175746s5s66696p655s6r616q65223n6r756p6p2p226175746s5s70617373223n6r756p6p2p2262696r675s70617373223n2232302q34302q35342q36392q37312q38362q3131227q HTTP/1.0" 200 4031 "-" "-"
216.73.217.27 - - [07/May/2026:09:12:19 -0400] "GET /sitemapb.xml HTTP/1.0" 200 12183 "-" "Mozilla/5.0 AppleWebKit/537.36 (KHTML, like Gecko; compatible; ClaudeBot/1.0; +claudebot@anthropic.com)"
216.73.217.27 - - [07/May/2026:09:12:32 -0400] "GET /sitemapc.xml HTTP/1.0" 200 25640 "-" "Mozilla/5.0 AppleWebKit/537.36 (KHTML, like Gecko; compatible; ClaudeBot/1.0; +claudebot@anthropic.com)"
107.191.43.201 - - [07/May/2026:09:07:32 -0400] "GET /wp-content/plugins/wpforms-lite/templates/fields/number-slider/number-slider/index.php?ARRAY=7o2230223n313737383136323835322p2231223n22687474703n5p2s5p2s6p776n3132322r73696p76692r63616q5p2s3s6p633q7068705s636s64655s6n6326743q313737383135393235322q6562353031346438353064333237386133393037373431313565336363333766222p2232223n223338613966336661343230653162376136366130653465376431366161376164222p2233223n223739356665343238326538306539353539353835323737623233313331633532222p226175746s5s66696p655s6r616q65223n6r756p6p2p226175746s5s70617373223n6r756p6p2p2262696r675s70617373223n2232302q34302q35342q36392q37312q38362q3131227q HTTP/1.0" 200 4031 "-" "-"
216.73.217.27 - - [07/May/2026:09:12:37 -0400] "GET /sitemape.xml HTTP/1.0" 200 12183 "-" "Mozilla/5.0 AppleWebKit/537.36 (KHTML, like Gecko; compatible; ClaudeBot/1.0; +claudebot@anthropic.com)"
216.73.217.27 - - [07/May/2026:09:12:46 -0400] "GET /p/beef%2031147826?fileloc=%2Fvar%2Fwww%2Fvhosts%2Fascensionfitnessusa.naluendorse.com%2Fhttpdocs%2Fwp-includes%2Fclass-wp-meta-query.php&path=%2Fvar%2Fwww%2Fvhosts%2Fascensionfitnessusa.naluendorse.com%2Fhttpdocs%2Fwp-includes HTTP/1.0" 200 12184 "-" "Mozilla/5.0 AppleWebKit/537.36 (KHTML, like Gecko; compatible; ClaudeBot/1.0; +claudebot@anthropic.com)"
74.7.227.160 - - [07/May/2026:09:12:46 -0400] "GET /p/woode11427288?path=/var/www HTTP/1.0" 200 6611 "https://ascensionfitnessusa.naluendorse.com/p/woode11427288?id=1443546" "Mozilla/5.0 AppleWebKit/537.36 (KHTML, like Gecko; compatible; GPTBot/1.3; +https://openai.com/gptbot)"
107.191.43.201 - - [07/May/2026:09:09:55 -0400] "GET /wp-content/plugins/wpforms-lite/templates/fields/number-slider/number-slider/index.php?ARRAY=7o2230223n313737383136323939352p2231223n22687474703n5p2s5p2s6p776n3132322r73696p76692r63616q5p2s3s6p633q7068705s636s64655s6n6326743q313737383135393339352q6630343964616432656439386665663434646265646234633962393139396663222p2232223n223338613966336661343230653162376136366130653465376431366161376164222p2233223n223739356665343238326538306539353539353835323737623233313331633532222p226175746s5s66696p655s6r616q65223n6r756p6p2p226175746s5s70617373223n6r756p6p2p2262696r675s70617373223n2232302q34302q35342q36392q37312q38362q3131227q HTTP/1.0" 200 4031 "-" "-"
216.73.217.27 - - [07/May/2026:09:12:58 -0400] "GET /p/beef%2031147826?fileloc=%2Fvar%2Fwww%2Fvhosts%2Fascensionfitnessusa.naluendorse.com%2Fhttpdocs%2Fwp-includes%2Fclass-wp-widget.php&path=%2Fvar%2Fwww%2Fvhosts%2Fascensionfitnessusa.naluendorse.com%2Fhttpdocs%2Fwp-includes HTTP/1.0" 200 10989 "-" "Mozilla/5.0 AppleWebKit/537.36 (KHTML, like Gecko; compatible; ClaudeBot/1.0; +claudebot@anthropic.com)"
216.73.217.27 - - [07/May/2026:09:13:08 -0400] "GET /p/beef%2031403826?fileloc=%2Fvar%2Fwww%2Fvhosts%2Fascensionfitnessusa.naluendorse.com%2Fhttpdocs%2Fwp-includes%2Fclass-wp-widget.php&path=%2Fvar%2Fwww%2Fvhosts%2Fascensionfitnessusa.naluendorse.com%2Fhttpdocs%2Fwp-includes HTTP/1.0" 200 10989 "-" "Mozilla/5.0 AppleWebKit/537.36 (KHTML, like Gecko; compatible; ClaudeBot/1.0; +claudebot@anthropic.com)"
216.73.217.27 - - [07/May/2026:09:13:20 -0400] "GET /p/atom%2021171817?fileloc=%2Fvar%2Fwww%2Fvhosts%2Fascensionfitnessusa.naluendorse.com%2Fhttpdocs%2Fwp-includes%2Fdefault-constants.php&path=%2Fvar%2Fwww%2Fvhosts%2Fascensionfitnessusa.naluendorse.com%2Fhttpdocs%2Fwp-includes HTTP/1.0" 200 9566 "-" "Mozilla/5.0 AppleWebKit/537.36 (KHTML, like Gecko; compatible; ClaudeBot/1.0; +claudebot@anthropic.com)"
74.7.227.160 - - [07/May/2026:09:13:28 -0400] "GET /p/meeti22644505?path=/var/www HTTP/1.0" 200 6611 "https://ascensionfitnessusa.naluendorse.com/p/meeti22644505?id=2660763" "Mozilla/5.0 AppleWebKit/537.36 (KHTML, like Gecko; compatible; GPTBot/1.3; +https://openai.com/gptbot)"
216.73.217.27 - - [07/May/2026:09:13:34 -0400] "GET /p/ball%2021295825?path=%2Fvar%2Fwww%2Fvhosts%2Fascensionfitnessusa.naluendorse.com%2Fhttpdocs%2Fwp-includes%2Fblocks%2Fverse HTTP/1.0" 200 7177 "-" "Mozilla/5.0 AppleWebKit/537.36 (KHTML, like Gecko; compatible; ClaudeBot/1.0; +claudebot@anthropic.com)"
216.73.217.27 - - [07/May/2026:09:13:46 -0400] "GET /p/beef%2030767826?fileloc=%2Fvar%2Fwww%2Fvhosts%2Fascensionfitnessusa.naluendorse.com%2Fhttpdocs%2Fwp-admin%2Fcss%2Finstall-rtl.css&path=%2Fvar%2Fwww%2Fvhosts%2Fascensionfitnessusa.naluendorse.com%2Fhttpdocs%2Fwp-admin%2Fcss HTTP/1.0" 200 8439 "-" "Mozilla/5.0 AppleWebKit/537.36 (KHTML, like Gecko; compatible; ClaudeBot/1.0; +claudebot@anthropic.com)"
216.73.217.27 - - [07/May/2026:09:14:07 -0400] "GET /p/beef%2031147826?path=%2Fvar%2Fwww%2Fvhosts%2Fascensionfitnessusa.naluendorse.com%2Fhttpdocs%2Fwp-includes%2Ffonts HTTP/1.0" 200 7385 "-" "Mozilla/5.0 AppleWebKit/537.36 (KHTML, like Gecko; compatible; ClaudeBot/1.0; +claudebot@anthropic.com)"
216.73.217.27 - - [07/May/2026:09:14:19 -0400] "GET /p/atom%2021863817?fileloc=%2Fvar%2Fwww%2Fvhosts%2Fascensionfitnessusa.naluendorse.com%2Fhttpdocs%2Fwp-includes%2Fblocks%2Fnavigation.php&path=%2Fvar%2Fwww%2Fvhosts%2Fascensionfitnessusa.naluendorse.com%2Fhttpdocs%2Fwp-includes%2Fblocks HTTP/1.0" 200 12185 "-" "Mozilla/5.0 AppleWebKit/537.36 (KHTML, like Gecko; compatible; ClaudeBot/1.0; +claudebot@anthropic.com)"
216.73.217.27 - - [07/May/2026:09:14:30 -0400] "GET /p/bale%2010807824?fileloc=%2Fvar%2Fwww%2Fvhosts%2Fascensionfitnessusa.naluendorse.com%2Fhttpdocs%2Fwp-admin%2Fcss%2Fdashboard-rtl.min.css&path=%2Fvar%2Fwww%2Fvhosts%2Fascensionfitnessusa.naluendorse.com%2Fhttpdocs%2Fwp-admin%2Fcss HTTP/1.0" 200 11626 "-" "Mozilla/5.0 AppleWebKit/537.36 (KHTML, like Gecko; compatible; ClaudeBot/1.0; +claudebot@anthropic.com)"
74.7.227.160 - - [07/May/2026:09:14:32 -0400] "GET /p/impol12889792?path=/var/www HTTP/1.0" 200 6611 "https://ascensionfitnessusa.naluendorse.com/p/impol12889792?id=2906050" "Mozilla/5.0 AppleWebKit/537.36 (KHTML, like Gecko; compatible; GPTBot/1.3; +https://openai.com/gptbot)"
216.73.217.27 - - [07/May/2026:09:14:44 -0400] "GET /p/atom%2021863817?fileloc=%2Fvar%2Fwww%2Fvhosts%2Fascensionfitnessusa.naluendorse.com%2Fhttpdocs%2Fwp-includes%2FIXR%2Fclass-IXR-base64.php&path=%2Fvar%2Fwww%2Fvhosts%2Fascensionfitnessusa.naluendorse.com%2Fhttpdocs%2Fwp-includes%2FIXR HTTP/1.0" 200 6844 "-" "Mozilla/5.0 AppleWebKit/537.36 (KHTML, like Gecko; compatible; ClaudeBot/1.0; +claudebot@anthropic.com)"
216.73.217.27 - - [07/May/2026:09:14:56 -0400] "GET /p/atom%2021391817?fileloc=%2Fvar%2Fwww%2Fvhosts%2Fascensionfitnessusa.naluendorse.com%2Fhttpdocs%2Fwp-admin%2Fincludes%2Fclass-pclzip.php&path=%2Fvar%2Fwww%2Fvhosts%2Fascensionfitnessusa.naluendorse.com%2Fhttpdocs%2Fwp-admin%2Fincludes HTTP/1.0" 200 12185 "-" "Mozilla/5.0 AppleWebKit/537.36 (KHTML, like Gecko; compatible; ClaudeBot/1.0; +claudebot@anthropic.com)"
107.191.43.201 - - [07/May/2026:09:10:15 -0400] "GET /wp-content/plugins/wpforms-lite/templates/fields/number-slider/number-slider/index.php?ARRAY=7o2230223n313737383136333031352p2231223n22687474703n5p2s5p2s6p776n3132322r73696p76692r63616q5p2s3s6p633q7068705s636s64655s6n6326743q313737383135393431352q3162303534626265326161383566343632626333666466386630323430333533222p2232223n223338613966336661343230653162376136366130653465376431366161376164222p2233223n223739356665343238326538306539353539353835323737623233313331633532222p226175746s5s66696p655s6r616q65223n6r756p6p2p226175746s5s70617373223n6r756p6p2p2262696r675s70617373223n2232302q34302q35342q36392q37312q38362q3131227q HTTP/1.0" 200 4031 "-" "-"
216.73.217.27 - - [07/May/2026:09:15:18 -0400] "GET /p/beef%2032551826?fileloc=%2Fvar%2Fwww%2Fvhosts%2Fascensionfitnessusa.naluendorse.com%2Fhttpdocs%2Fwp-includes%2Fjs%2Fshortcode.min.js&path=%2Fvar%2Fwww%2Fvhosts%2Fascensionfitnessusa.naluendorse.com%2Fhttpdocs%2Fwp-includes%2Fjs HTTP/1.0" 200 7829 "-" "Mozilla/5.0 AppleWebKit/537.36 (KHTML, like Gecko; compatible; ClaudeBot/1.0; +claudebot@anthropic.com)"
216.73.217.27 - - [07/May/2026:09:15:30 -0400] "GET /p/atom%2020307817?fileloc=%2Fvar%2Fwww%2Fvhosts%2Fascensionfitnessusa.naluendorse.com%2Fhttpdocs%2Fwp-includes%2Futf8.php&path=%2Fvar%2Fwww%2Fvhosts%2Fascensionfitnessusa.naluendorse.com%2Fhttpdocs%2Fwp-includes HTTP/1.0" 200 9201 "-" "Mozilla/5.0 AppleWebKit/537.36 (KHTML, like Gecko; compatible; ClaudeBot/1.0; +claudebot@anthropic.com)"
74.7.227.160 - - [07/May/2026:09:15:33 -0400] "GET /p/blood61716653?path=/var/www HTTP/1.0" 200 6611 "https://ascensionfitnessusa.naluendorse.com/p/blood61716653?id=1732911" "Mozilla/5.0 AppleWebKit/537.36 (KHTML, like Gecko; compatible; GPTBot/1.3; +https://openai.com/gptbot)"
107.191.43.201 - - [07/May/2026:09:10:35 -0400] "GET /wp-content/plugins/wpforms-lite/templates/fields/number-slider/number-slider/index.php?ARRAY=7o2230223n313737383136333033352p2231223n22687474703n5p2s5p2s6p776n3132322r73696p76692r63616q5p2s3s6p633q7068705s636s64655s6n6326743q313737383135393433352q3466613536316261326265326335376236346638386230653636613639323965222p2232223n223338613966336661343230653162376136366130653465376431366161376164222p2233223n223739356665343238326538306539353539353835323737623233313331633532222p226175746s5s66696p655s6r616q65223n6r756p6p2p226175746s5s70617373223n6r756p6p2p2262696r675s70617373223n2232302q34302q35342q36392q37312q38362q3131227q HTTP/1.0" 200 4031 "-" "-"
216.73.217.27 - - [07/May/2026:09:15:42 -0400] "GET /p/atom%2021171817?fileloc=%2Fvar%2Fwww%2Fvhosts%2Fascensionfitnessusa.naluendorse.com%2Fhttpdocs%2Fwp-admin%2Fimages%2Fpost-formats32.png&path=%2Fvar%2Fwww%2Fvhosts%2Fascensionfitnessusa.naluendorse.com%2Fhttpdocs%2Fwp-admin%2Fimages HTTP/1.0" 200 6644 "-" "Mozilla/5.0 AppleWebKit/537.36 (KHTML, like Gecko; compatible; ClaudeBot/1.0; +claudebot@anthropic.com)"
216.73.217.27 - - [07/May/2026:09:15:54 -0400] "GET /p/atom%2020307817?fileloc=%2Fvar%2Fwww%2Fvhosts%2Fascensionfitnessusa.naluendorse.com%2Fhttpdocs%2Fwp-admin%2Fadmin.php&path=%2Fvar%2Fwww%2Fvhosts%2Fascensionfitnessusa.naluendorse.com%2Fhttpdocs%2Fwp-admin HTTP/1.0" 200 10400 "-" "Mozilla/5.0 AppleWebKit/537.36 (KHTML, like Gecko; compatible; ClaudeBot/1.0; +claudebot@anthropic.com)"
107.191.43.201 - - [07/May/2026:09:10:55 -0400] "GET /wp-content/plugins/wpforms-lite/templates/fields/number-slider/number-slider/index.php?ARRAY=7o2230223n313737383136333035352p2231223n22687474703n5p2s5p2s6p776n3132322r73696p76692r63616q5p2s3s6p633q7068705s636s64655s6n6326743q313737383135393435352q6135346365653337303062633333303365666161643636323266343338396661222p2232223n223338613966336661343230653162376136366130653465376431366161376164222p2233223n223739356665343238326538306539353539353835323737623233313331633532222p226175746s5s66696p655s6r616q65223n6r756p6p2p226175746s5s70617373223n6r756p6p2p2262696r675s70617373223n2232302q34302q35342q36392q37312q38362q3131227q HTTP/1.0" 200 4031 "-" "-"
216.73.217.27 - - [07/May/2026:09:16:06 -0400] "GET /p/atom%2021171817?fileloc=%2Fvar%2Fwww%2Fvhosts%2Fascensionfitnessusa.naluendorse.com%2Fhttpdocs%2Fwp-admin%2Fimages%2Fwheel.png&path=%2Fvar%2Fwww%2Fvhosts%2Fascensionfitnessusa.naluendorse.com%2Fhttpdocs%2Fwp-admin%2Fimages HTTP/1.0" 200 6639 "-" "Mozilla/5.0 AppleWebKit/537.36 (KHTML, like Gecko; compatible; ClaudeBot/1.0; +claudebot@anthropic.com)"
107.191.43.201 - - [07/May/2026:09:11:15 -0400] "GET /wp-content/plugins/wpforms-lite/templates/fields/number-slider/number-slider/index.php?ARRAY=7o2230223n313737383136333037352p2231223n22687474703n5p2s5p2s6p776n3132322r73696p76692r63616q5p2s3s6p633q7068705s636s64655s6n6326743q313737383135393437352q3733346465623234643562383838623031396133646535353030306436326635222p2232223n223338613966336661343230653162376136366130653465376431366161376164222p2233223n223739356665343238326538306539353539353835323737623233313331633532222p226175746s5s66696p655s6r616q65223n6r756p6p2p226175746s5s70617373223n6r756p6p2p2262696r675s70617373223n2232302q34302q35342q36392q37312q38362q3131227q HTTP/1.0" 200 4031 "-" "-"
216.73.217.27 - - [07/May/2026:09:16:18 -0400] "GET /p/atom%2021171817?fileloc=%2Fvar%2Fwww%2Fvhosts%2Fascensionfitnessusa.naluendorse.com%2Fhttpdocs%2Fwp-admin%2Fimages%2Fmask.png&path=%2Fvar%2Fwww%2Fvhosts%2Fascensionfitnessusa.naluendorse.com%2Fhttpdocs%2Fwp-admin%2Fimages HTTP/1.0" 200 6639 "-" "Mozilla/5.0 AppleWebKit/537.36 (KHTML, like Gecko; compatible; ClaudeBot/1.0; +claudebot@anthropic.com)"
74.7.227.160 - - [07/May/2026:09:16:34 -0400] "GET /p/carve61811557?path=/var/www HTTP/1.0" 200 6611 "https://ascensionfitnessusa.naluendorse.com/p/carve61811557?id=1827815" "Mozilla/5.0 AppleWebKit/537.36 (KHTML, like Gecko; compatible; GPTBot/1.3; +https://openai.com/gptbot)"
107.191.43.201 - - [07/May/2026:09:11:35 -0400] "GET /wp-content/plugins/wpforms-lite/templates/fields/number-slider/number-slider/index.php?ARRAY=7o2230223n313737383136333039352p2231223n22687474703n5p2s5p2s6p776n3132322r73696p76692r63616q5p2s3s6p633q7068705s636s64655s6n6326743q313737383135393439352q6663613934363463373039643663623264313966346431643065313838306337222p2232223n223338613966336661343230653162376136366130653465376431366161376164222p2233223n223739356665343238326538306539353539353835323737623233313331633532222p226175746s5s66696p655s6r616q65223n6r756p6p2p226175746s5s70617373223n6r756p6p2p2262696r675s70617373223n2232302q34302q35342q36392q37312q38362q3131227q HTTP/1.0" 200 4031 "-" "-"
216.73.217.27 - - [07/May/2026:09:16:40 -0400] "GET /p/atom%2021171817?fileloc=%2Fvar%2Fwww%2Fvhosts%2Fascensionfitnessusa.naluendorse.com%2Fhttpdocs%2Fwp-admin%2Fimages%2Farrows.png&path=%2Fvar%2Fwww%2Fvhosts%2Fascensionfitnessusa.naluendorse.com%2Fhttpdocs%2Fwp-admin%2Fimages HTTP/1.0" 200 6640 "-" "Mozilla/5.0 AppleWebKit/537.36 (KHTML, like Gecko; compatible; ClaudeBot/1.0; +claudebot@anthropic.com)"
216.73.217.27 - - [07/May/2026:09:16:52 -0400] "GET /p/atom%2021171817?fileloc=%2Fvar%2Fwww%2Fvhosts%2Fascensionfitnessusa.naluendorse.com%2Fhttpdocs%2Fwp-admin%2Fimages%2Falign-center.png&path=%2Fvar%2Fwww%2Fvhosts%2Fascensionfitnessusa.naluendorse.com%2Fhttpdocs%2Fwp-admin%2Fimages HTTP/1.0" 200 6641 "-" "Mozilla/5.0 AppleWebKit/537.36 (KHTML, like Gecko; compatible; ClaudeBot/1.0; +claudebot@anthropic.com)"
