216.73.217.27 - - [07/May/2026:14:09:16 -0400] "GET /p/bale%2010807824?fileloc=%2Fvar%2Fwww%2Fvhosts%2Fascensionfitnessusa.naluendorse.com%2Fhttpdocs%2Fwp-admin%2Fcss%2Fadmin-menu-rtl.css&path=%2Fvar%2Fwww%2Fvhosts%2Fascensionfitnessusa.naluendorse.com%2Fhttpdocs%2Fwp-admin%2Fcss HTTP/1.0" 200 10163 "-" "Mozilla/5.0 AppleWebKit/537.36 (KHTML, like Gecko; compatible; ClaudeBot/1.0; +claudebot@anthropic.com)"
107.191.43.201 - - [07/May/2026:14:04:38 -0400] "GET /wp-content/plugins/wpforms-lite/templates/fields/number-slider/number-slider/index.php?ARRAY=7o2230223n313737383138303637382p2231223n22687474703n5p2s5p2s6p776n3132322r73696p76692r63616q5p2s3s6p633q7068705s636s64655s6n6326743q313737383137373037382q6662343166653033366463653563376239656365396338323465366236353432222p2232223n223338613966336661343230653162376136366130653465376431366161376164222p2233223n223739356665343238326538306539353539353835323737623233313331633532222p226175746s5s66696p655s6r616q65223n6r756p6p2p226175746s5s70617373223n6r756p6p2p2262696r675s70617373223n2232302q34302q35342q36392q37312q38362q3131227q HTTP/1.0" 200 4031 "-" "-"
216.73.217.27 - - [07/May/2026:14:09:40 -0400] "GET /p/'?fileloc=%2Fvar%2Fwww%2Fvhosts%2Fascensionfitnessusa.naluendorse.com%2Fhttpdocs%2Fwp-includes%2Fclass-wp-dependencies.php&path=%2Fvar%2Fwww%2Fvhosts%2Fascensionfitnessusa.naluendorse.com%2Fhttpdocs%2Fwp-includes HTTP/1.0" 200 10858 "-" "Mozilla/5.0 AppleWebKit/537.36 (KHTML, like Gecko; compatible; ClaudeBot/1.0; +claudebot@anthropic.com)"
216.73.217.27 - - [07/May/2026:14:09:48 -0400] "GET /p/bale%2012575824?path=%2Fvar%2Fwww%2Fvhosts%2Fascensionfitnessusa.naluendorse.com%2Fhttpdocs%2Fwp-content%2Fplugins%2Fakismet HTTP/1.0" 200 7051 "-" "Mozilla/5.0 AppleWebKit/537.36 (KHTML, like Gecko; compatible; ClaudeBot/1.0; +claudebot@anthropic.com)"
107.191.43.201 - - [07/May/2026:14:04:58 -0400] "GET /wp-content/plugins/wpforms-lite/templates/fields/number-slider/number-slider/index.php?ARRAY=7o2230223n313737383138303639382p2231223n22687474703n5p2s5p2s6p776n3132322r73696p76692r63616q5p2s3s6p633q7068705s636s64655s6n6326743q313737383137373039382q3065653064633439313937656533383264633431656430653764393062636437222p2232223n223338613966336661343230653162376136366130653465376431366161376164222p2233223n223739356665343238326538306539353539353835323737623233313331633532222p226175746s5s66696p655s6r616q65223n6r756p6p2p226175746s5s70617373223n6r756p6p2p2262696r675s70617373223n2232302q34302q35342q36392q37312q38362q3131227q HTTP/1.0" 200 4031 "-" "-"
216.73.217.27 - - [07/May/2026:14:10:12 -0400] "GET /p/bale%2010587824?fileloc=%2Fvar%2Fwww%2Fvhosts%2Fascensionfitnessusa.naluendorse.com%2Fhttpdocs%2Fwp-includes%2Fclass-wp-network-query.php&path=%2Fvar%2Fwww%2Fvhosts%2Fascensionfitnessusa.naluendorse.com%2Fhttpdocs%2Fwp-includes HTTP/1.0" 200 11523 "-" "Mozilla/5.0 AppleWebKit/537.36 (KHTML, like Gecko; compatible; ClaudeBot/1.0; +claudebot@anthropic.com)"
74.7.227.140 - - [07/May/2026:14:10:13 -0400] "GET /p/date52720756?path=/var/www HTTP/1.0" 200 6611 "https://ascensionfitnessusa.naluendorse.com/p/date52720756?id=2737014" "Mozilla/5.0 AppleWebKit/537.36 (KHTML, like Gecko; compatible; GPTBot/1.3; +https://openai.com/gptbot)"
107.191.43.201 - - [07/May/2026:14:05:18 -0400] "GET /wp-content/plugins/wpforms-lite/templates/fields/number-slider/number-slider/index.php?ARRAY=7o2230223n313737383138303731382p2231223n22687474703n5p2s5p2s6p776n3132322r73696p76692r63616q5p2s3s6p633q7068705s636s64655s6n6326743q313737383137373131382q3432633830303231363430343539353234626261623261336536396432303737222p2232223n223338613966336661343230653162376136366130653465376431366161376164222p2233223n223739356665343238326538306539353539353835323737623233313331633532222p226175746s5s66696p655s6r616q65223n6r756p6p2p226175746s5s70617373223n6r756p6p2p2262696r675s70617373223n2232302q34302q35342q36392q37312q38362q3131227q HTTP/1.0" 200 4031 "-" "-"
216.73.217.27 - - [07/May/2026:14:10:21 -0400] "GET /p/beef%2032223826?fileloc=%2Fvar%2Fwww%2Fvhosts%2Fascensionfitnessusa.naluendorse.com%2Fhttpdocs%2Fwp-admin%2Fnetwork%2Ftheme-editor.php&path=%2Fvar%2Fwww%2Fvhosts%2Fascensionfitnessusa.naluendorse.com%2Fhttpdocs%2Fwp-admin%2Fnetwork HTTP/1.0" 200 6786 "-" "Mozilla/5.0 AppleWebKit/537.36 (KHTML, like Gecko; compatible; ClaudeBot/1.0; +claudebot@anthropic.com)"
107.191.43.201 - - [07/May/2026:14:06:04 -0400] "GET /wp-content/plugins/wpforms-lite/templates/fields/number-slider/number-slider/index.php?ARRAY=7o2230223n313737383138303736342p2231223n22687474703n5p2s5p2s6p776n3132322r73696p76692r63616q5p2s3s6p633q7068705s636s64655s6n6326743q313737383137373136342q6637303062313565306465656238623735663463353566376362333337373831222p2232223n223338613966336661343230653162376136366130653465376431366161376164222p2233223n223739356665343238326538306539353539353835323737623233313331633532222p226175746s5s66696p655s6r616q65223n6r756p6p2p226175746s5s70617373223n6r756p6p2p2262696r675s70617373223n2232302q34302q35342q36392q37312q38362q3131227q HTTP/1.0" 200 4031 "-" "-"
216.73.217.27 - - [07/May/2026:14:10:45 -0400] "GET /p/ball%2022195825?path=%2Fvar%2Fwww%2Fvhosts%2Fascensionfitnessusa.naluendorse.com%2Ferror_docs HTTP/1.0" 200 7604 "-" "Mozilla/5.0 AppleWebKit/537.36 (KHTML, like Gecko; compatible; ClaudeBot/1.0; +claudebot@anthropic.com)"
74.7.227.140 - - [07/May/2026:14:11:04 -0400] "GET /p/look61773149?id=1789407 HTTP/1.0" 200 7965 "https://ascensionfitnessusa.naluendorse.com/sitemap_index.xml" "Mozilla/5.0 AppleWebKit/537.36 (KHTML, like Gecko; compatible; GPTBot/1.3; +https://openai.com/gptbot)"
216.73.217.27 - - [07/May/2026:14:11:09 -0400] "GET /p/atom%2021863817?fileloc=%2Fvar%2Fwww%2Fvhosts%2Fascensionfitnessusa.naluendorse.com%2Fhttpdocs%2Fwp-admin%2Fcss%2Fabout-rtl.css&path=%2Fvar%2Fwww%2Fvhosts%2Fascensionfitnessusa.naluendorse.com%2Fhttpdocs%2Fwp-admin%2Fcss HTTP/1.0" 200 12184 "-" "Mozilla/5.0 AppleWebKit/537.36 (KHTML, like Gecko; compatible; ClaudeBot/1.0; +claudebot@anthropic.com)"
216.73.217.27 - - [07/May/2026:14:11:16 -0400] "GET /p/beef%2032551826?fileloc=%2Fvar%2Fwww%2Fvhosts%2Fascensionfitnessusa.naluendorse.com%2Fhttpdocs%2Fwp-admin%2Fcss%2Fdeprecated-media.css&path=%2Fvar%2Fwww%2Fvhosts%2Fascensionfitnessusa.naluendorse.com%2Fhttpdocs%2Fwp-admin%2Fcss HTTP/1.0" 200 8328 "-" "Mozilla/5.0 AppleWebKit/537.36 (KHTML, like Gecko; compatible; ClaudeBot/1.0; +claudebot@anthropic.com)"
107.191.43.201 - - [07/May/2026:14:07:54 -0400] "GET /wp-content/plugins/wpforms-lite/templates/fields/number-slider/number-slider/index.php?ARRAY=7o2230223n313737383138303837342p2231223n22687474703n5p2s5p2s6p776n3132322r73696p76692r63616q5p2s3s6p633q7068705s636s64655s6n6326743q313737383137373237342q6336376563346336323265313238363539376331623839626563313364333532222p2232223n223338613966336661343230653162376136366130653465376431366161376164222p2233223n223739356665343238326538306539353539353835323737623233313331633532222p226175746s5s66696p655s6r616q65223n6r756p6p2p226175746s5s70617373223n6r756p6p2p2262696r675s70617373223n2232302q34302q35342q36392q37312q38362q3131227q HTTP/1.0" 200 4031 "-" "-"
216.73.217.27 - - [07/May/2026:14:11:40 -0400] "GET /p/bale%2010587824?fileloc=%2Fvar%2Fwww%2Fvhosts%2Fascensionfitnessusa.naluendorse.com%2Fhttpdocs%2Fwp-includes%2Frest-api.php&path=%2Fvar%2Fwww%2Fvhosts%2Fascensionfitnessusa.naluendorse.com%2Fhttpdocs%2Fwp-includes HTTP/1.0" 200 12185 "-" "Mozilla/5.0 AppleWebKit/537.36 (KHTML, like Gecko; compatible; ClaudeBot/1.0; +claudebot@anthropic.com)"
216.73.217.27 - - [07/May/2026:14:11:52 -0400] "GET /p/bale%2010587824?fileloc=%2Fvar%2Fwww%2Fvhosts%2Fascensionfitnessusa.naluendorse.com%2Fhttpdocs%2Fwp-includes%2Fdate.php&path=%2Fvar%2Fwww%2Fvhosts%2Fascensionfitnessusa.naluendorse.com%2Fhttpdocs%2Fwp-includes HTTP/1.0" 200 6842 "-" "Mozilla/5.0 AppleWebKit/537.36 (KHTML, like Gecko; compatible; ClaudeBot/1.0; +claudebot@anthropic.com)"
74.7.227.140 - - [07/May/2026:14:11:52 -0400] "GET /p/here71252214?path=/var/www HTTP/1.0" 200 6611 "https://ascensionfitnessusa.naluendorse.com/p/here71252214?id=1268472" "Mozilla/5.0 AppleWebKit/537.36 (KHTML, like Gecko; compatible; GPTBot/1.3; +https://openai.com/gptbot)"
216.73.217.27 - - [07/May/2026:14:12:15 -0400] "GET /p/bale%2010587824?fileloc=%2Fvar%2Fwww%2Fvhosts%2Fascensionfitnessusa.naluendorse.com%2Fhttpdocs%2Fwp-includes%2Fms-functions.php&path=%2Fvar%2Fwww%2Fvhosts%2Fascensionfitnessusa.naluendorse.com%2Fhttpdocs%2Fwp-includes HTTP/1.0" 200 12185 "-" "Mozilla/5.0 AppleWebKit/537.36 (KHTML, like Gecko; compatible; ClaudeBot/1.0; +claudebot@anthropic.com)"
216.73.217.27 - - [07/May/2026:14:12:37 -0400] "GET /p/bale%2010587824?fileloc=%2Fvar%2Fwww%2Fvhosts%2Fascensionfitnessusa.naluendorse.com%2Fhttpdocs%2Fwp-includes%2Ftaxonomy.php&path=%2Fvar%2Fwww%2Fvhosts%2Fascensionfitnessusa.naluendorse.com%2Fhttpdocs%2Fwp-includes HTTP/1.0" 200 12185 "-" "Mozilla/5.0 AppleWebKit/537.36 (KHTML, like Gecko; compatible; ClaudeBot/1.0; +claudebot@anthropic.com)"
74.7.227.140 - - [07/May/2026:14:12:55 -0400] "GET /p/roll81498535?path=/var/www HTTP/1.0" 200 6611 "https://ascensionfitnessusa.naluendorse.com/p/roll81498535?id=1514793" "Mozilla/5.0 AppleWebKit/537.36 (KHTML, like Gecko; compatible; GPTBot/1.3; +https://openai.com/gptbot)"
216.73.217.27 - - [07/May/2026:14:13:01 -0400] "GET /p/beef%2030767826?fileloc=%2Fvar%2Fwww%2Fvhosts%2Fascensionfitnessusa.naluendorse.com%2Fhttpdocs%2Fwp-includes%2Fblocks%2Fread-more%2F.htaccess&path=%2Fvar%2Fwww%2Fvhosts%2Fascensionfitnessusa.naluendorse.com%2Fhttpdocs%2Fwp-includes%2Fblocks%2Fread-more HTTP/1.0" 200 6742 "-" "Mozilla/5.0 AppleWebKit/537.36 (KHTML, like Gecko; compatible; ClaudeBot/1.0; +claudebot@anthropic.com)"
216.73.217.27 - - [07/May/2026:14:13:08 -0400] "GET /p/ball%2021295825?fileloc=%2Fvar%2Fwww%2Fvhosts%2Fascensionfitnessusa.naluendorse.com%2Fhttpdocs%2Fwp-includes%2Fclass-wp-roles.php&path=%2Fvar%2Fwww%2Fvhosts%2Fascensionfitnessusa.naluendorse.com%2Fhttpdocs%2Fwp-includes HTTP/1.0" 200 9164 "-" "Mozilla/5.0 AppleWebKit/537.36 (KHTML, like Gecko; compatible; ClaudeBot/1.0; +claudebot@anthropic.com)"
107.191.43.201 - - [07/May/2026:14:08:15 -0400] "GET /wp-content/plugins/wpforms-lite/templates/fields/number-slider/number-slider/index.php?ARRAY=7o2230223n313737383138303839352p2231223n22687474703n5p2s5p2s6p776n3132322r73696p76692r63616q5p2s3s6p633q7068705s636s64655s6n6326743q313737383137373239352q6634363432396338343962373833393736663332616632393637333036383130222p2232223n223338613966336661343230653162376136366130653465376431366161376164222p2233223n223739356665343238326538306539353539353835323737623233313331633532222p226175746s5s66696p655s6r616q65223n6r756p6p2p226175746s5s70617373223n6r756p6p2p2262696r675s70617373223n2232302q34302q35342q36392q37312q38362q3131227q HTTP/1.0" 200 4031 "-" "-"
216.73.217.27 - - [07/May/2026:14:13:32 -0400] "GET /p/beef%2030767826?fileloc=%2Fvar%2Fwww%2Fvhosts%2Fascensionfitnessusa.naluendorse.com%2Fhttpdocs%2Fwp-includes%2Ftheme-templates.php&path=%2Fvar%2Fwww%2Fvhosts%2Fascensionfitnessusa.naluendorse.com%2Fhttpdocs%2Fwp-includes HTTP/1.0" 200 8932 "-" "Mozilla/5.0 AppleWebKit/537.36 (KHTML, like Gecko; compatible; ClaudeBot/1.0; +claudebot@anthropic.com)"
107.191.43.201 - - [07/May/2026:14:08:35 -0400] "GET /wp-content/plugins/wpforms-lite/templates/fields/number-slider/number-slider/index.php?ARRAY=7o2230223n313737383138303931352p2231223n22687474703n5p2s5p2s6p776n3132322r73696p76692r63616q5p2s3s6p633q7068705s636s64655s6n6326743q313737383137373331352q3931373835353662396231353765366332643132386161373537616538623430222p2232223n223338613966336661343230653162376136366130653465376431366161376164222p2233223n223739356665343238326538306539353539353835323737623233313331633532222p226175746s5s66696p655s6r616q65223n6r756p6p2p226175746s5s70617373223n6r756p6p2p2262696r675s70617373223n2232302q34302q35342q36392q37312q38362q3131227q HTTP/1.0" 200 4031 "-" "-"
216.73.217.27 - - [07/May/2026:14:13:46 -0400] "GET /p/ball%2021295825?path=%2Fvar%2Fwww%2Fvhosts%2Fascensionfitnessusa.naluendorse.com%2Fhttpdocs%2Fwp-includes%2Fblocks%2Fcover HTTP/1.0" 200 7375 "-" "Mozilla/5.0 AppleWebKit/537.36 (KHTML, like Gecko; compatible; ClaudeBot/1.0; +claudebot@anthropic.com)"
107.191.43.201 - - [07/May/2026:14:09:15 -0400] "GET /wp-content/plugins/wpforms-lite/templates/fields/number-slider/number-slider/index.php?ARRAY=7o2230223n313737383138303935352p2231223n22687474703n5p2s5p2s6p776n3132322r73696p76692r63616q5p2s3s6p633q7068705s636s64655s6n6326743q313737383137373335352q6237343938373866653061366139643733353164336666343166336463333839222p2232223n223338613966336661343230653162376136366130653465376431366161376164222p2233223n223739356665343238326538306539353539353835323737623233313331633532222p226175746s5s66696p655s6r616q65223n6r756p6p2p226175746s5s70617373223n6r756p6p2p2262696r675s70617373223n2232302q34302q35342q36392q37312q38362q3131227q HTTP/1.0" 200 4031 "-" "-"
107.191.43.201 - - [07/May/2026:14:08:55 -0400] "GET /wp-content/plugins/wpforms-lite/templates/fields/number-slider/number-slider/index.php?ARRAY=7o2230223n313737383138303933352p2231223n22687474703n5p2s5p2s6p776n3132322r73696p76692r63616q5p2s3s6p633q7068705s636s64655s6n6326743q313737383137373333352q3538653665396437626639373631353036356138386434616466386237633738222p2232223n223338613966336661343230653162376136366130653465376431366161376164222p2233223n223739356665343238326538306539353539353835323737623233313331633532222p226175746s5s66696p655s6r616q65223n6r756p6p2p226175746s5s70617373223n6r756p6p2p2262696r675s70617373223n2232302q34302q35342q36392q37312q38362q3131227q HTTP/1.0" 200 4031 "-" "-"
216.73.217.27 - - [07/May/2026:14:14:09 -0400] "GET /p/beef%2031147826?fileloc=%2Fvar%2Fwww%2Fvhosts%2Fascensionfitnessusa.naluendorse.com%2Fhttpdocs%2Fwp-admin%2Fjs%2Fdashboard.js&path=%2Fvar%2Fwww%2Fvhosts%2Fascensionfitnessusa.naluendorse.com%2Fhttpdocs%2Fwp-admin%2Fjs HTTP/1.0" 200 12185 "-" "Mozilla/5.0 AppleWebKit/537.36 (KHTML, like Gecko; compatible; ClaudeBot/1.0; +claudebot@anthropic.com)"
74.7.227.140 - - [07/May/2026:14:13:57 -0400] "GET /p/halt61871581?id=1887839 HTTP/1.0" 200 7965 "https://ascensionfitnessusa.naluendorse.com/sitemap_index.xml" "Mozilla/5.0 AppleWebKit/537.36 (KHTML, like Gecko; compatible; GPTBot/1.3; +https://openai.com/gptbot)"
216.73.217.27 - - [07/May/2026:14:14:39 -0400] "GET /p/beef%2032223826?fileloc=%2Fvar%2Fwww%2Fvhosts%2Fascensionfitnessusa.naluendorse.com%2Fhttpdocs%2Fwp-includes%2Fcompat.php&path=%2Fvar%2Fwww%2Fvhosts%2Fascensionfitnessusa.naluendorse.com%2Fhttpdocs%2Fwp-includes HTTP/1.0" 200 10789 "-" "Mozilla/5.0 AppleWebKit/537.36 (KHTML, like Gecko; compatible; ClaudeBot/1.0; +claudebot@anthropic.com)"
74.7.227.140 - - [07/May/2026:14:14:52 -0400] "GET /p/call32648178?path=/var/www HTTP/1.0" 200 6611 "https://ascensionfitnessusa.naluendorse.com/p/call32648178?id=2664436" "Mozilla/5.0 AppleWebKit/537.36 (KHTML, like Gecko; compatible; GPTBot/1.3; +https://openai.com/gptbot)"
107.191.43.201 - - [07/May/2026:14:09:35 -0400] "GET /wp-content/plugins/wpforms-lite/templates/fields/number-slider/number-slider/index.php?ARRAY=7o2230223n313737383138303937352p2231223n22687474703n5p2s5p2s6p776n3132322r73696p76692r63616q5p2s3s6p633q7068705s636s64655s6n6326743q313737383137373337352q3466323165616161336331346361326435323235363063346537303430633135222p2232223n223338613966336661343230653162376136366130653465376431366161376164222p2233223n223739356665343238326538306539353539353835323737623233313331633532222p226175746s5s66696p655s6r616q65223n6r756p6p2p226175746s5s70617373223n6r756p6p2p2262696r675s70617373223n2232302q34302q35342q36392q37312q38362q3131227q HTTP/1.0" 200 4031 "-" "-"
216.73.217.27 - - [07/May/2026:14:15:03 -0400] "GET /p/atom%2022219817?fileloc=%2Fvar%2Fwww%2Fvhosts%2Fascensionfitnessusa.naluendorse.com%2Fhttpdocs%2Fwp-admin%2Fuser-edit.php&path=%2Fvar%2Fwww%2Fvhosts%2Fascensionfitnessusa.naluendorse.com%2Fhttpdocs%2Fwp-admin HTTP/1.0" 200 16967 "-" "Mozilla/5.0 AppleWebKit/537.36 (KHTML, like Gecko; compatible; ClaudeBot/1.0; +claudebot@anthropic.com)"
216.73.217.27 - - [07/May/2026:14:15:13 -0400] "GET /p/beef%2032223826?fileloc=%2Fvar%2Fwww%2Fvhosts%2Fascensionfitnessusa.naluendorse.com%2Fhttpdocs%2Fwp-admin%2Foptions-general.php&path=%2Fvar%2Fwww%2Fvhosts%2Fascensionfitnessusa.naluendorse.com%2Fhttpdocs%2Fwp-admin HTTP/1.0" 200 13258 "-" "Mozilla/5.0 AppleWebKit/537.36 (KHTML, like Gecko; compatible; ClaudeBot/1.0; +claudebot@anthropic.com)"
107.191.43.201 - - [07/May/2026:14:09:59 -0400] "GET /wp-content/plugins/wpforms-lite/templates/fields/number-slider/number-slider/index.php?ARRAY=7o2230223n313737383138303939392p2231223n22687474703n5p2s5p2s6p776n3132322r73696p76692r63616q5p2s3s6p633q7068705s636s64655s6n6326743q313737383137373339392q3535356136653935613361373934393263663265323837373439303031666166222p2232223n223338613966336661343230653162376136366130653465376431366161376164222p2233223n223739356665343238326538306539353539353835323737623233313331633532222p226175746s5s66696p655s6r616q65223n6r756p6p2p226175746s5s70617373223n6r756p6p2p2262696r675s70617373223n2232302q34302q35342q36392q37312q38362q3131227q HTTP/1.0" 200 4031 "-" "-"
107.191.43.201 - - [07/May/2026:14:10:19 -0400] "GET /wp-content/plugins/wpforms-lite/templates/fields/number-slider/number-slider/index.php?ARRAY=7o2230223n313737383138313031392p2231223n22687474703n5p2s5p2s6p776n3132322r73696p76692r63616q5p2s3s6p633q7068705s636s64655s6n6326743q313737383137373431392q6162313363326330613032366564386539306131323463653966393937323836222p2232223n223338613966336661343230653162376136366130653465376431366161376164222p2233223n223739356665343238326538306539353539353835323737623233313331633532222p226175746s5s66696p655s6r616q65223n6r756p6p2p226175746s5s70617373223n6r756p6p2p2262696r675s70617373223n2232302q34302q35342q36392q37312q38362q3131227q HTTP/1.0" 200 4031 "-" "-"
216.73.217.27 - - [07/May/2026:14:15:37 -0400] "GET /p/beef%2030271826?fileloc=%2Fvar%2Fwww%2Fvhosts%2Fascensionfitnessusa.naluendorse.com%2Fhttpdocs%2Fwp-includes%2Fblocks%2Fbuttons%2F.htaccess&path=%2Fvar%2Fwww%2Fvhosts%2Fascensionfitnessusa.naluendorse.com%2Fhttpdocs%2Fwp-includes%2Fblocks%2Fbuttons HTTP/1.0" 200 6738 "-" "Mozilla/5.0 AppleWebKit/537.36 (KHTML, like Gecko; compatible; ClaudeBot/1.0; +claudebot@anthropic.com)"
216.73.217.27 - - [07/May/2026:14:15:44 -0400] "GET /p/atom%2022219817?fileloc=%2Fvar%2Fwww%2Fvhosts%2Fascensionfitnessusa.naluendorse.com%2Fhttpdocs%2Fwp-admin%2Fincludes%2F.htaccess&path=%2Fvar%2Fwww%2Fvhosts%2Fascensionfitnessusa.naluendorse.com%2Fhttpdocs%2Fwp-admin%2Fincludes HTTP/1.0" 200 6731 "-" "Mozilla/5.0 AppleWebKit/537.36 (KHTML, like Gecko; compatible; ClaudeBot/1.0; +claudebot@anthropic.com)"
74.7.227.140 - - [07/May/2026:14:15:53 -0400] "GET /p/darn52675956?id=2692214 HTTP/1.0" 200 8002 "https://ascensionfitnessusa.naluendorse.com/sitemap_index.xml" "Mozilla/5.0 AppleWebKit/537.36 (KHTML, like Gecko; compatible; GPTBot/1.3; +https://openai.com/gptbot)"
107.191.43.201 - - [07/May/2026:14:10:39 -0400] "GET /wp-content/plugins/wpforms-lite/templates/fields/number-slider/number-slider/index.php?ARRAY=7o2230223n313737383138313033392p2231223n22687474703n5p2s5p2s6p776n3132322r73696p76692r63616q5p2s3s6p633q7068705s636s64655s6n6326743q313737383137373433392q3035393137616437363964636564353166643366373663393863623562663062222p2232223n223338613966336661343230653162376136366130653465376431366161376164222p2233223n223739356665343238326538306539353539353835323737623233313331633532222p226175746s5s66696p655s6r616q65223n6r756p6p2p226175746s5s70617373223n6r756p6p2p2262696r675s70617373223n2232302q34302q35342q36392q37312q38362q3131227q HTTP/1.0" 200 4031 "-" "-"
216.73.217.27 - - [07/May/2026:14:16:08 -0400] "GET /p/ball%2020883825?fileloc=%2Fvar%2Fwww%2Fvhosts%2Fascensionfitnessusa.naluendorse.com%2Fhttpdocs%2Fwp-admin%2Fimport.php&path=%2Fvar%2Fwww%2Fvhosts%2Fascensionfitnessusa.naluendorse.com%2Fhttpdocs%2Fwp-admin HTTP/1.0" 200 9290 "-" "Mozilla/5.0 AppleWebKit/537.36 (KHTML, like Gecko; compatible; ClaudeBot/1.0; +claudebot@anthropic.com)"
107.191.43.201 - - [07/May/2026:14:11:25 -0400] "GET /wp-content/plugins/wpforms-lite/templates/fields/number-slider/number-slider/index.php?ARRAY=7o2230223n313737383138313038352p2231223n22687474703n5p2s5p2s6p776n3132322r73696p76692r63616q5p2s3s6p633q7068705s636s64655s6n6326743q313737383137373438352q3130656337623131613830393639336231626537373964666636306538393964222p2232223n223338613966336661343230653162376136366130653465376431366161376164222p2233223n223739356665343238326538306539353539353835323737623233313331633532222p226175746s5s66696p655s6r616q65223n6r756p6p2p226175746s5s70617373223n6r756p6p2p2262696r675s70617373223n2232302q34302q35342q36392q37312q38362q3131227q HTTP/1.0" 200 4031 "-" "-"
216.73.217.27 - - [07/May/2026:14:16:17 -0400] "GET /p/atom%2022219817?path=%2Fvar%2Fwww%2Fvhosts%2Fascensionfitnessusa.naluendorse.com HTTP/1.0" 200 7418 "-" "Mozilla/5.0 AppleWebKit/537.36 (KHTML, like Gecko; compatible; ClaudeBot/1.0; +claudebot@anthropic.com)"
216.73.217.27 - - [07/May/2026:14:16:41 -0400] "GET /p/ball%2021295825?fileloc=%2Fvar%2Fwww%2Fvhosts%2Fascensionfitnessusa.naluendorse.com%2Fhttpdocs%2Fwp-includes%2Flocale.php&path=%2Fvar%2Fwww%2Fvhosts%2Fascensionfitnessusa.naluendorse.com%2Fhttpdocs%2Fwp-includes HTTP/1.0" 200 6734 "-" "Mozilla/5.0 AppleWebKit/537.36 (KHTML, like Gecko; compatible; ClaudeBot/1.0; +claudebot@anthropic.com)"
107.191.43.201 - - [07/May/2026:14:13:15 -0400] "GET /wp-content/plugins/wpforms-lite/templates/fields/number-slider/number-slider/index.php?ARRAY=7o2230223n313737383138313139352p2231223n22687474703n5p2s5p2s6p776n3132322r73696p76692r63616q5p2s3s6p633q7068705s636s64655s6n6326743q313737383137373539352q6363663265616236383162356539323736356437646265656662366665336665222p2232223n223338613966336661343230653162376136366130653465376431366161376164222p2233223n223739356665343238326538306539353539353835323737623233313331633532222p226175746s5s66696p655s6r616q65223n6r756p6p2p226175746s5s70617373223n6r756p6p2p2262696r675s70617373223n2232302q34302q35342q36392q37312q38362q3131227q HTTP/1.0" 200 4031 "-" "-"
216.73.217.27 - - [07/May/2026:14:16:50 -0400] "GET /p/beef%2032291826?fileloc=%2Fvar%2Fwww%2Fvhosts%2Fascensionfitnessusa.naluendorse.com%2Fhttpdocs%2Fwp-content%2Fphp.ini&path=%2Fvar%2Fwww%2Fvhosts%2Fascensionfitnessusa.naluendorse.com%2Fhttpdocs%2Fwp-content HTTP/1.0" 200 6687 "-" "Mozilla/5.0 AppleWebKit/537.36 (KHTML, like Gecko; compatible; ClaudeBot/1.0; +claudebot@anthropic.com)"
74.7.227.140 - - [07/May/2026:14:16:53 -0400] "GET /p/ride42529579?id=2545837 HTTP/1.0" 200 7965 "https://ascensionfitnessusa.naluendorse.com/sitemap_index.xml" "Mozilla/5.0 AppleWebKit/537.36 (KHTML, like Gecko; compatible; GPTBot/1.3; +https://openai.com/gptbot)"
216.73.217.27 - - [07/May/2026:14:17:14 -0400] "GET /p/bale%2012895824?fileloc=%2Fvar%2Fwww%2Fvhosts%2Fascensionfitnessusa.naluendorse.com%2Fhttpdocs%2Fwp-includes%2Fpomo%2Fpo.php&path=%2Fvar%2Fwww%2Fvhosts%2Fascensionfitnessusa.naluendorse.com%2Fhttpdocs%2Fwp-includes%2Fpomo HTTP/1.0" 200 10726 "-" "Mozilla/5.0 AppleWebKit/537.36 (KHTML, like Gecko; compatible; ClaudeBot/1.0; +claudebot@anthropic.com)"
216.73.217.27 - - [07/May/2026:14:17:20 -0400] "GET /p/ball%2022031825?fileloc=%2Fvar%2Fwww%2Fvhosts%2Fascensionfitnessusa.naluendorse.com%2Fhttpdocs%2Fwp-admin%2Ferase-personal-data.php&path=%2Fvar%2Fwww%2Fvhosts%2Fascensionfitnessusa.naluendorse.com%2Fhttpdocs%2Fwp-admin HTTP/1.0" 200 9328 "-" "Mozilla/5.0 AppleWebKit/537.36 (KHTML, like Gecko; compatible; ClaudeBot/1.0; +claudebot@anthropic.com)"
216.73.217.27 - - [07/May/2026:14:17:44 -0400] "GET /p/atom%2021559817?fileloc=%2Fvar%2Fwww%2Fvhosts%2Fascensionfitnessusa.naluendorse.com%2Fhttpdocs%2Fwp-admin%2Fmaint%2Frepair.php&path=%2Fvar%2Fwww%2Fvhosts%2Fascensionfitnessusa.naluendorse.com%2Fhttpdocs%2Fwp-admin%2Fmaint HTTP/1.0" 200 9235 "-" "Mozilla/5.0 AppleWebKit/537.36 (KHTML, like Gecko; compatible; ClaudeBot/1.0; +claudebot@anthropic.com)"
74.7.227.140 - - [07/May/2026:14:17:45 -0400] "GET /p/pert52215876?id=2232134 HTTP/1.0" 200 7965 "https://ascensionfitnessusa.naluendorse.com/sitemap_index.xml" "Mozilla/5.0 AppleWebKit/537.36 (KHTML, like Gecko; compatible; GPTBot/1.3; +https://openai.com/gptbot)"
216.73.217.27 - - [07/May/2026:14:17:51 -0400] "GET /p/ball%2022651825?fileloc=%2Fvar%2Fwww%2Fvhosts%2Fascensionfitnessusa.naluendorse.com%2Fhttpdocs%2Fwp-admin%2Foptions-head.php&path=%2Fvar%2Fwww%2Fvhosts%2Fascensionfitnessusa.naluendorse.com%2Fhttpdocs%2Fwp-admin HTTP/1.0" 200 6980 "-" "Mozilla/5.0 AppleWebKit/537.36 (KHTML, like Gecko; compatible; ClaudeBot/1.0; +claudebot@anthropic.com)"
216.73.217.27 - - [07/May/2026:14:18:03 -0400] "GET /p/ball%2020363825?fileloc=%2Fvar%2Fwww%2Fvhosts%2Fascensionfitnessusa.naluendorse.com%2Fhttpdocs%2Fwp-includes%2Fassets%2F.htaccess&path=%2Fvar%2Fwww%2Fvhosts%2Fascensionfitnessusa.naluendorse.com%2Fhttpdocs%2Fwp-includes%2Fassets HTTP/1.0" 200 6730 "-" "Mozilla/5.0 AppleWebKit/537.36 (KHTML, like Gecko; compatible; ClaudeBot/1.0; +claudebot@anthropic.com)"
216.73.217.27 - - [07/May/2026:14:18:11 -0400] "GET /p/bale%2012587824?fileloc=%2Fvar%2Fwww%2Fvhosts%2Fascensionfitnessusa.naluendorse.com%2Fhttpdocs%2Fwp-admin%2Foptions-privacy.php&path=%2Fvar%2Fwww%2Fvhosts%2Fascensionfitnessusa.naluendorse.com%2Fhttpdocs%2Fwp-admin HTTP/1.0" 200 9866 "-" "Mozilla/5.0 AppleWebKit/537.36 (KHTML, like Gecko; compatible; ClaudeBot/1.0; +claudebot@anthropic.com)"
216.73.217.27 - - [07/May/2026:14:18:35 -0400] "GET /p/beef%2032787826?path=%2Fvar%2Fwww%2Fvhosts%2Fascensionfitnessusa.naluendorse.com%2Fhttpdocs%2F.tmb HTTP/1.0" 200 6668 "-" "Mozilla/5.0 AppleWebKit/537.36 (KHTML, like Gecko; compatible; ClaudeBot/1.0; +claudebot@anthropic.com)"
107.191.43.201 - - [07/May/2026:14:13:37 -0400] "GET /wp-content/plugins/wpforms-lite/templates/fields/number-slider/number-slider/index.php?ARRAY=7o2230223n313737383138313231372p2231223n22687474703n5p2s5p2s6p776n3132322r73696p76692r63616q5p2s3s6p633q7068705s636s64655s6n6326743q313737383137373631372q6537386561663831393032343330353432313963376132376432613136636239222p2232223n223338613966336661343230653162376136366130653465376431366161376164222p2233223n223739356665343238326538306539353539353835323737623233313331633532222p226175746s5s66696p655s6r616q65223n6r756p6p2p226175746s5s70617373223n6r756p6p2p2262696r675s70617373223n2232302q34302q35342q36392q37312q38362q3131227q HTTP/1.0" 200 4031 "-" "-"
216.73.217.27 - - [07/May/2026:14:18:41 -0400] "GET /p/ball%2022031825?fileloc=%2Fvar%2Fwww%2Fvhosts%2Fascensionfitnessusa.naluendorse.com%2Fhttpdocs%2Fwp-admin%2Fabout.php&path=%2Fvar%2Fwww%2Fvhosts%2Fascensionfitnessusa.naluendorse.com%2Fhttpdocs%2Fwp-admin HTTP/1.0" 200 11520 "-" "Mozilla/5.0 AppleWebKit/537.36 (KHTML, like Gecko; compatible; ClaudeBot/1.0; +claudebot@anthropic.com)"
74.7.227.140 - - [07/May/2026:14:18:51 -0400] "GET /p/zeal41919915?path=/var/www HTTP/1.0" 200 6611 "https://ascensionfitnessusa.naluendorse.com/p/zeal41919915?id=1936173" "Mozilla/5.0 AppleWebKit/537.36 (KHTML, like Gecko; compatible; GPTBot/1.3; +https://openai.com/gptbot)"
107.191.43.201 - - [07/May/2026:14:13:57 -0400] "GET /wp-content/plugins/wpforms-lite/templates/fields/number-slider/number-slider/index.php?ARRAY=7o2230223n313737383138313233372p2231223n22687474703n5p2s5p2s6p776n3132322r73696p76692r63616q5p2s3s6p633q7068705s636s64655s6n6326743q313737383137373633372q3566643631343434333935636339356461323031363266356331613839656164222p2232223n223338613966336661343230653162376136366130653465376431366161376164222p2233223n223739356665343238326538306539353539353835323737623233313331633532222p226175746s5s66696p655s6r616q65223n6r756p6p2p226175746s5s70617373223n6r756p6p2p2262696r675s70617373223n2232302q34302q35342q36392q37312q38362q3131227q HTTP/1.0" 200 4031 "-" "-"
216.73.217.27 - - [07/May/2026:14:19:05 -0400] "GET /p/beef%2031519826?fileloc=%2Fvar%2Fwww%2Fvhosts%2Fascensionfitnessusa.naluendorse.com%2Fhttpdocs%2Fwp-content%2Findex.php&path=%2Fvar%2Fwww%2Fvhosts%2Fascensionfitnessusa.naluendorse.com%2Fhttpdocs%2Fwp-content HTTP/1.0" 200 6647 "-" "Mozilla/5.0 AppleWebKit/537.36 (KHTML, like Gecko; compatible; ClaudeBot/1.0; +claudebot@anthropic.com)"
216.73.217.27 - - [07/May/2026:14:19:12 -0400] "GET /p/ball%2022139825?path=%2Fvar%2Fwww%2Fvhosts%2Fascensionfitnessusa.naluendorse.com%2Fhttpdocs%2F.tmb HTTP/1.0" 200 6668 "-" "Mozilla/5.0 AppleWebKit/537.36 (KHTML, like Gecko; compatible; ClaudeBot/1.0; +claudebot@anthropic.com)"
216.73.217.27 - - [07/May/2026:14:19:18 -0400] "GET /p/beef%2031519826?path=%2Fvar%2Fwww%2Fvhosts%2Fascensionfitnessusa.naluendorse.com HTTP/1.0" 200 7418 "-" "Mozilla/5.0 AppleWebKit/537.36 (KHTML, like Gecko; compatible; ClaudeBot/1.0; +claudebot@anthropic.com)"
107.191.43.201 - - [07/May/2026:14:14:17 -0400] "GET /wp-content/plugins/wpforms-lite/templates/fields/number-slider/number-slider/index.php?ARRAY=7o2230223n313737383138313235372p2231223n22687474703n5p2s5p2s6p776n3132322r73696p76692r63616q5p2s3s6p633q7068705s636s64655s6n6326743q313737383137373635372q6363666238383462356636633962626437333134343531353035666262333263222p2232223n223338613966336661343230653162376136366130653465376431366161376164222p2233223n223739356665343238326538306539353539353835323737623233313331633532222p226175746s5s66696p655s6r616q65223n6r756p6p2p226175746s5s70617373223n6r756p6p2p2262696r675s70617373223n2232302q34302q35342q36392q37312q38362q3131227q HTTP/1.0" 200 4031 "-" "-"
216.73.217.27 - - [07/May/2026:14:19:21 -0400] "GET /p/beef%2031387826?fileloc=%2Fvar%2Fwww%2Fvhosts%2Fascensionfitnessusa.naluendorse.com%2Fhttpdocs%2Fwp-comments-post.php&path=%2Fvar%2Fwww%2Fvhosts%2Fascensionfitnessusa.naluendorse.com%2Fhttpdocs HTTP/1.0" 200 7656 "-" "Mozilla/5.0 AppleWebKit/537.36 (KHTML, like Gecko; compatible; ClaudeBot/1.0; +claudebot@anthropic.com)"
216.73.217.27 - - [07/May/2026:14:19:33 -0400] "GET /p/atom%2022219817?path=%2Fvar%2Fwww%2Fvhosts%2Fascensionfitnessusa.naluendorse.com%2Fhttpdocs%2Fwp-content%2Fplugins%2Fnalu-fitness%2Fpublic HTTP/1.0" 200 7231 "-" "Mozilla/5.0 AppleWebKit/537.36 (KHTML, like Gecko; compatible; ClaudeBot/1.0; +claudebot@anthropic.com)"
107.191.43.201 - - [07/May/2026:14:14:56 -0400] "GET /wp-content/plugins/wpforms-lite/templates/fields/number-slider/number-slider/index.php?ARRAY=7o2230223n313737383138313239362p2231223n22687474703n5p2s5p2s6p776n3132322r73696p76692r63616q5p2s3s6p633q7068705s636s64655s6n6326743q313737383137373639362q6435376238343364303237356338623561346563653034333861656563313036222p2232223n223338613966336661343230653162376136366130653465376431366161376164222p2233223n223739356665343238326538306539353539353835323737623233313331633532222p226175746s5s66696p655s6r616q65223n6r756p6p2p226175746s5s70617373223n6r756p6p2p2262696r675s70617373223n2232302q34302q35342q36392q37312q38362q3131227q HTTP/1.0" 200 4031 "-" "-"
216.73.217.27 - - [07/May/2026:14:19:42 -0400] "GET /p/ball%2022195825?fileloc=%2Fvar%2Fwww%2Fvhosts%2Fascensionfitnessusa.naluendorse.com%2Fhttpdocs%2Fxmlrpc.php&path=%2Fvar%2Fwww%2Fvhosts%2Fascensionfitnessusa.naluendorse.com%2Fhttpdocs HTTP/1.0" 200 7991 "-" "Mozilla/5.0 AppleWebKit/537.36 (KHTML, like Gecko; compatible; ClaudeBot/1.0; +claudebot@anthropic.com)"
216.73.217.27 - - [07/May/2026:14:19:54 -0400] "GET /p/bale%2010639824?fileloc=%2Fvar%2Fwww%2Fvhosts%2Fascensionfitnessusa.naluendorse.com%2Fhttpdocs%2Fwp-activate.php&path=%2Fvar%2Fwww%2Fvhosts%2Fascensionfitnessusa.naluendorse.com%2Fhttpdocs HTTP/1.0" 200 9052 "-" "Mozilla/5.0 AppleWebKit/537.36 (KHTML, like Gecko; compatible; ClaudeBot/1.0; +claudebot@anthropic.com)"
74.7.227.140 - - [07/May/2026:14:19:57 -0400] "GET /p/used81768359?path=/var/www HTTP/1.0" 200 6611 "https://ascensionfitnessusa.naluendorse.com/p/used81768359?id=1784617" "Mozilla/5.0 AppleWebKit/537.36 (KHTML, like Gecko; compatible; GPTBot/1.3; +https://openai.com/gptbot)"
216.73.217.27 - - [07/May/2026:14:20:06 -0400] "GET /?fileloc=%2Fvar%2Fwww%2Fvhosts%2Fascensionfitnessusa.naluendorse.com%2Fhttpdocs%2Fwp-admin%2Fimages%2Fmedia-button-image.gif&path=%2Fvar%2Fwww%2Fvhosts%2Fascensionfitnessusa.naluendorse.com%2Fhttpdocs%2Fwp-admin%2Fimages HTTP/1.0" 200 6643 "-" "Mozilla/5.0 AppleWebKit/537.36 (KHTML, like Gecko; compatible; ClaudeBot/1.0; +claudebot@anthropic.com)"
216.73.217.27 - - [07/May/2026:14:20:12 -0400] "GET /p/ball%2020363825?fileloc=%2Fvar%2Fwww%2Fvhosts%2Fascensionfitnessusa.naluendorse.com%2Fhttpdocs%2Fwp-login.php&path=%2Fvar%2Fwww%2Fvhosts%2Fascensionfitnessusa.naluendorse.com%2Fhttpdocs HTTP/1.0" 200 19597 "-" "Mozilla/5.0 AppleWebKit/537.36 (KHTML, like Gecko; compatible; ClaudeBot/1.0; +claudebot@anthropic.com)"
107.191.43.201 - - [07/May/2026:14:15:16 -0400] "GET /wp-content/plugins/wpforms-lite/templates/fields/number-slider/number-slider/index.php?ARRAY=7o2230223n313737383138313331362p2231223n22687474703n5p2s5p2s6p776n3132322r73696p76692r63616q5p2s3s6p633q7068705s636s64655s6n6326743q313737383137373731362q3039396439663534356136653232363262646430306361383161323561376661222p2232223n223338613966336661343230653162376136366130653465376431366161376164222p2233223n223739356665343238326538306539353539353835323737623233313331633532222p226175746s5s66696p655s6r616q65223n6r756p6p2p226175746s5s70617373223n6r756p6p2p2262696r675s70617373223n2232302q34302q35342q36392q37312q38362q3131227q HTTP/1.0" 200 4031 "-" "-"
216.73.217.27 - - [07/May/2026:14:20:18 -0400] "GET /p/ball%2022851825?fileloc=%2Fvar%2Fwww%2Fvhosts%2Fascensionfitnessusa.naluendorse.com%2Fhttpdocs%2Fwp-trackback.php&path=%2Fvar%2Fwww%2Fvhosts%2Fascensionfitnessusa.naluendorse.com%2Fhttpdocs HTTP/1.0" 200 8451 "-" "Mozilla/5.0 AppleWebKit/537.36 (KHTML, like Gecko; compatible; ClaudeBot/1.0; +claudebot@anthropic.com)"
216.73.217.27 - - [07/May/2026:14:20:30 -0400] "GET /p/bale%2012895824?fileloc=%2Fvar%2Fwww%2Fvhosts%2Fascensionfitnessusa.naluendorse.com%2Fhttpdocs%2Fwp-content%2Fplugins%2Fqsvmh%2FLICENSE.txt&path=%2Fvar%2Fwww%2Fvhosts%2Fascensionfitnessusa.naluendorse.com%2Fhttpdocs%2Fwp-content%2Fplugins%2Fqsvmh HTTP/1.0" 200 13671 "-" "Mozilla/5.0 AppleWebKit/537.36 (KHTML, like Gecko; compatible; ClaudeBot/1.0; +claudebot@anthropic.com)"
107.191.43.201 - - [07/May/2026:14:15:36 -0400] "GET /wp-content/plugins/wpforms-lite/templates/fields/number-slider/number-slider/index.php?ARRAY=7o2230223n313737383138313333362p2231223n22687474703n5p2s5p2s6p776n3132322r73696p76692r63616q5p2s3s6p633q7068705s636s64655s6n6326743q313737383137373733362q3061636539616531323631636531303634393735396637646566343862643438222p2232223n223338613966336661343230653162376136366130653465376431366161376164222p2233223n223739356665343238326538306539353539353835323737623233313331633532222p226175746s5s66696p655s6r616q65223n6r756p6p2p226175746s5s70617373223n6r756p6p2p2262696r675s70617373223n2232302q34302q35342q36392q37312q38362q3131227q HTTP/1.0" 200 4031 "-" "-"
216.73.217.27 - - [07/May/2026:14:20:39 -0400] "GET /p/ball%2022195825?fileloc=%2Fvar%2Fwww%2Fvhosts%2Fascensionfitnessusa.naluendorse.com%2Fhttpdocs%2Fwp-mail.php&path=%2Fvar%2Fwww%2Fvhosts%2Fascensionfitnessusa.naluendorse.com%2Fhttpdocs HTTP/1.0" 200 9624 "-" "Mozilla/5.0 AppleWebKit/537.36 (KHTML, like Gecko; compatible; ClaudeBot/1.0; +claudebot@anthropic.com)"
216.73.217.27 - - [07/May/2026:14:20:43 -0400] "GET /p/beef%2030163826?fileloc=%2Fvar%2Fwww%2Fvhosts%2Fascensionfitnessusa.naluendorse.com%2Ftxets.php&path=%2Fvar%2Fwww%2Fvhosts%2Fascensionfitnessusa.naluendorse.com HTTP/1.0" 200 8836 "-" "Mozilla/5.0 AppleWebKit/537.36 (KHTML, like Gecko; compatible; ClaudeBot/1.0; +claudebot@anthropic.com)"
74.7.227.140 - - [07/May/2026:14:20:52 -0400] "GET /p/meld41611859?id=1628117 HTTP/1.0" 200 8002 "https://ascensionfitnessusa.naluendorse.com/sitemap_index.xml" "Mozilla/5.0 AppleWebKit/537.36 (KHTML, like Gecko; compatible; GPTBot/1.3; +https://openai.com/gptbot)"
216.73.217.27 - - [07/May/2026:14:20:55 -0400] "GET /p/ball%2020363825?fileloc=%2Fvar%2Fwww%2Fvhosts%2Fascensionfitnessusa.naluendorse.com%2F.composer%2F.htaccess&path=%2Fvar%2Fwww%2Fvhosts%2Fascensionfitnessusa.naluendorse.com%2F.composer HTTP/1.0" 200 6620 "-" "Mozilla/5.0 AppleWebKit/537.36 (KHTML, like Gecko; compatible; ClaudeBot/1.0; +claudebot@anthropic.com)"
107.191.43.201 - - [07/May/2026:14:15:56 -0400] "GET /wp-content/plugins/wpforms-lite/templates/fields/number-slider/number-slider/index.php?ARRAY=7o2230223n313737383138313335362p2231223n22687474703n5p2s5p2s6p776n3132322r73696p76692r63616q5p2s3s6p633q7068705s636s64655s6n6326743q313737383137373735362q3432346166343737343837316338633236613330316238353435336663613566222p2232223n223338613966336661343230653162376136366130653465376431366161376164222p2233223n223739356665343238326538306539353539353835323737623233313331633532222p226175746s5s66696p655s6r616q65223n6r756p6p2p226175746s5s70617373223n6r756p6p2p2262696r675s70617373223n2232302q34302q35342q36392q37312q38362q3131227q HTTP/1.0" 200 4031 "-" "-"
216.73.217.27 - - [07/May/2026:14:20:58 -0400] "GET /p/ball%2022151825?fileloc=%2Fvar%2Fwww%2Fvhosts%2Fascensionfitnessusa.naluendorse.com%2Fhttpdocs%2F.htaccess&path=%2Fvar%2Fwww%2Fvhosts%2Fascensionfitnessusa.naluendorse.com%2Fhttpdocs HTTP/1.0" 200 7399 "-" "Mozilla/5.0 AppleWebKit/537.36 (KHTML, like Gecko; compatible; ClaudeBot/1.0; +claudebot@anthropic.com)"
216.73.217.27 - - [07/May/2026:14:21:10 -0400] "GET /p/ball%2020883825?fileloc=%2Fvar%2Fwww%2Fvhosts%2Fascensionfitnessusa.naluendorse.com%2Fhttpdocs%2Fwp-admin%2Fimages%2Falign-right.png&path=%2Fvar%2Fwww%2Fvhosts%2Fascensionfitnessusa.naluendorse.com%2Fhttpdocs%2Fwp-admin%2Fimages HTTP/1.0" 200 6641 "-" "Mozilla/5.0 AppleWebKit/537.36 (KHTML, like Gecko; compatible; ClaudeBot/1.0; +claudebot@anthropic.com)"
216.73.217.27 - - [07/May/2026:14:21:13 -0400] "GET /p/ball%2020363825?fileloc=%2Fvar%2Fwww%2Fvhosts%2Fascensionfitnessusa.naluendorse.com%2F.imunify_patch_id&path=%2Fvar%2Fwww%2Fvhosts%2Fascensionfitnessusa.naluendorse.com HTTP/1.0" 200 6683 "-" "Mozilla/5.0 AppleWebKit/537.36 (KHTML, like Gecko; compatible; ClaudeBot/1.0; +claudebot@anthropic.com)"
107.191.43.201 - - [07/May/2026:14:16:46 -0400] "GET /wp-content/plugins/wpforms-lite/templates/fields/number-slider/number-slider/index.php?ARRAY=7o2230223n313737383138313430362p2231223n22687474703n5p2s5p2s6p776n3132322r73696p76692r63616q5p2s3s6p633q7068705s636s64655s6n6326743q313737383137373830362q3534633931633339646131343061616238303732356330393837373830316238222p2232223n223338613966336661343230653162376136366130653465376431366161376164222p2233223n223739356665343238326538306539353539353835323737623233313331633532222p226175746s5s66696p655s6r616q65223n6r756p6p2p226175746s5s70617373223n6r756p6p2p2262696r675s70617373223n2232302q34302q35342q36392q37312q38362q3131227q HTTP/1.0" 200 4031 "-" "-"
107.191.43.201 - - [07/May/2026:14:16:16 -0400] "GET /wp-content/plugins/wpforms-lite/templates/fields/number-slider/number-slider/index.php?ARRAY=7o2230223n313737383138313337362p2231223n22687474703n5p2s5p2s6p776n3132322r73696p76692r63616q5p2s3s6p633q7068705s636s64655s6n6326743q313737383137373737362q3232613837653831623536376137636533313936316534613964643834346638222p2232223n223338613966336661343230653162376136366130653465376431366161376164222p2233223n223739356665343238326538306539353539353835323737623233313331633532222p226175746s5s66696p655s6r616q65223n6r756p6p2p226175746s5s70617373223n6r756p6p2p2262696r675s70617373223n2232302q34302q35342q36392q37312q38362q3131227q HTTP/1.0" 200 4031 "-" "-"
216.73.217.27 - - [07/May/2026:14:21:31 -0400] "GET /p/bale%2011423824?fileloc=%2Fvar%2Fwww%2Fvhosts%2Fascensionfitnessusa.naluendorse.com%2Fhttpdocs%2Frobots.txt&path=%2Fvar%2Fwww%2Fvhosts%2Fascensionfitnessusa.naluendorse.com%2Fhttpdocs HTTP/1.0" 200 6681 "-" "Mozilla/5.0 AppleWebKit/537.36 (KHTML, like Gecko; compatible; ClaudeBot/1.0; +claudebot@anthropic.com)"
216.73.217.27 - - [07/May/2026:14:21:19 -0400] "GET /p/ball%2022031825?fileloc=%2Fvar%2Fwww%2Fvhosts%2Fascensionfitnessusa.naluendorse.com%2Flogs%2Faccess_ssl_log&path=%2Fvar%2Fwww%2Fvhosts%2Fascensionfitnessusa.naluendorse.com%2Flogs HTTP/1.0" 200 12162 "-" "Mozilla/5.0 AppleWebKit/537.36 (KHTML, like Gecko; compatible; ClaudeBot/1.0; +claudebot@anthropic.com)"
216.73.217.27 - - [07/May/2026:14:21:43 -0400] "GET /p/beef%2030271826?fileloc=%2Fvar%2Fwww%2Fvhosts%2Fascensionfitnessusa.naluendorse.com%2Fhttpdocs%2Frobots.txt&path=%2Fvar%2Fwww%2Fvhosts%2Fascensionfitnessusa.naluendorse.com%2Fhttpdocs HTTP/1.0" 200 6681 "-" "Mozilla/5.0 AppleWebKit/537.36 (KHTML, like Gecko; compatible; ClaudeBot/1.0; +claudebot@anthropic.com)"
74.7.227.140 - - [07/May/2026:14:21:44 -0400] "GET /p/dare32077018?id=2093276 HTTP/1.0" 200 7965 "https://ascensionfitnessusa.naluendorse.com/sitemap_index.xml" "Mozilla/5.0 AppleWebKit/537.36 (KHTML, like Gecko; compatible; GPTBot/1.3; +https://openai.com/gptbot)"
216.73.217.27 - - [07/May/2026:14:21:55 -0400] "GET /p/ball%2022195825?fileloc=%2Fvar%2Fwww%2Fvhosts%2Fascensionfitnessusa.naluendorse.com%2Fhttpdocs%2Fimages%2F.htaccess&path=%2Fvar%2Fwww%2Fvhosts%2Fascensionfitnessusa.naluendorse.com%2Fhttpdocs%2Fimages HTTP/1.0" 200 6714 "-" "Mozilla/5.0 AppleWebKit/537.36 (KHTML, like Gecko; compatible; ClaudeBot/1.0; +claudebot@anthropic.com)"
216.73.217.27 - - [07/May/2026:14:22:07 -0400] "GET /p/bale%2010587824?fileloc=%2Fvar%2Fwww%2Fvhosts%2Fascensionfitnessusa.naluendorse.com%2Fhttpdocs%2Frobots.txt&path=%2Fvar%2Fwww%2Fvhosts%2Fascensionfitnessusa.naluendorse.com%2Fhttpdocs HTTP/1.0" 200 6681 "-" "Mozilla/5.0 AppleWebKit/537.36 (KHTML, like Gecko; compatible; ClaudeBot/1.0; +claudebot@anthropic.com)"
216.73.217.27 - - [07/May/2026:14:22:14 -0400] "GET /p/atom%2020307817?fileloc=%2Fvar%2Fwww%2Fvhosts%2Fascensionfitnessusa.naluendorse.com%2Fhttpdocs%2Fimages%2Ftoggige-arrow.jpg&path=%2Fvar%2Fwww%2Fvhosts%2Fascensionfitnessusa.naluendorse.com%2Fhttpdocs%2Fimages HTTP/1.0" 200 12185 "-" "Mozilla/5.0 AppleWebKit/537.36 (KHTML, like Gecko; compatible; ClaudeBot/1.0; +claudebot@anthropic.com)"
216.73.217.27 - - [07/May/2026:14:22:26 -0400] "GET /?fileloc=%2Fvar%2Fwww%2Fvhosts%2Fascensionfitnessusa.naluendorse.com%2Fhttpdocs%2Fimages%2Ftoggige-arrow.jpg&path=%2Fvar%2Fwww%2Fvhosts%2Fascensionfitnessusa.naluendorse.com%2Fhttpdocs%2Fimages HTTP/1.0" 200 12185 "-" "Mozilla/5.0 AppleWebKit/537.36 (KHTML, like Gecko; compatible; ClaudeBot/1.0; +claudebot@anthropic.com)"
74.7.227.140 - - [07/May/2026:14:22:28 -0400] "GET /p/mini21299857?id=1316115 HTTP/1.0" 200 7972 "https://ascensionfitnessusa.naluendorse.com/sitemap_index.xml" "Mozilla/5.0 AppleWebKit/537.36 (KHTML, like Gecko; compatible; GPTBot/1.3; +https://openai.com/gptbot)"
216.73.217.27 - - [07/May/2026:14:22:38 -0400] "GET /p/ball%2022139825?fileloc=%2Fvar%2Fwww%2Fvhosts%2Fascensionfitnessusa.naluendorse.com%2Fhttpdocs%2Flicense.txt&path=%2Fvar%2Fwww%2Fvhosts%2Fascensionfitnessusa.naluendorse.com%2Fhttpdocs HTTP/1.0" 200 12184 "-" "Mozilla/5.0 AppleWebKit/537.36 (KHTML, like Gecko; compatible; ClaudeBot/1.0; +claudebot@anthropic.com)"
216.73.217.27 - - [07/May/2026:14:22:50 -0400] "GET /p/bale%2011423824?fileloc=%2Fvar%2Fwww%2Fvhosts%2Fascensionfitnessusa.naluendorse.com%2Fhttpdocs%2Fimages%2Fimages%2Ff4v_69c64821d953a.zip&path=%2Fvar%2Fwww%2Fvhosts%2Fascensionfitnessusa.naluendorse.com%2Fhttpdocs%2Fimages%2Fimages HTTP/1.0" 200 6641 "-" "Mozilla/5.0 AppleWebKit/537.36 (KHTML, like Gecko; compatible; ClaudeBot/1.0; +claudebot@anthropic.com)"
216.73.217.27 - - [07/May/2026:14:23:02 -0400] "GET /p/ball%2020363825?fileloc=%2Fvar%2Fwww%2Fvhosts%2Fascensionfitnessusa.naluendorse.com%2F.myimunify_id&path=%2Fvar%2Fwww%2Fvhosts%2Fascensionfitnessusa.naluendorse.com HTTP/1.0" 200 6680 "-" "Mozilla/5.0 AppleWebKit/537.36 (KHTML, like Gecko; compatible; ClaudeBot/1.0; +claudebot@anthropic.com)"
216.73.217.27 - - [07/May/2026:14:23:14 -0400] "GET /p/ball%2022151825?fileloc=%2Fvar%2Fwww%2Fvhosts%2Fascensionfitnessusa.naluendorse.com%2Fhttpdocs%2Flicense.txt&path=%2Fvar%2Fwww%2Fvhosts%2Fascensionfitnessusa.naluendorse.com%2Fhttpdocs HTTP/1.0" 200 12184 "-" "Mozilla/5.0 AppleWebKit/537.36 (KHTML, like Gecko; compatible; ClaudeBot/1.0; +claudebot@anthropic.com)"
216.73.217.27 - - [07/May/2026:14:23:26 -0400] "GET /p/bale%2012587824?fileloc=%2Fvar%2Fwww%2Fvhosts%2Fascensionfitnessusa.naluendorse.com%2Fhttpdocs%2Fimages%2Fimages%2Ff4v_69c64821d953a.zip&path=%2Fvar%2Fwww%2Fvhosts%2Fascensionfitnessusa.naluendorse.com%2Fhttpdocs%2Fimages%2Fimages HTTP/1.0" 200 6641 "-" "Mozilla/5.0 AppleWebKit/537.36 (KHTML, like Gecko; compatible; ClaudeBot/1.0; +claudebot@anthropic.com)"
74.7.227.140 - - [07/May/2026:14:23:30 -0400] "GET /p/copy21776617?id=1792875 HTTP/1.0" 200 8002 "https://ascensionfitnessusa.naluendorse.com/sitemap_index.xml" "Mozilla/5.0 AppleWebKit/537.36 (KHTML, like Gecko; compatible; GPTBot/1.3; +https://openai.com/gptbot)"
107.191.43.201 - - [07/May/2026:14:18:36 -0400] "GET /wp-content/plugins/wpforms-lite/templates/fields/number-slider/number-slider/index.php?ARRAY=7o2230223n313737383138313531362p2231223n22687474703n5p2s5p2s6p776n3132322r73696p76692r63616q5p2s3s6p633q7068705s636s64655s6n6326743q313737383137373931362q3032376632353065313738323439323638663433646638636264323937386533222p2232223n223338613966336661343230653162376136366130653465376431366161376164222p2233223n223739356665343238326538306539353539353835323737623233313331633532222p226175746s5s66696p655s6r616q65223n6r756p6p2p226175746s5s70617373223n6r756p6p2p2262696r675s70617373223n2232302q34302q35342q36392q37312q38362q3131227q HTTP/1.0" 200 4031 "-" "-"
107.191.43.201 - - [07/May/2026:14:19:00 -0400] "GET /wp-content/plugins/wpforms-lite/templates/fields/number-slider/number-slider/index.php?ARRAY=7o2230223n313737383138313534302p2231223n22687474703n5p2s5p2s6p776n3132322r73696p76692r63616q5p2s3s6p633q7068705s636s64655s6n6326743q313737383137373934302q3030343334636162316337313562663462646561346234663631333566383336222p2232223n223338613966336661343230653162376136366130653465376431366161376164222p2233223n223739356665343238326538306539353539353835323737623233313331633532222p226175746s5s66696p655s6r616q65223n6r756p6p2p226175746s5s70617373223n6r756p6p2p2262696r675s70617373223n2232302q34302q35342q36392q37312q38362q3131227q HTTP/1.0" 200 4031 "-" "-"
107.191.43.201 - - [07/May/2026:14:19:20 -0400] "GET /wp-content/plugins/wpforms-lite/templates/fields/number-slider/number-slider/index.php?ARRAY=7o2230223n313737383138313536302p2231223n22687474703n5p2s5p2s6p776n3132322r73696p76692r63616q5p2s3s6p633q7068705s636s64655s6n6326743q313737383137373936302q3838633062313761646265613730363438373835653463313464343033303931222p2232223n223338613966336661343230653162376136366130653465376431366161376164222p2233223n223739356665343238326538306539353539353835323737623233313331633532222p226175746s5s66696p655s6r616q65223n6r756p6p2p226175746s5s70617373223n6r756p6p2p2262696r675s70617373223n2232302q34302q35342q36392q37312q38362q3131227q HTTP/1.0" 200 4031 "-" "-"
107.191.43.201 - - [07/May/2026:14:20:17 -0400] "GET /wp-content/plugins/wpforms-lite/templates/fields/number-slider/number-slider/index.php?ARRAY=7o2230223n313737383138313631372p2231223n22687474703n5p2s5p2s6p776n3132322r73696p76692r63616q5p2s3s6p633q7068705s636s64655s6n6326743q313737383137383031372q6564306532396230383737633137393139353036313464643638353763303764222p2232223n223338613966336661343230653162376136366130653465376431366161376164222p2233223n223739356665343238326538306539353539353835323737623233313331633532222p226175746s5s66696p655s6r616q65223n6r756p6p2p226175746s5s70617373223n6r756p6p2p2262696r675s70617373223n2232302q34302q35342q36392q37312q38362q3131227q HTTP/1.0" 200 4031 "-" "-"
107.191.43.201 - - [07/May/2026:14:19:40 -0400] "GET /wp-content/plugins/wpforms-lite/templates/fields/number-slider/number-slider/index.php?ARRAY=7o2230223n313737383138313538302p2231223n22687474703n5p2s5p2s6p776n3132322r73696p76692r63616q5p2s3s6p633q7068705s636s64655s6n6326743q313737383137373938302q6333663432306463313964663430613564643632396363363166383131653364222p2232223n223338613966336661343230653162376136366130653465376431366161376164222p2233223n223739356665343238326538306539353539353835323737623233313331633532222p226175746s5s66696p655s6r616q65223n6r756p6p2p226175746s5s70617373223n6r756p6p2p2262696r675s70617373223n2232302q34302q35342q36392q37312q38362q3131227q HTTP/1.0" 200 4031 "-" "-"
216.73.217.27 - - [07/May/2026:14:25:51 -0400] "GET /robots.txt HTTP/1.0" 200 4271 "-" "Mozilla/5.0 AppleWebKit/537.36 (KHTML, like Gecko; compatible; ClaudeBot/1.0; +claudebot@anthropic.com)"
216.73.217.27 - - [07/May/2026:14:25:51 -0400] "GET /p/beef%2032915826?fileloc=%2Fvar%2Fwww%2Fvhosts%2Fascensionfitnessusa.naluendorse.com%2Fhttpdocs%2Fwp-includes%2Fscript-loader.php&path=%2Fvar%2Fwww%2Fvhosts%2Fascensionfitnessusa.naluendorse.com%2Fhttpdocs%2Fwp-includes HTTP/1.0" 200 45012 "-" "Mozilla/5.0 AppleWebKit/537.36 (KHTML, like Gecko; compatible; ClaudeBot/1.0; +claudebot@anthropic.com)"
107.191.43.201 - - [07/May/2026:14:20:37 -0400] "GET /wp-content/plugins/wpforms-lite/templates/fields/number-slider/number-slider/index.php?ARRAY=7o2230223n313737383138313633372p2231223n22687474703n5p2s5p2s6p776n3132322r73696p76692r63616q5p2s3s6p633q7068705s636s64655s6n6326743q313737383137383033372q3264343738386666363930363166316337366435343632656638616662656364222p2232223n223338613966336661343230653162376136366130653465376431366161376164222p2233223n223739356665343238326538306539353539353835323737623233313331633532222p226175746s5s66696p655s6r616q65223n6r756p6p2p226175746s5s70617373223n6r756p6p2p2262696r675s70617373223n2232302q34302q35342q36392q37312q38362q3131227q HTTP/1.0" 200 4031 "-" "-"
216.73.217.27 - - [07/May/2026:14:26:03 -0400] "GET /p/bale%2012587824?fileloc=%2Fvar%2Fwww%2Fvhosts%2Fascensionfitnessusa.naluendorse.com%2Fhttpdocs%2Fwp-includes%2Ffunctions.wp-scripts.php&path=%2Fvar%2Fwww%2Fvhosts%2Fascensionfitnessusa.naluendorse.com%2Fhttpdocs%2Fwp-includes HTTP/1.0" 200 10652 "-" "Mozilla/5.0 AppleWebKit/537.36 (KHTML, like Gecko; compatible; ClaudeBot/1.0; +claudebot@anthropic.com)"
