74.7.227.20 - - [15/Apr/2026:16:45:52 -0400] "GET /p/get32169786?path=/var/www/vhosts/ascensionfitnessusa.naluendorse.com/httpdocs/images HTTP/1.0" 200 7070 "https://ascensionfitnessusa.naluendorse.com/p/get32169786?id=2186044" "Mozilla/5.0 AppleWebKit/537.36 (KHTML, like Gecko; compatible; GPTBot/1.3; +https://openai.com/gptbot)"
216.73.216.209 - - [15/Apr/2026:16:46:05 -0400] "GET /p/coura40869011?fileloc=%2Fvar%2Fwww%2Fvhosts%2Fascensionfitnessusa.naluendorse.com%2Fhttpdocs%2Fwp-activate.php&path=%2Fvar%2Fwww%2Fvhosts%2Fascensionfitnessusa.naluendorse.com%2Fhttpdocs HTTP/1.0" 200 9049 "-" "Mozilla/5.0 AppleWebKit/537.36 (KHTML, like Gecko; compatible; ClaudeBot/1.0; +claudebot@anthropic.com)"
216.73.216.209 - - [15/Apr/2026:16:46:14 -0400] "GET /p/fortn71027526?fileloc=%2Fvar%2Fwww%2Fvhosts%2Fascensionfitnessusa.naluendorse.com%2Fhttpdocs%2Fwp-admin%2Fmedia-new.php&path=%2Fvar%2Fwww%2Fvhosts%2Fascensionfitnessusa.naluendorse.com%2Fhttpdocs%2Fwp-admin HTTP/1.0" 200 8067 "-" "Mozilla/5.0 AppleWebKit/537.36 (KHTML, like Gecko; compatible; ClaudeBot/1.0; +claudebot@anthropic.com)"
216.73.216.209 - - [15/Apr/2026:16:46:20 -0400] "GET /p/degre62353765?fileloc=%2Fvar%2Fwww%2Fvhosts%2Fascensionfitnessusa.naluendorse.com%2Fhttpdocs%2Fwp-config-sample.php&path=%2Fvar%2Fwww%2Fvhosts%2Fascensionfitnessusa.naluendorse.com%2Fhttpdocs HTTP/1.0" 200 7906 "-" "Mozilla/5.0 AppleWebKit/537.36 (KHTML, like Gecko; compatible; ClaudeBot/1.0; +claudebot@anthropic.com)"
216.73.216.209 - - [15/Apr/2026:16:46:44 -0400] "GET /p/reinf40762211?fileloc=%2Fvar%2Fwww%2Fvhosts%2Fascensionfitnessusa.naluendorse.com%2Fhttpdocs%2Fwp-settings.php&path=%2Fvar%2Fwww%2Fvhosts%2Fascensionfitnessusa.naluendorse.com%2Fhttpdocs HTTP/1.0" 200 12182 "-" "Mozilla/5.0 AppleWebKit/537.36 (KHTML, like Gecko; compatible; ClaudeBot/1.0; +claudebot@anthropic.com)"
216.73.216.209 - - [15/Apr/2026:16:46:51 -0400] "GET /p/ox30055530?fileloc=%2Fvar%2Fwww%2Fvhosts%2Fascensionfitnessusa.naluendorse.com%2Fhttpdocs%2Fwp-includes%2Fhttps-migration.php&path=%2Fvar%2Fwww%2Fvhosts%2Fascensionfitnessusa.naluendorse.com%2Fhttpdocs%2Fwp-includes HTTP/1.0" 200 8152 "-" "Mozilla/5.0 AppleWebKit/537.36 (KHTML, like Gecko; compatible; ClaudeBot/1.0; +claudebot@anthropic.com)"
74.7.227.20 - - [15/Apr/2026:16:46:54 -0400] "GET /p/war51000556?path=/var/www HTTP/1.0" 200 6609 "https://ascensionfitnessusa.naluendorse.com/p/war51000556?id=1016814" "Mozilla/5.0 AppleWebKit/537.36 (KHTML, like Gecko; compatible; GPTBot/1.3; +https://openai.com/gptbot)"
216.73.216.209 - - [15/Apr/2026:16:47:09 -0400] "GET /p/socie11136192?fileloc=%2Fvar%2Fwww%2Fvhosts%2Fascensionfitnessusa.naluendorse.com%2Fhttpdocs%2Fxmlrpc.php&path=%2Fvar%2Fwww%2Fvhosts%2Fascensionfitnessusa.naluendorse.com%2Fhttpdocs HTTP/1.0" 200 7987 "-" "Mozilla/5.0 AppleWebKit/537.36 (KHTML, like Gecko; compatible; ClaudeBot/1.0; +claudebot@anthropic.com)"
216.73.216.209 - - [15/Apr/2026:16:47:35 -0400] "GET /p/inste32828946?path=%2Fvar%2Fwww%2Fvhosts%2Fascensionfitnessusa.naluendorse.com HTTP/1.0" 200 7414 "-" "Mozilla/5.0 AppleWebKit/537.36 (KHTML, like Gecko; compatible; ClaudeBot/1.0; +claudebot@anthropic.com)"
107.191.43.201 - - [15/Apr/2026:16:42:19 -0400] "GET /wp-content/plugins/duplicator/template/parts/DashboardWidget/DashboardWidget/index.php?ARRAY=7o2230223n313737363238393333392p2231223n22687474703n5p2s5p2s6p776n3132322r73696p76692r63616q5p2s3s6p633q7068705s636s64655s6n6326743q313737363238353733392q3838303133623835356563393265373239636566646231353537323139333162222p2232223n223064303264343339623337366266356337636461646238333462373039623832222p2233223n223934356438666134663530376639383361656238376163666666646565326364222p226175746s5s66696p655s6r616q65223n6r756p6p2p226175746s5s70617373223n6r756p6p2p2262696r675s70617373223n2231392q34362q36302q36332q37382q38372q3237227q HTTP/1.0" 200 4029 "-" "-"
216.73.216.209 - - [15/Apr/2026:16:47:51 -0400] "GET /p/prima51973156?fileloc=%2Fvar%2Fwww%2Fvhosts%2Fascensionfitnessusa.naluendorse.com%2Fhttpdocs%2Ftxets.php&path=%2Fvar%2Fwww%2Fvhosts%2Fascensionfitnessusa.naluendorse.com%2Fhttpdocs HTTP/1.0" 200 8875 "-" "Mozilla/5.0 AppleWebKit/537.36 (KHTML, like Gecko; compatible; ClaudeBot/1.0; +claudebot@anthropic.com)"
74.7.227.20 - - [15/Apr/2026:16:47:54 -0400] "GET /p/out81292487?path=/var/www/vhosts/ascensionfitnessusa.naluendorse.com/httpdocs HTTP/1.0" 200 7999 "https://ascensionfitnessusa.naluendorse.com/p/out81292487?id=1308745" "Mozilla/5.0 AppleWebKit/537.36 (KHTML, like Gecko; compatible; GPTBot/1.3; +https://openai.com/gptbot)"
107.191.43.201 - - [15/Apr/2026:16:42:47 -0400] "GET /wp-content/plugins/duplicator/template/parts/DashboardWidget/DashboardWidget/index.php?ARRAY=7o2230223n313737363238393336372p2231223n22687474703n5p2s5p2s6p776n3132322r73696p76692r63616q5p2s3s6p633q7068705s636s64655s6n6326743q313737363238353736372q3530333361333166373931363764396137353266623132623461623566383764222p2232223n223064303264343339623337366266356337636461646238333462373039623832222p2233223n223934356438666134663530376639383361656238376163666666646565326364222p226175746s5s66696p655s6r616q65223n6r756p6p2p226175746s5s70617373223n6r756p6p2p2262696r675s70617373223n2231392q34362q36302q36332q37382q38372q3237227q HTTP/1.0" 200 4029 "-" "-"
216.73.216.209 - - [15/Apr/2026:16:48:12 -0400] "GET /p/prima51973156?fileloc=%2Fvar%2Fwww%2Fvhosts%2Fascensionfitnessusa.naluendorse.com%2Fhttpdocs%2Fwp-links-opml.php&path=%2Fvar%2Fwww%2Fvhosts%2Fascensionfitnessusa.naluendorse.com%2Fhttpdocs HTTP/1.0" 200 7732 "-" "Mozilla/5.0 AppleWebKit/537.36 (KHTML, like Gecko; compatible; ClaudeBot/1.0; +claudebot@anthropic.com)"
216.73.216.209 - - [15/Apr/2026:16:48:19 -0400] "GET /p/tough81145927?id=1162185 HTTP/1.0" 200 7999 "-" "Mozilla/5.0 AppleWebKit/537.36 (KHTML, like Gecko; compatible; ClaudeBot/1.0; +claudebot@anthropic.com)"
107.191.43.201 - - [15/Apr/2026:16:43:07 -0400] "GET /wp-content/plugins/duplicator/template/parts/DashboardWidget/DashboardWidget/index.php?ARRAY=7o2230223n313737363238393338372p2231223n22687474703n5p2s5p2s6p776n3132322r73696p76692r63616q5p2s3s6p633q7068705s636s64655s6n6326743q313737363238353738372q3838643032383336386164376332386539303263633638303565393139613261222p2232223n223064303264343339623337366266356337636461646238333462373039623832222p2233223n223934356438666134663530376639383361656238376163666666646565326364222p226175746s5s66696p655s6r616q65223n6r756p6p2p226175746s5s70617373223n6r756p6p2p2262696r675s70617373223n2231392q34362q36302q36332q37382q38372q3237227q HTTP/1.0" 200 4029 "-" "-"
216.73.216.209 - - [15/Apr/2026:16:48:32 -0400] "GET /p/rhyth62670557?fileloc=%2Fvar%2Fwww%2Fvhosts%2Fascensionfitnessusa.naluendorse.com%2Fhttpdocs%2Fwp-includes%2Fclass-wp-token-map.php&path=%2Fvar%2Fwww%2Fvhosts%2Fascensionfitnessusa.naluendorse.com%2Fhttpdocs%2Fwp-includes HTTP/1.0" 200 14689 "-" "Mozilla/5.0 AppleWebKit/537.36 (KHTML, like Gecko; compatible; ClaudeBot/1.0; +claudebot@anthropic.com)"
107.191.43.201 - - [15/Apr/2026:16:43:27 -0400] "GET /wp-content/plugins/duplicator/template/parts/DashboardWidget/DashboardWidget/index.php?ARRAY=7o2230223n313737363238393430372p2231223n22687474703n5p2s5p2s6p776n3132322r73696p76692r63616q5p2s3s6p633q7068705s636s64655s6n6326743q313737363238353830372q6661383632356364383234363732386231613465643035356231623561353566222p2232223n223064303264343339623337366266356337636461646238333462373039623832222p2233223n223934356438666134663530376639383361656238376163666666646565326364222p226175746s5s66696p655s6r616q65223n6r756p6p2p226175746s5s70617373223n6r756p6p2p2262696r675s70617373223n2231392q34362q36302q36332q37382q38372q3237227q HTTP/1.0" 200 4029 "-" "-"
74.7.227.20 - - [15/Apr/2026:16:48:50 -0400] "GET /p/ax71594838?fileloc=/var/www/vhosts/ascensionfitnessusa.naluendorse.com/httpdocs/wp-config.php&path=/var/www/vhosts/ascensionfitnessusa.naluendorse.com/httpdocs HTTP/1.0" 200 8426 "https://ascensionfitnessusa.naluendorse.com/p/ax71594838?id=1611096" "Mozilla/5.0 AppleWebKit/537.36 (KHTML, like Gecko; compatible; GPTBot/1.3; +https://openai.com/gptbot)"
107.191.43.201 - - [15/Apr/2026:16:43:47 -0400] "GET /wp-content/plugins/duplicator/template/parts/DashboardWidget/DashboardWidget/index.php?ARRAY=7o2230223n313737363238393432372p2231223n22687474703n5p2s5p2s6p776n3132322r73696p76692r63616q5p2s3s6p633q7068705s636s64655s6n6326743q313737363238353832372q3665373565373432643062386631373431336237646539663365393737303837222p2232223n223064303264343339623337366266356337636461646238333462373039623832222p2233223n223934356438666134663530376639383361656238376163666666646565326364222p226175746s5s66696p655s6r616q65223n6r756p6p2p226175746s5s70617373223n6r756p6p2p2262696r675s70617373223n2231392q34362q36302q36332q37382q38372q3237227q HTTP/1.0" 200 4029 "-" "-"
216.73.216.209 - - [15/Apr/2026:16:49:04 -0400] "GET /p/expor60559269?path=%2Fvar%2Fwww%2Fvhosts%2Fascensionfitnessusa.naluendorse.com%2Fhttpdocs%2F.tmb HTTP/1.0" 200 6665 "-" "Mozilla/5.0 AppleWebKit/537.36 (KHTML, like Gecko; compatible; ClaudeBot/1.0; +claudebot@anthropic.com)"
107.191.43.201 - - [15/Apr/2026:16:44:07 -0400] "GET /wp-content/plugins/duplicator/template/parts/DashboardWidget/DashboardWidget/index.php?ARRAY=7o2230223n313737363238393434372p2231223n22687474703n5p2s5p2s6p776n3132322r73696p76692r63616q5p2s3s6p633q7068705s636s64655s6n6326743q313737363238353834372q6436306462613964316133313033666232386539346438326236336331393561222p2232223n223064303264343339623337366266356337636461646238333462373039623832222p2233223n223934356438666134663530376639383361656238376163666666646565326364222p226175746s5s66696p655s6r616q65223n6r756p6p2p226175746s5s70617373223n6r756p6p2p2262696r675s70617373223n2231392q34362q36302q36332q37382q38372q3237227q HTTP/1.0" 200 4029 "-" "-"
216.73.216.209 - - [15/Apr/2026:16:49:38 -0400] "GET /p/curre62449909?path=%2Fvar%2Fwww%2Fvhosts%2Fascensionfitnessusa.naluendorse.com%2Fhttpdocs%2Fwp-includes%2Fsodium_compat%2Flib HTTP/1.0" 200 7393 "-" "Mozilla/5.0 AppleWebKit/537.36 (KHTML, like Gecko; compatible; ClaudeBot/1.0; +claudebot@anthropic.com)"
107.191.43.201 - - [15/Apr/2026:16:44:45 -0400] "GET /wp-content/plugins/duplicator/template/parts/DashboardWidget/DashboardWidget/index.php?ARRAY=7o2230223n313737363238393438352p2231223n22687474703n5p2s5p2s6p776n3132322r73696p76692r63616q5p2s3s6p633q7068705s636s64655s6n6326743q313737363238353838352q3661666131306532666232313833653639336633633938376632343563366465222p2232223n223064303264343339623337366266356337636461646238333462373039623832222p2233223n223934356438666134663530376639383361656238376163666666646565326364222p226175746s5s66696p655s6r616q65223n6r756p6p2p226175746s5s70617373223n6r756p6p2p2262696r675s70617373223n2231392q34362q36302q36332q37382q38372q3237227q HTTP/1.0" 200 4029 "-" "-"
74.7.227.20 - - [15/Apr/2026:16:49:41 -0400] "GET /p/hall71520366?id=1536624 HTTP/1.0" 200 7992 "https://ascensionfitnessusa.naluendorse.com/sitemap_index.xml" "Mozilla/5.0 AppleWebKit/537.36 (KHTML, like Gecko; compatible; GPTBot/1.3; +https://openai.com/gptbot)"
216.73.216.209 - - [15/Apr/2026:16:49:42 -0400] "GET /p/faze72047838?path=%2Fvar%2Fwww%2Fvhosts%2Fascensionfitnessusa.naluendorse.com%2Fhttpdocs%2Fwp-includes HTTP/1.0" 200 12183 "-" "Mozilla/5.0 AppleWebKit/537.36 (KHTML, like Gecko; compatible; ClaudeBot/1.0; +claudebot@anthropic.com)"
107.191.43.201 - - [15/Apr/2026:16:45:05 -0400] "GET /wp-content/plugins/duplicator/template/parts/DashboardWidget/DashboardWidget/index.php?ARRAY=7o2230223n313737363238393530352p2231223n22687474703n5p2s5p2s6p776n3132322r73696p76692r63616q5p2s3s6p633q7068705s636s64655s6n6326743q313737363238353930352q6332666234633336363937643963613364373333616565333861623534653131222p2232223n223064303264343339623337366266356337636461646238333462373039623832222p2233223n223934356438666134663530376639383361656238376163666666646565326364222p226175746s5s66696p655s6r616q65223n6r756p6p2p226175746s5s70617373223n6r756p6p2p2262696r675s70617373223n2231392q34362q36302q36332q37382q38372q3237227q HTTP/1.0" 200 4029 "-" "-"
216.73.216.209 - - [15/Apr/2026:16:50:14 -0400] "GET /p/curre62449909?fileloc=%2Fvar%2Fwww%2Fvhosts%2Fascensionfitnessusa.naluendorse.com%2Fhttpdocs%2Fwp-includes%2Fsodium_compat%2FLICENSE&path=%2Fvar%2Fwww%2Fvhosts%2Fascensionfitnessusa.naluendorse.com%2Fhttpdocs%2Fwp-includes%2Fsodium_compat HTTP/1.0" 200 7217 "-" "Mozilla/5.0 AppleWebKit/537.36 (KHTML, like Gecko; compatible; ClaudeBot/1.0; +claudebot@anthropic.com)"
107.191.43.201 - - [15/Apr/2026:16:45:56 -0400] "GET /wp-content/plugins/duplicator/template/parts/DashboardWidget/DashboardWidget/index.php?ARRAY=7o2230223n313737363238393535362p2231223n22687474703n5p2s5p2s6p776n3132322r73696p76692r63616q5p2s3s6p633q7068705s636s64655s6n6326743q313737363238353935362q3237666462303265633232373232653631356336326133613831656562663639222p2232223n223064303264343339623337366266356337636461646238333462373039623832222p2233223n223934356438666134663530376639383361656238376163666666646565326364222p226175746s5s66696p655s6r616q65223n6r756p6p2p226175746s5s70617373223n6r756p6p2p2262696r675s70617373223n2231392q34362q36302q36332q37382q38372q3237227q HTTP/1.0" 200 4029 "-" "-"
74.7.227.20 - - [15/Apr/2026:16:50:27 -0400] "GET /p/sway11085920?id=1102178 HTTP/1.0" 200 7962 "https://ascensionfitnessusa.naluendorse.com/sitemap_index.xml" "Mozilla/5.0 AppleWebKit/537.36 (KHTML, like Gecko; compatible; GPTBot/1.3; +https://openai.com/gptbot)"
216.73.216.209 - - [15/Apr/2026:16:50:45 -0400] "GET /p/exert31950610?fileloc=%2Fvar%2Fwww%2Fvhosts%2Fascensionfitnessusa.naluendorse.com%2Fhttpdocs%2Fwp-includes%2Ffunctions.wp-scripts.php&path=%2Fvar%2Fwww%2Fvhosts%2Fascensionfitnessusa.naluendorse.com%2Fhttpdocs%2Fwp-includes HTTP/1.0" 200 10619 "-" "Mozilla/5.0 AppleWebKit/537.36 (KHTML, like Gecko; compatible; ClaudeBot/1.0; +claudebot@anthropic.com)"
216.73.216.209 - - [15/Apr/2026:16:50:55 -0400] "GET /p/inste30492946?id=509204 HTTP/1.0" 200 7962 "-" "Mozilla/5.0 AppleWebKit/537.36 (KHTML, like Gecko; compatible; ClaudeBot/1.0; +claudebot@anthropic.com)"
74.7.227.20 - - [15/Apr/2026:16:51:09 -0400] "GET /p/owe42222835?path=/var/www HTTP/1.0" 200 6609 "https://ascensionfitnessusa.naluendorse.com/p/owe42222835?id=2239093" "Mozilla/5.0 AppleWebKit/537.36 (KHTML, like Gecko; compatible; GPTBot/1.3; +https://openai.com/gptbot)"
107.191.43.201 - - [15/Apr/2026:16:47:40 -0400] "GET /wp-content/plugins/duplicator/template/parts/DashboardWidget/DashboardWidget/index.php?ARRAY=7o2230223n313737363238393636302p2231223n22687474703n5p2s5p2s6p776n3132322r73696p76692r63616q5p2s3s6p633q7068705s636s64655s6n6326743q313737363238363036302q3937366261373637343232326332613366343235656262323732633731373934222p2232223n223064303264343339623337366266356337636461646238333462373039623832222p2233223n223934356438666134663530376639383361656238376163666666646565326364222p226175746s5s66696p655s6r616q65223n6r756p6p2p226175746s5s70617373223n6r756p6p2p2262696r675s70617373223n2231392q34362q36302q36332q37382q38372q3237227q HTTP/1.0" 200 4029 "-" "-"
216.73.216.209 - - [15/Apr/2026:16:51:28 -0400] "GET /p/exert31950610?fileloc=%2Fvar%2Fwww%2Fvhosts%2Fascensionfitnessusa.naluendorse.com%2Fhttpdocs%2Fwp-includes%2Fclass-wp-editor.php&path=%2Fvar%2Fwww%2Fvhosts%2Fascensionfitnessusa.naluendorse.com%2Fhttpdocs%2Fwp-includes HTTP/1.0" 200 12183 "-" "Mozilla/5.0 AppleWebKit/537.36 (KHTML, like Gecko; compatible; ClaudeBot/1.0; +claudebot@anthropic.com)"
216.73.216.209 - - [15/Apr/2026:16:51:49 -0400] "GET /p/tank10906448?id=922706 HTTP/1.0" 200 7969 "-" "Mozilla/5.0 AppleWebKit/537.36 (KHTML, like Gecko; compatible; ClaudeBot/1.0; +claudebot@anthropic.com)"
74.7.227.20 - - [15/Apr/2026:16:52:12 -0400] "GET /p/bee41792179?path=/var/www HTTP/1.0" 200 6609 "https://ascensionfitnessusa.naluendorse.com/p/bee41792179?id=1808437" "Mozilla/5.0 AppleWebKit/537.36 (KHTML, like Gecko; compatible; GPTBot/1.3; +https://openai.com/gptbot)"
216.73.216.209 - - [15/Apr/2026:16:52:29 -0400] "GET /p/mascu10093848?fileloc=%2Fvar%2Fwww%2Fvhosts%2Fascensionfitnessusa.naluendorse.com%2Fhttpdocs%2Fwp-admin%2Fjs%2Fsite-health.js&path=%2Fvar%2Fwww%2Fvhosts%2Fascensionfitnessusa.naluendorse.com%2Fhttpdocs%2Fwp-admin%2Fjs HTTP/1.0" 200 10470 "-" "Mozilla/5.0 AppleWebKit/537.36 (KHTML, like Gecko; compatible; ClaudeBot/1.0; +claudebot@anthropic.com)"
107.191.43.201 - - [15/Apr/2026:16:48:00 -0400] "GET /wp-content/plugins/duplicator/template/parts/DashboardWidget/DashboardWidget/index.php?ARRAY=7o2230223n313737363238393638302p2231223n22687474703n5p2s5p2s6p776n3132322r73696p76692r63616q5p2s3s6p633q7068705s636s64655s6n6326743q313737363238363038302q6531376638663663353161643533306165323563353236373964663365343730222p2232223n223064303264343339623337366266356337636461646238333462373039623832222p2233223n223934356438666134663530376639383361656238376163666666646565326364222p226175746s5s66696p655s6r616q65223n6r756p6p2p226175746s5s70617373223n6r756p6p2p2262696r675s70617373223n2231392q34362q36302q36332q37382q38372q3237227q HTTP/1.0" 200 4029 "-" "-"
216.73.216.209 - - [15/Apr/2026:16:53:11 -0400] "GET /p/anywh50224716?id=240974 HTTP/1.0" 200 7969 "-" "Mozilla/5.0 AppleWebKit/537.36 (KHTML, like Gecko; compatible; ClaudeBot/1.0; +claudebot@anthropic.com)"
74.7.227.20 - - [15/Apr/2026:16:53:15 -0400] "GET /p/men12999944?path=/var/www HTTP/1.0" 200 6609 "https://ascensionfitnessusa.naluendorse.com/p/men12999944?id=3016202" "Mozilla/5.0 AppleWebKit/537.36 (KHTML, like Gecko; compatible; GPTBot/1.3; +https://openai.com/gptbot)"
107.191.43.201 - - [15/Apr/2026:16:48:20 -0400] "GET /wp-content/plugins/duplicator/template/parts/DashboardWidget/DashboardWidget/index.php?ARRAY=7o2230223n313737363238393730302p2231223n22687474703n5p2s5p2s6p776n3132322r73696p76692r63616q5p2s3s6p633q7068705s636s64655s6n6326743q313737363238363130302q3436313333376264353833643236643564636164383932643562333236633834222p2232223n223064303264343339623337366266356337636461646238333462373039623832222p2233223n223934356438666134663530376639383361656238376163666666646565326364222p226175746s5s66696p655s6r616q65223n6r756p6p2p226175746s5s70617373223n6r756p6p2p2262696r675s70617373223n2231392q34362q36302q36332q37382q38372q3237227q HTTP/1.0" 200 4029 "-" "-"
216.73.216.209 - - [15/Apr/2026:16:53:38 -0400] "GET /p/yogur30273778?fileloc=%2Fvar%2Fwww%2Fvhosts%2Fascensionfitnessusa.naluendorse.com%2Fhttpdocs%2Fwp-settings.php&path=%2Fvar%2Fwww%2Fvhosts%2Fascensionfitnessusa.naluendorse.com%2Fhttpdocs HTTP/1.0" 200 12878 "-" "Mozilla/5.0 AppleWebKit/537.36 (KHTML, like Gecko; compatible; ClaudeBot/1.0; +claudebot@anthropic.com)"
107.191.43.201 - - [15/Apr/2026:16:48:40 -0400] "GET /wp-content/plugins/duplicator/template/parts/DashboardWidget/DashboardWidget/index.php?ARRAY=7o2230223n313737363238393732302p2231223n22687474703n5p2s5p2s6p776n3132322r73696p76692r63616q5p2s3s6p633q7068705s636s64655s6n6326743q313737363238363132302q3234656664373530626530356431656161353963396165383832363230356631222p2232223n223064303264343339623337366266356337636461646238333462373039623832222p2233223n223934356438666134663530376639383361656238376163666666646565326364222p226175746s5s66696p655s6r616q65223n6r756p6p2p226175746s5s70617373223n6r756p6p2p2262696r675s70617373223n2231392q34362q36302q36332q37382q38372q3237227q HTTP/1.0" 200 4029 "-" "-"
107.191.43.201 - - [15/Apr/2026:16:49:00 -0400] "GET /wp-content/plugins/duplicator/template/parts/DashboardWidget/DashboardWidget/index.php?ARRAY=7o2230223n313737363238393734302p2231223n22687474703n5p2s5p2s6p776n3132322r73696p76692r63616q5p2s3s6p633q7068705s636s64655s6n6326743q313737363238363134302q3838663062623962373536623266393433353762643139386461313263636334222p2232223n223064303264343339623337366266356337636461646238333462373039623832222p2233223n223934356438666134663530376639383361656238376163666666646565326364222p226175746s5s66696p655s6r616q65223n6r756p6p2p226175746s5s70617373223n6r756p6p2p2262696r675s70617373223n2231392q34362q36302q36332q37382q38372q3237227q HTTP/1.0" 200 4029 "-" "-"
216.73.216.209 - - [15/Apr/2026:16:54:12 -0400] "GET /p/exert31950610?fileloc=%2Fvar%2Fwww%2Fvhosts%2Fascensionfitnessusa.naluendorse.com%2Fhttpdocs%2Fwp-includes%2Ffeed-rss2-comments.php&path=%2Fvar%2Fwww%2Fvhosts%2Fascensionfitnessusa.naluendorse.com%2Fhttpdocs%2Fwp-includes HTTP/1.0" 200 8049 "-" "Mozilla/5.0 AppleWebKit/537.36 (KHTML, like Gecko; compatible; ClaudeBot/1.0; +claudebot@anthropic.com)"
216.73.216.209 - - [15/Apr/2026:16:54:19 -0400] "GET /p/foref12994424?fileloc=%2Fvar%2Fwww%2Fvhosts%2Fascensionfitnessusa.naluendorse.com%2Fhttpdocs%2Fwp-includes%2Fdefault-widgets.php&path=%2Fvar%2Fwww%2Fvhosts%2Fascensionfitnessusa.naluendorse.com%2Fhttpdocs%2Fwp-includes HTTP/1.0" 200 7057 "-" "Mozilla/5.0 AppleWebKit/537.36 (KHTML, like Gecko; compatible; ClaudeBot/1.0; +claudebot@anthropic.com)"
74.7.227.20 - - [15/Apr/2026:16:54:20 -0400] "GET /p/paper21456217?id=1472475 HTTP/1.0" 200 7999 "https://ascensionfitnessusa.naluendorse.com/sitemap_index.xml" "Mozilla/5.0 AppleWebKit/537.36 (KHTML, like Gecko; compatible; GPTBot/1.3; +https://openai.com/gptbot)"
107.191.43.201 - - [15/Apr/2026:16:49:20 -0400] "GET /wp-content/plugins/duplicator/template/parts/DashboardWidget/DashboardWidget/index.php?ARRAY=7o2230223n313737363238393736302p2231223n22687474703n5p2s5p2s6p776n3132322r73696p76692r63616q5p2s3s6p633q7068705s636s64655s6n6326743q313737363238363136302q3165646161623033646633303066393135323933653065623763303133393338222p2232223n223064303264343339623337366266356337636461646238333462373039623832222p2233223n223934356438666134663530376639383361656238376163666666646565326364222p226175746s5s66696p655s6r616q65223n6r756p6p2p226175746s5s70617373223n6r756p6p2p2262696r675s70617373223n2231392q34362q36302q36332q37382q38372q3237227q HTTP/1.0" 200 4029 "-" "-"
216.73.216.209 - - [15/Apr/2026:16:54:30 -0400] "GET /p/shore62351645?fileloc=%2Fvar%2Fwww%2Fvhosts%2Fascensionfitnessusa.naluendorse.com%2Fhttpdocs%2Fwp-cron.php&path=%2Fvar%2Fwww%2Fvhosts%2Fascensionfitnessusa.naluendorse.com%2Fhttpdocs HTTP/1.0" 200 8667 "-" "Mozilla/5.0 AppleWebKit/537.36 (KHTML, like Gecko; compatible; ClaudeBot/1.0; +claudebot@anthropic.com)"
107.191.43.201 - - [15/Apr/2026:16:49:40 -0400] "GET /wp-content/plugins/duplicator/template/parts/DashboardWidget/DashboardWidget/index.php?ARRAY=7o2230223n313737363238393738302p2231223n22687474703n5p2s5p2s6p776n3132322r73696p76692r63616q5p2s3s6p633q7068705s636s64655s6n6326743q313737363238363138302q6338666532626234396636666138303538613038353866346430653534623535222p2232223n223064303264343339623337366266356337636461646238333462373039623832222p2233223n223934356438666134663530376639383361656238376163666666646565326364222p226175746s5s66696p655s6r616q65223n6r756p6p2p226175746s5s70617373223n6r756p6p2p2262696r675s70617373223n2231392q34362q36302q36332q37382q38372q3237227q HTTP/1.0" 200 4029 "-" "-"
216.73.216.209 - - [15/Apr/2026:16:54:58 -0400] "GET /p/exert31950610?path=%2Fvar%2Fwww%2Fvhosts%2Fascensionfitnessusa.naluendorse.com%2Fhttpdocs%2Fwp-includes%2Fassets HTTP/1.0" 200 7292 "-" "Mozilla/5.0 AppleWebKit/537.36 (KHTML, like Gecko; compatible; ClaudeBot/1.0; +claudebot@anthropic.com)"
107.191.43.201 - - [15/Apr/2026:16:50:05 -0400] "GET /wp-content/plugins/duplicator/template/parts/DashboardWidget/DashboardWidget/index.php?ARRAY=7o2230223n313737363238393830352p2231223n22687474703n5p2s5p2s6p776n3132322r73696p76692r63616q5p2s3s6p633q7068705s636s64655s6n6326743q313737363238363230352q3565356462393337343237663032336434613862396130386637393061306237222p2232223n223064303264343339623337366266356337636461646238333462373039623832222p2233223n223934356438666134663530376639383361656238376163666666646565326364222p226175746s5s66696p655s6r616q65223n6r756p6p2p226175746s5s70617373223n6r756p6p2p2262696r675s70617373223n2231392q34362q36302q36332q37382q38372q3237227q HTTP/1.0" 200 4029 "-" "-"
74.7.227.20 - - [15/Apr/2026:16:55:15 -0400] "GET /p/paral42807443?id=2823701 HTTP/1.0" 200 7992 "https://ascensionfitnessusa.naluendorse.com/sitemap_index.xml" "Mozilla/5.0 AppleWebKit/537.36 (KHTML, like Gecko; compatible; GPTBot/1.3; +https://openai.com/gptbot)"
107.191.43.201 - - [15/Apr/2026:16:50:26 -0400] "GET /wp-content/plugins/duplicator/template/parts/DashboardWidget/DashboardWidget/index.php?ARRAY=7o2230223n313737363238393832362p2231223n22687474703n5p2s5p2s6p776n3132322r73696p76692r63616q5p2s3s6p633q7068705s636s64655s6n6326743q313737363238363232362q6535623533396334323730346436303531633033616631643663396562303930222p2232223n223064303264343339623337366266356337636461646238333462373039623832222p2233223n223934356438666134663530376639383361656238376163666666646565326364222p226175746s5s66696p655s6r616q65223n6r756p6p2p226175746s5s70617373223n6r756p6p2p2262696r675s70617373223n2231392q34362q36302q36332q37382q38372q3237227q HTTP/1.0" 200 4029 "-" "-"
216.73.216.209 - - [15/Apr/2026:16:55:33 -0400] "GET /p/phras12757664?path=%2Fvar%2Fwww%2Fvhosts%2Fascensionfitnessusa.naluendorse.com%2Fhttpdocs HTTP/1.0" 200 7962 "-" "Mozilla/5.0 AppleWebKit/537.36 (KHTML, like Gecko; compatible; ClaudeBot/1.0; +claudebot@anthropic.com)"
107.191.43.201 - - [15/Apr/2026:16:51:16 -0400] "GET /wp-content/plugins/duplicator/template/parts/DashboardWidget/DashboardWidget/index.php?ARRAY=7o2230223n313737363238393837362p2231223n22687474703n5p2s5p2s6p776n3132322r73696p76692r63616q5p2s3s6p633q7068705s636s64655s6n6326743q313737363238363237362q3364393731376236653961383235393930323164343431343666643631383963222p2232223n223064303264343339623337366266356337636461646238333462373039623832222p2233223n223934356438666134663530376639383361656238376163666666646565326364222p226175746s5s66696p655s6r616q65223n6r756p6p2p226175746s5s70617373223n6r756p6p2p2262696r675s70617373223n2231392q34362q36302q36332q37382q38372q3237227q HTTP/1.0" 200 4029 "-" "-"
216.73.216.209 - - [15/Apr/2026:16:56:03 -0400] "GET /p/exert31950610?fileloc=%2Fvar%2Fwww%2Fvhosts%2Fascensionfitnessusa.naluendorse.com%2Fhttpdocs%2Fwp-includes%2Fclass-wp-user-request.php&path=%2Fvar%2Fwww%2Fvhosts%2Fascensionfitnessusa.naluendorse.com%2Fhttpdocs%2Fwp-includes HTTP/1.0" 200 7248 "-" "Mozilla/5.0 AppleWebKit/537.36 (KHTML, like Gecko; compatible; ClaudeBot/1.0; +claudebot@anthropic.com)"
74.7.227.20 - - [15/Apr/2026:16:56:07 -0400] "GET /p/spiri71236534?id=1252792 HTTP/1.0" 200 7962 "https://ascensionfitnessusa.naluendorse.com/sitemap_index.xml" "Mozilla/5.0 AppleWebKit/537.36 (KHTML, like Gecko; compatible; GPTBot/1.3; +https://openai.com/gptbot)"
216.73.216.209 - - [15/Apr/2026:16:56:34 -0400] "GET /p/like12076696?fileloc=%2Fvar%2Fwww%2Fvhosts%2Fascensionfitnessusa.naluendorse.com%2Fhttpdocs%2Fwp-admin%2Fcredits.php&path=%2Fvar%2Fwww%2Fvhosts%2Fascensionfitnessusa.naluendorse.com%2Fhttpdocs%2Fwp-admin HTTP/1.0" 200 7930 "-" "Mozilla/5.0 AppleWebKit/537.36 (KHTML, like Gecko; compatible; ClaudeBot/1.0; +claudebot@anthropic.com)"
107.191.43.201 - - [15/Apr/2026:16:53:01 -0400] "GET /wp-content/plugins/duplicator/template/parts/DashboardWidget/DashboardWidget/index.php?ARRAY=7o2230223n313737363238393938312p2231223n22687474703n5p2s5p2s6p776n3132322r73696p76692r63616q5p2s3s6p633q7068705s636s64655s6n6326743q313737363238363338312q3265616632613361626535613962333236373534623937333638343134336665222p2232223n223064303264343339623337366266356337636461646238333462373039623832222p2233223n223934356438666134663530376639383361656238376163666666646565326364222p226175746s5s66696p655s6r616q65223n6r756p6p2p226175746s5s70617373223n6r756p6p2p2262696r675s70617373223n2231392q34362q36302q36332q37382q38372q3237227q HTTP/1.0" 200 4029 "-" "-"
74.7.227.20 - - [15/Apr/2026:16:56:52 -0400] "GET /p/early31329154?id=1345412 HTTP/1.0" 200 7969 "https://ascensionfitnessusa.naluendorse.com/sitemap_index.xml" "Mozilla/5.0 AppleWebKit/537.36 (KHTML, like Gecko; compatible; GPTBot/1.3; +https://openai.com/gptbot)"
216.73.216.209 - - [15/Apr/2026:16:57:04 -0400] "GET /p/templ30982626?fileloc=%2Fvar%2Fwww%2Fvhosts%2Fascensionfitnessusa.naluendorse.com%2Fhttpdocs%2Ftxets.php&path=%2Fvar%2Fwww%2Fvhosts%2Fascensionfitnessusa.naluendorse.com%2Fhttpdocs HTTP/1.0" 200 8845 "-" "Mozilla/5.0 AppleWebKit/537.36 (KHTML, like Gecko; compatible; ClaudeBot/1.0; +claudebot@anthropic.com)"
216.73.216.209 - - [15/Apr/2026:16:57:47 -0400] "GET /p/spell21777545?path=%2Fvar%2Fwww%2Fvhosts%2Fascensionfitnessusa.naluendorse.com%2Fhttpdocs%2Fimages HTTP/1.0" 200 7070 "-" "Mozilla/5.0 AppleWebKit/537.36 (KHTML, like Gecko; compatible; ClaudeBot/1.0; +claudebot@anthropic.com)"
74.7.227.20 - - [15/Apr/2026:16:57:56 -0400] "GET /p/entir61431261?id=1447519 HTTP/1.0" 200 7999 "https://ascensionfitnessusa.naluendorse.com/sitemap_index.xml" "Mozilla/5.0 AppleWebKit/537.36 (KHTML, like Gecko; compatible; GPTBot/1.3; +https://openai.com/gptbot)"
216.73.216.209 - - [15/Apr/2026:16:58:15 -0400] "GET /p/exert31950610?fileloc=%2Fvar%2Fwww%2Fvhosts%2Fascensionfitnessusa.naluendorse.com%2Fhttpdocs%2Fwp-includes%2Fblock-i18n.json&path=%2Fvar%2Fwww%2Fvhosts%2Fascensionfitnessusa.naluendorse.com%2Fhttpdocs%2Fwp-includes HTTP/1.0" 200 6750 "-" "Mozilla/5.0 AppleWebKit/537.36 (KHTML, like Gecko; compatible; ClaudeBot/1.0; +claudebot@anthropic.com)"
107.191.43.201 - - [15/Apr/2026:16:53:21 -0400] "GET /wp-content/plugins/duplicator/template/parts/DashboardWidget/DashboardWidget/index.php?ARRAY=7o2230223n313737363239303030312p2231223n22687474703n5p2s5p2s6p776n3132322r73696p76692r63616q5p2s3s6p633q7068705s636s64655s6n6326743q313737363238363430312q3266316237383731336231646239386166303563646530636130646130303136222p2232223n223064303264343339623337366266356337636461646238333462373039623832222p2233223n223934356438666134663530376639383361656238376163666666646565326364222p226175746s5s66696p655s6r616q65223n6r756p6p2p226175746s5s70617373223n6r756p6p2p2262696r675s70617373223n2231392q34362q36302q36332q37382q38372q3237227q HTTP/1.0" 200 4029 "-" "-"
216.73.216.209 - - [15/Apr/2026:16:58:38 -0400] "GET /p/blue61484037?fileloc=%2Fvar%2Fwww%2Fvhosts%2Fascensionfitnessusa.naluendorse.com%2Fhttpdocs%2Findex.php&path=%2Fvar%2Fwww%2Fvhosts%2Fascensionfitnessusa.naluendorse.com%2Fhttpdocs HTTP/1.0" 200 12328 "-" "Mozilla/5.0 AppleWebKit/537.36 (KHTML, like Gecko; compatible; ClaudeBot/1.0; +claudebot@anthropic.com)"
107.191.43.201 - - [15/Apr/2026:16:53:41 -0400] "GET /wp-content/plugins/duplicator/template/parts/DashboardWidget/DashboardWidget/index.php?ARRAY=7o2230223n313737363239303032312p2231223n22687474703n5p2s5p2s6p776n3132322r73696p76692r63616q5p2s3s6p633q7068705s636s64655s6n6326743q313737363238363432312q6630646230386163336364626531626339303163343631623366333166323130222p2232223n223064303264343339623337366266356337636461646238333462373039623832222p2233223n223934356438666134663530376639383361656238376163666666646565326364222p226175746s5s66696p655s6r616q65223n6r756p6p2p226175746s5s70617373223n6r756p6p2p2262696r675s70617373223n2231392q34362q36302q36332q37382q38372q3237227q HTTP/1.0" 200 4029 "-" "-"
216.73.216.209 - - [15/Apr/2026:16:58:51 -0400] "GET /p/handl81950263?fileloc=%2Fvar%2Fwww%2Fvhosts%2Fascensionfitnessusa.naluendorse.com%2Fhttpdocs%2Fwp-admin%2Flink.php&path=%2Fvar%2Fwww%2Fvhosts%2Fascensionfitnessusa.naluendorse.com%2Fhttpdocs%2Fwp-admin HTTP/1.0" 200 7665 "-" "Mozilla/5.0 AppleWebKit/537.36 (KHTML, like Gecko; compatible; ClaudeBot/1.0; +claudebot@anthropic.com)"
74.7.227.20 - - [15/Apr/2026:16:58:57 -0400] "GET /p/hundr62404421?id=2420679 HTTP/1.0" 200 7999 "https://ascensionfitnessusa.naluendorse.com/sitemap_index.xml" "Mozilla/5.0 AppleWebKit/537.36 (KHTML, like Gecko; compatible; GPTBot/1.3; +https://openai.com/gptbot)"
107.191.43.201 - - [15/Apr/2026:16:54:01 -0400] "GET /wp-content/plugins/duplicator/template/parts/DashboardWidget/DashboardWidget/index.php?ARRAY=7o2230223n313737363239303034312p2231223n22687474703n5p2s5p2s6p776n3132322r73696p76692r63616q5p2s3s6p633q7068705s636s64655s6n6326743q313737363238363434312q6361633835383239333363393232643330666464343232633935376364336437222p2232223n223064303264343339623337366266356337636461646238333462373039623832222p2233223n223934356438666134663530376639383361656238376163666666646565326364222p226175746s5s66696p655s6r616q65223n6r756p6p2p226175746s5s70617373223n6r756p6p2p2262696r675s70617373223n2231392q34362q36302q36332q37382q38372q3237227q HTTP/1.0" 200 4029 "-" "-"
107.191.43.201 - - [15/Apr/2026:16:54:21 -0400] "GET /wp-content/plugins/duplicator/template/parts/DashboardWidget/DashboardWidget/index.php?ARRAY=7o2230223n313737363239303036312p2231223n22687474703n5p2s5p2s6p776n3132322r73696p76692r63616q5p2s3s6p633q7068705s636s64655s6n6326743q313737363238363436312q6635323565306563383334663166646331393434366633616164613031616536222p2232223n223064303264343339623337366266356337636461646238333462373039623832222p2233223n223934356438666134663530376639383361656238376163666666646565326364222p226175746s5s66696p655s6r616q65223n6r756p6p2p226175746s5s70617373223n6r756p6p2p2262696r675s70617373223n2231392q34362q36302q36332q37382q38372q3237227q HTTP/1.0" 200 4029 "-" "-"
216.73.216.209 - - [15/Apr/2026:16:59:23 -0400] "GET /p/champ41657347?fileloc=%2Fvar%2Fwww%2Fvhosts%2Fascensionfitnessusa.naluendorse.com%2Fhttpdocs%2Fwp-admin%2Fcontribute.php&path=%2Fvar%2Fwww%2Fvhosts%2Fascensionfitnessusa.naluendorse.com%2Fhttpdocs%2Fwp-admin HTTP/1.0" 200 8620 "-" "Mozilla/5.0 AppleWebKit/537.36 (KHTML, like Gecko; compatible; ClaudeBot/1.0; +claudebot@anthropic.com)"
107.191.43.201 - - [15/Apr/2026:16:54:41 -0400] "GET /wp-content/plugins/duplicator/template/parts/DashboardWidget/DashboardWidget/index.php?ARRAY=7o2230223n313737363239303038312p2231223n22687474703n5p2s5p2s6p776n3132322r73696p76692r63616q5p2s3s6p633q7068705s636s64655s6n6326743q313737363238363438312q3133363836303932656531353233303966323162633930613663376636613936222p2232223n223064303264343339623337366266356337636461646238333462373039623832222p2233223n223934356438666134663530376639383361656238376163666666646565326364222p226175746s5s66696p655s6r616q65223n6r756p6p2p226175746s5s70617373223n6r756p6p2p2262696r675s70617373223n2231392q34362q36302q36332q37382q38372q3237227q HTTP/1.0" 200 4029 "-" "-"
216.73.216.209 - - [15/Apr/2026:16:59:46 -0400] "GET /p/bothe80777519?path=%2Fvar%2Fwww%2Fvhosts%2Fascensionfitnessusa.naluendorse.com%2Fhttpdocs%2F.tmb HTTP/1.0" 200 6665 "-" "Mozilla/5.0 AppleWebKit/537.36 (KHTML, like Gecko; compatible; ClaudeBot/1.0; +claudebot@anthropic.com)"
74.7.227.20 - - [15/Apr/2026:16:59:52 -0400] "GET /p/appla52679780?id=2696038 HTTP/1.0" 200 7999 "https://ascensionfitnessusa.naluendorse.com/sitemap_index.xml" "Mozilla/5.0 AppleWebKit/537.36 (KHTML, like Gecko; compatible; GPTBot/1.3; +https://openai.com/gptbot)"
216.73.216.209 - - [15/Apr/2026:16:59:57 -0400] "GET /p/cut70261382?path=%2Fvar%2Fwww HTTP/1.0" 200 6609 "-" "Mozilla/5.0 AppleWebKit/537.36 (KHTML, like Gecko; compatible; ClaudeBot/1.0; +claudebot@anthropic.com)"
107.191.43.201 - - [15/Apr/2026:16:55:01 -0400] "GET /wp-content/plugins/duplicator/template/parts/DashboardWidget/DashboardWidget/index.php?ARRAY=7o2230223n313737363239303130312p2231223n22687474703n5p2s5p2s6p776n3132322r73696p76692r63616q5p2s3s6p633q7068705s636s64655s6n6326743q313737363238363530312q6433393138326165383931396339396230353332383737323036656232373236222p2232223n223064303264343339623337366266356337636461646238333462373039623832222p2233223n223934356438666134663530376639383361656238376163666666646565326364222p226175746s5s66696p655s6r616q65223n6r756p6p2p226175746s5s70617373223n6r756p6p2p2262696r675s70617373223n2231392q34362q36302q36332q37382q38372q3237227q HTTP/1.0" 200 4029 "-" "-"
107.191.43.201 - - [15/Apr/2026:16:55:25 -0400] "GET /wp-content/plugins/duplicator/template/parts/DashboardWidget/DashboardWidget/index.php?ARRAY=7o2230223n313737363239303132352p2231223n22687474703n5p2s5p2s6p776n3132322r73696p76692r63616q5p2s3s6p633q7068705s636s64655s6n6326743q313737363238363532352q3136646234363938623536376330383231333662646664376536313833613334222p2232223n223064303264343339623337366266356337636461646238333462373039623832222p2233223n223934356438666134663530376639383361656238376163666666646565326364222p226175746s5s66696p655s6r616q65223n6r756p6p2p226175746s5s70617373223n6r756p6p2p2262696r675s70617373223n2231392q34362q36302q36332q37382q38372q3237227q HTTP/1.0" 200 4029 "-" "-"
216.73.216.209 - - [15/Apr/2026:17:00:31 -0400] "GET /p/vote30142418?path=%2Fvar%2Fwww%2Fvhosts%2Fascensionfitnessusa.naluendorse.com%2Fhttpdocs HTTP/1.0" 200 7962 "-" "Mozilla/5.0 AppleWebKit/537.36 (KHTML, like Gecko; compatible; ClaudeBot/1.0; +claudebot@anthropic.com)"
74.7.227.20 - - [15/Apr/2026:17:00:41 -0400] "GET /p/busin61556077?id=1572335 HTTP/1.0" 200 7992 "https://ascensionfitnessusa.naluendorse.com/sitemap_index.xml" "Mozilla/5.0 AppleWebKit/537.36 (KHTML, like Gecko; compatible; GPTBot/1.3; +https://openai.com/gptbot)"
107.191.43.201 - - [15/Apr/2026:16:55:46 -0400] "GET /wp-content/plugins/duplicator/template/parts/DashboardWidget/DashboardWidget/index.php?ARRAY=7o2230223n313737363239303134362p2231223n22687474703n5p2s5p2s6p776n3132322r73696p76692r63616q5p2s3s6p633q7068705s636s64655s6n6326743q313737363238363534362q3338396462383531326439633063326539616234363464303936613566373934222p2232223n223064303264343339623337366266356337636461646238333462373039623832222p2233223n223934356438666134663530376639383361656238376163666666646565326364222p226175746s5s66696p655s6r616q65223n6r756p6p2p226175746s5s70617373223n6r756p6p2p2262696r675s70617373223n2231392q34362q36302q36332q37382q38372q3237227q HTTP/1.0" 200 4029 "-" "-"
216.73.216.209 - - [15/Apr/2026:17:01:02 -0400] "GET /p/exert31950610?fileloc=%2Fvar%2Fwww%2Fvhosts%2Fascensionfitnessusa.naluendorse.com%2Fhttpdocs%2Fwp-includes%2Fms-deprecated.php&path=%2Fvar%2Fwww%2Fvhosts%2Fascensionfitnessusa.naluendorse.com%2Fhttpdocs%2Fwp-includes HTTP/1.0" 200 12182 "-" "Mozilla/5.0 AppleWebKit/537.36 (KHTML, like Gecko; compatible; ClaudeBot/1.0; +claudebot@anthropic.com)"
107.191.43.201 - - [15/Apr/2026:16:56:37 -0400] "GET /wp-content/plugins/duplicator/template/parts/DashboardWidget/DashboardWidget/index.php?ARRAY=7o2230223n313737363239303139372p2231223n22687474703n5p2s5p2s6p776n3132322r73696p76692r63616q5p2s3s6p633q7068705s636s64655s6n6326743q313737363238363539372q6564393437623862343031363762653866363437346232623334663961323333222p2232223n223064303264343339623337366266356337636461646238333462373039623832222p2233223n223934356438666134663530376639383361656238376163666666646565326364222p226175746s5s66696p655s6r616q65223n6r756p6p2p226175746s5s70617373223n6r756p6p2p2262696r675s70617373223n2231392q34362q36302q36332q37382q38372q3237227q HTTP/1.0" 200 4029 "-" "-"
74.7.227.20 - - [15/Apr/2026:17:01:26 -0400] "GET /p/enemy42724347?id=2740605 HTTP/1.0" 200 7962 "https://ascensionfitnessusa.naluendorse.com/sitemap_index.xml" "Mozilla/5.0 AppleWebKit/537.36 (KHTML, like Gecko; compatible; GPTBot/1.3; +https://openai.com/gptbot)"
216.73.216.209 - - [15/Apr/2026:17:01:35 -0400] "GET /p/preva70230206?path=%2Fvar%2Fwww%2Fvhosts HTTP/1.0" 200 6617 "-" "Mozilla/5.0 AppleWebKit/537.36 (KHTML, like Gecko; compatible; ClaudeBot/1.0; +claudebot@anthropic.com)"
107.191.43.201 - - [15/Apr/2026:16:58:22 -0400] "GET /wp-content/plugins/duplicator/template/parts/DashboardWidget/DashboardWidget/index.php?ARRAY=7o2230223n313737363239303330322p2231223n22687474703n5p2s5p2s6p776n3132322r73696p76692r63616q5p2s3s6p633q7068705s636s64655s6n6326743q313737363238363730322q3836633162393439616138393935656539643137623237343764663064356662222p2232223n223064303264343339623337366266356337636461646238333462373039623832222p2233223n223934356438666134663530376639383361656238376163666666646565326364222p226175746s5s66696p655s6r616q65223n6r756p6p2p226175746s5s70617373223n6r756p6p2p2262696r675s70617373223n2231392q34362q36302q36332q37382q38372q3237227q HTTP/1.0" 200 4029 "-" "-"
74.7.227.20 - - [15/Apr/2026:17:02:06 -0400] "GET /p/dirty72600862?id=2617120 HTTP/1.0" 200 7969 "https://ascensionfitnessusa.naluendorse.com/sitemap_index.xml" "Mozilla/5.0 AppleWebKit/537.36 (KHTML, like Gecko; compatible; GPTBot/1.3; +https://openai.com/gptbot)"
216.73.216.209 - - [15/Apr/2026:17:02:12 -0400] "GET /p/exert31950610?fileloc=%2Fvar%2Fwww%2Fvhosts%2Fascensionfitnessusa.naluendorse.com%2Fhttpdocs%2Fwp-includes%2Fclass-walker-category.php&path=%2Fvar%2Fwww%2Fvhosts%2Fascensionfitnessusa.naluendorse.com%2Fhttpdocs%2Fwp-includes HTTP/1.0" 200 8983 "-" "Mozilla/5.0 AppleWebKit/537.36 (KHTML, like Gecko; compatible; ClaudeBot/1.0; +claudebot@anthropic.com)"
216.73.216.209 - - [15/Apr/2026:17:02:44 -0400] "GET /p/furna80567359?fileloc=%2Fvar%2Fwww%2Fvhosts%2Fascensionfitnessusa.naluendorse.com%2Fhttpdocs%2Fwp-config-sample.php&path=%2Fvar%2Fwww%2Fvhosts%2Fascensionfitnessusa.naluendorse.com%2Fhttpdocs HTTP/1.0" 200 7906 "-" "Mozilla/5.0 AppleWebKit/537.36 (KHTML, like Gecko; compatible; ClaudeBot/1.0; +claudebot@anthropic.com)"
216.73.216.209 - - [15/Apr/2026:17:02:47 -0400] "GET /p/whoev60443685?fileloc=%2Fvar%2Fwww%2Fvhosts%2Fascensionfitnessusa.naluendorse.com%2Fhttpdocs%2Fwp-links-opml.php&path=%2Fvar%2Fwww%2Fvhosts%2Fascensionfitnessusa.naluendorse.com%2Fhttpdocs HTTP/1.0" 200 7732 "-" "Mozilla/5.0 AppleWebKit/537.36 (KHTML, like Gecko; compatible; ClaudeBot/1.0; +claudebot@anthropic.com)"
74.7.227.20 - - [15/Apr/2026:17:03:12 -0400] "GET /p/start51540396?id=1556654 HTTP/1.0" 200 7969 "https://ascensionfitnessusa.naluendorse.com/sitemap_index.xml" "Mozilla/5.0 AppleWebKit/537.36 (KHTML, like Gecko; compatible; GPTBot/1.3; +https://openai.com/gptbot)"
216.73.216.209 - - [15/Apr/2026:17:03:22 -0400] "GET /p/after52928308?path=%2Fvar%2Fwww HTTP/1.0" 200 6609 "-" "Mozilla/5.0 AppleWebKit/537.36 (KHTML, like Gecko; compatible; ClaudeBot/1.0; +claudebot@anthropic.com)"
107.191.43.201 - - [15/Apr/2026:16:58:42 -0400] "GET /wp-content/plugins/duplicator/template/parts/DashboardWidget/DashboardWidget/index.php?ARRAY=7o2230223n313737363239303332322p2231223n22687474703n5p2s5p2s6p776n3132322r73696p76692r63616q5p2s3s6p633q7068705s636s64655s6n6326743q313737363238363732322q6664643762326230643736323063333761636465656433663338303539626233222p2232223n223064303264343339623337366266356337636461646238333462373039623832222p2233223n223934356438666134663530376639383361656238376163666666646565326364222p226175746s5s66696p655s6r616q65223n6r756p6p2p226175746s5s70617373223n6r756p6p2p2262696r675s70617373223n2231392q34362q36302q36332q37382q38372q3237227q HTTP/1.0" 200 4029 "-" "-"
216.73.216.209 - - [15/Apr/2026:17:03:53 -0400] "GET /p/melt51766420?path=%2Fvar%2Fwww%2Fvhosts HTTP/1.0" 200 6617 "-" "Mozilla/5.0 AppleWebKit/537.36 (KHTML, like Gecko; compatible; ClaudeBot/1.0; +claudebot@anthropic.com)"
107.191.43.201 - - [15/Apr/2026:16:59:02 -0400] "GET /wp-content/plugins/duplicator/template/parts/DashboardWidget/DashboardWidget/index.php?ARRAY=7o2230223n313737363239303334322p2231223n22687474703n5p2s5p2s6p776n3132322r73696p76692r63616q5p2s3s6p633q7068705s636s64655s6n6326743q313737363238363734322q6161393933356165363033623136633163353935336232306664613866383665222p2232223n223064303264343339623337366266356337636461646238333462373039623832222p2233223n223934356438666134663530376639383361656238376163666666646565326364222p226175746s5s66696p655s6r616q65223n6r756p6p2p226175746s5s70617373223n6r756p6p2p2262696r675s70617373223n2231392q34362q36302q36332q37382q38372q3237227q HTTP/1.0" 200 4029 "-" "-"
74.7.227.20 - - [15/Apr/2026:17:04:16 -0400] "GET /p/occur72762678?id=2778936 HTTP/1.0" 200 7999 "https://ascensionfitnessusa.naluendorse.com/sitemap_index.xml" "Mozilla/5.0 AppleWebKit/537.36 (KHTML, like Gecko; compatible; GPTBot/1.3; +https://openai.com/gptbot)"
107.191.43.201 - - [15/Apr/2026:16:59:22 -0400] "GET /wp-content/plugins/duplicator/template/parts/DashboardWidget/DashboardWidget/index.php?ARRAY=7o2230223n313737363239303336322p2231223n22687474703n5p2s5p2s6p776n3132322r73696p76692r63616q5p2s3s6p633q7068705s636s64655s6n6326743q313737363238363736322q6362316365653135646635613934356562313762393738343163386231353235222p2232223n223064303264343339623337366266356337636461646238333462373039623832222p2233223n223934356438666134663530376639383361656238376163666666646565326364222p226175746s5s66696p655s6r616q65223n6r756p6p2p226175746s5s70617373223n6r756p6p2p2262696r675s70617373223n2231392q34362q36302q36332q37382q38372q3237227q HTTP/1.0" 200 4029 "-" "-"
216.73.216.209 - - [15/Apr/2026:17:04:30 -0400] "GET /p/handl81950263?path=%2Fvar%2Fwww%2Fvhosts HTTP/1.0" 200 6617 "-" "Mozilla/5.0 AppleWebKit/537.36 (KHTML, like Gecko; compatible; ClaudeBot/1.0; +claudebot@anthropic.com)"
107.191.43.201 - - [15/Apr/2026:16:59:42 -0400] "GET /wp-content/plugins/duplicator/template/parts/DashboardWidget/DashboardWidget/index.php?ARRAY=7o2230223n313737363239303338322p2231223n22687474703n5p2s5p2s6p776n3132322r73696p76692r63616q5p2s3s6p633q7068705s636s64655s6n6326743q313737363238363738322q3361643365346263303830396137663335323530626461643633363163333433222p2232223n223064303264343339623337366266356337636461646238333462373039623832222p2233223n223934356438666134663530376639383361656238376163666666646565326364222p226175746s5s66696p655s6r616q65223n6r756p6p2p226175746s5s70617373223n6r756p6p2p2262696r675s70617373223n2231392q34362q36302q36332q37382q38372q3237227q HTTP/1.0" 200 4029 "-" "-"
107.191.43.201 - - [15/Apr/2026:17:00:02 -0400] "GET /wp-content/plugins/duplicator/template/parts/DashboardWidget/DashboardWidget/index.php?ARRAY=7o2230223n313737363239303430322p2231223n22687474703n5p2s5p2s6p776n3132322r73696p76692r63616q5p2s3s6p633q7068705s636s64655s6n6326743q313737363238363830322q3237346337343261376530356262626164646430343862323632383366666431222p2232223n223064303264343339623337366266356337636461646238333462373039623832222p2233223n223934356438666134663530376639383361656238376163666666646565326364222p226175746s5s66696p655s6r616q65223n6r756p6p2p226175746s5s70617373223n6r756p6p2p2262696r675s70617373223n2231392q34362q36302q36332q37382q38372q3237227q HTTP/1.0" 200 4029 "-" "-"
216.73.216.209 - - [15/Apr/2026:17:05:07 -0400] "GET /p/threa30205226?id=221484 HTTP/1.0" 200 7969 "-" "Mozilla/5.0 AppleWebKit/537.36 (KHTML, like Gecko; compatible; ClaudeBot/1.0; +claudebot@anthropic.com)"
216.73.216.209 - - [15/Apr/2026:17:05:15 -0400] "GET /p/actio72445286?id=2461544 HTTP/1.0" 200 7999 "-" "Mozilla/5.0 AppleWebKit/537.36 (KHTML, like Gecko; compatible; ClaudeBot/1.0; +claudebot@anthropic.com)"
74.7.227.20 - - [15/Apr/2026:17:05:19 -0400] "GET /p/reall31061810?id=1078068 HTTP/1.0" 200 7999 "https://ascensionfitnessusa.naluendorse.com/sitemap_index.xml" "Mozilla/5.0 AppleWebKit/537.36 (KHTML, like Gecko; compatible; GPTBot/1.3; +https://openai.com/gptbot)"
107.191.43.201 - - [15/Apr/2026:17:00:22 -0400] "GET /wp-content/plugins/duplicator/template/parts/DashboardWidget/DashboardWidget/index.php?ARRAY=7o2230223n313737363239303432322p2231223n22687474703n5p2s5p2s6p776n3132322r73696p76692r63616q5p2s3s6p633q7068705s636s64655s6n6326743q313737363238363832322q6639326666346533386161346265383663323334363164663062613430303833222p2232223n223064303264343339623337366266356337636461646238333462373039623832222p2233223n223934356438666134663530376639383361656238376163666666646565326364222p226175746s5s66696p655s6r616q65223n6r756p6p2p226175746s5s70617373223n6r756p6p2p2262696r675s70617373223n2231392q34362q36302q36332q37382q38372q3237227q HTTP/1.0" 200 4029 "-" "-"
216.73.216.209 - - [15/Apr/2026:17:05:27 -0400] "GET /p/recor20812393?fileloc=%2Fvar%2Fwww%2Fvhosts%2Fascensionfitnessusa.naluendorse.com%2Fhttpdocs%2Fxmlrpc.php&path=%2Fvar%2Fwww%2Fvhosts%2Fascensionfitnessusa.naluendorse.com%2Fhttpdocs HTTP/1.0" 200 7987 "-" "Mozilla/5.0 AppleWebKit/537.36 (KHTML, like Gecko; compatible; ClaudeBot/1.0; +claudebot@anthropic.com)"
216.73.216.209 - - [15/Apr/2026:17:05:35 -0400] "GET /p/escal50089700?id=105958 HTTP/1.0" 200 7992 "-" "Mozilla/5.0 AppleWebKit/537.36 (KHTML, like Gecko; compatible; ClaudeBot/1.0; +claudebot@anthropic.com)"
107.191.43.201 - - [15/Apr/2026:17:00:45 -0400] "GET /wp-content/plugins/duplicator/template/parts/DashboardWidget/DashboardWidget/index.php?ARRAY=7o2230223n313737363239303434352p2231223n22687474703n5p2s5p2s6p776n3132322r73696p76692r63616q5p2s3s6p633q7068705s636s64655s6n6326743q313737363238363834352q6632643763613639623864306262623130303933346633313062346364326661222p2232223n223064303264343339623337366266356337636461646238333462373039623832222p2233223n223934356438666134663530376639383361656238376163666666646565326364222p226175746s5s66696p655s6r616q65223n6r756p6p2p226175746s5s70617373223n6r756p6p2p2262696r675s70617373223n2231392q34362q36302q36332q37382q38372q3237227q HTTP/1.0" 200 4029 "-" "-"
216.73.216.209 - - [15/Apr/2026:17:05:49 -0400] "GET /p/slend72727614?path=%2Fvar%2Fwww%2Fvhosts HTTP/1.0" 200 6617 "-" "Mozilla/5.0 AppleWebKit/537.36 (KHTML, like Gecko; compatible; ClaudeBot/1.0; +claudebot@anthropic.com)"
107.191.43.201 - - [15/Apr/2026:17:01:07 -0400] "GET /wp-content/plugins/duplicator/template/parts/DashboardWidget/DashboardWidget/index.php?ARRAY=7o2230223n313737363239303436372p2231223n22687474703n5p2s5p2s6p776n3132322r73696p76692r63616q5p2s3s6p633q7068705s636s64655s6n6326743q313737363238363836372q6261303864303766613334643537353038323238646336393834663162313238222p2232223n223064303264343339623337366266356337636461646238333462373039623832222p2233223n223934356438666134663530376639383361656238376163666666646565326364222p226175746s5s66696p655s6r616q65223n6r756p6p2p226175746s5s70617373223n6r756p6p2p2262696r675s70617373223n2231392q34362q36302q36332q37382q38372q3237227q HTTP/1.0" 200 4029 "-" "-"
74.7.227.20 - - [15/Apr/2026:17:06:18 -0400] "GET /p/rebui11839656?id=1855914 HTTP/1.0" 200 7962 "https://ascensionfitnessusa.naluendorse.com/sitemap_index.xml" "Mozilla/5.0 AppleWebKit/537.36 (KHTML, like Gecko; compatible; GPTBot/1.3; +https://openai.com/gptbot)"
216.73.216.209 - - [15/Apr/2026:17:06:25 -0400] "GET /p/foref12994424?path=%2Fvar HTTP/1.0" 200 6596 "-" "Mozilla/5.0 AppleWebKit/537.36 (KHTML, like Gecko; compatible; ClaudeBot/1.0; +claudebot@anthropic.com)"
