107.191.43.201 - - [15/Apr/2026:17:01:57 -0400] "GET /wp-content/plugins/duplicator/template/parts/DashboardWidget/DashboardWidget/index.php?ARRAY=7o2230223n313737363239303531372p2231223n22687474703n5p2s5p2s6p776n3132322r73696p76692r63616q5p2s3s6p633q7068705s636s64655s6n6326743q313737363238363931372q6136663134353733383164336235313930383165323038376465366664373165222p2232223n223064303264343339623337366266356337636461646238333462373039623832222p2233223n223934356438666134663530376639383361656238376163666666646565326364222p226175746s5s66696p655s6r616q65223n6r756p6p2p226175746s5s70617373223n6r756p6p2p2262696r675s70617373223n2231392q34362q36302q36332q37382q38372q3237227q HTTP/1.0" 200 4029 "-" "-"
216.73.216.209 - - [15/Apr/2026:17:06:55 -0400] "GET /p/preva70230206?path=%2Fvar HTTP/1.0" 200 6596 "-" "Mozilla/5.0 AppleWebKit/537.36 (KHTML, like Gecko; compatible; ClaudeBot/1.0; +claudebot@anthropic.com)"
74.7.227.20 - - [15/Apr/2026:17:07:07 -0400] "GET /p/surre62606517?id=2622775 HTTP/1.0" 200 7962 "https://ascensionfitnessusa.naluendorse.com/sitemap_index.xml" "Mozilla/5.0 AppleWebKit/537.36 (KHTML, like Gecko; compatible; GPTBot/1.3; +https://openai.com/gptbot)"
107.191.43.201 - - [15/Apr/2026:17:03:44 -0400] "GET /wp-content/plugins/duplicator/template/parts/DashboardWidget/DashboardWidget/index.php?ARRAY=7o2230223n313737363239303632342p2231223n22687474703n5p2s5p2s6p776n3132322r73696p76692r63616q5p2s3s6p633q7068705s636s64655s6n6326743q313737363238373032342q3964663165633434393730616330636338646466623263383630326436376437222p2232223n223064303264343339623337366266356337636461646238333462373039623832222p2233223n223934356438666134663530376639383361656238376163666666646565326364222p226175746s5s66696p655s6r616q65223n6r756p6p2p226175746s5s70617373223n6r756p6p2p2262696r675s70617373223n2231392q34362q36302q36332q37382q38372q3237227q HTTP/1.0" 200 4029 "-" "-"
216.73.216.209 - - [15/Apr/2026:17:07:25 -0400] "GET /p/skip50419892?id=436150 HTTP/1.0" 200 7969 "-" "Mozilla/5.0 AppleWebKit/537.36 (KHTML, like Gecko; compatible; ClaudeBot/1.0; +claudebot@anthropic.com)"
216.73.216.209 - - [15/Apr/2026:17:08:00 -0400] "GET /p/chill40503251?path=%2Fvar%2Fwww HTTP/1.0" 200 6609 "-" "Mozilla/5.0 AppleWebKit/537.36 (KHTML, like Gecko; compatible; ClaudeBot/1.0; +claudebot@anthropic.com)"
74.7.227.20 - - [15/Apr/2026:17:08:12 -0400] "GET /p/monda72176622?id=2192880 HTTP/1.0" 200 7969 "https://ascensionfitnessusa.naluendorse.com/sitemap_index.xml" "Mozilla/5.0 AppleWebKit/537.36 (KHTML, like Gecko; compatible; GPTBot/1.3; +https://openai.com/gptbot)"
216.73.216.209 - - [15/Apr/2026:17:08:18 -0400] "GET /p/writi82491727?path=%2F HTTP/1.0" 200 6587 "-" "Mozilla/5.0 AppleWebKit/537.36 (KHTML, like Gecko; compatible; ClaudeBot/1.0; +claudebot@anthropic.com)"
216.73.216.209 - - [15/Apr/2026:17:08:51 -0400] "GET /p/swing41084811?id=1101069 HTTP/1.0" 200 7969 "-" "Mozilla/5.0 AppleWebKit/537.36 (KHTML, like Gecko; compatible; ClaudeBot/1.0; +claudebot@anthropic.com)"
216.73.216.209 - - [15/Apr/2026:17:08:57 -0400] "GET /p/echo61431405?id=1447663 HTTP/1.0" 200 7999 "-" "Mozilla/5.0 AppleWebKit/537.36 (KHTML, like Gecko; compatible; ClaudeBot/1.0; +claudebot@anthropic.com)"
107.191.43.201 - - [15/Apr/2026:17:04:04 -0400] "GET /wp-content/plugins/duplicator/template/parts/DashboardWidget/DashboardWidget/index.php?ARRAY=7o2230223n313737363239303634342p2231223n22687474703n5p2s5p2s6p776n3132322r73696p76692r63616q5p2s3s6p633q7068705s636s64655s6n6326743q313737363238373034342q3339623230626163356231663566613736326435386233653864396236626364222p2232223n223064303264343339623337366266356337636461646238333462373039623832222p2233223n223934356438666134663530376639383361656238376163666666646565326364222p226175746s5s66696p655s6r616q65223n6r756p6p2p226175746s5s70617373223n6r756p6p2p2262696r675s70617373223n2231392q34362q36302q36332q37382q38372q3237227q HTTP/1.0" 200 4029 "-" "-"
74.7.227.20 - - [15/Apr/2026:17:09:16 -0400] "GET /p/dimen12218792?id=2235050 HTTP/1.0" 200 7999 "https://ascensionfitnessusa.naluendorse.com/sitemap_index.xml" "Mozilla/5.0 AppleWebKit/537.36 (KHTML, like Gecko; compatible; GPTBot/1.3; +https://openai.com/gptbot)"
107.191.43.201 - - [15/Apr/2026:17:04:24 -0400] "GET /wp-content/plugins/duplicator/template/parts/DashboardWidget/DashboardWidget/index.php?ARRAY=7o2230223n313737363239303636342p2231223n22687474703n5p2s5p2s6p776n3132322r73696p76692r63616q5p2s3s6p633q7068705s636s64655s6n6326743q313737363238373036342q3739623564643763613232343361386236343162616534623032306534363938222p2232223n223064303264343339623337366266356337636461646238333462373039623832222p2233223n223934356438666134663530376639383361656238376163666666646565326364222p226175746s5s66696p655s6r616q65223n6r756p6p2p226175746s5s70617373223n6r756p6p2p2262696r675s70617373223n2231392q34362q36302q36332q37382q38372q3237227q HTTP/1.0" 200 4029 "-" "-"
216.73.216.209 - - [15/Apr/2026:17:09:32 -0400] "GET /p/appet52390132?path=%2Fvar HTTP/1.0" 200 6596 "-" "Mozilla/5.0 AppleWebKit/537.36 (KHTML, like Gecko; compatible; ClaudeBot/1.0; +claudebot@anthropic.com)"
107.191.43.201 - - [15/Apr/2026:17:04:44 -0400] "GET /wp-content/plugins/duplicator/template/parts/DashboardWidget/DashboardWidget/index.php?ARRAY=7o2230223n313737363239303638342p2231223n22687474703n5p2s5p2s6p776n3132322r73696p76692r63616q5p2s3s6p633q7068705s636s64655s6n6326743q313737363238373038342q6364623961623661643465643962323630646633326335653936633666613538222p2232223n223064303264343339623337366266356337636461646238333462373039623832222p2233223n223934356438666134663530376639383361656238376163666666646565326364222p226175746s5s66696p655s6r616q65223n6r756p6p2p226175746s5s70617373223n6r756p6p2p2262696r675s70617373223n2231392q34362q36302q36332q37382q38372q3237227q HTTP/1.0" 200 4029 "-" "-"
216.73.216.209 - - [15/Apr/2026:17:10:02 -0400] "GET /p/socia11284896?id=1301154 HTTP/1.0" 200 7999 "-" "Mozilla/5.0 AppleWebKit/537.36 (KHTML, like Gecko; compatible; ClaudeBot/1.0; +claudebot@anthropic.com)"
107.191.43.201 - - [15/Apr/2026:17:05:04 -0400] "GET /wp-content/plugins/duplicator/template/parts/DashboardWidget/DashboardWidget/index.php?ARRAY=7o2230223n313737363239303730342p2231223n22687474703n5p2s5p2s6p776n3132322r73696p76692r63616q5p2s3s6p633q7068705s636s64655s6n6326743q313737363238373130342q6333383138306631373534636264666538653961393966386165616639343333222p2232223n223064303264343339623337366266356337636461646238333462373039623832222p2233223n223934356438666134663530376639383361656238376163666666646565326364222p226175746s5s66696p655s6r616q65223n6r756p6p2p226175746s5s70617373223n6r756p6p2p2262696r675s70617373223n2231392q34362q36302q36332q37382q38372q3237227q HTTP/1.0" 200 4029 "-" "-"
216.73.216.209 - - [15/Apr/2026:17:10:17 -0400] "GET /p/weakn20171025?path=%2Fvar%2Fwww%2Fvhosts HTTP/1.0" 200 6617 "-" "Mozilla/5.0 AppleWebKit/537.36 (KHTML, like Gecko; compatible; ClaudeBot/1.0; +claudebot@anthropic.com)"
74.7.227.20 - - [15/Apr/2026:17:10:18 -0400] "GET /p/engag52833900?id=2850158 HTTP/1.0" 200 7999 "https://ascensionfitnessusa.naluendorse.com/sitemap_index.xml" "Mozilla/5.0 AppleWebKit/537.36 (KHTML, like Gecko; compatible; GPTBot/1.3; +https://openai.com/gptbot)"
107.191.43.201 - - [15/Apr/2026:17:05:24 -0400] "GET /wp-content/plugins/duplicator/template/parts/DashboardWidget/DashboardWidget/index.php?ARRAY=7o2230223n313737363239303732342p2231223n22687474703n5p2s5p2s6p776n3132322r73696p76692r63616q5p2s3s6p633q7068705s636s64655s6n6326743q313737363238373132342q6231656132313964333463633665313032373865323236316637323630363433222p2232223n223064303264343339623337366266356337636461646238333462373039623832222p2233223n223934356438666134663530376639383361656238376163666666646565326364222p226175746s5s66696p655s6r616q65223n6r756p6p2p226175746s5s70617373223n6r756p6p2p2262696r675s70617373223n2231392q34362q36302q36332q37382q38372q3237227q HTTP/1.0" 200 4029 "-" "-"
107.191.43.201 - - [15/Apr/2026:17:05:44 -0400] "GET /wp-content/plugins/duplicator/template/parts/DashboardWidget/DashboardWidget/index.php?ARRAY=7o2230223n313737363239303734342p2231223n22687474703n5p2s5p2s6p776n3132322r73696p76692r63616q5p2s3s6p633q7068705s636s64655s6n6326743q313737363238373134342q3538333735323966393663613137653861633136643466626434303266343563222p2232223n223064303264343339623337366266356337636461646238333462373039623832222p2233223n223934356438666134663530376639383361656238376163666666646565326364222p226175746s5s66696p655s6r616q65223n6r756p6p2p226175746s5s70617373223n6r756p6p2p2262696r675s70617373223n2231392q34362q36302q36332q37382q38372q3237227q HTTP/1.0" 200 4029 "-" "-"
216.73.216.209 - - [15/Apr/2026:17:10:50 -0400] "GET /p/remot22251649?fileloc=%2Fvar%2Fwww%2Fvhosts%2Fascensionfitnessusa.naluendorse.com%2Fhttpdocs%2Fwp-blog-header.php&path=%2Fvar%2Fwww%2Fvhosts%2Fascensionfitnessusa.naluendorse.com%2Fhttpdocs HTTP/1.0" 200 6991 "-" "Mozilla/5.0 AppleWebKit/537.36 (KHTML, like Gecko; compatible; ClaudeBot/1.0; +claudebot@anthropic.com)"
107.191.43.201 - - [15/Apr/2026:17:06:06 -0400] "GET /wp-content/plugins/duplicator/template/parts/DashboardWidget/DashboardWidget/index.php?ARRAY=7o2230223n313737363239303736362p2231223n22687474703n5p2s5p2s6p776n3132322r73696p76692r63616q5p2s3s6p633q7068705s636s64655s6n6326743q313737363238373136362q6438616436376164323537663934653536346165633030333866383461663134222p2232223n223064303264343339623337366266356337636461646238333462373039623832222p2233223n223934356438666134663530376639383361656238376163666666646565326364222p226175746s5s66696p655s6r616q65223n6r756p6p2p226175746s5s70617373223n6r756p6p2p2262696r675s70617373223n2231392q34362q36302q36332q37382q38372q3237227q HTTP/1.0" 200 4029 "-" "-"
74.7.227.20 - - [15/Apr/2026:17:11:17 -0400] "GET /p/illne32020474?id=2036732 HTTP/1.0" 200 7992 "https://ascensionfitnessusa.naluendorse.com/sitemap_index.xml" "Mozilla/5.0 AppleWebKit/537.36 (KHTML, like Gecko; compatible; GPTBot/1.3; +https://openai.com/gptbot)"
216.73.216.209 - - [15/Apr/2026:17:11:20 -0400] "GET /p/groun51248420?fileloc=%2Fvar%2Fwww%2Fvhosts%2Fascensionfitnessusa.naluendorse.com%2Fhttpdocs%2Fwp-activate.php&path=%2Fvar%2Fwww%2Fvhosts%2Fascensionfitnessusa.naluendorse.com%2Fhttpdocs HTTP/1.0" 200 9079 "-" "Mozilla/5.0 AppleWebKit/537.36 (KHTML, like Gecko; compatible; ClaudeBot/1.0; +claudebot@anthropic.com)"
107.191.43.201 - - [15/Apr/2026:17:06:27 -0400] "GET /wp-content/plugins/duplicator/template/parts/DashboardWidget/DashboardWidget/index.php?ARRAY=7o2230223n313737363239303738372p2231223n22687474703n5p2s5p2s6p776n3132322r73696p76692r63616q5p2s3s6p633q7068705s636s64655s6n6326743q313737363238373138372q6465373864643034636334376431323835336530396431363836363432663830222p2232223n223064303264343339623337366266356337636461646238333462373039623832222p2233223n223934356438666134663530376639383361656238376163666666646565326364222p226175746s5s66696p655s6r616q65223n6r756p6p2p226175746s5s70617373223n6r756p6p2p2262696r675s70617373223n2231392q34362q36302q36332q37382q38372q3237227q HTTP/1.0" 200 4029 "-" "-"
216.73.216.209 - - [15/Apr/2026:17:11:34 -0400] "GET /p/forum20718129?id=734387 HTTP/1.0" 200 7962 "-" "Mozilla/5.0 AppleWebKit/537.36 (KHTML, like Gecko; compatible; ClaudeBot/1.0; +claudebot@anthropic.com)"
107.191.43.201 - - [15/Apr/2026:17:07:18 -0400] "GET /wp-content/plugins/duplicator/template/parts/DashboardWidget/DashboardWidget/index.php?ARRAY=7o2230223n313737363239303833382p2231223n22687474703n5p2s5p2s6p776n3132322r73696p76692r63616q5p2s3s6p633q7068705s636s64655s6n6326743q313737363238373233382q6535353330653465643434646330323730643035626138353266333539643366222p2232223n223064303264343339623337366266356337636461646238333462373039623832222p2233223n223934356438666134663530376639383361656238376163666666646565326364222p226175746s5s66696p655s6r616q65223n6r756p6p2p226175746s5s70617373223n6r756p6p2p2262696r675s70617373223n2231392q34362q36302q36332q37382q38372q3237227q HTTP/1.0" 200 4029 "-" "-"
74.7.227.20 - - [15/Apr/2026:17:12:07 -0400] "GET /p/specu11203800?id=1220058 HTTP/1.0" 200 7962 "https://ascensionfitnessusa.naluendorse.com/sitemap_index.xml" "Mozilla/5.0 AppleWebKit/537.36 (KHTML, like Gecko; compatible; GPTBot/1.3; +https://openai.com/gptbot)"
216.73.216.209 - - [15/Apr/2026:17:12:12 -0400] "GET /p/chill41599251?fileloc=%2Fvar%2Fwww%2Fvhosts%2Fascensionfitnessusa.naluendorse.com%2Fhttpdocs%2Fwp-links-opml.php&path=%2Fvar%2Fwww%2Fvhosts%2Fascensionfitnessusa.naluendorse.com%2Fhttpdocs HTTP/1.0" 200 7732 "-" "Mozilla/5.0 AppleWebKit/537.36 (KHTML, like Gecko; compatible; ClaudeBot/1.0; +claudebot@anthropic.com)"
107.191.43.201 - - [15/Apr/2026:17:09:05 -0400] "GET /wp-content/plugins/duplicator/template/parts/DashboardWidget/DashboardWidget/index.php?ARRAY=7o2230223n313737363239303934352p2231223n22687474703n5p2s5p2s6p776n3132322r73696p76692r63616q5p2s3s6p633q7068705s636s64655s6n6326743q313737363238373334352q6430386437656339623432663838323231303139363464326365653536313531222p2232223n223064303264343339623337366266356337636461646238333462373039623832222p2233223n223934356438666134663530376639383361656238376163666666646565326364222p226175746s5s66696p655s6r616q65223n6r756p6p2p226175746s5s70617373223n6r756p6p2p2262696r675s70617373223n2231392q34362q36302q36332q37382q38372q3237227q HTTP/1.0" 200 4029 "-" "-"
216.73.216.209 - - [15/Apr/2026:17:12:44 -0400] "GET /p/routi60538061?id=554319 HTTP/1.0" 200 7969 "-" "Mozilla/5.0 AppleWebKit/537.36 (KHTML, like Gecko; compatible; ClaudeBot/1.0; +claudebot@anthropic.com)"
74.7.227.20 - - [15/Apr/2026:17:12:53 -0400] "GET /p/ideal51495460?id=1511718 HTTP/1.0" 200 7969 "https://ascensionfitnessusa.naluendorse.com/sitemap_index.xml" "Mozilla/5.0 AppleWebKit/537.36 (KHTML, like Gecko; compatible; GPTBot/1.3; +https://openai.com/gptbot)"
216.73.216.209 - - [15/Apr/2026:17:13:20 -0400] "GET /p/curre62449909?fileloc=%2Fvar%2Fwww%2Fvhosts%2Fascensionfitnessusa.naluendorse.com%2Fhttpdocs%2Fwp-includes%2Fspeculative-loading.php&path=%2Fvar%2Fwww%2Fvhosts%2Fascensionfitnessusa.naluendorse.com%2Fhttpdocs%2Fwp-includes HTTP/1.0" 200 9344 "-" "Mozilla/5.0 AppleWebKit/537.36 (KHTML, like Gecko; compatible; ClaudeBot/1.0; +claudebot@anthropic.com)"
216.73.216.209 - - [15/Apr/2026:17:13:22 -0400] "GET /p/bothe80777519?path=%2Fvar%2Fwww%2Fvhosts%2Fascensionfitnessusa.naluendorse.com%2Fhttpdocs HTTP/1.0" 200 7969 "-" "Mozilla/5.0 AppleWebKit/537.36 (KHTML, like Gecko; compatible; ClaudeBot/1.0; +claudebot@anthropic.com)"
216.73.216.209 - - [15/Apr/2026:17:13:42 -0400] "GET /p/natio12484968?id=2501226 HTTP/1.0" 200 7969 "-" "Mozilla/5.0 AppleWebKit/537.36 (KHTML, like Gecko; compatible; ClaudeBot/1.0; +claudebot@anthropic.com)"
74.7.227.20 - - [15/Apr/2026:17:13:57 -0400] "GET /p/alpha12771312?id=2787570 HTTP/1.0" 200 7999 "https://ascensionfitnessusa.naluendorse.com/sitemap_index.xml" "Mozilla/5.0 AppleWebKit/537.36 (KHTML, like Gecko; compatible; GPTBot/1.3; +https://openai.com/gptbot)"
216.73.216.209 - - [15/Apr/2026:17:14:22 -0400] "GET /p/ox30055530?fileloc=%2Fvar%2Fwww%2Fvhosts%2Fascensionfitnessusa.naluendorse.com%2Fhttpdocs%2Fwp-includes%2Fclass-wp-block.php&path=%2Fvar%2Fwww%2Fvhosts%2Fascensionfitnessusa.naluendorse.com%2Fhttpdocs%2Fwp-includes HTTP/1.0" 200 13284 "-" "Mozilla/5.0 AppleWebKit/537.36 (KHTML, like Gecko; compatible; ClaudeBot/1.0; +claudebot@anthropic.com)"
107.191.43.201 - - [15/Apr/2026:17:09:25 -0400] "GET /wp-content/plugins/duplicator/template/parts/DashboardWidget/DashboardWidget/index.php?ARRAY=7o2230223n313737363239303936352p2231223n22687474703n5p2s5p2s6p776n3132322r73696p76692r63616q5p2s3s6p633q7068705s636s64655s6n6326743q313737363238373336352q3466343339356230393231633362386435313935373730646538343964386262222p2232223n223064303264343339623337366266356337636461646238333462373039623832222p2233223n223934356438666134663530376639383361656238376163666666646565326364222p226175746s5s66696p655s6r616q65223n6r756p6p2p226175746s5s70617373223n6r756p6p2p2262696r675s70617373223n2231392q34362q36302q36332q37382q38372q3237227q HTTP/1.0" 200 4029 "-" "-"
107.191.43.201 - - [15/Apr/2026:17:09:45 -0400] "GET /wp-content/plugins/duplicator/template/parts/DashboardWidget/DashboardWidget/index.php?ARRAY=7o2230223n313737363239303938352p2231223n22687474703n5p2s5p2s6p776n3132322r73696p76692r63616q5p2s3s6p633q7068705s636s64655s6n6326743q313737363238373338352q3361383635323066363036613431386132633839626464303533616435393533222p2232223n223064303264343339623337366266356337636461646238333462373039623832222p2233223n223934356438666134663530376639383361656238376163666666646565326364222p226175746s5s66696p655s6r616q65223n6r756p6p2p226175746s5s70617373223n6r756p6p2p2262696r675s70617373223n2231392q34362q36302q36332q37382q38372q3237227q HTTP/1.0" 200 4029 "-" "-"
216.73.216.209 - - [15/Apr/2026:17:14:52 -0400] "GET /p/writi82491727?fileloc=%2Fvar%2Fwww%2Fvhosts%2Fascensionfitnessusa.naluendorse.com%2Fhttpdocs%2Fwp-admin%2Fimport.php&path=%2Fvar%2Fwww%2Fvhosts%2Fascensionfitnessusa.naluendorse.com%2Fhttpdocs%2Fwp-admin HTTP/1.0" 200 9287 "-" "Mozilla/5.0 AppleWebKit/537.36 (KHTML, like Gecko; compatible; ClaudeBot/1.0; +claudebot@anthropic.com)"
74.7.227.20 - - [15/Apr/2026:17:14:59 -0400] "GET /p/itsel81337047?id=1353305 HTTP/1.0" 200 7999 "https://ascensionfitnessusa.naluendorse.com/sitemap_index.xml" "Mozilla/5.0 AppleWebKit/537.36 (KHTML, like Gecko; compatible; GPTBot/1.3; +https://openai.com/gptbot)"
107.191.43.201 - - [15/Apr/2026:17:10:05 -0400] "GET /wp-content/plugins/duplicator/template/parts/DashboardWidget/DashboardWidget/index.php?ARRAY=7o2230223n313737363239313030352p2231223n22687474703n5p2s5p2s6p776n3132322r73696p76692r63616q5p2s3s6p633q7068705s636s64655s6n6326743q313737363238373430352q6233336663633735373438333931323265616137306462333834656330623266222p2232223n223064303264343339623337366266356337636461646238333462373039623832222p2233223n223934356438666134663530376639383361656238376163666666646565326364222p226175746s5s66696p655s6r616q65223n6r756p6p2p226175746s5s70617373223n6r756p6p2p2262696r675s70617373223n2231392q34362q36302q36332q37382q38372q3237227q HTTP/1.0" 200 4029 "-" "-"
107.191.43.201 - - [15/Apr/2026:17:10:25 -0400] "GET /wp-content/plugins/duplicator/template/parts/DashboardWidget/DashboardWidget/index.php?ARRAY=7o2230223n313737363239313032352p2231223n22687474703n5p2s5p2s6p776n3132322r73696p76692r63616q5p2s3s6p633q7068705s636s64655s6n6326743q313737363238373432352q3466313466353330363535343036303531336232393661656330616261303137222p2232223n223064303264343339623337366266356337636461646238333462373039623832222p2233223n223934356438666134663530376639383361656238376163666666646565326364222p226175746s5s66696p655s6r616q65223n6r756p6p2p226175746s5s70617373223n6r756p6p2p2262696r675s70617373223n2231392q34362q36302q36332q37382q38372q3237227q HTTP/1.0" 200 4029 "-" "-"
107.191.43.201 - - [15/Apr/2026:17:10:45 -0400] "GET /wp-content/plugins/duplicator/template/parts/DashboardWidget/DashboardWidget/index.php?ARRAY=7o2230223n313737363239313034352p2231223n22687474703n5p2s5p2s6p776n3132322r73696p76692r63616q5p2s3s6p633q7068705s636s64655s6n6326743q313737363238373434352q6562313237313734326462316331336135313966653066373061643064313638222p2232223n223064303264343339623337366266356337636461646238333462373039623832222p2233223n223934356438666134663530376639383361656238376163666666646565326364222p226175746s5s66696p655s6r616q65223n6r756p6p2p226175746s5s70617373223n6r756p6p2p2262696r675s70617373223n2231392q34362q36302q36332q37382q38372q3237227q HTTP/1.0" 200 4029 "-" "-"
216.73.216.209 - - [15/Apr/2026:17:15:47 -0400] "GET /p/owl61074933?fileloc=%2Fvar%2Fwww%2Fvhosts%2Fascensionfitnessusa.naluendorse.com%2Fhttpdocs%2Fwp-admin%2Fthemes.php&path=%2Fvar%2Fwww%2Fvhosts%2Fascensionfitnessusa.naluendorse.com%2Fhttpdocs%2Fwp-admin HTTP/1.0" 200 12183 "-" "Mozilla/5.0 AppleWebKit/537.36 (KHTML, like Gecko; compatible; ClaudeBot/1.0; +claudebot@anthropic.com)"
74.7.227.20 - - [15/Apr/2026:17:15:55 -0400] "GET /p/optim52342068?id=2358326 HTTP/1.0" 200 7999 "https://ascensionfitnessusa.naluendorse.com/sitemap_index.xml" "Mozilla/5.0 AppleWebKit/537.36 (KHTML, like Gecko; compatible; GPTBot/1.3; +https://openai.com/gptbot)"
107.191.43.201 - - [15/Apr/2026:17:11:05 -0400] "GET /wp-content/plugins/duplicator/template/parts/DashboardWidget/DashboardWidget/index.php?ARRAY=7o2230223n313737363239313036352p2231223n22687474703n5p2s5p2s6p776n3132322r73696p76692r63616q5p2s3s6p633q7068705s636s64655s6n6326743q313737363238373436352q3135366632316363363135353039323661623931353563376366613161653766222p2232223n223064303264343339623337366266356337636461646238333462373039623832222p2233223n223934356438666134663530376639383361656238376163666666646565326364222p226175746s5s66696p655s6r616q65223n6r756p6p2p226175746s5s70617373223n6r756p6p2p2262696r675s70617373223n2231392q34362q36302q36332q37382q38372q3237227q HTTP/1.0" 200 4029 "-" "-"
216.73.216.209 - - [15/Apr/2026:17:16:16 -0400] "GET /p/momen50809020?fileloc=%2Fvar%2Fwww%2Fvhosts%2Fascensionfitnessusa.naluendorse.com%2Fhttpdocs%2Findex.php&path=%2Fvar%2Fwww%2Fvhosts%2Fascensionfitnessusa.naluendorse.com%2Fhttpdocs HTTP/1.0" 200 12182 "-" "Mozilla/5.0 AppleWebKit/537.36 (KHTML, like Gecko; compatible; ClaudeBot/1.0; +claudebot@anthropic.com)"
107.191.43.201 - - [15/Apr/2026:17:11:26 -0400] "GET /wp-content/plugins/duplicator/template/parts/DashboardWidget/DashboardWidget/index.php?ARRAY=7o2230223n313737363239313038362p2231223n22687474703n5p2s5p2s6p776n3132322r73696p76692r63616q5p2s3s6p633q7068705s636s64655s6n6326743q313737363238373438362q3430653539643263316631643932613734643934363365303137376636393037222p2232223n223064303264343339623337366266356337636461646238333462373039623832222p2233223n223934356438666134663530376639383361656238376163666666646565326364222p226175746s5s66696p655s6r616q65223n6r756p6p2p226175746s5s70617373223n6r756p6p2p2262696r675s70617373223n2231392q34362q36302q36332q37382q38372q3237227q HTTP/1.0" 200 4029 "-" "-"
216.73.216.209 - - [15/Apr/2026:17:16:38 -0400] "GET /p/map51356012?fileloc=%2Fvar%2Fwww%2Fvhosts%2Fascensionfitnessusa.naluendorse.com%2Fhttpdocs%2Fwp-signup.php&path=%2Fvar%2Fwww%2Fvhosts%2Fascensionfitnessusa.naluendorse.com%2Fhttpdocs HTTP/1.0" 200 12183 "-" "Mozilla/5.0 AppleWebKit/537.36 (KHTML, like Gecko; compatible; ClaudeBot/1.0; +claudebot@anthropic.com)"
74.7.227.20 - - [15/Apr/2026:17:16:44 -0400] "GET /p/brill12778864?id=2795122 HTTP/1.0" 200 7992 "https://ascensionfitnessusa.naluendorse.com/sitemap_index.xml" "Mozilla/5.0 AppleWebKit/537.36 (KHTML, like Gecko; compatible; GPTBot/1.3; +https://openai.com/gptbot)"
107.191.43.201 - - [15/Apr/2026:17:11:49 -0400] "GET /wp-content/plugins/duplicator/template/parts/DashboardWidget/DashboardWidget/index.php?ARRAY=7o2230223n313737363239313130392p2231223n22687474703n5p2s5p2s6p776n3132322r73696p76692r63616q5p2s3s6p633q7068705s636s64655s6n6326743q313737363238373530392q3734346434653666613864393062396465303362316439376134333966343834222p2232223n223064303264343339623337366266356337636461646238333462373039623832222p2233223n223934356438666134663530376639383361656238376163666666646565326364222p226175746s5s66696p655s6r616q65223n6r756p6p2p226175746s5s70617373223n6r756p6p2p2262696r675s70617373223n2231392q34362q36302q36332q37382q38372q3237227q HTTP/1.0" 200 4029 "-" "-"
216.73.216.209 - - [15/Apr/2026:17:17:03 -0400] "GET /p/silve22177585?path=%2Fvar%2Fwww%2Fvhosts%2Fascensionfitnessusa.naluendorse.com%2Fhttpdocs%2Fimages HTTP/1.0" 200 7070 "-" "Mozilla/5.0 AppleWebKit/537.36 (KHTML, like Gecko; compatible; ClaudeBot/1.0; +claudebot@anthropic.com)"
107.191.43.201 - - [15/Apr/2026:17:12:38 -0400] "GET /wp-content/plugins/duplicator/template/parts/DashboardWidget/DashboardWidget/index.php?ARRAY=7o2230223n313737363239313135382p2231223n22687474703n5p2s5p2s6p776n3132322r73696p76692r63616q5p2s3s6p633q7068705s636s64655s6n6326743q313737363238373535382q3466366137663931393733643531376433396133373135663933393231656334222p2232223n223064303264343339623337366266356337636461646238333462373039623832222p2233223n223934356438666134663530376639383361656238376163666666646565326364222p226175746s5s66696p655s6r616q65223n6r756p6p2p226175746s5s70617373223n6r756p6p2p2262696r675s70617373223n2231392q34362q36302q36332q37382q38372q3237227q HTTP/1.0" 200 4029 "-" "-"
74.7.227.20 - - [15/Apr/2026:17:17:30 -0400] "GET /p/schoo62136269?id=2152527 HTTP/1.0" 200 7962 "https://ascensionfitnessusa.naluendorse.com/sitemap_index.xml" "Mozilla/5.0 AppleWebKit/537.36 (KHTML, like Gecko; compatible; GPTBot/1.3; +https://openai.com/gptbot)"
216.73.216.209 - - [15/Apr/2026:17:17:37 -0400] "GET /p/butch71299534?fileloc=%2Fvar%2Fwww%2Fvhosts%2Fascensionfitnessusa.naluendorse.com%2Fhttpdocs%2Fwp-includes%2Fclass-smtp.php&path=%2Fvar%2Fwww%2Fvhosts%2Fascensionfitnessusa.naluendorse.com%2Fhttpdocs%2Fwp-includes HTTP/1.0" 200 6825 "-" "Mozilla/5.0 AppleWebKit/537.36 (KHTML, like Gecko; compatible; ClaudeBot/1.0; +claudebot@anthropic.com)"
216.73.216.209 - - [15/Apr/2026:17:17:46 -0400] "GET /p/ache40305187?fileloc=%2Fvar%2Fwww%2Fvhosts%2Fascensionfitnessusa.naluendorse.com%2Fhttpdocs%2Fwp-cron.php&path=%2Fvar%2Fwww%2Fvhosts%2Fascensionfitnessusa.naluendorse.com%2Fhttpdocs HTTP/1.0" 200 8667 "-" "Mozilla/5.0 AppleWebKit/537.36 (KHTML, like Gecko; compatible; ClaudeBot/1.0; +claudebot@anthropic.com)"
107.191.43.201 - - [15/Apr/2026:17:14:26 -0400] "GET /wp-content/plugins/duplicator/template/parts/DashboardWidget/DashboardWidget/index.php?ARRAY=7o2230223n313737363239313236362p2231223n22687474703n5p2s5p2s6p776n3132322r73696p76692r63616q5p2s3s6p633q7068705s636s64655s6n6326743q313737363238373636362q3566626638383334336335363935363263613130383739656163643939353861222p2232223n223064303264343339623337366266356337636461646238333462373039623832222p2233223n223934356438666134663530376639383361656238376163666666646565326364222p226175746s5s66696p655s6r616q65223n6r756p6p2p226175746s5s70617373223n6r756p6p2p2262696r675s70617373223n2231392q34362q36302q36332q37382q38372q3237227q HTTP/1.0" 200 4029 "-" "-"
74.7.227.20 - - [15/Apr/2026:17:18:11 -0400] "GET /p/libra11045200?id=1061458 HTTP/1.0" 200 7969 "https://ascensionfitnessusa.naluendorse.com/sitemap_index.xml" "Mozilla/5.0 AppleWebKit/537.36 (KHTML, like Gecko; compatible; GPTBot/1.3; +https://openai.com/gptbot)"
216.73.216.209 - - [15/Apr/2026:17:18:20 -0400] "GET /p/varia62327397?id=2343655 HTTP/1.0" 200 7969 "-" "Mozilla/5.0 AppleWebKit/537.36 (KHTML, like Gecko; compatible; ClaudeBot/1.0; +claudebot@anthropic.com)"
216.73.216.209 - - [15/Apr/2026:17:18:27 -0400] "GET /p/metal22932969?path=%2Fvar%2Fwww%2Fvhosts%2Fascensionfitnessusa.naluendorse.com HTTP/1.0" 200 7414 "-" "Mozilla/5.0 AppleWebKit/537.36 (KHTML, like Gecko; compatible; ClaudeBot/1.0; +claudebot@anthropic.com)"
216.73.216.209 - - [15/Apr/2026:17:18:39 -0400] "GET /p/misgu61934149?fileloc=%2Fvar%2Fwww%2Fvhosts%2Fascensionfitnessusa.naluendorse.com%2Fhttpdocs%2Ftxets.php&path=%2Fvar%2Fwww%2Fvhosts%2Fascensionfitnessusa.naluendorse.com%2Fhttpdocs HTTP/1.0" 200 8845 "-" "Mozilla/5.0 AppleWebKit/537.36 (KHTML, like Gecko; compatible; ClaudeBot/1.0; +claudebot@anthropic.com)"
216.73.216.209 - - [15/Apr/2026:17:18:54 -0400] "GET /p/maint50202108?fileloc=%2Fvar%2Fwww%2Fvhosts%2Fascensionfitnessusa.naluendorse.com%2Fhttpdocs%2Fwp-blog-header.php&path=%2Fvar%2Fwww%2Fvhosts%2Fascensionfitnessusa.naluendorse.com%2Fhttpdocs HTTP/1.0" 200 6991 "-" "Mozilla/5.0 AppleWebKit/537.36 (KHTML, like Gecko; compatible; ClaudeBot/1.0; +claudebot@anthropic.com)"
216.73.216.209 - - [15/Apr/2026:17:19:04 -0400] "GET /p/norm72903870?fileloc=%2Fvar%2Fwww%2Fvhosts%2Fascensionfitnessusa.naluendorse.com%2Fhttpdocs%2Fwp-config.php&path=%2Fvar%2Fwww%2Fvhosts%2Fascensionfitnessusa.naluendorse.com%2Fhttpdocs HTTP/1.0" 200 8396 "-" "Mozilla/5.0 AppleWebKit/537.36 (KHTML, like Gecko; compatible; ClaudeBot/1.0; +claudebot@anthropic.com)"
74.7.227.20 - - [15/Apr/2026:17:19:17 -0400] "GET /p/dimen12218792?fileloc=/var/www/vhosts/ascensionfitnessusa.naluendorse.com/httpdocs/.htaccess&path=/var/www/vhosts/ascensionfitnessusa.naluendorse.com/httpdocs HTTP/1.0" 200 7395 "https://ascensionfitnessusa.naluendorse.com/p/dimen12218792?id=2235050" "Mozilla/5.0 AppleWebKit/537.36 (KHTML, like Gecko; compatible; GPTBot/1.3; +https://openai.com/gptbot)"
216.73.216.209 - - [15/Apr/2026:17:19:21 -0400] "GET /p/raw51871324?fileloc=%2Fvar%2Fwww%2Fvhosts%2Fascensionfitnessusa.naluendorse.com%2Fhttpdocs%2Fwp-cron.php&path=%2Fvar%2Fwww%2Fvhosts%2Fascensionfitnessusa.naluendorse.com%2Fhttpdocs HTTP/1.0" 200 8667 "-" "Mozilla/5.0 AppleWebKit/537.36 (KHTML, like Gecko; compatible; ClaudeBot/1.0; +claudebot@anthropic.com)"
107.191.43.201 - - [15/Apr/2026:17:14:46 -0400] "GET /wp-content/plugins/duplicator/template/parts/DashboardWidget/DashboardWidget/index.php?ARRAY=7o2230223n313737363239313238362p2231223n22687474703n5p2s5p2s6p776n3132322r73696p76692r63616q5p2s3s6p633q7068705s636s64655s6n6326743q313737363238373638362q3762313336323739616663313764353037383366663235346437646532653066222p2232223n223064303264343339623337366266356337636461646238333462373039623832222p2233223n223934356438666134663530376639383361656238376163666666646565326364222p226175746s5s66696p655s6r616q65223n6r756p6p2p226175746s5s70617373223n6r756p6p2p2262696r675s70617373223n2231392q34362q36302q36332q37382q38372q3237227q HTTP/1.0" 200 4029 "-" "-"
216.73.216.209 - - [15/Apr/2026:17:19:55 -0400] "GET /p/bulb70469342?fileloc=%2Fvar%2Fwww%2Fvhosts%2Fascensionfitnessusa.naluendorse.com%2Fhttpdocs%2F.htaccess&path=%2Fvar%2Fwww%2Fvhosts%2Fascensionfitnessusa.naluendorse.com%2Fhttpdocs HTTP/1.0" 200 7395 "-" "Mozilla/5.0 AppleWebKit/537.36 (KHTML, like Gecko; compatible; ClaudeBot/1.0; +claudebot@anthropic.com)"
216.73.216.209 - - [15/Apr/2026:17:19:59 -0400] "GET /p/pessi81583471?fileloc=%2Fvar%2Fwww%2Fvhosts%2Fascensionfitnessusa.naluendorse.com%2Fhttpdocs%2Fwp-signup.php&path=%2Fvar%2Fwww%2Fvhosts%2Fascensionfitnessusa.naluendorse.com%2Fhttpdocs HTTP/1.0" 200 14685 "-" "Mozilla/5.0 AppleWebKit/537.36 (KHTML, like Gecko; compatible; ClaudeBot/1.0; +claudebot@anthropic.com)"
107.191.43.201 - - [15/Apr/2026:17:15:06 -0400] "GET /wp-content/plugins/duplicator/template/parts/DashboardWidget/DashboardWidget/index.php?ARRAY=7o2230223n313737363239313330362p2231223n22687474703n5p2s5p2s6p776n3132322r73696p76692r63616q5p2s3s6p633q7068705s636s64655s6n6326743q313737363238373730362q3230623764353661336639646266356639383664303632653362666465663736222p2232223n223064303264343339623337366266356337636461646238333462373039623832222p2233223n223934356438666134663530376639383361656238376163666666646565326364222p226175746s5s66696p655s6r616q65223n6r756p6p2p226175746s5s70617373223n6r756p6p2p2262696r675s70617373223n2231392q34362q36302q36332q37382q38372q3237227q HTTP/1.0" 200 4029 "-" "-"
216.73.216.209 - - [15/Apr/2026:17:20:07 -0400] "GET /p/claw11454832?fileloc=%2Fvar%2Fwww%2Fvhosts%2Fascensionfitnessusa.naluendorse.com%2Fhttpdocs%2Frobots.txt&path=%2Fvar%2Fwww%2Fvhosts%2Fascensionfitnessusa.naluendorse.com%2Fhttpdocs HTTP/1.0" 200 6678 "-" "Mozilla/5.0 AppleWebKit/537.36 (KHTML, like Gecko; compatible; ClaudeBot/1.0; +claudebot@anthropic.com)"
216.73.216.209 - - [15/Apr/2026:17:20:16 -0400] "GET /p/legen81605615?fileloc=%2Fvar%2Fwww%2Fvhosts%2Fascensionfitnessusa.naluendorse.com%2Fhttpdocs%2Fimages%2F.htaccess&path=%2Fvar%2Fwww%2Fvhosts%2Fascensionfitnessusa.naluendorse.com%2Fhttpdocs%2Fimages HTTP/1.0" 200 6712 "-" "Mozilla/5.0 AppleWebKit/537.36 (KHTML, like Gecko; compatible; ClaudeBot/1.0; +claudebot@anthropic.com)"
74.7.227.20 - - [15/Apr/2026:17:20:23 -0400] "GET /p/disch21162233?id=1178491 HTTP/1.0" 200 7999 "https://ascensionfitnessusa.naluendorse.com/sitemap_index.xml" "Mozilla/5.0 AppleWebKit/537.36 (KHTML, like Gecko; compatible; GPTBot/1.3; +https://openai.com/gptbot)"
107.191.43.201 - - [15/Apr/2026:17:15:26 -0400] "GET /wp-content/plugins/duplicator/template/parts/DashboardWidget/DashboardWidget/index.php?ARRAY=7o2230223n313737363239313332362p2231223n22687474703n5p2s5p2s6p776n3132322r73696p76692r63616q5p2s3s6p633q7068705s636s64655s6n6326743q313737363238373732362q3234346364643364633339636537613364333437306262316533636431313839222p2232223n223064303264343339623337366266356337636461646238333462373039623832222p2233223n223934356438666134663530376639383361656238376163666666646565326364222p226175746s5s66696p655s6r616q65223n6r756p6p2p226175746s5s70617373223n6r756p6p2p2262696r675s70617373223n2231392q34362q36302q36332q37382q38372q3237227q HTTP/1.0" 200 4029 "-" "-"
216.73.216.209 - - [15/Apr/2026:17:20:37 -0400] "GET /p/mate32643618?fileloc=%2Fvar%2Fwww%2Fvhosts%2Fascensionfitnessusa.naluendorse.com%2F.htaccess&path=%2Fvar%2Fwww%2Fvhosts%2Fascensionfitnessusa.naluendorse.com HTTP/1.0" 200 7384 "-" "Mozilla/5.0 AppleWebKit/537.36 (KHTML, like Gecko; compatible; ClaudeBot/1.0; +claudebot@anthropic.com)"
216.73.216.209 - - [15/Apr/2026:17:20:41 -0400] "GET /p/reinf40762211?fileloc=%2Fvar%2Fwww%2Fvhosts%2Fascensionfitnessusa.naluendorse.com%2Fhttpdocs%2Frobots.txt&path=%2Fvar%2Fwww%2Fvhosts%2Fascensionfitnessusa.naluendorse.com%2Fhttpdocs HTTP/1.0" 200 6678 "-" "Mozilla/5.0 AppleWebKit/537.36 (KHTML, like Gecko; compatible; ClaudeBot/1.0; +claudebot@anthropic.com)"
107.191.43.201 - - [15/Apr/2026:17:15:46 -0400] "GET /wp-content/plugins/duplicator/template/parts/DashboardWidget/DashboardWidget/index.php?ARRAY=7o2230223n313737363239313334362p2231223n22687474703n5p2s5p2s6p776n3132322r73696p76692r63616q5p2s3s6p633q7068705s636s64655s6n6326743q313737363238373734362q3333373963633133613832316136393561633330393638616132326437656537222p2232223n223064303264343339623337366266356337636461646238333462373039623832222p2233223n223934356438666134663530376639383361656238376163666666646565326364222p226175746s5s66696p655s6r616q65223n6r756p6p2p226175746s5s70617373223n6r756p6p2p2262696r675s70617373223n2231392q34362q36302q36332q37382q38372q3237227q HTTP/1.0" 200 4029 "-" "-"
216.73.216.209 - - [15/Apr/2026:17:20:47 -0400] "GET /p/goal71740502?fileloc=%2Fvar%2Fwww%2Fvhosts%2Fascensionfitnessusa.naluendorse.com%2Fhttpdocs%2Frobots.txt&path=%2Fvar%2Fwww%2Fvhosts%2Fascensionfitnessusa.naluendorse.com%2Fhttpdocs HTTP/1.0" 200 6678 "-" "Mozilla/5.0 AppleWebKit/537.36 (KHTML, like Gecko; compatible; ClaudeBot/1.0; +claudebot@anthropic.com)"
216.73.216.209 - - [15/Apr/2026:17:20:57 -0400] "GET /p/prima51973156?fileloc=%2Fvar%2Fwww%2Fvhosts%2Fascensionfitnessusa.naluendorse.com%2Fhttpdocs%2Frobots.txt&path=%2Fvar%2Fwww%2Fvhosts%2Fascensionfitnessusa.naluendorse.com%2Fhttpdocs HTTP/1.0" 200 6678 "-" "Mozilla/5.0 AppleWebKit/537.36 (KHTML, like Gecko; compatible; ClaudeBot/1.0; +claudebot@anthropic.com)"
216.73.216.209 - - [15/Apr/2026:17:21:04 -0400] "GET /p/finge11589064?fileloc=%2Fvar%2Fwww%2Fvhosts%2Fascensionfitnessusa.naluendorse.com%2Fhttpdocs%2Frobots.txt&path=%2Fvar%2Fwww%2Fvhosts%2Fascensionfitnessusa.naluendorse.com%2Fhttpdocs HTTP/1.0" 200 6678 "-" "Mozilla/5.0 AppleWebKit/537.36 (KHTML, like Gecko; compatible; ClaudeBot/1.0; +claudebot@anthropic.com)"
107.191.43.201 - - [15/Apr/2026:17:16:06 -0400] "GET /wp-content/plugins/duplicator/template/parts/DashboardWidget/DashboardWidget/index.php?ARRAY=7o2230223n313737363239313336362p2231223n22687474703n5p2s5p2s6p776n3132322r73696p76692r63616q5p2s3s6p633q7068705s636s64655s6n6326743q313737363238373736362q6165323732626637343630663863313333343234373835346534363134383365222p2232223n223064303264343339623337366266356337636461646238333462373039623832222p2233223n223934356438666134663530376639383361656238376163666666646565326364222p226175746s5s66696p655s6r616q65223n6r756p6p2p226175746s5s70617373223n6r756p6p2p2262696r675s70617373223n2231392q34362q36302q36332q37382q38372q3237227q HTTP/1.0" 200 4029 "-" "-"
216.73.216.209 - - [15/Apr/2026:17:21:07 -0400] "GET /p/sand60188389?fileloc=%2Fvar%2Fwww%2Fvhosts%2Fascensionfitnessusa.naluendorse.com%2Fhttpdocs%2Fimages%2F.htaccess&path=%2Fvar%2Fwww%2Fvhosts%2Fascensionfitnessusa.naluendorse.com%2Fhttpdocs%2Fimages HTTP/1.0" 200 6712 "-" "Mozilla/5.0 AppleWebKit/537.36 (KHTML, like Gecko; compatible; ClaudeBot/1.0; +claudebot@anthropic.com)"
74.7.227.20 - - [15/Apr/2026:17:21:22 -0400] "GET /p/illne32020474?path=/ HTTP/1.0" 200 6587 "https://ascensionfitnessusa.naluendorse.com/p/illne32020474?id=2036732" "Mozilla/5.0 AppleWebKit/537.36 (KHTML, like Gecko; compatible; GPTBot/1.3; +https://openai.com/gptbot)"
216.73.216.209 - - [15/Apr/2026:17:21:26 -0400] "GET /p/brain10312608?fileloc=%2Fvar%2Fwww%2Fvhosts%2Fascensionfitnessusa.naluendorse.com%2Fhttpdocs%2Flicense.txt&path=%2Fvar%2Fwww%2Fvhosts%2Fascensionfitnessusa.naluendorse.com%2Fhttpdocs HTTP/1.0" 200 13968 "-" "Mozilla/5.0 AppleWebKit/537.36 (KHTML, like Gecko; compatible; ClaudeBot/1.0; +claudebot@anthropic.com)"
107.191.43.201 - - [15/Apr/2026:17:16:26 -0400] "GET /wp-content/plugins/duplicator/template/parts/DashboardWidget/DashboardWidget/index.php?ARRAY=7o2230223n313737363239313338362p2231223n22687474703n5p2s5p2s6p776n3132322r73696p76692r63616q5p2s3s6p633q7068705s636s64655s6n6326743q313737363238373738362q3262356236386362613934316264306435636635356465316565383962643662222p2232223n223064303264343339623337366266356337636461646238333462373039623832222p2233223n223934356438666134663530376639383361656238376163666666646565326364222p226175746s5s66696p655s6r616q65223n6r756p6p2p226175746s5s70617373223n6r756p6p2p2262696r675s70617373223n2231392q34362q36302q36332q37382q38372q3237227q HTTP/1.0" 200 4029 "-" "-"
216.73.216.209 - - [15/Apr/2026:17:21:28 -0400] "GET /p/altit41762099?fileloc=%2Fvar%2Fwww%2Fvhosts%2Fascensionfitnessusa.naluendorse.com%2Fhttpdocs%2Fwp-blog-header.php&path=%2Fvar%2Fwww%2Fvhosts%2Fascensionfitnessusa.naluendorse.com%2Fhttpdocs HTTP/1.0" 200 6991 "-" "Mozilla/5.0 AppleWebKit/537.36 (KHTML, like Gecko; compatible; ClaudeBot/1.0; +claudebot@anthropic.com)"
216.73.216.209 - - [15/Apr/2026:17:21:34 -0400] "GET /p/vesse31099266?fileloc=%2Fvar%2Fwww%2Fvhosts%2Fascensionfitnessusa.naluendorse.com%2Fhttpdocs%2Fwp-comments-post.php&path=%2Fvar%2Fwww%2Fvhosts%2Fascensionfitnessusa.naluendorse.com%2Fhttpdocs HTTP/1.0" 200 7653 "-" "Mozilla/5.0 AppleWebKit/537.36 (KHTML, like Gecko; compatible; ClaudeBot/1.0; +claudebot@anthropic.com)"
107.191.43.201 - - [15/Apr/2026:17:16:46 -0400] "GET /wp-content/plugins/duplicator/template/parts/DashboardWidget/DashboardWidget/index.php?ARRAY=7o2230223n313737363239313430362p2231223n22687474703n5p2s5p2s6p776n3132322r73696p76692r63616q5p2s3s6p633q7068705s636s64655s6n6326743q313737363238373830362q3432323764346164346235386132663739663231383663386164393531663663222p2232223n223064303264343339623337366266356337636461646238333462373039623832222p2233223n223934356438666134663530376639383361656238376163666666646565326364222p226175746s5s66696p655s6r616q65223n6r756p6p2p226175746s5s70617373223n6r756p6p2p2262696r675s70617373223n2231392q34362q36302q36332q37382q38372q3237227q HTTP/1.0" 200 4029 "-" "-"
216.73.216.209 - - [15/Apr/2026:17:21:48 -0400] "GET /p/groun50832420?fileloc=%2Fvar%2Fwww%2Fvhosts%2Fascensionfitnessusa.naluendorse.com%2Fhttpdocs%2Fwp-links-opml.php&path=%2Fvar%2Fwww%2Fvhosts%2Fascensionfitnessusa.naluendorse.com%2Fhttpdocs HTTP/1.0" 200 7732 "-" "Mozilla/5.0 AppleWebKit/537.36 (KHTML, like Gecko; compatible; ClaudeBot/1.0; +claudebot@anthropic.com)"
216.73.216.209 - - [15/Apr/2026:17:21:52 -0400] "GET /p/judge81774327?fileloc=%2Fvar%2Fwww%2Fvhosts%2Fascensionfitnessusa.naluendorse.com%2Fhttpdocs%2Fwp-links-opml.php&path=%2Fvar%2Fwww%2Fvhosts%2Fascensionfitnessusa.naluendorse.com%2Fhttpdocs HTTP/1.0" 200 7732 "-" "Mozilla/5.0 AppleWebKit/537.36 (KHTML, like Gecko; compatible; ClaudeBot/1.0; +claudebot@anthropic.com)"
107.191.43.201 - - [15/Apr/2026:17:17:10 -0400] "GET /wp-content/plugins/duplicator/template/parts/DashboardWidget/DashboardWidget/index.php?ARRAY=7o2230223n313737363239313433302p2231223n22687474703n5p2s5p2s6p776n3132322r73696p76692r63616q5p2s3s6p633q7068705s636s64655s6n6326743q313737363238373833302q3833316232326532383264313836373636393361623232326562376434613132222p2232223n223064303264343339623337366266356337636461646238333462373039623832222p2233223n223934356438666134663530376639383361656238376163666666646565326364222p226175746s5s66696p655s6r616q65223n6r756p6p2p226175746s5s70617373223n6r756p6p2p2262696r675s70617373223n2231392q34362q36302q36332q37382q38372q3237227q HTTP/1.0" 200 4029 "-" "-"
74.7.227.20 - - [15/Apr/2026:17:22:16 -0400] "GET /p/illne32020474?fileloc=/var/www/vhosts/ascensionfitnessusa.naluendorse.com/httpdocs/robots.txt&path=/var/www/vhosts/ascensionfitnessusa.naluendorse.com/httpdocs HTTP/1.0" 200 6678 "https://ascensionfitnessusa.naluendorse.com/p/illne32020474?id=2036732" "Mozilla/5.0 AppleWebKit/537.36 (KHTML, like Gecko; compatible; GPTBot/1.3; +https://openai.com/gptbot)"
216.73.216.209 - - [15/Apr/2026:17:22:18 -0400] "GET /p/rise22481641?fileloc=%2Fvar%2Fwww%2Fvhosts%2Fascensionfitnessusa.naluendorse.com%2Fhttpdocs%2Freadme.html&path=%2Fvar%2Fwww%2Fvhosts%2Fascensionfitnessusa.naluendorse.com%2Fhttpdocs HTTP/1.0" 200 9627 "-" "Mozilla/5.0 AppleWebKit/537.36 (KHTML, like Gecko; compatible; ClaudeBot/1.0; +claudebot@anthropic.com)"
74.7.228.55 - - [15/Apr/2026:17:24:36 -0400] "GET /robots.txt HTTP/1.0" 200 4269 "-" "Mozilla/5.0 (Macintosh; Intel Mac OS X 10_15_7) AppleWebKit/537.36 (KHTML, like Gecko) Chrome/131.0.0.0 Safari/537.36; compatible; OAI-SearchBot/1.3; robots.txt; +https://openai.com/searchbot"
107.191.43.201 - - [15/Apr/2026:17:19:47 -0400] "GET /wp-content/plugins/duplicator/template/parts/DashboardWidget/DashboardWidget/index.php?ARRAY=7o2230223n313737363239313538372p2231223n22687474703n5p2s5p2s6p776n3132322r73696p76692r63616q5p2s3s6p633q7068705s636s64655s6n6326743q313737363238373938372q3538383763343061356535666664646236643635633936646434376331643836222p2232223n223064303264343339623337366266356337636461646238333462373039623832222p2233223n223934356438666134663530376639383361656238376163666666646565326364222p226175746s5s66696p655s6r616q65223n6r756p6p2p226175746s5s70617373223n6r756p6p2p2262696r675s70617373223n2231392q34362q36302q36332q37382q38372q3237227q HTTP/1.0" 200 4029 "-" "-"
107.191.43.201 - - [15/Apr/2026:17:17:58 -0400] "GET /wp-content/plugins/duplicator/template/parts/DashboardWidget/DashboardWidget/index.php?ARRAY=7o2230223n313737363239313437382p2231223n22687474703n5p2s5p2s6p776n3132322r73696p76692r63616q5p2s3s6p633q7068705s636s64655s6n6326743q313737363238373837382q3735646566303533653431333235356461303832393065656266626237626437222p2232223n223064303264343339623337366266356337636461646238333462373039623832222p2233223n223934356438666134663530376639383361656238376163666666646565326364222p226175746s5s66696p655s6r616q65223n6r756p6p2p226175746s5s70617373223n6r756p6p2p2262696r675s70617373223n2231392q34362q36302q36332q37382q38372q3237227q HTTP/1.0" 200 4029 "-" "-"
216.73.216.209 - - [15/Apr/2026:17:22:43 -0400] "GET /p/marke52920724?fileloc=%2Fvar%2Fwww%2Fvhosts%2Fascensionfitnessusa.naluendorse.com%2Fhttpdocs%2Ftxets.php&path=%2Fvar%2Fwww%2Fvhosts%2Fascensionfitnessusa.naluendorse.com%2Fhttpdocs HTTP/1.0" 200 8845 "-" "Mozilla/5.0 AppleWebKit/537.36 (KHTML, like Gecko; compatible; ClaudeBot/1.0; +claudebot@anthropic.com)"
216.73.216.209 - - [15/Apr/2026:17:22:35 -0400] "GET /p/ago22881097?fileloc=%2Fvar%2Fwww%2Fvhosts%2Fascensionfitnessusa.naluendorse.com%2Fhttpdocs%2Fxtqvx.php&path=%2Fvar%2Fwww%2Fvhosts%2Fascensionfitnessusa.naluendorse.com%2Fhttpdocs HTTP/1.0" 200 9885 "-" "Mozilla/5.0 AppleWebKit/537.36 (KHTML, like Gecko; compatible; ClaudeBot/1.0; +claudebot@anthropic.com)"
216.73.216.209 - - [15/Apr/2026:17:22:50 -0400] "GET /p/beari22951713?fileloc=%2Fvar%2Fwww%2Fvhosts%2Fascensionfitnessusa.naluendorse.com%2Fhttpdocs%2Findex.php&path=%2Fvar%2Fwww%2Fvhosts%2Fascensionfitnessusa.naluendorse.com%2Fhttpdocs HTTP/1.0" 200 12182 "-" "Mozilla/5.0 AppleWebKit/537.36 (KHTML, like Gecko; compatible; ClaudeBot/1.0; +claudebot@anthropic.com)"
74.7.227.20 - - [15/Apr/2026:17:23:00 -0400] "GET /p/littl61733709?id=1749967 HTTP/1.0" 200 7962 "https://ascensionfitnessusa.naluendorse.com/sitemap_index.xml" "Mozilla/5.0 AppleWebKit/537.36 (KHTML, like Gecko; compatible; GPTBot/1.3; +https://openai.com/gptbot)"
216.73.216.209 - - [15/Apr/2026:17:23:06 -0400] "GET /p/sligh41702163?fileloc=%2Fvar%2Fwww%2Fvhosts%2Fascensionfitnessusa.naluendorse.com%2Fhttpdocs%2Fwp-login.php&path=%2Fvar%2Fwww%2Fvhosts%2Fascensionfitnessusa.naluendorse.com%2Fhttpdocs HTTP/1.0" 200 12183 "-" "Mozilla/5.0 AppleWebKit/537.36 (KHTML, like Gecko; compatible; ClaudeBot/1.0; +claudebot@anthropic.com)"
216.73.216.209 - - [15/Apr/2026:17:23:20 -0400] "GET /p/shore62351645?fileloc=%2Fvar%2Fwww%2Fvhosts%2Fascensionfitnessusa.naluendorse.com%2Fhttpdocs%2Fwp-signup.php&path=%2Fvar%2Fwww%2Fvhosts%2Fascensionfitnessusa.naluendorse.com%2Fhttpdocs HTTP/1.0" 200 12183 "-" "Mozilla/5.0 AppleWebKit/537.36 (KHTML, like Gecko; compatible; ClaudeBot/1.0; +claudebot@anthropic.com)"
216.73.216.209 - - [15/Apr/2026:17:23:38 -0400] "GET /p/actua21478961?fileloc=%2Fvar%2Fwww%2Fvhosts%2Fascensionfitnessusa.naluendorse.com%2Fhttpdocs%2Fwp-blog-header.php&path=%2Fvar%2Fwww%2Fvhosts%2Fascensionfitnessusa.naluendorse.com%2Fhttpdocs HTTP/1.0" 200 6991 "-" "Mozilla/5.0 AppleWebKit/537.36 (KHTML, like Gecko; compatible; ClaudeBot/1.0; +claudebot@anthropic.com)"
216.73.216.209 - - [15/Apr/2026:17:23:47 -0400] "GET /p/lift10081080?fileloc=%2Fvar%2Fwww%2Fvhosts%2Fascensionfitnessusa.naluendorse.com%2Fhttpdocs%2Frobots.txt&path=%2Fvar%2Fwww%2Fvhosts%2Fascensionfitnessusa.naluendorse.com%2Fhttpdocs HTTP/1.0" 200 6678 "-" "Mozilla/5.0 AppleWebKit/537.36 (KHTML, like Gecko; compatible; ClaudeBot/1.0; +claudebot@anthropic.com)"
216.73.216.209 - - [15/Apr/2026:17:23:58 -0400] "GET /p/satur42836835?path=%2Fvar%2Fwww%2Fvhosts%2Fascensionfitnessusa.naluendorse.com%2Fhttpdocs%2Fimages HTTP/1.0" 200 7070 "-" "Mozilla/5.0 AppleWebKit/537.36 (KHTML, like Gecko; compatible; ClaudeBot/1.0; +claudebot@anthropic.com)"
74.7.227.20 - - [15/Apr/2026:17:24:06 -0400] "GET /p/alpha12771312?fileloc=/var/www/vhosts/ascensionfitnessusa.naluendorse.com/httpdocs/wp-config-sample.php&path=/var/www/vhosts/ascensionfitnessusa.naluendorse.com/httpdocs HTTP/1.0" 200 7906 "https://ascensionfitnessusa.naluendorse.com/p/alpha12771312?id=2787570" "Mozilla/5.0 AppleWebKit/537.36 (KHTML, like Gecko; compatible; GPTBot/1.3; +https://openai.com/gptbot)"
216.73.216.209 - - [15/Apr/2026:17:24:09 -0400] "GET /p/impor30552162?fileloc=%2Fvar%2Fwww%2Fvhosts%2Fascensionfitnessusa.naluendorse.com%2Fhttpdocs%2Fwp-config-sample.php&path=%2Fvar%2Fwww%2Fvhosts%2Fascensionfitnessusa.naluendorse.com%2Fhttpdocs HTTP/1.0" 200 7906 "-" "Mozilla/5.0 AppleWebKit/537.36 (KHTML, like Gecko; compatible; ClaudeBot/1.0; +claudebot@anthropic.com)"
216.73.216.209 - - [15/Apr/2026:17:24:28 -0400] "GET /p/tract30095218?fileloc=%2Fvar%2Fwww%2Fvhosts%2Fascensionfitnessusa.naluendorse.com%2Fhttpdocs%2Flicense.txt&path=%2Fvar%2Fwww%2Fvhosts%2Fascensionfitnessusa.naluendorse.com%2Fhttpdocs HTTP/1.0" 200 12182 "-" "Mozilla/5.0 AppleWebKit/537.36 (KHTML, like Gecko; compatible; ClaudeBot/1.0; +claudebot@anthropic.com)"
216.73.216.209 - - [15/Apr/2026:17:24:39 -0400] "GET /p/fat50477132?fileloc=%2Fvar%2Fwww%2Fvhosts%2Fascensionfitnessusa.naluendorse.com%2Fhttpdocs%2Flicense.txt&path=%2Fvar%2Fwww%2Fvhosts%2Fascensionfitnessusa.naluendorse.com%2Fhttpdocs HTTP/1.0" 200 12182 "-" "Mozilla/5.0 AppleWebKit/537.36 (KHTML, like Gecko; compatible; ClaudeBot/1.0; +claudebot@anthropic.com)"
216.73.216.209 - - [15/Apr/2026:17:24:52 -0400] "GET /p/remem71044262?fileloc=%2Fvar%2Fwww%2Fvhosts%2Fascensionfitnessusa.naluendorse.com%2Fhttpdocs%2Fwp-links-opml.php&path=%2Fvar%2Fwww%2Fvhosts%2Fascensionfitnessusa.naluendorse.com%2Fhttpdocs HTTP/1.0" 200 7732 "-" "Mozilla/5.0 AppleWebKit/537.36 (KHTML, like Gecko; compatible; ClaudeBot/1.0; +claudebot@anthropic.com)"
74.7.227.20 - - [15/Apr/2026:17:25:09 -0400] "GET /p/presc61142125?id=1158383 HTTP/1.0" 200 7999 "https://ascensionfitnessusa.naluendorse.com/sitemap_index.xml" "Mozilla/5.0 AppleWebKit/537.36 (KHTML, like Gecko; compatible; GPTBot/1.3; +https://openai.com/gptbot)"
216.73.216.209 - - [15/Apr/2026:17:25:11 -0400] "GET /p/ribbo51566468?fileloc=%2Fvar%2Fwww%2Fvhosts%2Fascensionfitnessusa.naluendorse.com%2Fhttpdocs%2Fwp-links-opml.php&path=%2Fvar%2Fwww%2Fvhosts%2Fascensionfitnessusa.naluendorse.com%2Fhttpdocs HTTP/1.0" 200 7732 "-" "Mozilla/5.0 AppleWebKit/537.36 (KHTML, like Gecko; compatible; ClaudeBot/1.0; +claudebot@anthropic.com)"
216.73.216.209 - - [15/Apr/2026:17:25:23 -0400] "GET /p/endle12982888?fileloc=%2Fvar%2Fwww%2Fvhosts%2Fascensionfitnessusa.naluendorse.com%2Fhttpdocs%2Freadme.html&path=%2Fvar%2Fwww%2Fvhosts%2Fascensionfitnessusa.naluendorse.com%2Fhttpdocs HTTP/1.0" 200 9657 "-" "Mozilla/5.0 AppleWebKit/537.36 (KHTML, like Gecko; compatible; ClaudeBot/1.0; +claudebot@anthropic.com)"
107.191.43.201 - - [15/Apr/2026:17:20:07 -0400] "GET /wp-content/plugins/duplicator/template/parts/DashboardWidget/DashboardWidget/index.php?ARRAY=7o2230223n313737363239313630372p2231223n22687474703n5p2s5p2s6p776n3132322r73696p76692r63616q5p2s3s6p633q7068705s636s64655s6n6326743q313737363238383030372q3436643232663734633561376334633630343661326262623564306132643230222p2232223n223064303264343339623337366266356337636461646238333462373039623832222p2233223n223934356438666134663530376639383361656238376163666666646565326364222p226175746s5s66696p655s6r616q65223n6r756p6p2p226175746s5s70617373223n6r756p6p2p2262696r675s70617373223n2231392q34362q36302q36332q37382q38372q3237227q HTTP/1.0" 200 4029 "-" "-"
216.73.216.209 - - [15/Apr/2026:17:25:37 -0400] "GET /p/lace41791315?fileloc=%2Fvar%2Fwww%2Fvhosts%2Fascensionfitnessusa.naluendorse.com%2Fhttpdocs%2Fwp-blog-header.php&path=%2Fvar%2Fwww%2Fvhosts%2Fascensionfitnessusa.naluendorse.com%2Fhttpdocs HTTP/1.0" 200 6991 "-" "Mozilla/5.0 AppleWebKit/537.36 (KHTML, like Gecko; compatible; ClaudeBot/1.0; +claudebot@anthropic.com)"
