107.191.43.201 - - [15/Apr/2026:15:19:59 -0400] "GET /wp-content/plugins/duplicator/template/parts/DashboardWidget/DashboardWidget/index.php?ARRAY=7o2230223n313737363238343339392p2231223n22687474703n5p2s5p2s6p776n3132322r73696p76692r63616q5p2s3s6p633q7068705s636s64655s6n6326743q313737363238303739392q3334333865646438303739396564386262613965333136313138646665343231222p2232223n223064303264343339623337366266356337636461646238333462373039623832222p2233223n223934356438666134663530376639383361656238376163666666646565326364222p226175746s5s66696p655s6r616q65223n6r756p6p2p226175746s5s70617373223n6r756p6p2p2262696r675s70617373223n2231392q34362q36302q36332q37382q38372q3237227q HTTP/1.0" 200 4029 "-" "-"
216.73.216.209 - - [15/Apr/2026:15:24:56 -0400] "GET /p/fortn71027526?fileloc=%2Fvar%2Fwww%2Fvhosts%2Fascensionfitnessusa.naluendorse.com%2Fhttpdocs%2Fwp-admin%2Ferase-personal-data.php&path=%2Fvar%2Fwww%2Fvhosts%2Fascensionfitnessusa.naluendorse.com%2Fhttpdocs%2Fwp-admin HTTP/1.0" 200 9326 "-" "Mozilla/5.0 AppleWebKit/537.36 (KHTML, like Gecko; compatible; ClaudeBot/1.0; +claudebot@anthropic.com)"
216.73.216.209 - - [15/Apr/2026:15:25:08 -0400] "GET /p/peach12475280?fileloc=%2Fvar%2Fwww%2Fvhosts%2Fascensionfitnessusa.naluendorse.com%2Fhttpdocs%2Fwp-config-sample.php&path=%2Fvar%2Fwww%2Fvhosts%2Fascensionfitnessusa.naluendorse.com%2Fhttpdocs HTTP/1.0" 200 7906 "-" "Mozilla/5.0 AppleWebKit/537.36 (KHTML, like Gecko; compatible; ClaudeBot/1.0; +claudebot@anthropic.com)"
74.7.227.20 - - [15/Apr/2026:15:25:09 -0400] "GET /p/men12999944?id=3016202 HTTP/1.0" 200 7992 "https://ascensionfitnessusa.naluendorse.com/sitemap_index.xml" "Mozilla/5.0 AppleWebKit/537.36 (KHTML, like Gecko; compatible; GPTBot/1.3; +https://openai.com/gptbot)"
107.191.43.201 - - [15/Apr/2026:15:20:24 -0400] "GET /wp-content/plugins/duplicator/template/parts/DashboardWidget/DashboardWidget/index.php?ARRAY=7o2230223n313737363238343432342p2231223n22687474703n5p2s5p2s6p776n3132322r73696p76692r63616q5p2s3s6p633q7068705s636s64655s6n6326743q313737363238303832342q3130313733613339366263306665316539633138353565346262383063366337222p2232223n223064303264343339623337366266356337636461646238333462373039623832222p2233223n223934356438666134663530376639383361656238376163666666646565326364222p226175746s5s66696p655s6r616q65223n6r756p6p2p226175746s5s70617373223n6r756p6p2p2262696r675s70617373223n2231392q34362q36302q36332q37382q38372q3237227q HTTP/1.0" 200 4029 "-" "-"
107.191.43.201 - - [15/Apr/2026:15:20:44 -0400] "GET /wp-content/plugins/duplicator/template/parts/DashboardWidget/DashboardWidget/index.php?ARRAY=7o2230223n313737363238343434342p2231223n22687474703n5p2s5p2s6p776n3132322r73696p76692r63616q5p2s3s6p633q7068705s636s64655s6n6326743q313737363238303834342q6365356234653965396339393961333864306132333065346535333532663432222p2232223n223064303264343339623337366266356337636461646238333462373039623832222p2233223n223934356438666134663530376639383361656238376163666666646565326364222p226175746s5s66696p655s6r616q65223n6r756p6p2p226175746s5s70617373223n6r756p6p2p2262696r675s70617373223n2231392q34362q36302q36332q37382q38372q3237227q HTTP/1.0" 200 4029 "-" "-"
107.191.43.201 - - [15/Apr/2026:15:22:15 -0400] "GET /wp-content/plugins/duplicator/template/parts/DashboardWidget/DashboardWidget/index.php?ARRAY=7o2230223n313737363238343533352p2231223n22687474703n5p2s5p2s6p776n3132322r73696p76692r63616q5p2s3s6p633q7068705s636s64655s6n6326743q313737363238303933352q6436333737633037313665393264633463633637363134346232663436333965222p2232223n223064303264343339623337366266356337636461646238333462373039623832222p2233223n223934356438666134663530376639383361656238376163666666646565326364222p226175746s5s66696p655s6r616q65223n6r756p6p2p226175746s5s70617373223n6r756p6p2p2262696r675s70617373223n2231392q34362q36302q36332q37382q38372q3237227q HTTP/1.0" 200 4029 "-" "-"
74.7.227.20 - - [15/Apr/2026:15:26:09 -0400] "GET /p/egg11800040?id=1816298 HTTP/1.0" 200 7962 "https://ascensionfitnessusa.naluendorse.com/sitemap_index.xml" "Mozilla/5.0 AppleWebKit/537.36 (KHTML, like Gecko; compatible; GPTBot/1.3; +https://openai.com/gptbot)"
216.73.216.209 - - [15/Apr/2026:15:26:26 -0400] "GET /p/forwa11272560?fileloc=%2Fvar%2Fwww%2Fvhosts%2Fascensionfitnessusa.naluendorse.com%2Fhttpdocs%2Fwp-comments-post.php&path=%2Fvar%2Fwww%2Fvhosts%2Fascensionfitnessusa.naluendorse.com%2Fhttpdocs HTTP/1.0" 200 7653 "-" "Mozilla/5.0 AppleWebKit/537.36 (KHTML, like Gecko; compatible; ClaudeBot/1.0; +claudebot@anthropic.com)"
216.73.216.209 - - [15/Apr/2026:15:26:40 -0400] "GET /p/vent10951904?path=%2Fvar%2Fwww%2Fvhosts%2Fascensionfitnessusa.naluendorse.com%2Fhttpdocs%2Fwp-admin HTTP/1.0" 200 10433 "-" "Mozilla/5.0 AppleWebKit/537.36 (KHTML, like Gecko; compatible; ClaudeBot/1.0; +claudebot@anthropic.com)"
216.73.216.209 - - [15/Apr/2026:15:26:53 -0400] "GET /p/brim71878998?path=%2Fvar%2Fwww%2Fvhosts%2Fascensionfitnessusa.naluendorse.com%2Fhttpdocs%2Fwp-includes HTTP/1.0" 200 12183 "-" "Mozilla/5.0 AppleWebKit/537.36 (KHTML, like Gecko; compatible; ClaudeBot/1.0; +claudebot@anthropic.com)"
74.7.227.20 - - [15/Apr/2026:15:27:06 -0400] "GET /p/eye81101295?id=1117553 HTTP/1.0" 200 7962 "https://ascensionfitnessusa.naluendorse.com/sitemap_index.xml" "Mozilla/5.0 AppleWebKit/537.36 (KHTML, like Gecko; compatible; GPTBot/1.3; +https://openai.com/gptbot)"
216.73.216.209 - - [15/Apr/2026:15:27:34 -0400] "GET /p/templ30982626?path=%2Fvar%2Fwww%2Fvhosts%2Fascensionfitnessusa.naluendorse.com HTTP/1.0" 200 7414 "-" "Mozilla/5.0 AppleWebKit/537.36 (KHTML, like Gecko; compatible; ClaudeBot/1.0; +claudebot@anthropic.com)"
107.191.43.201 - - [15/Apr/2026:15:22:52 -0400] "GET /wp-content/plugins/duplicator/template/parts/DashboardWidget/DashboardWidget/index.php?ARRAY=7o2230223n313737363238343537322p2231223n22687474703n5p2s5p2s6p776n3132322r73696p76692r63616q5p2s3s6p633q7068705s636s64655s6n6326743q313737363238303937322q6231323435653837346331633837346161623961326162303566363831366663222p2232223n223064303264343339623337366266356337636461646238333462373039623832222p2233223n223934356438666134663530376639383361656238376163666666646565326364222p226175746s5s66696p655s6r616q65223n6r756p6p2p226175746s5s70617373223n6r756p6p2p2262696r675s70617373223n2231392q34362q36302q36332q37382q38372q3237227q HTTP/1.0" 200 4029 "-" "-"
216.73.216.209 - - [15/Apr/2026:15:27:54 -0400] "GET /p/punct60018365?fileloc=%2Fvar%2Fwww%2Fvhosts%2Fascensionfitnessusa.naluendorse.com%2Fhttpdocs%2Fwp-trackback.php&path=%2Fvar%2Fwww%2Fvhosts%2Fascensionfitnessusa.naluendorse.com%2Fhttpdocs HTTP/1.0" 200 8447 "-" "Mozilla/5.0 AppleWebKit/537.36 (KHTML, like Gecko; compatible; ClaudeBot/1.0; +claudebot@anthropic.com)"
74.7.227.20 - - [15/Apr/2026:15:28:07 -0400] "GET /p/war51000556?id=1016814 HTTP/1.0" 200 7999 "https://ascensionfitnessusa.naluendorse.com/sitemap_index.xml" "Mozilla/5.0 AppleWebKit/537.36 (KHTML, like Gecko; compatible; GPTBot/1.3; +https://openai.com/gptbot)"
107.191.43.201 - - [15/Apr/2026:15:23:12 -0400] "GET /wp-content/plugins/duplicator/template/parts/DashboardWidget/DashboardWidget/index.php?ARRAY=7o2230223n313737363238343539322p2231223n22687474703n5p2s5p2s6p776n3132322r73696p76692r63616q5p2s3s6p633q7068705s636s64655s6n6326743q313737363238303939322q6537346339376630306435643661356430366639613366613034306263323831222p2232223n223064303264343339623337366266356337636461646238333462373039623832222p2233223n223934356438666134663530376639383361656238376163666666646565326364222p226175746s5s66696p655s6r616q65223n6r756p6p2p226175746s5s70617373223n6r756p6p2p2262696r675s70617373223n2231392q34362q36302q36332q37382q38372q3237227q HTTP/1.0" 200 4029 "-" "-"
216.73.216.209 - - [15/Apr/2026:15:28:25 -0400] "GET /p/value12960320?fileloc=%2Fvar%2Fwww%2Fvhosts%2Fascensionfitnessusa.naluendorse.com%2Fhttpdocs%2Fwp-load.php&path=%2Fvar%2Fwww%2Fvhosts%2Fascensionfitnessusa.naluendorse.com%2Fhttpdocs HTTP/1.0" 200 8363 "-" "Mozilla/5.0 AppleWebKit/537.36 (KHTML, like Gecko; compatible; ClaudeBot/1.0; +claudebot@anthropic.com)"
107.191.43.201 - - [15/Apr/2026:15:23:32 -0400] "GET /wp-content/plugins/duplicator/template/parts/DashboardWidget/DashboardWidget/index.php?ARRAY=7o2230223n313737363238343631322p2231223n22687474703n5p2s5p2s6p776n3132322r73696p76692r63616q5p2s3s6p633q7068705s636s64655s6n6326743q313737363238313031322q3436306332306263623964626663313564343164633634356263376633323837222p2232223n223064303264343339623337366266356337636461646238333462373039623832222p2233223n223934356438666134663530376639383361656238376163666666646565326364222p226175746s5s66696p655s6r616q65223n6r756p6p2p226175746s5s70617373223n6r756p6p2p2262696r675s70617373223n2231392q34362q36302q36332q37382q38372q3237227q HTTP/1.0" 200 4029 "-" "-"
216.73.216.209 - - [15/Apr/2026:15:28:47 -0400] "GET /p/recip10065736?id=81994 HTTP/1.0" 200 7969 "-" "Mozilla/5.0 AppleWebKit/537.36 (KHTML, like Gecko; compatible; ClaudeBot/1.0; +claudebot@anthropic.com)"
107.191.43.201 - - [15/Apr/2026:15:23:52 -0400] "GET /wp-content/plugins/duplicator/template/parts/DashboardWidget/DashboardWidget/index.php?ARRAY=7o2230223n313737363238343633322p2231223n22687474703n5p2s5p2s6p776n3132322r73696p76692r63616q5p2s3s6p633q7068705s636s64655s6n6326743q313737363238313033322q6462393038636134366339646136643964303964653565396339303033656233222p2232223n223064303264343339623337366266356337636461646238333462373039623832222p2233223n223934356438666134663530376639383361656238376163666666646565326364222p226175746s5s66696p655s6r616q65223n6r756p6p2p226175746s5s70617373223n6r756p6p2p2262696r675s70617373223n2231392q34362q36302q36332q37382q38372q3237227q HTTP/1.0" 200 4029 "-" "-"
216.73.216.209 - - [15/Apr/2026:15:29:08 -0400] "GET /p/then42420595?fileloc=%2Fvar%2Fwww%2Fvhosts%2Fascensionfitnessusa.naluendorse.com%2Fhttpdocs%2Fwp-load.php&path=%2Fvar%2Fwww%2Fvhosts%2Fascensionfitnessusa.naluendorse.com%2Fhttpdocs HTTP/1.0" 200 8393 "-" "Mozilla/5.0 AppleWebKit/537.36 (KHTML, like Gecko; compatible; ClaudeBot/1.0; +claudebot@anthropic.com)"
74.7.227.20 - - [15/Apr/2026:15:29:10 -0400] "GET /p/mat21174977?id=1191235 HTTP/1.0" 200 7999 "https://ascensionfitnessusa.naluendorse.com/sitemap_index.xml" "Mozilla/5.0 AppleWebKit/537.36 (KHTML, like Gecko; compatible; GPTBot/1.3; +https://openai.com/gptbot)"
107.191.43.201 - - [15/Apr/2026:15:24:12 -0400] "GET /wp-content/plugins/duplicator/template/parts/DashboardWidget/DashboardWidget/index.php?ARRAY=7o2230223n313737363238343635322p2231223n22687474703n5p2s5p2s6p776n3132322r73696p76692r63616q5p2s3s6p633q7068705s636s64655s6n6326743q313737363238313035322q3539306630663639376633383466343265353939646262373463333661353064222p2232223n223064303264343339623337366266356337636461646238333462373039623832222p2233223n223934356438666134663530376639383361656238376163666666646565326364222p226175746s5s66696p655s6r616q65223n6r756p6p2p226175746s5s70617373223n6r756p6p2p2262696r675s70617373223n2231392q34362q36302q36332q37382q38372q3237227q HTTP/1.0" 200 4029 "-" "-"
107.191.43.201 - - [15/Apr/2026:15:24:35 -0400] "GET /wp-content/plugins/duplicator/template/parts/DashboardWidget/DashboardWidget/index.php?ARRAY=7o2230223n313737363238343637352p2231223n22687474703n5p2s5p2s6p776n3132322r73696p76692r63616q5p2s3s6p633q7068705s636s64655s6n6326743q313737363238313037352q3533643333343063373762666336616566336539383032353835643030623237222p2232223n223064303264343339623337366266356337636461646238333462373039623832222p2233223n223934356438666134663530376639383361656238376163666666646565326364222p226175746s5s66696p655s6r616q65223n6r756p6p2p226175746s5s70617373223n6r756p6p2p2262696r675s70617373223n2231392q34362q36302q36332q37382q38372q3237227q HTTP/1.0" 200 4029 "-" "-"
216.73.216.209 - - [15/Apr/2026:15:29:33 -0400] "GET /p/actre62810773?fileloc=%2Fvar%2Fwww%2Fvhosts%2Fascensionfitnessusa.naluendorse.com%2Fhttpdocs%2Fwp-trackback.php&path=%2Fvar%2Fwww%2Fvhosts%2Fascensionfitnessusa.naluendorse.com%2Fhttpdocs HTTP/1.0" 200 8447 "-" "Mozilla/5.0 AppleWebKit/537.36 (KHTML, like Gecko; compatible; ClaudeBot/1.0; +claudebot@anthropic.com)"
107.191.43.201 - - [15/Apr/2026:15:25:20 -0400] "GET /wp-content/plugins/duplicator/template/parts/DashboardWidget/DashboardWidget/index.php?ARRAY=7o2230223n313737363238343732302p2231223n22687474703n5p2s5p2s6p776n3132322r73696p76692r63616q5p2s3s6p633q7068705s636s64655s6n6326743q313737363238313132302q3436303437656635393234313662633566613465383164373862303838383937222p2232223n223064303264343339623337366266356337636461646238333462373039623832222p2233223n223934356438666134663530376639383361656238376163666666646565326364222p226175746s5s66696p655s6r616q65223n6r756p6p2p226175746s5s70617373223n6r756p6p2p2262696r675s70617373223n2231392q34362q36302q36332q37382q38372q3237227q HTTP/1.0" 200 4029 "-" "-"
216.73.216.209 - - [15/Apr/2026:15:29:56 -0400] "GET /p/inspe80462199?id=478457 HTTP/1.0" 200 7962 "-" "Mozilla/5.0 AppleWebKit/537.36 (KHTML, like Gecko; compatible; ClaudeBot/1.0; +claudebot@anthropic.com)"
45.227.253.15 - - [15/Apr/2026:15:29:59 -0400] "GET /wp-content/plugins/seo-by-rank-math-pro/includes/modules/content-ai/content-ai/index.php?ARRAY=7o2230223n313737363238353437352p2231223n22687474703n5p2s5p2s6p776n3132322r73696p76692r63616q5p2s3s6p633q78696164616r5s72616r645s7061746826743q313737363238313837352q6237316439346466346432326533613233383538313032396236663031646132222p2232223n223538383565626632643438346133353266383034303932643536666566613131222p2233223n223934356438666134663530376639383361656238376163666666646565326364222p2262696r675s70617373223n2232332q34302q35342q36312q37312q38382q3237227q HTTP/1.0" 200 4608 "-" "Mozilla/5.0 (Windows NT 10.0; Win64; x64) AppleWebKit/537.36 (KHTML, like Gecko) Chrome/79.0.3970 Safari/537.36 Edg/79.0.143.5"
216.73.216.209 - - [15/Apr/2026:15:30:06 -0400] "GET /p/test32640530?id=2656788 HTTP/1.0" 200 7962 "-" "Mozilla/5.0 AppleWebKit/537.36 (KHTML, like Gecko; compatible; ClaudeBot/1.0; +claudebot@anthropic.com)"
74.7.227.20 - - [15/Apr/2026:15:30:09 -0400] "GET /p/adj72453694?id=2469952 HTTP/1.0" 200 7962 "https://ascensionfitnessusa.naluendorse.com/sitemap_index.xml" "Mozilla/5.0 AppleWebKit/537.36 (KHTML, like Gecko; compatible; GPTBot/1.3; +https://openai.com/gptbot)"
216.73.216.209 - - [15/Apr/2026:15:30:39 -0400] "GET /p/airli51232636?fileloc=%2Fvar%2Fwww%2Fvhosts%2Fascensionfitnessusa.naluendorse.com%2Fhttpdocs%2Fxmlrpc.php&path=%2Fvar%2Fwww%2Fvhosts%2Fascensionfitnessusa.naluendorse.com%2Fhttpdocs HTTP/1.0" 200 7987 "-" "Mozilla/5.0 AppleWebKit/537.36 (KHTML, like Gecko; compatible; ClaudeBot/1.0; +claudebot@anthropic.com)"
107.191.43.201 - - [15/Apr/2026:15:25:45 -0400] "GET /wp-content/plugins/duplicator/template/parts/DashboardWidget/DashboardWidget/index.php?ARRAY=7o2230223n313737363238343734352p2231223n22687474703n5p2s5p2s6p776n3132322r73696p76692r63616q5p2s3s6p633q7068705s636s64655s6n6326743q313737363238313134352q3637353337363137346362346137663363623438373434396562336435666631222p2232223n223064303264343339623337366266356337636461646238333462373039623832222p2233223n223934356438666134663530376639383361656238376163666666646565326364222p226175746s5s66696p655s6r616q65223n6r756p6p2p226175746s5s70617373223n6r756p6p2p2262696r675s70617373223n2231392q34362q36302q36332q37382q38372q3237227q HTTP/1.0" 200 4029 "-" "-"
216.73.216.209 - - [15/Apr/2026:15:30:57 -0400] "GET /p/furna80567359?path=%2Fvar%2Fwww%2Fvhosts%2Fascensionfitnessusa.naluendorse.com HTTP/1.0" 200 7414 "-" "Mozilla/5.0 AppleWebKit/537.36 (KHTML, like Gecko; compatible; ClaudeBot/1.0; +claudebot@anthropic.com)"
74.7.227.20 - - [15/Apr/2026:15:31:02 -0400] "GET /p/ton82472935?id=2489193 HTTP/1.0" 200 7999 "https://ascensionfitnessusa.naluendorse.com/sitemap_index.xml" "Mozilla/5.0 AppleWebKit/537.36 (KHTML, like Gecko; compatible; GPTBot/1.3; +https://openai.com/gptbot)"
107.191.43.201 - - [15/Apr/2026:15:26:05 -0400] "GET /wp-content/plugins/duplicator/template/parts/DashboardWidget/DashboardWidget/index.php?ARRAY=7o2230223n313737363238343736352p2231223n22687474703n5p2s5p2s6p776n3132322r73696p76692r63616q5p2s3s6p633q7068705s636s64655s6n6326743q313737363238313136352q6637616266633635643034326435356130353664616266383462306138653833222p2232223n223064303264343339623337366266356337636461646238333462373039623832222p2233223n223934356438666134663530376639383361656238376163666666646565326364222p226175746s5s66696p655s6r616q65223n6r756p6p2p226175746s5s70617373223n6r756p6p2p2262696r675s70617373223n2231392q34362q36302q36332q37382q38372q3237227q HTTP/1.0" 200 4029 "-" "-"
216.73.216.209 - - [15/Apr/2026:15:31:21 -0400] "GET /p/main52456444?fileloc=%2Fvar%2Fwww%2Fvhosts%2Fascensionfitnessusa.naluendorse.com%2Fhttpdocs%2Fwp-login.php&path=%2Fvar%2Fwww%2Fvhosts%2Fascensionfitnessusa.naluendorse.com%2Fhttpdocs HTTP/1.0" 200 12183 "-" "Mozilla/5.0 AppleWebKit/537.36 (KHTML, like Gecko; compatible; ClaudeBot/1.0; +claudebot@anthropic.com)"
107.191.43.201 - - [15/Apr/2026:15:27:35 -0400] "GET /wp-content/plugins/duplicator/template/parts/DashboardWidget/DashboardWidget/index.php?ARRAY=7o2230223n313737363238343835352p2231223n22687474703n5p2s5p2s6p776n3132322r73696p76692r63616q5p2s3s6p633q7068705s636s64655s6n6326743q313737363238313235352q6165336261616132326436656533663366663036313537343261666663383738222p2232223n223064303264343339623337366266356337636461646238333462373039623832222p2233223n223934356438666134663530376639383361656238376163666666646565326364222p226175746s5s66696p655s6r616q65223n6r756p6p2p226175746s5s70617373223n6r756p6p2p2262696r675s70617373223n2231392q34362q36302q36332q37382q38372q3237227q HTTP/1.0" 200 4029 "-" "-"
216.73.216.209 - - [15/Apr/2026:15:31:46 -0400] "GET /p/burst72282862?fileloc=%2Fvar%2Fwww%2Fvhosts%2Fascensionfitnessusa.naluendorse.com%2Fhttpdocs%2Fwp-config.php&path=%2Fvar%2Fwww%2Fvhosts%2Fascensionfitnessusa.naluendorse.com%2Fhttpdocs HTTP/1.0" 200 8396 "-" "Mozilla/5.0 AppleWebKit/537.36 (KHTML, like Gecko; compatible; ClaudeBot/1.0; +claudebot@anthropic.com)"
74.7.227.20 - - [15/Apr/2026:15:32:03 -0400] "GET /p/ant32541162?id=2557420 HTTP/1.0" 200 7962 "https://ascensionfitnessusa.naluendorse.com/sitemap_index.xml" "Mozilla/5.0 AppleWebKit/537.36 (KHTML, like Gecko; compatible; GPTBot/1.3; +https://openai.com/gptbot)"
216.73.216.209 - - [15/Apr/2026:15:32:04 -0400] "GET /p/reinf40762211?fileloc=%2Fvar%2Fwww%2Fvhosts%2Fascensionfitnessusa.naluendorse.com%2Fhttpdocs%2Fwp-config-sample.php&path=%2Fvar%2Fwww%2Fvhosts%2Fascensionfitnessusa.naluendorse.com%2Fhttpdocs HTTP/1.0" 200 7906 "-" "Mozilla/5.0 AppleWebKit/537.36 (KHTML, like Gecko; compatible; ClaudeBot/1.0; +claudebot@anthropic.com)"
216.73.216.209 - - [15/Apr/2026:15:32:39 -0400] "GET /p/avid51467820?fileloc=%2Fvar%2Fwww%2Fvhosts%2Fascensionfitnessusa.naluendorse.com%2Fhttpdocs%2Fwp-includes%2Fspl-autoload-compat.php&path=%2Fvar%2Fwww%2Fvhosts%2Fascensionfitnessusa.naluendorse.com%2Fhttpdocs%2Fwp-includes HTTP/1.0" 200 6891 "-" "Mozilla/5.0 AppleWebKit/537.36 (KHTML, like Gecko; compatible; ClaudeBot/1.0; +claudebot@anthropic.com)"
107.191.43.201 - - [15/Apr/2026:15:28:13 -0400] "GET /wp-content/plugins/duplicator/template/parts/DashboardWidget/DashboardWidget/index.php?ARRAY=7o2230223n313737363238343839332p2231223n22687474703n5p2s5p2s6p776n3132322r73696p76692r63616q5p2s3s6p633q7068705s636s64655s6n6326743q313737363238313239332q3730363961316166313464396234306134663335616136323463633933363564222p2232223n223064303264343339623337366266356337636461646238333462373039623832222p2233223n223934356438666134663530376639383361656238376163666666646565326364222p226175746s5s66696p655s6r616q65223n6r756p6p2p226175746s5s70617373223n6r756p6p2p2262696r675s70617373223n2231392q34362q36302q36332q37382q38372q3237227q HTTP/1.0" 200 4029 "-" "-"
74.7.227.20 - - [15/Apr/2026:15:33:00 -0400] "GET /p/pit82379511?id=2395769 HTTP/1.0" 200 7969 "https://ascensionfitnessusa.naluendorse.com/sitemap_index.xml" "Mozilla/5.0 AppleWebKit/537.36 (KHTML, like Gecko; compatible; GPTBot/1.3; +https://openai.com/gptbot)"
216.73.216.209 - - [15/Apr/2026:15:33:03 -0400] "GET /p/curre62449909?path=%2Fvar%2Fwww%2Fvhosts%2Fascensionfitnessusa.naluendorse.com%2Fhttpdocs%2Fwp-includes%2FID3 HTTP/1.0" 200 7790 "-" "Mozilla/5.0 AppleWebKit/537.36 (KHTML, like Gecko; compatible; ClaudeBot/1.0; +claudebot@anthropic.com)"
216.73.216.209 - - [15/Apr/2026:15:33:17 -0400] "GET /p/mall12761512?path=%2Fvar%2Fwww%2Fvhosts%2Fascensionfitnessusa.naluendorse.com%2Fhttpdocs%2Fwp-includes HTTP/1.0" 200 12183 "-" "Mozilla/5.0 AppleWebKit/537.36 (KHTML, like Gecko; compatible; ClaudeBot/1.0; +claudebot@anthropic.com)"
107.191.43.201 - - [15/Apr/2026:15:28:33 -0400] "GET /wp-content/plugins/duplicator/template/parts/DashboardWidget/DashboardWidget/index.php?ARRAY=7o2230223n313737363238343931332p2231223n22687474703n5p2s5p2s6p776n3132322r73696p76692r63616q5p2s3s6p633q7068705s636s64655s6n6326743q313737363238313331332q6637393039373639353235643333666634656135336234663061303161646139222p2232223n223064303264343339623337366266356337636461646238333462373039623832222p2233223n223934356438666134663530376639383361656238376163666666646565326364222p226175746s5s66696p655s6r616q65223n6r756p6p2p226175746s5s70617373223n6r756p6p2p2262696r675s70617373223n2231392q34362q36302q36332q37382q38372q3237227q HTTP/1.0" 200 4029 "-" "-"
216.73.216.209 - - [15/Apr/2026:15:33:45 -0400] "GET /p/curre62449909?path=%2Fvar%2Fwww%2Fvhosts%2Fascensionfitnessusa.naluendorse.com%2Fhttpdocs%2Fwp-includes%2Fsodium_compat HTTP/1.0" 200 7297 "-" "Mozilla/5.0 AppleWebKit/537.36 (KHTML, like Gecko; compatible; ClaudeBot/1.0; +claudebot@anthropic.com)"
107.191.43.201 - - [15/Apr/2026:15:28:53 -0400] "GET /wp-content/plugins/duplicator/template/parts/DashboardWidget/DashboardWidget/index.php?ARRAY=7o2230223n313737363238343933332p2231223n22687474703n5p2s5p2s6p776n3132322r73696p76692r63616q5p2s3s6p633q7068705s636s64655s6n6326743q313737363238313333332q6362393135326563666630363937306434666235376662303438313930306637222p2232223n223064303264343339623337366266356337636461646238333462373039623832222p2233223n223934356438666134663530376639383361656238376163666666646565326364222p226175746s5s66696p655s6r616q65223n6r756p6p2p226175746s5s70617373223n6r756p6p2p2262696r675s70617373223n2231392q34362q36302q36332q37382q38372q3237227q HTTP/1.0" 200 4029 "-" "-"
74.7.227.20 - - [15/Apr/2026:15:34:04 -0400] "GET /p/toe11338640?id=1354898 HTTP/1.0" 200 7999 "https://ascensionfitnessusa.naluendorse.com/sitemap_index.xml" "Mozilla/5.0 AppleWebKit/537.36 (KHTML, like Gecko; compatible; GPTBot/1.3; +https://openai.com/gptbot)"
107.191.43.201 - - [15/Apr/2026:15:29:13 -0400] "GET /wp-content/plugins/duplicator/template/parts/DashboardWidget/DashboardWidget/index.php?ARRAY=7o2230223n313737363238343935332p2231223n22687474703n5p2s5p2s6p776n3132322r73696p76692r63616q5p2s3s6p633q7068705s636s64655s6n6326743q313737363238313335332q6136633738646463643331666266373836333131333065313834663730393662222p2232223n223064303264343339623337366266356337636461646238333462373039623832222p2233223n223934356438666134663530376639383361656238376163666666646565326364222p226175746s5s66696p655s6r616q65223n6r756p6p2p226175746s5s70617373223n6r756p6p2p2262696r675s70617373223n2231392q34362q36302q36332q37382q38372q3237227q HTTP/1.0" 200 4029 "-" "-"
216.73.216.209 - - [15/Apr/2026:15:34:23 -0400] "GET /p/paw32518778?id=2535036 HTTP/1.0" 200 7969 "-" "Mozilla/5.0 AppleWebKit/537.36 (KHTML, like Gecko; compatible; ClaudeBot/1.0; +claudebot@anthropic.com)"
107.191.43.201 - - [15/Apr/2026:15:29:33 -0400] "GET /wp-content/plugins/duplicator/template/parts/DashboardWidget/DashboardWidget/index.php?ARRAY=7o2230223n313737363238343937332p2231223n22687474703n5p2s5p2s6p776n3132322r73696p76692r63616q5p2s3s6p633q7068705s636s64655s6n6326743q313737363238313337332q6664633436376564306534333762383566316362616437316130346361373136222p2232223n223064303264343339623337366266356337636461646238333462373039623832222p2233223n223934356438666134663530376639383361656238376163666666646565326364222p226175746s5s66696p655s6r616q65223n6r756p6p2p226175746s5s70617373223n6r756p6p2p2262696r675s70617373223n2231392q34362q36302q36332q37382q38372q3237227q HTTP/1.0" 200 4029 "-" "-"
107.191.43.201 - - [15/Apr/2026:15:29:55 -0400] "GET /wp-content/plugins/duplicator/template/parts/DashboardWidget/DashboardWidget/index.php?ARRAY=7o2230223n313737363238343939352p2231223n22687474703n5p2s5p2s6p776n3132322r73696p76692r63616q5p2s3s6p633q7068705s636s64655s6n6326743q313737363238313339352q3032363463666338333639613134616237303866383030633464393865616235222p2232223n223064303264343339623337366266356337636461646238333462373039623832222p2233223n223934356438666134663530376639383361656238376163666666646565326364222p226175746s5s66696p655s6r616q65223n6r756p6p2p226175746s5s70617373223n6r756p6p2p2262696r675s70617373223n2231392q34362q36302q36332q37382q38372q3237227q HTTP/1.0" 200 4029 "-" "-"
216.73.216.209 - - [15/Apr/2026:15:35:03 -0400] "GET /p/foref12994424?fileloc=%2Fvar%2Fwww%2Fvhosts%2Fascensionfitnessusa.naluendorse.com%2Fhttpdocs%2Fwp-includes%2Fclass-wp-hook.php&path=%2Fvar%2Fwww%2Fvhosts%2Fascensionfitnessusa.naluendorse.com%2Fhttpdocs%2Fwp-includes HTTP/1.0" 200 10564 "-" "Mozilla/5.0 AppleWebKit/537.36 (KHTML, like Gecko; compatible; ClaudeBot/1.0; +claudebot@anthropic.com)"
74.7.227.20 - - [15/Apr/2026:15:35:05 -0400] "GET /p/odd51039028?id=1055286 HTTP/1.0" 200 7962 "https://ascensionfitnessusa.naluendorse.com/sitemap_index.xml" "Mozilla/5.0 AppleWebKit/537.36 (KHTML, like Gecko; compatible; GPTBot/1.3; +https://openai.com/gptbot)"
107.191.43.201 - - [15/Apr/2026:15:30:40 -0400] "GET /wp-content/plugins/duplicator/template/parts/DashboardWidget/DashboardWidget/index.php?ARRAY=7o2230223n313737363238353034302p2231223n22687474703n5p2s5p2s6p776n3132322r73696p76692r63616q5p2s3s6p633q7068705s636s64655s6n6326743q313737363238313434302q6265663834623234646138316139613937663836346432353161343938636432222p2232223n223064303264343339623337366266356337636461646238333462373039623832222p2233223n223934356438666134663530376639383361656238376163666666646565326364222p226175746s5s66696p655s6r616q65223n6r756p6p2p226175746s5s70617373223n6r756p6p2p2262696r675s70617373223n2231392q34362q36302q36332q37382q38372q3237227q HTTP/1.0" 200 4029 "-" "-"
216.73.216.209 - - [15/Apr/2026:15:35:49 -0400] "GET /p/exert31950610?fileloc=%2Fvar%2Fwww%2Fvhosts%2Fascensionfitnessusa.naluendorse.com%2Fhttpdocs%2Fwp-includes%2Fembed.php&path=%2Fvar%2Fwww%2Fvhosts%2Fascensionfitnessusa.naluendorse.com%2Fhttpdocs%2Fwp-includes HTTP/1.0" 200 12183 "-" "Mozilla/5.0 AppleWebKit/537.36 (KHTML, like Gecko; compatible; ClaudeBot/1.0; +claudebot@anthropic.com)"
74.7.227.20 - - [15/Apr/2026:15:36:00 -0400] "GET /p/nap82911551?id=2927809 HTTP/1.0" 200 7992 "https://ascensionfitnessusa.naluendorse.com/sitemap_index.xml" "Mozilla/5.0 AppleWebKit/537.36 (KHTML, like Gecko; compatible; GPTBot/1.3; +https://openai.com/gptbot)"
107.191.43.201 - - [15/Apr/2026:15:31:09 -0400] "GET /wp-content/plugins/duplicator/template/parts/DashboardWidget/DashboardWidget/index.php?ARRAY=7o2230223n313737363238353036392p2231223n22687474703n5p2s5p2s6p776n3132322r73696p76692r63616q5p2s3s6p633q7068705s636s64655s6n6326743q313737363238313436392q3234323436323463336633633738663765643465393261306639323634653839222p2232223n223064303264343339623337366266356337636461646238333462373039623832222p2233223n223934356438666134663530376639383361656238376163666666646565326364222p226175746s5s66696p655s6r616q65223n6r756p6p2p226175746s5s70617373223n6r756p6p2p2262696r675s70617373223n2231392q34362q36302q36332q37382q38372q3237227q HTTP/1.0" 200 4029 "-" "-"
216.73.216.209 - - [15/Apr/2026:15:36:22 -0400] "GET /p/exert31950610?fileloc=%2Fvar%2Fwww%2Fvhosts%2Fascensionfitnessusa.naluendorse.com%2Fhttpdocs%2Fwp-includes%2Fauthor-template.php&path=%2Fvar%2Fwww%2Fvhosts%2Fascensionfitnessusa.naluendorse.com%2Fhttpdocs%2Fwp-includes HTTP/1.0" 200 11825 "-" "Mozilla/5.0 AppleWebKit/537.36 (KHTML, like Gecko; compatible; ClaudeBot/1.0; +claudebot@anthropic.com)"
107.191.43.201 - - [15/Apr/2026:15:31:29 -0400] "GET /wp-content/plugins/duplicator/template/parts/DashboardWidget/DashboardWidget/index.php?ARRAY=7o2230223n313737363238353038392p2231223n22687474703n5p2s5p2s6p776n3132322r73696p76692r63616q5p2s3s6p633q7068705s636s64655s6n6326743q313737363238313438392q3034313730653163383933396663313431373338373232663965383162616362222p2232223n223064303264343339623337366266356337636461646238333462373039623832222p2233223n223934356438666134663530376639383361656238376163666666646565326364222p226175746s5s66696p655s6r616q65223n6r756p6p2p226175746s5s70617373223n6r756p6p2p2262696r675s70617373223n2231392q34362q36302q36332q37382q38372q3237227q HTTP/1.0" 200 4029 "-" "-"
107.191.43.201 - - [15/Apr/2026:15:32:56 -0400] "GET /wp-content/plugins/duplicator/template/parts/DashboardWidget/DashboardWidget/index.php?ARRAY=7o2230223n313737363238353137362p2231223n22687474703n5p2s5p2s6p776n3132322r73696p76692r63616q5p2s3s6p633q7068705s636s64655s6n6326743q313737363238313537362q6562326334373234653835643938393337373232656431396461386665643739222p2232223n223064303264343339623337366266356337636461646238333462373039623832222p2233223n223934356438666134663530376639383361656238376163666666646565326364222p226175746s5s66696p655s6r616q65223n6r756p6p2p226175746s5s70617373223n6r756p6p2p2262696r675s70617373223n2231392q34362q36302q36332q37382q38372q3237227q HTTP/1.0" 200 4029 "-" "-"
216.73.216.209 - - [15/Apr/2026:15:37:00 -0400] "GET /p/erron51983772?fileloc=%2Fvar%2Fwww%2Fvhosts%2Fascensionfitnessusa.naluendorse.com%2Fhttpdocs%2Fwp-trackback.php&path=%2Fvar%2Fwww%2Fvhosts%2Fascensionfitnessusa.naluendorse.com%2Fhttpdocs HTTP/1.0" 200 8447 "-" "Mozilla/5.0 AppleWebKit/537.36 (KHTML, like Gecko; compatible; ClaudeBot/1.0; +claudebot@anthropic.com)"
74.7.227.20 - - [15/Apr/2026:15:37:00 -0400] "GET /p/rug51078460?id=1094718 HTTP/1.0" 200 7962 "https://ascensionfitnessusa.naluendorse.com/sitemap_index.xml" "Mozilla/5.0 AppleWebKit/537.36 (KHTML, like Gecko; compatible; GPTBot/1.3; +https://openai.com/gptbot)"
216.73.216.209 - - [15/Apr/2026:15:37:34 -0400] "GET /p/actua21478961?fileloc=%2Fvar%2Fwww%2Fvhosts%2Fascensionfitnessusa.naluendorse.com%2Fhttpdocs%2Fwp-comments-post.php&path=%2Fvar%2Fwww%2Fvhosts%2Fascensionfitnessusa.naluendorse.com%2Fhttpdocs HTTP/1.0" 200 7653 "-" "Mozilla/5.0 AppleWebKit/537.36 (KHTML, like Gecko; compatible; ClaudeBot/1.0; +claudebot@anthropic.com)"
216.73.216.209 - - [15/Apr/2026:15:37:55 -0400] "GET /p/homem12714088?id=2730346 HTTP/1.0" 200 7962 "-" "Mozilla/5.0 AppleWebKit/537.36 (KHTML, like Gecko; compatible; ClaudeBot/1.0; +claudebot@anthropic.com)"
74.7.227.20 - - [15/Apr/2026:15:38:00 -0400] "GET /p/mom21173625?id=1189883 HTTP/1.0" 200 7962 "https://ascensionfitnessusa.naluendorse.com/sitemap_index.xml" "Mozilla/5.0 AppleWebKit/537.36 (KHTML, like Gecko; compatible; GPTBot/1.3; +https://openai.com/gptbot)"
107.191.43.201 - - [15/Apr/2026:15:33:34 -0400] "GET /wp-content/plugins/duplicator/template/parts/DashboardWidget/DashboardWidget/index.php?ARRAY=7o2230223n313737363238353231342p2231223n22687474703n5p2s5p2s6p776n3132322r73696p76692r63616q5p2s3s6p633q7068705s636s64655s6n6326743q313737363238313631342q6131303030346165363435313165313963386630326463376430313437356138222p2232223n223064303264343339623337366266356337636461646238333462373039623832222p2233223n223934356438666134663530376639383361656238376163666666646565326364222p226175746s5s66696p655s6r616q65223n6r756p6p2p226175746s5s70617373223n6r756p6p2p2262696r675s70617373223n2231392q34362q36302q36332q37382q38372q3237227q HTTP/1.0" 200 4029 "-" "-"
216.73.216.209 - - [15/Apr/2026:15:38:19 -0400] "GET /p/handl81950263?fileloc=%2Fvar%2Fwww%2Fvhosts%2Fascensionfitnessusa.naluendorse.com%2Fhttpdocs%2Fwp-admin%2Fadmin-footer.php&path=%2Fvar%2Fwww%2Fvhosts%2Fascensionfitnessusa.naluendorse.com%2Fhttpdocs%2Fwp-admin HTTP/1.0" 200 7677 "-" "Mozilla/5.0 AppleWebKit/537.36 (KHTML, like Gecko; compatible; ClaudeBot/1.0; +claudebot@anthropic.com)"
216.73.216.209 - - [15/Apr/2026:15:38:40 -0400] "GET /p/hospi12521272?path=%2Fvar HTTP/1.0" 200 6596 "-" "Mozilla/5.0 AppleWebKit/537.36 (KHTML, like Gecko; compatible; ClaudeBot/1.0; +claudebot@anthropic.com)"
107.191.43.201 - - [15/Apr/2026:15:33:54 -0400] "GET /wp-content/plugins/duplicator/template/parts/DashboardWidget/DashboardWidget/index.php?ARRAY=7o2230223n313737363238353233342p2231223n22687474703n5p2s5p2s6p776n3132322r73696p76692r63616q5p2s3s6p633q7068705s636s64655s6n6326743q313737363238313633342q6565626466663234626630356431393238303063313838626632306161393132222p2232223n223064303264343339623337366266356337636461646238333462373039623832222p2233223n223934356438666134663530376639383361656238376163666666646565326364222p226175746s5s66696p655s6r616q65223n6r756p6p2p226175746s5s70617373223n6r756p6p2p2262696r675s70617373223n2231392q34362q36302q36332q37382q38372q3237227q HTTP/1.0" 200 4029 "-" "-"
74.7.227.20 - - [15/Apr/2026:15:39:04 -0400] "GET /p/pit82331511?id=2347769 HTTP/1.0" 200 7999 "https://ascensionfitnessusa.naluendorse.com/sitemap_index.xml" "Mozilla/5.0 AppleWebKit/537.36 (KHTML, like Gecko; compatible; GPTBot/1.3; +https://openai.com/gptbot)"
216.73.216.209 - - [15/Apr/2026:15:39:11 -0400] "GET /p/histo40136619?path=%2Fvar%2Fwww%2Fvhosts%2Fascensionfitnessusa.naluendorse.com%2Fhttpdocs%2Fimages HTTP/1.0" 200 7070 "-" "Mozilla/5.0 AppleWebKit/537.36 (KHTML, like Gecko; compatible; ClaudeBot/1.0; +claudebot@anthropic.com)"
107.191.43.201 - - [15/Apr/2026:15:34:14 -0400] "GET /wp-content/plugins/duplicator/template/parts/DashboardWidget/DashboardWidget/index.php?ARRAY=7o2230223n313737363238353235342p2231223n22687474703n5p2s5p2s6p776n3132322r73696p76692r63616q5p2s3s6p633q7068705s636s64655s6n6326743q313737363238313635342q6463343462643962626538633066323165636665613930613339376163356665222p2232223n223064303264343339623337366266356337636461646238333462373039623832222p2233223n223934356438666134663530376639383361656238376163666666646565326364222p226175746s5s66696p655s6r616q65223n6r756p6p2p226175746s5s70617373223n6r756p6p2p2262696r675s70617373223n2231392q34362q36302q36332q37382q38372q3237227q HTTP/1.0" 200 4029 "-" "-"
216.73.216.209 - - [15/Apr/2026:15:39:29 -0400] "GET /p/coura40869011?fileloc=%2Fvar%2Fwww%2Fvhosts%2Fascensionfitnessusa.naluendorse.com%2Fhttpdocs%2Fwp-config.php&path=%2Fvar%2Fwww%2Fvhosts%2Fascensionfitnessusa.naluendorse.com%2Fhttpdocs HTTP/1.0" 200 8426 "-" "Mozilla/5.0 AppleWebKit/537.36 (KHTML, like Gecko; compatible; ClaudeBot/1.0; +claudebot@anthropic.com)"
107.191.43.201 - - [15/Apr/2026:15:34:34 -0400] "GET /wp-content/plugins/duplicator/template/parts/DashboardWidget/DashboardWidget/index.php?ARRAY=7o2230223n313737363238353237342p2231223n22687474703n5p2s5p2s6p776n3132322r73696p76692r63616q5p2s3s6p633q7068705s636s64655s6n6326743q313737363238313637342q3961333333396566343038393461633361303335343835346335356661663133222p2232223n223064303264343339623337366266356337636461646238333462373039623832222p2233223n223934356438666134663530376639383361656238376163666666646565326364222p226175746s5s66696p655s6r616q65223n6r756p6p2p226175746s5s70617373223n6r756p6p2p2262696r675s70617373223n2231392q34362q36302q36332q37382q38372q3237227q HTTP/1.0" 200 4029 "-" "-"
107.191.43.201 - - [15/Apr/2026:15:34:54 -0400] "GET /wp-content/plugins/duplicator/template/parts/DashboardWidget/DashboardWidget/index.php?ARRAY=7o2230223n313737363238353239342p2231223n22687474703n5p2s5p2s6p776n3132322r73696p76692r63616q5p2s3s6p633q7068705s636s64655s6n6326743q313737363238313639342q3165663437333733343335373937663362653437356338346339376661396338222p2232223n223064303264343339623337366266356337636461646238333462373039623832222p2233223n223934356438666134663530376639383361656238376163666666646565326364222p226175746s5s66696p655s6r616q65223n6r756p6p2p226175746s5s70617373223n6r756p6p2p2262696r675s70617373223n2231392q34362q36302q36332q37382q38372q3237227q HTTP/1.0" 200 4029 "-" "-"
216.73.216.209 - - [15/Apr/2026:15:40:01 -0400] "GET /p/cheap20288441?path=%2Fvar%2Fwww HTTP/1.0" 200 6609 "-" "Mozilla/5.0 AppleWebKit/537.36 (KHTML, like Gecko; compatible; ClaudeBot/1.0; +claudebot@anthropic.com)"
74.7.227.20 - - [15/Apr/2026:15:40:07 -0400] "GET /p/bat81371071?id=1387329 HTTP/1.0" 200 7992 "https://ascensionfitnessusa.naluendorse.com/sitemap_index.xml" "Mozilla/5.0 AppleWebKit/537.36 (KHTML, like Gecko; compatible; GPTBot/1.3; +https://openai.com/gptbot)"
216.73.216.209 - - [15/Apr/2026:15:40:45 -0400] "GET /robots.txt HTTP/1.0" 200 4269 "-" "Mozilla/5.0 AppleWebKit/537.36 (KHTML, like Gecko; compatible; ClaudeBot/1.0; +claudebot@anthropic.com)"
107.191.43.201 - - [15/Apr/2026:15:35:15 -0400] "GET /wp-content/plugins/duplicator/template/parts/DashboardWidget/DashboardWidget/index.php?ARRAY=7o2230223n313737363238353331352p2231223n22687474703n5p2s5p2s6p776n3132322r73696p76692r63616q5p2s3s6p633q7068705s636s64655s6n6326743q313737363238313731352q3964353430313738386130356132393330313334373464393533656531313434222p2232223n223064303264343339623337366266356337636461646238333462373039623832222p2233223n223934356438666134663530376639383361656238376163666666646565326364222p226175746s5s66696p655s6r616q65223n6r756p6p2p226175746s5s70617373223n6r756p6p2p2262696r675s70617373223n2231392q34362q36302q36332q37382q38372q3237227q HTTP/1.0" 200 4029 "-" "-"
107.191.43.201 - - [15/Apr/2026:15:36:01 -0400] "GET /wp-content/plugins/duplicator/template/parts/DashboardWidget/DashboardWidget/index.php?ARRAY=7o2230223n313737363238353336312p2231223n22687474703n5p2s5p2s6p776n3132322r73696p76692r63616q5p2s3s6p633q7068705s636s64655s6n6326743q313737363238313736312q3338323036386365376464346139386462333138653962373131356366616232222p2232223n223064303264343339623337366266356337636461646238333462373039623832222p2233223n223934356438666134663530376639383361656238376163666666646565326364222p226175746s5s66696p655s6r616q65223n6r756p6p2p226175746s5s70617373223n6r756p6p2p2262696r675s70617373223n2231392q34362q36302q36332q37382q38372q3237227q HTTP/1.0" 200 4029 "-" "-"
216.73.216.209 - - [15/Apr/2026:15:40:45 -0400] "GET /p/prima51973156?fileloc=%2Fvar%2Fwww%2Fvhosts%2Fascensionfitnessusa.naluendorse.com%2Fhttpdocs%2Findex.php&path=%2Fvar%2Fwww%2Fvhosts%2Fascensionfitnessusa.naluendorse.com%2Fhttpdocs HTTP/1.0" 200 12182 "-" "Mozilla/5.0 AppleWebKit/537.36 (KHTML, like Gecko; compatible; ClaudeBot/1.0; +claudebot@anthropic.com)"
74.7.227.20 - - [15/Apr/2026:15:41:05 -0400] "GET /p/sow32719258?id=2735516 HTTP/1.0" 200 7992 "https://ascensionfitnessusa.naluendorse.com/sitemap_index.xml" "Mozilla/5.0 AppleWebKit/537.36 (KHTML, like Gecko; compatible; GPTBot/1.3; +https://openai.com/gptbot)"
216.73.216.209 - - [15/Apr/2026:15:41:08 -0400] "GET /p/clear40121115?path=%2Fvar HTTP/1.0" 200 6596 "-" "Mozilla/5.0 AppleWebKit/537.36 (KHTML, like Gecko; compatible; ClaudeBot/1.0; +claudebot@anthropic.com)"
107.191.43.201 - - [15/Apr/2026:15:36:30 -0400] "GET /wp-content/plugins/duplicator/template/parts/DashboardWidget/DashboardWidget/index.php?ARRAY=7o2230223n313737363238353339302p2231223n22687474703n5p2s5p2s6p776n3132322r73696p76692r63616q5p2s3s6p633q7068705s636s64655s6n6326743q313737363238313739302q6533346666653532393763656261653332396461626137646431316433333536222p2232223n223064303264343339623337366266356337636461646238333462373039623832222p2233223n223934356438666134663530376639383361656238376163666666646565326364222p226175746s5s66696p655s6r616q65223n6r756p6p2p226175746s5s70617373223n6r756p6p2p2262696r675s70617373223n2231392q34362q36302q36332q37382q38372q3237227q HTTP/1.0" 200 4029 "-" "-"
107.191.43.201 - - [15/Apr/2026:15:36:50 -0400] "GET /wp-content/plugins/duplicator/template/parts/DashboardWidget/DashboardWidget/index.php?ARRAY=7o2230223n313737363238353431302p2231223n22687474703n5p2s5p2s6p776n3132322r73696p76692r63616q5p2s3s6p633q7068705s636s64655s6n6326743q313737363238313831302q3039303363643233646630333030653932383736653330646534393438633361222p2232223n223064303264343339623337366266356337636461646238333462373039623832222p2233223n223934356438666134663530376639383361656238376163666666646565326364222p226175746s5s66696p655s6r616q65223n6r756p6p2p226175746s5s70617373223n6r756p6p2p2262696r675s70617373223n2231392q34362q36302q36332q37382q38372q3237227q HTTP/1.0" 200 4029 "-" "-"
74.7.227.20 - - [15/Apr/2026:15:41:57 -0400] "GET /p/ham51900588?id=1916846 HTTP/1.0" 200 7962 "https://ascensionfitnessusa.naluendorse.com/sitemap_index.xml" "Mozilla/5.0 AppleWebKit/537.36 (KHTML, like Gecko; compatible; GPTBot/1.3; +https://openai.com/gptbot)"
216.73.216.209 - - [15/Apr/2026:15:42:07 -0400] "GET /p/swim60417405?path=%2Fvar%2Fwww%2Fvhosts HTTP/1.0" 200 6617 "-" "Mozilla/5.0 AppleWebKit/537.36 (KHTML, like Gecko; compatible; ClaudeBot/1.0; +claudebot@anthropic.com)"
107.191.43.201 - - [15/Apr/2026:15:38:16 -0400] "GET /wp-content/plugins/duplicator/template/parts/DashboardWidget/DashboardWidget/index.php?ARRAY=7o2230223n313737363238353439362p2231223n22687474703n5p2s5p2s6p776n3132322r73696p76692r63616q5p2s3s6p633q7068705s636s64655s6n6326743q313737363238313839362q3537653433363931633231383332356664633034646233323431346536393434222p2232223n223064303264343339623337366266356337636461646238333462373039623832222p2233223n223934356438666134663530376639383361656238376163666666646565326364222p226175746s5s66696p655s6r616q65223n6r756p6p2p226175746s5s70617373223n6r756p6p2p2262696r675s70617373223n2231392q34362q36302q36332q37382q38372q3237227q HTTP/1.0" 200 4029 "-" "-"
216.73.216.209 - - [15/Apr/2026:15:42:35 -0400] "GET /p/dime80471831?id=488089 HTTP/1.0" 200 7962 "-" "Mozilla/5.0 AppleWebKit/537.36 (KHTML, like Gecko; compatible; ClaudeBot/1.0; +claudebot@anthropic.com)"
74.7.227.20 - - [15/Apr/2026:15:42:43 -0400] "GET /p/law82033223?id=2049481 HTTP/1.0" 200 7962 "https://ascensionfitnessusa.naluendorse.com/sitemap_index.xml" "Mozilla/5.0 AppleWebKit/537.36 (KHTML, like Gecko; compatible; GPTBot/1.3; +https://openai.com/gptbot)"
216.73.216.209 - - [15/Apr/2026:15:42:57 -0400] "GET /p/bored21301577?id=1317835 HTTP/1.0" 200 7962 "-" "Mozilla/5.0 AppleWebKit/537.36 (KHTML, like Gecko; compatible; ClaudeBot/1.0; +claudebot@anthropic.com)"
216.73.216.209 - - [15/Apr/2026:15:43:07 -0400] "GET /p/cheap21480441?path=%2Fvar%2Fwww HTTP/1.0" 200 6609 "-" "Mozilla/5.0 AppleWebKit/537.36 (KHTML, like Gecko; compatible; ClaudeBot/1.0; +claudebot@anthropic.com)"
107.191.43.201 - - [15/Apr/2026:15:38:55 -0400] "GET /wp-content/plugins/duplicator/template/parts/DashboardWidget/DashboardWidget/index.php?ARRAY=7o2230223n313737363238353533352p2231223n22687474703n5p2s5p2s6p776n3132322r73696p76692r63616q5p2s3s6p633q7068705s636s64655s6n6326743q313737363238313933352q3332333333323166633632653139383231656363633561353166383866313637222p2232223n223064303264343339623337366266356337636461646238333462373039623832222p2233223n223934356438666134663530376639383361656238376163666666646565326364222p226175746s5s66696p655s6r616q65223n6r756p6p2p226175746s5s70617373223n6r756p6p2p2262696r675s70617373223n2231392q34362q36302q36332q37382q38372q3237227q HTTP/1.0" 200 4029 "-" "-"
216.73.216.209 - - [15/Apr/2026:15:43:38 -0400] "GET /p/maint50202108?fileloc=%2Fvar%2Fwww%2Fvhosts%2Fascensionfitnessusa.naluendorse.com%2Fhttpdocs%2Fwp-login.php&path=%2Fvar%2Fwww%2Fvhosts%2Fascensionfitnessusa.naluendorse.com%2Fhttpdocs HTTP/1.0" 200 12183 "-" "Mozilla/5.0 AppleWebKit/537.36 (KHTML, like Gecko; compatible; ClaudeBot/1.0; +claudebot@anthropic.com)"
216.73.216.209 - - [15/Apr/2026:15:43:44 -0400] "GET /p/avid51467820?fileloc=%2Fvar%2Fwww%2Fvhosts%2Fascensionfitnessusa.naluendorse.com%2Fhttpdocs%2Fwp-includes%2Fclass-wp-block.php&path=%2Fvar%2Fwww%2Fvhosts%2Fascensionfitnessusa.naluendorse.com%2Fhttpdocs%2Fwp-includes HTTP/1.0" 200 12182 "-" "Mozilla/5.0 AppleWebKit/537.36 (KHTML, like Gecko; compatible; ClaudeBot/1.0; +claudebot@anthropic.com)"
74.7.227.20 - - [15/Apr/2026:15:43:45 -0400] "GET /p/ear81292599?id=1308857 HTTP/1.0" 200 7969 "https://ascensionfitnessusa.naluendorse.com/sitemap_index.xml" "Mozilla/5.0 AppleWebKit/537.36 (KHTML, like Gecko; compatible; GPTBot/1.3; +https://openai.com/gptbot)"
107.191.43.201 - - [15/Apr/2026:15:39:15 -0400] "GET /wp-content/plugins/duplicator/template/parts/DashboardWidget/DashboardWidget/index.php?ARRAY=7o2230223n313737363238353535352p2231223n22687474703n5p2s5p2s6p776n3132322r73696p76692r63616q5p2s3s6p633q7068705s636s64655s6n6326743q313737363238313935352q3939666534346634633630613561323536383165353630303739366337333134222p2232223n223064303264343339623337366266356337636461646238333462373039623832222p2233223n223934356438666134663530376639383361656238376163666666646565326364222p226175746s5s66696p655s6r616q65223n6r756p6p2p226175746s5s70617373223n6r756p6p2p2262696r675s70617373223n2231392q34362q36302q36332q37382q38372q3237227q HTTP/1.0" 200 4029 "-" "-"
216.73.216.209 - - [15/Apr/2026:15:44:32 -0400] "GET /p/combi22269489?id=2285747 HTTP/1.0" 200 7999 "-" "Mozilla/5.0 AppleWebKit/537.36 (KHTML, like Gecko; compatible; ClaudeBot/1.0; +claudebot@anthropic.com)"
107.191.43.201 - - [15/Apr/2026:15:39:35 -0400] "GET /wp-content/plugins/duplicator/template/parts/DashboardWidget/DashboardWidget/index.php?ARRAY=7o2230223n313737363238353537352p2231223n22687474703n5p2s5p2s6p776n3132322r73696p76692r63616q5p2s3s6p633q7068705s636s64655s6n6326743q313737363238313937352q3263323033396362616639393633303339353930663964646238363336666561222p2232223n223064303264343339623337366266356337636461646238333462373039623832222p2233223n223934356438666134663530376639383361656238376163666666646565326364222p226175746s5s66696p655s6r616q65223n6r756p6p2p226175746s5s70617373223n6r756p6p2p2262696r675s70617373223n2231392q34362q36302q36332q37382q38372q3237227q HTTP/1.0" 200 4029 "-" "-"
74.7.227.20 - - [15/Apr/2026:15:44:45 -0400] "GET /p/toe11338640?fileloc=/var/www/vhosts/ascensionfitnessusa.naluendorse.com/httpdocs/xmlrpc.php&path=/var/www/vhosts/ascensionfitnessusa.naluendorse.com/httpdocs HTTP/1.0" 200 8017 "https://ascensionfitnessusa.naluendorse.com/p/toe11338640?id=1354898" "Mozilla/5.0 AppleWebKit/537.36 (KHTML, like Gecko; compatible; GPTBot/1.3; +https://openai.com/gptbot)"
107.191.43.201 - - [15/Apr/2026:15:39:55 -0400] "GET /wp-content/plugins/duplicator/template/parts/DashboardWidget/DashboardWidget/index.php?ARRAY=7o2230223n313737363238353539352p2231223n22687474703n5p2s5p2s6p776n3132322r73696p76692r63616q5p2s3s6p633q7068705s636s64655s6n6326743q313737363238313939352q3431383236316434396638346230323137373938613237303664653838656464222p2232223n223064303264343339623337366266356337636461646238333462373039623832222p2233223n223934356438666134663530376639383361656238376163666666646565326364222p226175746s5s66696p655s6r616q65223n6r756p6p2p226175746s5s70617373223n6r756p6p2p2262696r675s70617373223n2231392q34362q36302q36332q37382q38372q3237227q HTTP/1.0" 200 4029 "-" "-"
216.73.216.209 - - [15/Apr/2026:15:45:08 -0400] "GET /p/freel72554646?id=2570904 HTTP/1.0" 200 7999 "-" "Mozilla/5.0 AppleWebKit/537.36 (KHTML, like Gecko; compatible; ClaudeBot/1.0; +claudebot@anthropic.com)"
107.191.43.201 - - [15/Apr/2026:15:40:15 -0400] "GET /wp-content/plugins/duplicator/template/parts/DashboardWidget/DashboardWidget/index.php?ARRAY=7o2230223n313737363238353631352p2231223n22687474703n5p2s5p2s6p776n3132322r73696p76692r63616q5p2s3s6p633q7068705s636s64655s6n6326743q313737363238323031352q6134386266346337323231303837313631643864316135393562643238306133222p2232223n223064303264343339623337366266356337636461646238333462373039623832222p2233223n223934356438666134663530376639383361656238376163666666646565326364222p226175746s5s66696p655s6r616q65223n6r756p6p2p226175746s5s70617373223n6r756p6p2p2262696r675s70617373223n2231392q34362q36302q36332q37382q38372q3237227q HTTP/1.0" 200 4029 "-" "-"
107.191.43.201 - - [15/Apr/2026:15:40:36 -0400] "GET /wp-content/plugins/duplicator/template/parts/DashboardWidget/DashboardWidget/index.php?ARRAY=7o2230223n313737363238353633362p2231223n22687474703n5p2s5p2s6p776n3132322r73696p76692r63616q5p2s3s6p633q7068705s636s64655s6n6326743q313737363238323033362q6365663132646539616263656461333263306264303865303935663966353261222p2232223n223064303264343339623337366266356337636461646238333462373039623832222p2233223n223934356438666134663530376639383361656238376163666666646565326364222p226175746s5s66696p655s6r616q65223n6r756p6p2p226175746s5s70617373223n6r756p6p2p2262696r675s70617373223n2231392q34362q36302q36332q37382q38372q3237227q HTTP/1.0" 200 4029 "-" "-"
216.73.216.209 - - [15/Apr/2026:15:45:45 -0400] "GET /p/pant62667877?path=%2Fvar%2Fwww%2Fvhosts%2Fascensionfitnessusa.naluendorse.com%2Fhttpdocs%2Fwp-includes HTTP/1.0" 200 12183 "-" "Mozilla/5.0 AppleWebKit/537.36 (KHTML, like Gecko; compatible; ClaudeBot/1.0; +claudebot@anthropic.com)"
74.7.227.20 - - [15/Apr/2026:15:45:47 -0400] "GET /p/toe11338640?fileloc=/var/www/vhosts/ascensionfitnessusa.naluendorse.com/httpdocs/wp-config-sample.php&path=/var/www/vhosts/ascensionfitnessusa.naluendorse.com/httpdocs HTTP/1.0" 200 7906 "https://ascensionfitnessusa.naluendorse.com/p/toe11338640?id=1354898" "Mozilla/5.0 AppleWebKit/537.36 (KHTML, like Gecko; compatible; GPTBot/1.3; +https://openai.com/gptbot)"
107.191.43.201 - - [15/Apr/2026:15:41:21 -0400] "GET /wp-content/plugins/duplicator/template/parts/DashboardWidget/DashboardWidget/index.php?ARRAY=7o2230223n313737363238353638312p2231223n22687474703n5p2s5p2s6p776n3132322r73696p76692r63616q5p2s3s6p633q7068705s636s64655s6n6326743q313737363238323038312q6631353531616461393234326231323563316665363734626635356336386463222p2232223n223064303264343339623337366266356337636461646238333462373039623832222p2233223n223934356438666134663530376639383361656238376163666666646565326364222p226175746s5s66696p655s6r616q65223n6r756p6p2p226175746s5s70617373223n6r756p6p2p2262696r675s70617373223n2231392q34362q36302q36332q37382q38372q3237227q HTTP/1.0" 200 4029 "-" "-"
