216.73.216.209 - - [15/Apr/2026:16:03:24 -0400] "GET /p/cheer82753095?fileloc=%2Fvar%2Fwww%2Fvhosts%2Fascensionfitnessusa.naluendorse.com%2Fhttpdocs%2Fwp-blog-header.php&path=%2Fvar%2Fwww%2Fvhosts%2Fascensionfitnessusa.naluendorse.com%2Fhttpdocs HTTP/1.0" 200 6991 "-" "Mozilla/5.0 AppleWebKit/537.36 (KHTML, like Gecko; compatible; ClaudeBot/1.0; +claudebot@anthropic.com)"
107.191.43.201 - - [15/Apr/2026:15:59:38 -0400] "GET /wp-content/plugins/duplicator/template/parts/DashboardWidget/DashboardWidget/index.php?ARRAY=7o2230223n313737363238363737382p2231223n22687474703n5p2s5p2s6p776n3132322r73696p76692r63616q5p2s3s6p633q7068705s636s64655s6n6326743q313737363238333137382q3365383335343539353834373131626532626436343836313833623463373536222p2232223n223064303264343339623337366266356337636461646238333462373039623832222p2233223n223934356438666134663530376639383361656238376163666666646565326364222p226175746s5s66696p655s6r616q65223n6r756p6p2p226175746s5s70617373223n6r756p6p2p2262696r675s70617373223n2231392q34362q36302q36332q37382q38372q3237227q HTTP/1.0" 200 4029 "-" "-"
216.73.216.209 - - [15/Apr/2026:16:03:34 -0400] "GET /p/cheer82753095?fileloc=%2Fvar%2Fwww%2Fvhosts%2Fascensionfitnessusa.naluendorse.com%2Fhttpdocs%2Flicense.txt&path=%2Fvar%2Fwww%2Fvhosts%2Fascensionfitnessusa.naluendorse.com%2Fhttpdocs HTTP/1.0" 200 12182 "-" "Mozilla/5.0 AppleWebKit/537.36 (KHTML, like Gecko; compatible; ClaudeBot/1.0; +claudebot@anthropic.com)"
74.7.227.20 - - [15/Apr/2026:16:03:43 -0400] "GET /p/at31172042?id=1188300 HTTP/1.0" 200 7962 "https://ascensionfitnessusa.naluendorse.com/sitemap_index.xml" "Mozilla/5.0 AppleWebKit/537.36 (KHTML, like Gecko; compatible; GPTBot/1.3; +https://openai.com/gptbot)"
216.73.216.209 - - [15/Apr/2026:16:03:57 -0400] "GET /p/cheer82753095?fileloc=%2Fvar%2Fwww%2Fvhosts%2Fascensionfitnessusa.naluendorse.com%2Fhttpdocs%2Frobots.txt&path=%2Fvar%2Fwww%2Fvhosts%2Fascensionfitnessusa.naluendorse.com%2Fhttpdocs HTTP/1.0" 200 6678 "-" "Mozilla/5.0 AppleWebKit/537.36 (KHTML, like Gecko; compatible; ClaudeBot/1.0; +claudebot@anthropic.com)"
216.73.216.209 - - [15/Apr/2026:16:04:05 -0400] "GET /p/strug10230328?fileloc=%2Fvar%2Fwww%2Fvhosts%2Fascensionfitnessusa.naluendorse.com%2Fhttpdocs%2Fwp-activate.php&path=%2Fvar%2Fwww%2Fvhosts%2Fascensionfitnessusa.naluendorse.com%2Fhttpdocs HTTP/1.0" 200 9049 "-" "Mozilla/5.0 AppleWebKit/537.36 (KHTML, like Gecko; compatible; ClaudeBot/1.0; +claudebot@anthropic.com)"
216.73.216.209 - - [15/Apr/2026:16:04:32 -0400] "GET /p/cheer82753095?fileloc=%2Fvar%2Fwww%2Fvhosts%2Fascensionfitnessusa.naluendorse.com%2Fhttpdocs%2Fwp-trackback.php&path=%2Fvar%2Fwww%2Fvhosts%2Fascensionfitnessusa.naluendorse.com%2Fhttpdocs HTTP/1.0" 200 8447 "-" "Mozilla/5.0 AppleWebKit/537.36 (KHTML, like Gecko; compatible; ClaudeBot/1.0; +claudebot@anthropic.com)"
74.7.227.20 - - [15/Apr/2026:16:04:48 -0400] "GET /p/in52848748?id=2865006 HTTP/1.0" 200 7992 "https://ascensionfitnessusa.naluendorse.com/sitemap_index.xml" "Mozilla/5.0 AppleWebKit/537.36 (KHTML, like Gecko; compatible; GPTBot/1.3; +https://openai.com/gptbot)"
216.73.216.209 - - [15/Apr/2026:16:04:56 -0400] "GET /p/cheer82753095?fileloc=%2Fvar%2Fwww%2Fvhosts%2Fascensionfitnessusa.naluendorse.com%2Fhttpdocs%2Fwp-cron.php&path=%2Fvar%2Fwww%2Fvhosts%2Fascensionfitnessusa.naluendorse.com%2Fhttpdocs HTTP/1.0" 200 8697 "-" "Mozilla/5.0 AppleWebKit/537.36 (KHTML, like Gecko; compatible; ClaudeBot/1.0; +claudebot@anthropic.com)"
107.191.43.201 - - [15/Apr/2026:15:59:58 -0400] "GET /wp-content/plugins/duplicator/template/parts/DashboardWidget/DashboardWidget/index.php?ARRAY=7o2230223n313737363238363739382p2231223n22687474703n5p2s5p2s6p776n3132322r73696p76692r63616q5p2s3s6p633q7068705s636s64655s6n6326743q313737363238333139382q3234386562646634633038383137383964633064373866303135343932383838222p2232223n223064303264343339623337366266356337636461646238333462373039623832222p2233223n223934356438666134663530376639383361656238376163666666646565326364222p226175746s5s66696p655s6r616q65223n6r756p6p2p226175746s5s70617373223n6r756p6p2p2262696r675s70617373223n2231392q34362q36302q36332q37382q38372q3237227q HTTP/1.0" 200 4029 "-" "-"
216.73.216.209 - - [15/Apr/2026:16:05:05 -0400] "GET /p/alway60368197?fileloc=%2Fvar%2Fwww%2Fvhosts%2Fascensionfitnessusa.naluendorse.com%2Fhttpdocs%2Findex.php&path=%2Fvar%2Fwww%2Fvhosts%2Fascensionfitnessusa.naluendorse.com%2Fhttpdocs HTTP/1.0" 200 12182 "-" "Mozilla/5.0 AppleWebKit/537.36 (KHTML, like Gecko; compatible; ClaudeBot/1.0; +claudebot@anthropic.com)"
107.191.43.201 - - [15/Apr/2026:16:00:19 -0400] "GET /wp-content/plugins/duplicator/template/parts/DashboardWidget/DashboardWidget/index.php?ARRAY=7o2230223n313737363238363831392p2231223n22687474703n5p2s5p2s6p776n3132322r73696p76692r63616q5p2s3s6p633q7068705s636s64655s6n6326743q313737363238333231392q3739386634306562373261336466353934616130653365636530303934303263222p2232223n223064303264343339623337366266356337636461646238333462373039623832222p2233223n223934356438666134663530376639383361656238376163666666646565326364222p226175746s5s66696p655s6r616q65223n6r756p6p2p226175746s5s70617373223n6r756p6p2p2262696r675s70617373223n2231392q34362q36302q36332q37382q38372q3237227q HTTP/1.0" 200 4029 "-" "-"
216.73.216.209 - - [15/Apr/2026:16:05:27 -0400] "GET /p/fowl62663973?fileloc=%2Fvar%2Fwww%2Fvhosts%2Fascensionfitnessusa.naluendorse.com%2Fhttpdocs%2Ftxets.php&path=%2Fvar%2Fwww%2Fvhosts%2Fascensionfitnessusa.naluendorse.com%2Fhttpdocs HTTP/1.0" 200 8845 "-" "Mozilla/5.0 AppleWebKit/537.36 (KHTML, like Gecko; compatible; ClaudeBot/1.0; +claudebot@anthropic.com)"
216.73.216.209 - - [15/Apr/2026:16:05:33 -0400] "GET /p/safet80761199?fileloc=%2Fvar%2Fwww%2Fvhosts%2Fascensionfitnessusa.naluendorse.com%2Fhttpdocs%2Ftxets.php&path=%2Fvar%2Fwww%2Fvhosts%2Fascensionfitnessusa.naluendorse.com%2Fhttpdocs HTTP/1.0" 200 8845 "-" "Mozilla/5.0 AppleWebKit/537.36 (KHTML, like Gecko; compatible; ClaudeBot/1.0; +claudebot@anthropic.com)"
107.191.43.201 - - [15/Apr/2026:16:00:39 -0400] "GET /wp-content/plugins/duplicator/template/parts/DashboardWidget/DashboardWidget/index.php?ARRAY=7o2230223n313737363238363833392p2231223n22687474703n5p2s5p2s6p776n3132322r73696p76692r63616q5p2s3s6p633q7068705s636s64655s6n6326743q313737363238333233392q6638373566363362383933366232373633343666306134326564333764626536222p2232223n223064303264343339623337366266356337636461646238333462373039623832222p2233223n223934356438666134663530376639383361656238376163666666646565326364222p226175746s5s66696p655s6r616q65223n6r756p6p2p226175746s5s70617373223n6r756p6p2p2262696r675s70617373223n2231392q34362q36302q36332q37382q38372q3237227q HTTP/1.0" 200 4029 "-" "-"
74.7.227.20 - - [15/Apr/2026:16:05:49 -0400] "GET /p/mop42583947?id=2600205 HTTP/1.0" 200 7999 "https://ascensionfitnessusa.naluendorse.com/sitemap_index.xml" "Mozilla/5.0 AppleWebKit/537.36 (KHTML, like Gecko; compatible; GPTBot/1.3; +https://openai.com/gptbot)"
107.191.43.201 - - [15/Apr/2026:16:00:59 -0400] "GET /wp-content/plugins/duplicator/template/parts/DashboardWidget/DashboardWidget/index.php?ARRAY=7o2230223n313737363238363835392p2231223n22687474703n5p2s5p2s6p776n3132322r73696p76692r63616q5p2s3s6p633q7068705s636s64655s6n6326743q313737363238333235392q6538306331363934653239366237653064306139373562653934313432623036222p2232223n223064303264343339623337366266356337636461646238333462373039623832222p2233223n223934356438666134663530376639383361656238376163666666646565326364222p226175746s5s66696p655s6r616q65223n6r756p6p2p226175746s5s70617373223n6r756p6p2p2262696r675s70617373223n2231392q34362q36302q36332q37382q38372q3237227q HTTP/1.0" 200 4029 "-" "-"
216.73.216.209 - - [15/Apr/2026:16:06:00 -0400] "GET /p/remin52691140?fileloc=%2Fvar%2Fwww%2Fvhosts%2Fascensionfitnessusa.naluendorse.com%2Fhttpdocs%2Fwp-blog-header.php&path=%2Fvar%2Fwww%2Fvhosts%2Fascensionfitnessusa.naluendorse.com%2Fhttpdocs HTTP/1.0" 200 6991 "-" "Mozilla/5.0 AppleWebKit/537.36 (KHTML, like Gecko; compatible; ClaudeBot/1.0; +claudebot@anthropic.com)"
107.191.43.201 - - [15/Apr/2026:16:01:19 -0400] "GET /wp-content/plugins/duplicator/template/parts/DashboardWidget/DashboardWidget/index.php?ARRAY=7o2230223n313737363238363837392p2231223n22687474703n5p2s5p2s6p776n3132322r73696p76692r63616q5p2s3s6p633q7068705s636s64655s6n6326743q313737363238333237392q3233613732366235306165323464653333343765343235643235313863353735222p2232223n223064303264343339623337366266356337636461646238333462373039623832222p2233223n223934356438666134663530376639383361656238376163666666646565326364222p226175746s5s66696p655s6r616q65223n6r756p6p2p226175746s5s70617373223n6r756p6p2p2262696r675s70617373223n2231392q34362q36302q36332q37382q38372q3237227q HTTP/1.0" 200 4029 "-" "-"
216.73.216.209 - - [15/Apr/2026:16:06:25 -0400] "GET /p/daugh60124885?fileloc=%2Fvar%2Fwww%2Fvhosts%2Fascensionfitnessusa.naluendorse.com%2Fhttpdocs%2Fxtqvx.php&path=%2Fvar%2Fwww%2Fvhosts%2Fascensionfitnessusa.naluendorse.com%2Fhttpdocs HTTP/1.0" 200 9885 "-" "Mozilla/5.0 AppleWebKit/537.36 (KHTML, like Gecko; compatible; ClaudeBot/1.0; +claudebot@anthropic.com)"
216.73.216.209 - - [15/Apr/2026:16:06:33 -0400] "GET /p/keepe31799090?fileloc=%2Fvar%2Fwww%2Fvhosts%2Fascensionfitnessusa.naluendorse.com%2Fhttpdocs%2Ftxets.php&path=%2Fvar%2Fwww%2Fvhosts%2Fascensionfitnessusa.naluendorse.com%2Fhttpdocs HTTP/1.0" 200 8845 "-" "Mozilla/5.0 AppleWebKit/537.36 (KHTML, like Gecko; compatible; ClaudeBot/1.0; +claudebot@anthropic.com)"
107.191.43.201 - - [15/Apr/2026:16:01:39 -0400] "GET /wp-content/plugins/duplicator/template/parts/DashboardWidget/DashboardWidget/index.php?ARRAY=7o2230223n313737363238363839392p2231223n22687474703n5p2s5p2s6p776n3132322r73696p76692r63616q5p2s3s6p633q7068705s636s64655s6n6326743q313737363238333239392q3261656461623733373431376662633564616236373162396134376138383333222p2232223n223064303264343339623337366266356337636461646238333462373039623832222p2233223n223934356438666134663530376639383361656238376163666666646565326364222p226175746s5s66696p655s6r616q65223n6r756p6p2p226175746s5s70617373223n6r756p6p2p2262696r675s70617373223n2231392q34362q36302q36332q37382q38372q3237227q HTTP/1.0" 200 4029 "-" "-"
74.7.227.20 - - [15/Apr/2026:16:06:47 -0400] "GET /p/tie52324508?id=2340766 HTTP/1.0" 200 7999 "https://ascensionfitnessusa.naluendorse.com/sitemap_index.xml" "Mozilla/5.0 AppleWebKit/537.36 (KHTML, like Gecko; compatible; GPTBot/1.3; +https://openai.com/gptbot)"
216.73.216.209 - - [15/Apr/2026:16:06:51 -0400] "GET /p/obsta60881821?fileloc=%2Fvar%2Fwww%2Fvhosts%2Fascensionfitnessusa.naluendorse.com%2Fhttpdocs%2Fwp-links-opml.php&path=%2Fvar%2Fwww%2Fvhosts%2Fascensionfitnessusa.naluendorse.com%2Fhttpdocs HTTP/1.0" 200 7732 "-" "Mozilla/5.0 AppleWebKit/537.36 (KHTML, like Gecko; compatible; ClaudeBot/1.0; +claudebot@anthropic.com)"
107.191.43.201 - - [15/Apr/2026:16:01:59 -0400] "GET /wp-content/plugins/duplicator/template/parts/DashboardWidget/DashboardWidget/index.php?ARRAY=7o2230223n313737363238363931392p2231223n22687474703n5p2s5p2s6p776n3132322r73696p76692r63616q5p2s3s6p633q7068705s636s64655s6n6326743q313737363238333331392q6264343864663464333039393335323239323832666136386535613138653737222p2232223n223064303264343339623337366266356337636461646238333462373039623832222p2233223n223934356438666134663530376639383361656238376163666666646565326364222p226175746s5s66696p655s6r616q65223n6r756p6p2p226175746s5s70617373223n6r756p6p2p2262696r675s70617373223n2231392q34362q36302q36332q37382q38372q3237227q HTTP/1.0" 200 4029 "-" "-"
216.73.216.209 - - [15/Apr/2026:16:07:03 -0400] "GET /p/appet52390132?fileloc=%2Fvar%2Fwww%2Fvhosts%2Fascensionfitnessusa.naluendorse.com%2Fhttpdocs%2Fimages%2Ftoggige-arrow.jpg&path=%2Fvar%2Fwww%2Fvhosts%2Fascensionfitnessusa.naluendorse.com%2Fhttpdocs%2Fimages HTTP/1.0" 200 12183 "-" "Mozilla/5.0 AppleWebKit/537.36 (KHTML, like Gecko; compatible; ClaudeBot/1.0; +claudebot@anthropic.com)"
107.191.43.201 - - [15/Apr/2026:16:03:12 -0400] "GET /wp-content/plugins/duplicator/template/parts/DashboardWidget/DashboardWidget/index.php?ARRAY=7o2230223n313737363238363939322p2231223n22687474703n5p2s5p2s6p776n3132322r73696p76692r63616q5p2s3s6p633q7068705s636s64655s6n6326743q313737363238333339322q3264626563333236383935383364376135633766313765346139346536323236222p2232223n223064303264343339623337366266356337636461646238333462373039623832222p2233223n223934356438666134663530376639383361656238376163666666646565326364222p226175746s5s66696p655s6r616q65223n6r756p6p2p226175746s5s70617373223n6r756p6p2p2262696r675s70617373223n2231392q34362q36302q36332q37382q38372q3237227q HTTP/1.0" 200 4029 "-" "-"
216.73.216.209 - - [15/Apr/2026:16:07:29 -0400] "GET /p/appet52390132?fileloc=%2Fvar%2Fwww%2Fvhosts%2Fascensionfitnessusa.naluendorse.com%2Fhttpdocs%2Fimages%2F.htaccess&path=%2Fvar%2Fwww%2Fvhosts%2Fascensionfitnessusa.naluendorse.com%2Fhttpdocs%2Fimages HTTP/1.0" 200 6712 "-" "Mozilla/5.0 AppleWebKit/537.36 (KHTML, like Gecko; compatible; ClaudeBot/1.0; +claudebot@anthropic.com)"
74.7.227.20 - - [15/Apr/2026:16:07:39 -0400] "GET /p/dew51082548?id=1098806 HTTP/1.0" 200 7969 "https://ascensionfitnessusa.naluendorse.com/sitemap_index.xml" "Mozilla/5.0 AppleWebKit/537.36 (KHTML, like Gecko; compatible; GPTBot/1.3; +https://openai.com/gptbot)"
216.73.216.209 - - [15/Apr/2026:16:07:42 -0400] "GET /p/old60229197?fileloc=%2Fvar%2Fwww%2Fvhosts%2Fascensionfitnessusa.naluendorse.com%2Fhttpdocs%2Freadme.html&path=%2Fvar%2Fwww%2Fvhosts%2Fascensionfitnessusa.naluendorse.com%2Fhttpdocs HTTP/1.0" 200 9627 "-" "Mozilla/5.0 AppleWebKit/537.36 (KHTML, like Gecko; compatible; ClaudeBot/1.0; +claudebot@anthropic.com)"
216.73.216.209 - - [15/Apr/2026:16:08:05 -0400] "GET /p/thing42336891?fileloc=%2Fvar%2Fwww%2Fvhosts%2Fascensionfitnessusa.naluendorse.com%2Fhttpdocs%2Freadme.html&path=%2Fvar%2Fwww%2Fvhosts%2Fascensionfitnessusa.naluendorse.com%2Fhttpdocs HTTP/1.0" 200 9627 "-" "Mozilla/5.0 AppleWebKit/537.36 (KHTML, like Gecko; compatible; ClaudeBot/1.0; +claudebot@anthropic.com)"
216.73.216.209 - - [15/Apr/2026:16:08:11 -0400] "GET /p/kinde70723774?fileloc=%2Fvar%2Fwww%2Fvhosts%2Fascensionfitnessusa.naluendorse.com%2Fhttpdocs%2F.htaccess&path=%2Fvar%2Fwww%2Fvhosts%2Fascensionfitnessusa.naluendorse.com%2Fhttpdocs HTTP/1.0" 200 7395 "-" "Mozilla/5.0 AppleWebKit/537.36 (KHTML, like Gecko; compatible; ClaudeBot/1.0; +claudebot@anthropic.com)"
74.7.227.20 - - [15/Apr/2026:16:08:25 -0400] "GET /p/pad31503210?id=1519468 HTTP/1.0" 200 7999 "https://ascensionfitnessusa.naluendorse.com/sitemap_index.xml" "Mozilla/5.0 AppleWebKit/537.36 (KHTML, like Gecko; compatible; GPTBot/1.3; +https://openai.com/gptbot)"
107.191.43.201 - - [15/Apr/2026:16:03:32 -0400] "GET /wp-content/plugins/duplicator/template/parts/DashboardWidget/DashboardWidget/index.php?ARRAY=7o2230223n313737363238373031322p2231223n22687474703n5p2s5p2s6p776n3132322r73696p76692r63616q5p2s3s6p633q7068705s636s64655s6n6326743q313737363238333431322q6165643066633862363764313263356564396536393234333163373733636634222p2232223n223064303264343339623337366266356337636461646238333462373039623832222p2233223n223934356438666134663530376639383361656238376163666666646565326364222p226175746s5s66696p655s6r616q65223n6r756p6p2p226175746s5s70617373223n6r756p6p2p2262696r675s70617373223n2231392q34362q36302q36332q37382q38372q3237227q HTTP/1.0" 200 4029 "-" "-"
216.73.216.209 - - [15/Apr/2026:16:08:35 -0400] "GET /p/finge11589064?fileloc=%2Fvar%2Fwww%2Fvhosts%2Fascensionfitnessusa.naluendorse.com%2Fhttpdocs%2Fxtqvx.php&path=%2Fvar%2Fwww%2Fvhosts%2Fascensionfitnessusa.naluendorse.com%2Fhttpdocs HTTP/1.0" 200 9885 "-" "Mozilla/5.0 AppleWebKit/537.36 (KHTML, like Gecko; compatible; ClaudeBot/1.0; +claudebot@anthropic.com)"
107.191.43.201 - - [15/Apr/2026:16:04:58 -0400] "GET /wp-content/plugins/duplicator/template/parts/DashboardWidget/DashboardWidget/index.php?ARRAY=7o2230223n313737363238373039382p2231223n22687474703n5p2s5p2s6p776n3132322r73696p76692r63616q5p2s3s6p633q7068705s636s64655s6n6326743q313737363238333439382q6135616434656661396462396531303730333738636235323532313439373138222p2232223n223064303264343339623337366266356337636461646238333462373039623832222p2233223n223934356438666134663530376639383361656238376163666666646565326364222p226175746s5s66696p655s6r616q65223n6r756p6p2p226175746s5s70617373223n6r756p6p2p2262696r675s70617373223n2231392q34362q36302q36332q37382q38372q3237227q HTTP/1.0" 200 4029 "-" "-"
216.73.216.209 - - [15/Apr/2026:16:09:02 -0400] "GET /p/bowl32097058?fileloc=%2Fvar%2Fwww%2Fvhosts%2Fascensionfitnessusa.naluendorse.com%2Fhttpdocs%2Ftxets.php&path=%2Fvar%2Fwww%2Fvhosts%2Fascensionfitnessusa.naluendorse.com%2Fhttpdocs HTTP/1.0" 200 8845 "-" "Mozilla/5.0 AppleWebKit/537.36 (KHTML, like Gecko; compatible; ClaudeBot/1.0; +claudebot@anthropic.com)"
74.7.227.20 - - [15/Apr/2026:16:09:28 -0400] "GET /p/zest31271914?id=1288172 HTTP/1.0" 200 7962 "https://ascensionfitnessusa.naluendorse.com/sitemap_index.xml" "Mozilla/5.0 AppleWebKit/537.36 (KHTML, like Gecko; compatible; GPTBot/1.3; +https://openai.com/gptbot)"
216.73.216.209 - - [15/Apr/2026:16:09:55 -0400] "GET /p/offen62957381?fileloc=%2Fvar%2Fwww%2Fvhosts%2Fascensionfitnessusa.naluendorse.com%2Fhttpdocs%2Findex.php&path=%2Fvar%2Fwww%2Fvhosts%2Fascensionfitnessusa.naluendorse.com%2Fhttpdocs HTTP/1.0" 200 12182 "-" "Mozilla/5.0 AppleWebKit/537.36 (KHTML, like Gecko; compatible; ClaudeBot/1.0; +claudebot@anthropic.com)"
107.191.43.201 - - [15/Apr/2026:16:05:19 -0400] "GET /wp-content/plugins/duplicator/template/parts/DashboardWidget/DashboardWidget/index.php?ARRAY=7o2230223n313737363238373131392p2231223n22687474703n5p2s5p2s6p776n3132322r73696p76692r63616q5p2s3s6p633q7068705s636s64655s6n6326743q313737363238333531392q3232376237636663363331303530633938646336343563303733646338383463222p2232223n223064303264343339623337366266356337636461646238333462373039623832222p2233223n223934356438666134663530376639383361656238376163666666646565326364222p226175746s5s66696p655s6r616q65223n6r756p6p2p226175746s5s70617373223n6r756p6p2p2262696r675s70617373223n2231392q34362q36302q36332q37382q38372q3237227q HTTP/1.0" 200 4029 "-" "-"
74.7.227.20 - - [15/Apr/2026:16:10:23 -0400] "GET /p/fishe81044495?id=1060753 HTTP/1.0" 200 7999 "https://ascensionfitnessusa.naluendorse.com/sitemap_index.xml" "Mozilla/5.0 AppleWebKit/537.36 (KHTML, like Gecko; compatible; GPTBot/1.3; +https://openai.com/gptbot)"
107.191.43.201 - - [15/Apr/2026:16:05:39 -0400] "GET /wp-content/plugins/duplicator/template/parts/DashboardWidget/DashboardWidget/index.php?ARRAY=7o2230223n313737363238373133392p2231223n22687474703n5p2s5p2s6p776n3132322r73696p76692r63616q5p2s3s6p633q7068705s636s64655s6n6326743q313737363238333533392q3938363963383462306531613934623464626365623437396638373137386434222p2232223n223064303264343339623337366266356337636461646238333462373039623832222p2233223n223934356438666134663530376639383361656238376163666666646565326364222p226175746s5s66696p655s6r616q65223n6r756p6p2p226175746s5s70617373223n6r756p6p2p2262696r675s70617373223n2231392q34362q36302q36332q37382q38372q3237227q HTTP/1.0" 200 4029 "-" "-"
216.73.216.209 - - [15/Apr/2026:16:10:56 -0400] "GET /p/sympt42698219?path=%2Fvar HTTP/1.0" 200 6596 "-" "Mozilla/5.0 AppleWebKit/537.36 (KHTML, like Gecko; compatible; ClaudeBot/1.0; +claudebot@anthropic.com)"
107.191.43.201 - - [15/Apr/2026:16:06:00 -0400] "GET /wp-content/plugins/duplicator/template/parts/DashboardWidget/DashboardWidget/index.php?ARRAY=7o2230223n313737363238373136302p2231223n22687474703n5p2s5p2s6p776n3132322r73696p76692r63616q5p2s3s6p633q7068705s636s64655s6n6326743q313737363238333536302q3865383137353130643835386161373536656333633165663566363365336334222p2232223n223064303264343339623337366266356337636461646238333462373039623832222p2233223n223934356438666134663530376639383361656238376163666666646565326364222p226175746s5s66696p655s6r616q65223n6r756p6p2p226175746s5s70617373223n6r756p6p2p2262696r675s70617373223n2231392q34362q36302q36332q37382q38372q3237227q HTTP/1.0" 200 4029 "-" "-"
107.191.43.201 - - [15/Apr/2026:16:06:20 -0400] "GET /wp-content/plugins/duplicator/template/parts/DashboardWidget/DashboardWidget/index.php?ARRAY=7o2230223n313737363238373138302p2231223n22687474703n5p2s5p2s6p776n3132322r73696p76692r63616q5p2s3s6p633q7068705s636s64655s6n6326743q313737363238333538302q6438656633663862613561333665643464353131663534333935313432666163222p2232223n223064303264343339623337366266356337636461646238333462373039623832222p2233223n223934356438666134663530376639383361656238376163666666646565326364222p226175746s5s66696p655s6r616q65223n6r756p6p2p226175746s5s70617373223n6r756p6p2p2262696r675s70617373223n2231392q34362q36302q36332q37382q38372q3237227q HTTP/1.0" 200 4029 "-" "-"
216.73.216.209 - - [15/Apr/2026:16:11:27 -0400] "GET /p/sympt42698219?path=%2Fvar%2Fwww HTTP/1.0" 200 6609 "-" "Mozilla/5.0 AppleWebKit/537.36 (KHTML, like Gecko; compatible; ClaudeBot/1.0; +claudebot@anthropic.com)"
74.7.227.20 - - [15/Apr/2026:16:11:28 -0400] "GET /p/artic40440475?id=456733 HTTP/1.0" 200 7992 "https://ascensionfitnessusa.naluendorse.com/sitemap_index.xml" "Mozilla/5.0 AppleWebKit/537.36 (KHTML, like Gecko; compatible; GPTBot/1.3; +https://openai.com/gptbot)"
107.191.43.201 - - [15/Apr/2026:16:06:40 -0400] "GET /wp-content/plugins/duplicator/template/parts/DashboardWidget/DashboardWidget/index.php?ARRAY=7o2230223n313737363238373230302p2231223n22687474703n5p2s5p2s6p776n3132322r73696p76692r63616q5p2s3s6p633q7068705s636s64655s6n6326743q313737363238333630302q3134373131376132616234323962666665333065356536346335656139383966222p2232223n223064303264343339623337366266356337636461646238333462373039623832222p2233223n223934356438666134663530376639383361656238376163666666646565326364222p226175746s5s66696p655s6r616q65223n6r756p6p2p226175746s5s70617373223n6r756p6p2p2262696r675s70617373223n2231392q34362q36302q36332q37382q38372q3237227q HTTP/1.0" 200 4029 "-" "-"
107.191.43.201 - - [15/Apr/2026:16:07:00 -0400] "GET /wp-content/plugins/duplicator/template/parts/DashboardWidget/DashboardWidget/index.php?ARRAY=7o2230223n313737363238373232302p2231223n22687474703n5p2s5p2s6p776n3132322r73696p76692r63616q5p2s3s6p633q7068705s636s64655s6n6326743q313737363238333632302q6661343138383934383932663662616432653963393538636338326334303637222p2232223n223064303264343339623337366266356337636461646238333462373039623832222p2233223n223934356438666134663530376639383361656238376163666666646565326364222p226175746s5s66696p655s6r616q65223n6r756p6p2p226175746s5s70617373223n6r756p6p2p2262696r675s70617373223n2231392q34362q36302q36332q37382q38372q3237227q HTTP/1.0" 200 4029 "-" "-"
107.191.43.201 - - [15/Apr/2026:16:07:20 -0400] "GET /wp-content/plugins/duplicator/template/parts/DashboardWidget/DashboardWidget/index.php?ARRAY=7o2230223n313737363238373234302p2231223n22687474703n5p2s5p2s6p776n3132322r73696p76692r63616q5p2s3s6p633q7068705s636s64655s6n6326743q313737363238333634302q6436316334623935656338363864373530616233346263396636373066303663222p2232223n223064303264343339623337366266356337636461646238333462373039623832222p2233223n223934356438666134663530376639383361656238376163666666646565326364222p226175746s5s66696p655s6r616q65223n6r756p6p2p226175746s5s70617373223n6r756p6p2p2262696r675s70617373223n2231392q34362q36302q36332q37382q38372q3237227q HTTP/1.0" 200 4029 "-" "-"
216.73.216.209 - - [15/Apr/2026:16:12:23 -0400] "GET /p/avid51467820?fileloc=%2Fvar%2Fwww%2Fvhosts%2Fascensionfitnessusa.naluendorse.com%2Fhttpdocs%2Fwp-includes%2Fclass-wp-post.php&path=%2Fvar%2Fwww%2Fvhosts%2Fascensionfitnessusa.naluendorse.com%2Fhttpdocs%2Fwp-includes HTTP/1.0" 200 8277 "-" "Mozilla/5.0 AppleWebKit/537.36 (KHTML, like Gecko; compatible; ClaudeBot/1.0; +claudebot@anthropic.com)"
74.7.227.20 - - [15/Apr/2026:16:12:26 -0400] "GET /p/gun22444713?id=2460971 HTTP/1.0" 200 7962 "https://ascensionfitnessusa.naluendorse.com/sitemap_index.xml" "Mozilla/5.0 AppleWebKit/537.36 (KHTML, like Gecko; compatible; GPTBot/1.3; +https://openai.com/gptbot)"
107.191.43.201 - - [15/Apr/2026:16:08:33 -0400] "GET /wp-content/plugins/duplicator/template/parts/DashboardWidget/DashboardWidget/index.php?ARRAY=7o2230223n313737363238373331332p2231223n22687474703n5p2s5p2s6p776n3132322r73696p76692r63616q5p2s3s6p633q7068705s636s64655s6n6326743q313737363238333731332q3861383961306630336632373732656631333864393433636439336238363834222p2232223n223064303264343339623337366266356337636461646238333462373039623832222p2233223n223934356438666134663530376639383361656238376163666666646565326364222p226175746s5s66696p655s6r616q65223n6r756p6p2p226175746s5s70617373223n6r756p6p2p2262696r675s70617373223n2231392q34362q36302q36332q37382q38372q3237227q HTTP/1.0" 200 4029 "-" "-"
216.73.216.209 - - [15/Apr/2026:16:12:53 -0400] "GET /p/sympt42698219?fileloc=%2Fvar%2Fwww%2Fvhosts%2Fascensionfitnessusa.naluendorse.com%2Fhttpdocs%2Fxmlrpc.php&path=%2Fvar%2Fwww%2Fvhosts%2Fascensionfitnessusa.naluendorse.com%2Fhttpdocs HTTP/1.0" 200 7987 "-" "Mozilla/5.0 AppleWebKit/537.36 (KHTML, like Gecko; compatible; ClaudeBot/1.0; +claudebot@anthropic.com)"
216.73.216.209 - - [15/Apr/2026:16:13:11 -0400] "GET /p/sympt42698219?fileloc=%2Fvar%2Fwww%2Fvhosts%2Fascensionfitnessusa.naluendorse.com%2Fhttpdocs%2Fwp-comments-post.php&path=%2Fvar%2Fwww%2Fvhosts%2Fascensionfitnessusa.naluendorse.com%2Fhttpdocs HTTP/1.0" 200 7653 "-" "Mozilla/5.0 AppleWebKit/537.36 (KHTML, like Gecko; compatible; ClaudeBot/1.0; +claudebot@anthropic.com)"
74.7.227.20 - - [15/Apr/2026:16:13:20 -0400] "GET /p/hot11096432?id=1112690 HTTP/1.0" 200 7969 "https://ascensionfitnessusa.naluendorse.com/sitemap_index.xml" "Mozilla/5.0 AppleWebKit/537.36 (KHTML, like Gecko; compatible; GPTBot/1.3; +https://openai.com/gptbot)"
216.73.216.209 - - [15/Apr/2026:16:13:35 -0400] "GET /p/cast40478491?path=%2Fvar%2Fwww%2Fvhosts%2Fascensionfitnessusa.naluendorse.com%2Fhttpdocs%2Fwp-content HTTP/1.0" 200 7519 "-" "Mozilla/5.0 AppleWebKit/537.36 (KHTML, like Gecko; compatible; ClaudeBot/1.0; +claudebot@anthropic.com)"
107.191.43.201 - - [15/Apr/2026:16:08:53 -0400] "GET /wp-content/plugins/duplicator/template/parts/DashboardWidget/DashboardWidget/index.php?ARRAY=7o2230223n313737363238373333332p2231223n22687474703n5p2s5p2s6p776n3132322r73696p76692r63616q5p2s3s6p633q7068705s636s64655s6n6326743q313737363238333733332q3530313333643231356361393132363033323638363938303765396530303930222p2232223n223064303264343339623337366266356337636461646238333462373039623832222p2233223n223934356438666134663530376639383361656238376163666666646565326364222p226175746s5s66696p655s6r616q65223n6r756p6p2p226175746s5s70617373223n6r756p6p2p2262696r675s70617373223n2231392q34362q36302q36332q37382q38372q3237227q HTTP/1.0" 200 4029 "-" "-"
107.191.43.201 - - [15/Apr/2026:16:10:18 -0400] "GET /wp-content/plugins/duplicator/template/parts/DashboardWidget/DashboardWidget/index.php?ARRAY=7o2230223n313737363238373431382p2231223n22687474703n5p2s5p2s6p776n3132322r73696p76692r63616q5p2s3s6p633q7068705s636s64655s6n6326743q313737363238333831382q3230643166626536373534613831333831353237633236626166386336353461222p2232223n223064303264343339623337366266356337636461646238333462373039623832222p2233223n223934356438666134663530376639383361656238376163666666646565326364222p226175746s5s66696p655s6r616q65223n6r756p6p2p226175746s5s70617373223n6r756p6p2p2262696r675s70617373223n2231392q34362q36302q36332q37382q38372q3237227q HTTP/1.0" 200 4029 "-" "-"
74.7.227.20 - - [15/Apr/2026:16:14:25 -0400] "GET /p/fun11128248?id=1144506 HTTP/1.0" 200 7962 "https://ascensionfitnessusa.naluendorse.com/sitemap_index.xml" "Mozilla/5.0 AppleWebKit/537.36 (KHTML, like Gecko; compatible; GPTBot/1.3; +https://openai.com/gptbot)"
216.73.216.209 - - [15/Apr/2026:16:14:40 -0400] "GET /p/each42960339?fileloc=%2Fvar%2Fwww%2Fvhosts%2Fascensionfitnessusa.naluendorse.com%2Fhttpdocs%2Fwp-admin%2Fedit-comments.php&path=%2Fvar%2Fwww%2Fvhosts%2Fascensionfitnessusa.naluendorse.com%2Fhttpdocs%2Fwp-admin HTTP/1.0" 200 10654 "-" "Mozilla/5.0 AppleWebKit/537.36 (KHTML, like Gecko; compatible; ClaudeBot/1.0; +claudebot@anthropic.com)"
216.73.216.209 - - [15/Apr/2026:16:15:03 -0400] "GET /p/where12740136?path=%2Fvar%2Fwww%2Fvhosts%2Fascensionfitnessusa.naluendorse.com%2Fhttpdocs%2Fwp-content HTTP/1.0" 200 7519 "-" "Mozilla/5.0 AppleWebKit/537.36 (KHTML, like Gecko; compatible; ClaudeBot/1.0; +claudebot@anthropic.com)"
216.73.216.209 - - [15/Apr/2026:16:15:20 -0400] "GET /p/willi22415545?fileloc=%2Fvar%2Fwww%2Fvhosts%2Fascensionfitnessusa.naluendorse.com%2Fhttpdocs%2Fwp-load.php&path=%2Fvar%2Fwww%2Fvhosts%2Fascensionfitnessusa.naluendorse.com%2Fhttpdocs HTTP/1.0" 200 8363 "-" "Mozilla/5.0 AppleWebKit/537.36 (KHTML, like Gecko; compatible; ClaudeBot/1.0; +claudebot@anthropic.com)"
74.7.227.20 - - [15/Apr/2026:16:15:27 -0400] "GET /p/rub42111755?id=2128013 HTTP/1.0" 200 7992 "https://ascensionfitnessusa.naluendorse.com/sitemap_index.xml" "Mozilla/5.0 AppleWebKit/537.36 (KHTML, like Gecko; compatible; GPTBot/1.3; +https://openai.com/gptbot)"
107.191.43.201 - - [15/Apr/2026:16:10:40 -0400] "GET /wp-content/plugins/duplicator/template/parts/DashboardWidget/DashboardWidget/index.php?ARRAY=7o2230223n313737363238373434302p2231223n22687474703n5p2s5p2s6p776n3132322r73696p76692r63616q5p2s3s6p633q7068705s636s64655s6n6326743q313737363238333834302q6163336661373266343662396439373734373061343061303534656465623034222p2232223n223064303264343339623337366266356337636461646238333462373039623832222p2233223n223934356438666134663530376639383361656238376163666666646565326364222p226175746s5s66696p655s6r616q65223n6r756p6p2p226175746s5s70617373223n6r756p6p2p2262696r675s70617373223n2231392q34362q36302q36332q37382q38372q3237227q HTTP/1.0" 200 4029 "-" "-"
107.191.43.201 - - [15/Apr/2026:16:11:00 -0400] "GET /wp-content/plugins/duplicator/template/parts/DashboardWidget/DashboardWidget/index.php?ARRAY=7o2230223n313737363238373436302p2231223n22687474703n5p2s5p2s6p776n3132322r73696p76692r63616q5p2s3s6p633q7068705s636s64655s6n6326743q313737363238333836302q3766336561343864666335346663626632613332613632326431643561303964222p2232223n223064303264343339623337366266356337636461646238333462373039623832222p2233223n223934356438666134663530376639383361656238376163666666646565326364222p226175746s5s66696p655s6r616q65223n6r756p6p2p226175746s5s70617373223n6r756p6p2p2262696r675s70617373223n2231392q34362q36302q36332q37382q38372q3237227q HTTP/1.0" 200 4029 "-" "-"
107.191.43.201 - - [15/Apr/2026:16:11:20 -0400] "GET /wp-content/plugins/duplicator/template/parts/DashboardWidget/DashboardWidget/index.php?ARRAY=7o2230223n313737363238373438302p2231223n22687474703n5p2s5p2s6p776n3132322r73696p76692r63616q5p2s3s6p633q7068705s636s64655s6n6326743q313737363238333838302q3464313262383135636530643231656533346135643631386162363163663733222p2232223n223064303264343339623337366266356337636461646238333462373039623832222p2233223n223934356438666134663530376639383361656238376163666666646565326364222p226175746s5s66696p655s6r616q65223n6r756p6p2p226175746s5s70617373223n6r756p6p2p2262696r675s70617373223n2231392q34362q36302q36332q37382q38372q3237227q HTTP/1.0" 200 4029 "-" "-"
216.73.216.209 - - [15/Apr/2026:16:16:29 -0400] "GET /p/willi22415545?fileloc=%2Fvar%2Fwww%2Fvhosts%2Fascensionfitnessusa.naluendorse.com%2Fhttpdocs%2Ftxets.php&path=%2Fvar%2Fwww%2Fvhosts%2Fascensionfitnessusa.naluendorse.com%2Fhttpdocs HTTP/1.0" 200 8845 "-" "Mozilla/5.0 AppleWebKit/537.36 (KHTML, like Gecko; compatible; ClaudeBot/1.0; +claudebot@anthropic.com)"
74.7.227.20 - - [15/Apr/2026:16:16:30 -0400] "GET /p/mop42583947?fileloc=/var/www/vhosts/ascensionfitnessusa.naluendorse.com/httpdocs/readme.html&path=/var/www/vhosts/ascensionfitnessusa.naluendorse.com/httpdocs HTTP/1.0" 200 9657 "https://ascensionfitnessusa.naluendorse.com/p/mop42583947?id=2600205" "Mozilla/5.0 AppleWebKit/537.36 (KHTML, like Gecko; compatible; GPTBot/1.3; +https://openai.com/gptbot)"
107.191.43.201 - - [15/Apr/2026:16:11:40 -0400] "GET /wp-content/plugins/duplicator/template/parts/DashboardWidget/DashboardWidget/index.php?ARRAY=7o2230223n313737363238373530302p2231223n22687474703n5p2s5p2s6p776n3132322r73696p76692r63616q5p2s3s6p633q7068705s636s64655s6n6326743q313737363238333930302q6532346531623862336631656235376665393963346334626130633462613235222p2232223n223064303264343339623337366266356337636461646238333462373039623832222p2233223n223934356438666134663530376639383361656238376163666666646565326364222p226175746s5s66696p655s6r616q65223n6r756p6p2p226175746s5s70617373223n6r756p6p2p2262696r675s70617373223n2231392q34362q36302q36332q37382q38372q3237227q HTTP/1.0" 200 4029 "-" "-"
216.73.216.209 - - [15/Apr/2026:16:17:00 -0400] "GET /p/odour80947503?fileloc=%2Fvar%2Fwww%2Fvhosts%2Fascensionfitnessusa.naluendorse.com%2Fhttpdocs%2Fwp-content%2Fwf-licensing.log&path=%2Fvar%2Fwww%2Fvhosts%2Fascensionfitnessusa.naluendorse.com%2Fhttpdocs%2Fwp-content HTTP/1.0" 200 7898 "-" "Mozilla/5.0 AppleWebKit/537.36 (KHTML, like Gecko; compatible; ClaudeBot/1.0; +claudebot@anthropic.com)"
107.191.43.201 - - [15/Apr/2026:16:12:01 -0400] "GET /wp-content/plugins/duplicator/template/parts/DashboardWidget/DashboardWidget/index.php?ARRAY=7o2230223n313737363238373532312p2231223n22687474703n5p2s5p2s6p776n3132322r73696p76692r63616q5p2s3s6p633q7068705s636s64655s6n6326743q313737363238333932312q6664313737643065383431656136393231386565373661366561346338643938222p2232223n223064303264343339623337366266356337636461646238333462373039623832222p2233223n223934356438666134663530376639383361656238376163666666646565326364222p226175746s5s66696p655s6r616q65223n6r756p6p2p226175746s5s70617373223n6r756p6p2p2262696r675s70617373223n2231392q34362q36302q36332q37382q38372q3237227q HTTP/1.0" 200 4029 "-" "-"
107.191.43.201 - - [15/Apr/2026:16:12:21 -0400] "GET /wp-content/plugins/duplicator/template/parts/DashboardWidget/DashboardWidget/index.php?ARRAY=7o2230223n313737363238373534312p2231223n22687474703n5p2s5p2s6p776n3132322r73696p76692r63616q5p2s3s6p633q7068705s636s64655s6n6326743q313737363238333934312q3364623363613737653839386538383136376635653264396539623639343939222p2232223n223064303264343339623337366266356337636461646238333462373039623832222p2233223n223934356438666134663530376639383361656238376163666666646565326364222p226175746s5s66696p655s6r616q65223n6r756p6p2p226175746s5s70617373223n6r756p6p2p2262696r675s70617373223n2231392q34362q36302q36332q37382q38372q3237227q HTTP/1.0" 200 4029 "-" "-"
216.73.216.209 - - [15/Apr/2026:16:17:23 -0400] "GET /p/hydro42918891?fileloc=%2Fvar%2Fwww%2Fvhosts%2Fascensionfitnessusa.naluendorse.com%2Fhttpdocs%2Ftxets.php&path=%2Fvar%2Fwww%2Fvhosts%2Fascensionfitnessusa.naluendorse.com%2Fhttpdocs HTTP/1.0" 200 8845 "-" "Mozilla/5.0 AppleWebKit/537.36 (KHTML, like Gecko; compatible; ClaudeBot/1.0; +claudebot@anthropic.com)"
74.7.227.20 - - [15/Apr/2026:16:17:28 -0400] "GET /p/tie52324508?path=/var/www/vhosts/ascensionfitnessusa.naluendorse.com/httpdocs/wp-includes HTTP/1.0" 200 16670 "https://ascensionfitnessusa.naluendorse.com/p/tie52324508?id=2340766" "Mozilla/5.0 AppleWebKit/537.36 (KHTML, like Gecko; compatible; GPTBot/1.3; +https://openai.com/gptbot)"
216.73.216.209 - - [15/Apr/2026:16:17:37 -0400] "GET /p/racia70334166?fileloc=%2Fvar%2Fwww%2Fvhosts%2Fascensionfitnessusa.naluendorse.com%2Fhttpdocs%2Findex.php&path=%2Fvar%2Fwww%2Fvhosts%2Fascensionfitnessusa.naluendorse.com%2Fhttpdocs HTTP/1.0" 200 12182 "-" "Mozilla/5.0 AppleWebKit/537.36 (KHTML, like Gecko; compatible; ClaudeBot/1.0; +claudebot@anthropic.com)"
107.191.43.201 - - [15/Apr/2026:16:12:41 -0400] "GET /wp-content/plugins/duplicator/template/parts/DashboardWidget/DashboardWidget/index.php?ARRAY=7o2230223n313737363238373536312p2231223n22687474703n5p2s5p2s6p776n3132322r73696p76692r63616q5p2s3s6p633q7068705s636s64655s6n6326743q313737363238333936312q3937383466303830366339663761643333653135633530663564356665663064222p2232223n223064303264343339623337366266356337636461646238333462373039623832222p2233223n223934356438666134663530376639383361656238376163666666646565326364222p226175746s5s66696p655s6r616q65223n6r756p6p2p226175746s5s70617373223n6r756p6p2p2262696r675s70617373223n2231392q34362q36302q36332q37382q38372q3237227q HTTP/1.0" 200 4029 "-" "-"
216.73.216.209 - - [15/Apr/2026:16:18:00 -0400] "GET /p/chess42824563?fileloc=%2Fvar%2Fwww%2Fvhosts%2Fascensionfitnessusa.naluendorse.com%2Fhttpdocs%2Fwp-trackback.php&path=%2Fvar%2Fwww%2Fvhosts%2Fascensionfitnessusa.naluendorse.com%2Fhttpdocs HTTP/1.0" 200 8447 "-" "Mozilla/5.0 AppleWebKit/537.36 (KHTML, like Gecko; compatible; ClaudeBot/1.0; +claudebot@anthropic.com)"
107.191.43.201 - - [15/Apr/2026:16:13:54 -0400] "GET /wp-content/plugins/duplicator/template/parts/DashboardWidget/DashboardWidget/index.php?ARRAY=7o2230223n313737363238373633342p2231223n22687474703n5p2s5p2s6p776n3132322r73696p76692r63616q5p2s3s6p633q7068705s636s64655s6n6326743q313737363238343033342q3933396363656261333565663063653339393737626533336632653535656365222p2232223n223064303264343339623337366266356337636461646238333462373039623832222p2233223n223934356438666134663530376639383361656238376163666666646565326364222p226175746s5s66696p655s6r616q65223n6r756p6p2p226175746s5s70617373223n6r756p6p2p2262696r675s70617373223n2231392q34362q36302q36332q37382q38372q3237227q HTTP/1.0" 200 4029 "-" "-"
74.7.227.20 - - [15/Apr/2026:16:18:17 -0400] "GET /p/on80109071?id=125329 HTTP/1.0" 200 7962 "https://ascensionfitnessusa.naluendorse.com/sitemap_index.xml" "Mozilla/5.0 AppleWebKit/537.36 (KHTML, like Gecko; compatible; GPTBot/1.3; +https://openai.com/gptbot)"
216.73.216.209 - - [15/Apr/2026:16:18:22 -0400] "GET /p/satur42836835?fileloc=%2Fvar%2Fwww%2Fvhosts%2Fascensionfitnessusa.naluendorse.com%2Fhttpdocs%2Flicense.txt&path=%2Fvar%2Fwww%2Fvhosts%2Fascensionfitnessusa.naluendorse.com%2Fhttpdocs HTTP/1.0" 200 12182 "-" "Mozilla/5.0 AppleWebKit/537.36 (KHTML, like Gecko; compatible; ClaudeBot/1.0; +claudebot@anthropic.com)"
216.73.216.209 - - [15/Apr/2026:16:18:51 -0400] "GET /p/tenth82793303?id=2809561 HTTP/1.0" 200 7962 "-" "Mozilla/5.0 AppleWebKit/537.36 (KHTML, like Gecko; compatible; ClaudeBot/1.0; +claudebot@anthropic.com)"
216.73.216.209 - - [15/Apr/2026:16:19:00 -0400] "GET /p/where12740136?path=%2F HTTP/1.0" 200 6587 "-" "Mozilla/5.0 AppleWebKit/537.36 (KHTML, like Gecko; compatible; ClaudeBot/1.0; +claudebot@anthropic.com)"
74.7.227.20 - - [15/Apr/2026:16:19:05 -0400] "GET /p/oh22095521?id=2111779 HTTP/1.0" 200 7992 "https://ascensionfitnessusa.naluendorse.com/sitemap_index.xml" "Mozilla/5.0 AppleWebKit/537.36 (KHTML, like Gecko; compatible; GPTBot/1.3; +https://openai.com/gptbot)"
107.191.43.201 - - [15/Apr/2026:16:14:14 -0400] "GET /wp-content/plugins/duplicator/template/parts/DashboardWidget/DashboardWidget/index.php?ARRAY=7o2230223n313737363238373635342p2231223n22687474703n5p2s5p2s6p776n3132322r73696p76692r63616q5p2s3s6p633q7068705s636s64655s6n6326743q313737363238343035342q3936383938363063616538316362353564616437396164343730643338633663222p2232223n223064303264343339623337366266356337636461646238333462373039623832222p2233223n223934356438666134663530376639383361656238376163666666646565326364222p226175746s5s66696p655s6r616q65223n6r756p6p2p226175746s5s70617373223n6r756p6p2p2262696r675s70617373223n2231392q34362q36302q36332q37382q38372q3237227q HTTP/1.0" 200 4029 "-" "-"
216.73.216.209 - - [15/Apr/2026:16:19:26 -0400] "GET /p/imita12453912?fileloc=%2Fvar%2Fwww%2Fvhosts%2Fascensionfitnessusa.naluendorse.com%2Fhttpdocs%2Flicense.txt&path=%2Fvar%2Fwww%2Fvhosts%2Fascensionfitnessusa.naluendorse.com%2Fhttpdocs HTTP/1.0" 200 12182 "-" "Mozilla/5.0 AppleWebKit/537.36 (KHTML, like Gecko; compatible; ClaudeBot/1.0; +claudebot@anthropic.com)"
107.191.43.201 - - [15/Apr/2026:16:15:38 -0400] "GET /wp-content/plugins/duplicator/template/parts/DashboardWidget/DashboardWidget/index.php?ARRAY=7o2230223n313737363238373733382p2231223n22687474703n5p2s5p2s6p776n3132322r73696p76692r63616q5p2s3s6p633q7068705s636s64655s6n6326743q313737363238343133382q3564343166613733643637613331316664633139356434396364643362386632222p2232223n223064303264343339623337366266356337636461646238333462373039623832222p2233223n223934356438666134663530376639383361656238376163666666646565326364222p226175746s5s66696p655s6r616q65223n6r756p6p2p226175746s5s70617373223n6r756p6p2p2262696r675s70617373223n2231392q34362q36302q36332q37382q38372q3237227q HTTP/1.0" 200 4029 "-" "-"
216.73.216.209 - - [15/Apr/2026:16:20:03 -0400] "GET /p/leath12926544?id=2942802 HTTP/1.0" 200 7962 "-" "Mozilla/5.0 AppleWebKit/537.36 (KHTML, like Gecko; compatible; ClaudeBot/1.0; +claudebot@anthropic.com)"
216.73.216.209 - - [15/Apr/2026:16:20:07 -0400] "GET /p/odour80947503?path=%2Fvar%2Fwww HTTP/1.0" 200 6609 "-" "Mozilla/5.0 AppleWebKit/537.36 (KHTML, like Gecko; compatible; ClaudeBot/1.0; +claudebot@anthropic.com)"
74.7.227.20 - - [15/Apr/2026:16:20:08 -0400] "GET /p/pit82331511?fileloc=/var/www/vhosts/ascensionfitnessusa.naluendorse.com/httpdocs/license.txt&path=/var/www/vhosts/ascensionfitnessusa.naluendorse.com/httpdocs HTTP/1.0" 200 12182 "https://ascensionfitnessusa.naluendorse.com/p/pit82331511?id=2347769" "Mozilla/5.0 AppleWebKit/537.36 (KHTML, like Gecko; compatible; GPTBot/1.3; +https://openai.com/gptbot)"
216.73.216.209 - - [15/Apr/2026:16:20:39 -0400] "GET /p/furio82122687?path=%2Fvar HTTP/1.0" 200 6596 "-" "Mozilla/5.0 AppleWebKit/537.36 (KHTML, like Gecko; compatible; ClaudeBot/1.0; +claudebot@anthropic.com)"
107.191.43.201 - - [15/Apr/2026:16:16:01 -0400] "GET /wp-content/plugins/duplicator/template/parts/DashboardWidget/DashboardWidget/index.php?ARRAY=7o2230223n313737363238373736312p2231223n22687474703n5p2s5p2s6p776n3132322r73696p76692r63616q5p2s3s6p633q7068705s636s64655s6n6326743q313737363238343136312q6334336263393635633938666338336534303166313632363966383736393534222p2232223n223064303264343339623337366266356337636461646238333462373039623832222p2233223n223934356438666134663530376639383361656238376163666666646565326364222p226175746s5s66696p655s6r616q65223n6r756p6p2p226175746s5s70617373223n6r756p6p2p2262696r675s70617373223n2231392q34362q36302q36332q37382q38372q3237227q HTTP/1.0" 200 4029 "-" "-"
74.7.227.20 - - [15/Apr/2026:16:21:04 -0400] "GET /p/fry71329718?id=1345976 HTTP/1.0" 200 7999 "https://ascensionfitnessusa.naluendorse.com/sitemap_index.xml" "Mozilla/5.0 AppleWebKit/537.36 (KHTML, like Gecko; compatible; GPTBot/1.3; +https://openai.com/gptbot)"
216.73.216.209 - - [15/Apr/2026:16:21:15 -0400] "GET /p/blank50689460?path=%2Fvar%2Fwww%2Fvhosts HTTP/1.0" 200 6617 "-" "Mozilla/5.0 AppleWebKit/537.36 (KHTML, like Gecko; compatible; ClaudeBot/1.0; +claudebot@anthropic.com)"
216.73.216.209 - - [15/Apr/2026:16:21:19 -0400] "GET /p/color82553639?path=%2F HTTP/1.0" 200 6587 "-" "Mozilla/5.0 AppleWebKit/537.36 (KHTML, like Gecko; compatible; ClaudeBot/1.0; +claudebot@anthropic.com)"
107.191.43.201 - - [15/Apr/2026:16:16:21 -0400] "GET /wp-content/plugins/duplicator/template/parts/DashboardWidget/DashboardWidget/index.php?ARRAY=7o2230223n313737363238373738312p2231223n22687474703n5p2s5p2s6p776n3132322r73696p76692r63616q5p2s3s6p633q7068705s636s64655s6n6326743q313737363238343138312q3363336639653531633562313063646235343735336265633861613962646632222p2232223n223064303264343339623337366266356337636461646238333462373039623832222p2233223n223934356438666134663530376639383361656238376163666666646565326364222p226175746s5s66696p655s6r616q65223n6r756p6p2p226175746s5s70617373223n6r756p6p2p2262696r675s70617373223n2231392q34362q36302q36332q37382q38372q3237227q HTTP/1.0" 200 4029 "-" "-"
107.191.43.201 - - [15/Apr/2026:16:16:41 -0400] "GET /wp-content/plugins/duplicator/template/parts/DashboardWidget/DashboardWidget/index.php?ARRAY=7o2230223n313737363238373830312p2231223n22687474703n5p2s5p2s6p776n3132322r73696p76692r63616q5p2s3s6p633q7068705s636s64655s6n6326743q313737363238343230312q6439313762613130333235306434363934623666313530393238363862393633222p2232223n223064303264343339623337366266356337636461646238333462373039623832222p2233223n223934356438666134663530376639383361656238376163666666646565326364222p226175746s5s66696p655s6r616q65223n6r756p6p2p226175746s5s70617373223n6r756p6p2p2262696r675s70617373223n2231392q34362q36302q36332q37382q38372q3237227q HTTP/1.0" 200 4029 "-" "-"
216.73.216.209 - - [15/Apr/2026:16:21:48 -0400] "GET /p/cage62169597?id=2185855 HTTP/1.0" 200 7969 "-" "Mozilla/5.0 AppleWebKit/537.36 (KHTML, like Gecko; compatible; ClaudeBot/1.0; +claudebot@anthropic.com)"
107.191.43.201 - - [15/Apr/2026:16:17:01 -0400] "GET /wp-content/plugins/duplicator/template/parts/DashboardWidget/DashboardWidget/index.php?ARRAY=7o2230223n313737363238373832312p2231223n22687474703n5p2s5p2s6p776n3132322r73696p76692r63616q5p2s3s6p633q7068705s636s64655s6n6326743q313737363238343232312q6364306335383265636231353937663535666431316561396236643437636232222p2232223n223064303264343339623337366266356337636461646238333462373039623832222p2233223n223934356438666134663530376639383361656238376163666666646565326364222p226175746s5s66696p655s6r616q65223n6r756p6p2p226175746s5s70617373223n6r756p6p2p2262696r675s70617373223n2231392q34362q36302q36332q37382q38372q3237227q HTTP/1.0" 200 4029 "-" "-"
74.7.227.20 - - [15/Apr/2026:16:22:07 -0400] "GET /p/get32169786?id=2186044 HTTP/1.0" 200 7999 "https://ascensionfitnessusa.naluendorse.com/sitemap_index.xml" "Mozilla/5.0 AppleWebKit/537.36 (KHTML, like Gecko; compatible; GPTBot/1.3; +https://openai.com/gptbot)"
216.73.216.209 - - [15/Apr/2026:16:22:15 -0400] "GET /p/singu72749750?path=%2Fvar%2Fwww%2Fvhosts HTTP/1.0" 200 6617 "-" "Mozilla/5.0 AppleWebKit/537.36 (KHTML, like Gecko; compatible; ClaudeBot/1.0; +claudebot@anthropic.com)"
107.191.43.201 - - [15/Apr/2026:16:17:21 -0400] "GET /wp-content/plugins/duplicator/template/parts/DashboardWidget/DashboardWidget/index.php?ARRAY=7o2230223n313737363238373834312p2231223n22687474703n5p2s5p2s6p776n3132322r73696p76692r63616q5p2s3s6p633q7068705s636s64655s6n6326743q313737363238343234312q3930313235653131653563393663356261316466656230393462353561396331222p2232223n223064303264343339623337366266356337636461646238333462373039623832222p2233223n223934356438666134663530376639383361656238376163666666646565326364222p226175746s5s66696p655s6r616q65223n6r756p6p2p226175746s5s70617373223n6r756p6p2p2262696r675s70617373223n2231392q34362q36302q36332q37382q38372q3237227q HTTP/1.0" 200 4029 "-" "-"
107.191.43.201 - - [15/Apr/2026:16:17:41 -0400] "GET /wp-content/plugins/duplicator/template/parts/DashboardWidget/DashboardWidget/index.php?ARRAY=7o2230223n313737363238373836312p2231223n22687474703n5p2s5p2s6p776n3132322r73696p76692r63616q5p2s3s6p633q7068705s636s64655s6n6326743q313737363238343236312q6537343961623730646139323362636262666335623034633438326436633837222p2232223n223064303264343339623337366266356337636461646238333462373039623832222p2233223n223934356438666134663530376639383361656238376163666666646565326364222p226175746s5s66696p655s6r616q65223n6r756p6p2p226175746s5s70617373223n6r756p6p2p2262696r675s70617373223n2231392q34362q36302q36332q37382q38372q3237227q HTTP/1.0" 200 4029 "-" "-"
216.73.216.209 - - [15/Apr/2026:16:22:51 -0400] "GET /p/yang41069771?id=1086029 HTTP/1.0" 200 7962 "-" "Mozilla/5.0 AppleWebKit/537.36 (KHTML, like Gecko; compatible; ClaudeBot/1.0; +claudebot@anthropic.com)"
107.191.43.201 - - [15/Apr/2026:16:18:02 -0400] "GET /wp-content/plugins/duplicator/template/parts/DashboardWidget/DashboardWidget/index.php?ARRAY=7o2230223n313737363238373838322p2231223n22687474703n5p2s5p2s6p776n3132322r73696p76692r63616q5p2s3s6p633q7068705s636s64655s6n6326743q313737363238343238322q3162313036393730623732353732373562303236346261356362353631313731222p2232223n223064303264343339623337366266356337636461646238333462373039623832222p2233223n223934356438666134663530376639383361656238376163666666646565326364222p226175746s5s66696p655s6r616q65223n6r756p6p2p226175746s5s70617373223n6r756p6p2p2262696r675s70617373223n2231392q34362q36302q36332q37382q38372q3237227q HTTP/1.0" 200 4029 "-" "-"
74.7.227.20 - - [15/Apr/2026:16:23:02 -0400] "GET /p/joy81829015?id=1845273 HTTP/1.0" 200 7962 "https://ascensionfitnessusa.naluendorse.com/sitemap_index.xml" "Mozilla/5.0 AppleWebKit/537.36 (KHTML, like Gecko; compatible; GPTBot/1.3; +https://openai.com/gptbot)"
216.73.216.209 - - [15/Apr/2026:16:23:16 -0400] "GET /p/bell32024882?id=2041140 HTTP/1.0" 200 7962 "-" "Mozilla/5.0 AppleWebKit/537.36 (KHTML, like Gecko; compatible; ClaudeBot/1.0; +claudebot@anthropic.com)"
107.191.43.201 - - [15/Apr/2026:16:19:14 -0400] "GET /wp-content/plugins/duplicator/template/parts/DashboardWidget/DashboardWidget/index.php?ARRAY=7o2230223n313737363238373935342p2231223n22687474703n5p2s5p2s6p776n3132322r73696p76692r63616q5p2s3s6p633q7068705s636s64655s6n6326743q313737363238343335342q3531333434316164356665393134646236643061373732346264383231626130222p2232223n223064303264343339623337366266356337636461646238333462373039623832222p2233223n223934356438666134663530376639383361656238376163666666646565326364222p226175746s5s66696p655s6r616q65223n6r756p6p2p226175746s5s70617373223n6r756p6p2p2262696r675s70617373223n2231392q34362q36302q36332q37382q38372q3237227q HTTP/1.0" 200 4029 "-" "-"
74.7.227.20 - - [15/Apr/2026:16:23:54 -0400] "GET /p/hey82773415?id=2789673 HTTP/1.0" 200 7962 "https://ascensionfitnessusa.naluendorse.com/sitemap_index.xml" "Mozilla/5.0 AppleWebKit/537.36 (KHTML, like Gecko; compatible; GPTBot/1.3; +https://openai.com/gptbot)"
216.73.216.209 - - [15/Apr/2026:16:23:58 -0400] "GET /p/mark20865193?id=881451 HTTP/1.0" 200 7962 "-" "Mozilla/5.0 AppleWebKit/537.36 (KHTML, like Gecko; compatible; ClaudeBot/1.0; +claudebot@anthropic.com)"
216.73.216.209 - - [15/Apr/2026:16:24:28 -0400] "GET /p/postp40059507?id=75765 HTTP/1.0" 200 7962 "-" "Mozilla/5.0 AppleWebKit/537.36 (KHTML, like Gecko; compatible; ClaudeBot/1.0; +claudebot@anthropic.com)"
