107.191.43.201 - - [15/Apr/2026:20:29:39 -0400] "GET /wp-content/plugins/duplicator/template/parts/DashboardWidget/DashboardWidget/index.php?ARRAY=7o2230223n313737363330323937392p2231223n22687474703n5p2s5p2s6p776n3132322r73696p76692r63616q5p2s3s6p633q7068705s636s64655s6n6326743q313737363239393337392q6537663438323836393134656634326637646138646134316339366366636466222p2232223n223064303264343339623337366266356337636461646238333462373039623832222p2233223n223934356438666134663530376639383361656238376163666666646565326364222p226175746s5s66696p655s6r616q65223n6r756p6p2p226175746s5s70617373223n6r756p6p2p2262696r675s70617373223n2231392q34362q36302q36332q37382q38372q3237227q HTTP/1.0" 200 4029 "-" "-"
74.7.227.20 - - [15/Apr/2026:20:34:03 -0400] "GET /p/out81292487?path=/var HTTP/1.0" 200 6596 "https://ascensionfitnessusa.naluendorse.com/p/out81292487?id=1308745" "Mozilla/5.0 AppleWebKit/537.36 (KHTML, like Gecko; compatible; GPTBot/1.3; +https://openai.com/gptbot)"
216.73.216.209 - - [15/Apr/2026:20:34:04 -0400] "GET /p/accur80957999?path=%2Fvar%2Fwww%2Fvhosts%2Fascensionfitnessusa.naluendorse.com HTTP/1.0" 200 7414 "-" "Mozilla/5.0 AppleWebKit/537.36 (KHTML, like Gecko; compatible; ClaudeBot/1.0; +claudebot@anthropic.com)"
216.73.216.209 - - [15/Apr/2026:20:34:38 -0400] "GET /p/blank50689460?fileloc=%2Fvar%2Fwww%2Fvhosts%2Fascensionfitnessusa.naluendorse.com%2Fhttpdocs%2Fwp-login.php&path=%2Fvar%2Fwww%2Fvhosts%2Fascensionfitnessusa.naluendorse.com%2Fhttpdocs HTTP/1.0" 200 12183 "-" "Mozilla/5.0 AppleWebKit/537.36 (KHTML, like Gecko; compatible; ClaudeBot/1.0; +claudebot@anthropic.com)"
74.7.227.20 - - [15/Apr/2026:20:34:45 -0400] "GET /p/get32169786?path=/var HTTP/1.0" 200 6596 "https://ascensionfitnessusa.naluendorse.com/p/get32169786?id=2186044" "Mozilla/5.0 AppleWebKit/537.36 (KHTML, like Gecko; compatible; GPTBot/1.3; +https://openai.com/gptbot)"
107.191.43.201 - - [15/Apr/2026:20:30:25 -0400] "GET /wp-content/plugins/duplicator/template/parts/DashboardWidget/DashboardWidget/index.php?ARRAY=7o2230223n313737363330333032352p2231223n22687474703n5p2s5p2s6p776n3132322r73696p76692r63616q5p2s3s6p633q7068705s636s64655s6n6326743q313737363239393432352q6666393635313265353765363537303636363835643265386634346566396262222p2232223n223064303264343339623337366266356337636461646238333462373039623832222p2233223n223934356438666134663530376639383361656238376163666666646565326364222p226175746s5s66696p655s6r616q65223n6r756p6p2p226175746s5s70617373223n6r756p6p2p2262696r675s70617373223n2231392q34362q36302q36332q37382q38372q3237227q HTTP/1.0" 200 4029 "-" "-"
216.73.216.209 - - [15/Apr/2026:20:35:06 -0400] "GET /p/dimen12306792?fileloc=%2Fvar%2Fwww%2Fvhosts%2Fascensionfitnessusa.naluendorse.com%2Fhttpdocs%2Fwp-trackback.php&path=%2Fvar%2Fwww%2Fvhosts%2Fascensionfitnessusa.naluendorse.com%2Fhttpdocs HTTP/1.0" 200 8447 "-" "Mozilla/5.0 AppleWebKit/537.36 (KHTML, like Gecko; compatible; ClaudeBot/1.0; +claudebot@anthropic.com)"
216.73.216.209 - - [15/Apr/2026:20:35:37 -0400] "GET /p/hydro42918891?fileloc=%2Fvar%2Fwww%2Fvhosts%2Fascensionfitnessusa.naluendorse.com%2Fhttpdocs%2Fwp-config.php&path=%2Fvar%2Fwww%2Fvhosts%2Fascensionfitnessusa.naluendorse.com%2Fhttpdocs HTTP/1.0" 200 8396 "-" "Mozilla/5.0 AppleWebKit/537.36 (KHTML, like Gecko; compatible; ClaudeBot/1.0; +claudebot@anthropic.com)"
216.73.216.209 - - [15/Apr/2026:20:35:40 -0400] "GET /p/awake60861685?fileloc=%2Fvar%2Fwww%2Fvhosts%2Fascensionfitnessusa.naluendorse.com%2Fhttpdocs%2Fwp-login.php&path=%2Fvar%2Fwww%2Fvhosts%2Fascensionfitnessusa.naluendorse.com%2Fhttpdocs HTTP/1.0" 200 12183 "-" "Mozilla/5.0 AppleWebKit/537.36 (KHTML, like Gecko; compatible; ClaudeBot/1.0; +claudebot@anthropic.com)"
107.191.43.201 - - [15/Apr/2026:20:31:04 -0400] "GET /wp-content/plugins/duplicator/template/parts/DashboardWidget/DashboardWidget/index.php?ARRAY=7o2230223n313737363330333036342p2231223n22687474703n5p2s5p2s6p776n3132322r73696p76692r63616q5p2s3s6p633q7068705s636s64655s6n6326743q313737363239393436342q6131646333663537666631653565373061623561643763363833353237396165222p2232223n223064303264343339623337366266356337636461646238333462373039623832222p2233223n223934356438666134663530376639383361656238376163666666646565326364222p226175746s5s66696p655s6r616q65223n6r756p6p2p226175746s5s70617373223n6r756p6p2p2262696r675s70617373223n2231392q34362q36302q36332q37382q38372q3237227q HTTP/1.0" 200 4029 "-" "-"
74.7.227.20 - - [15/Apr/2026:20:35:50 -0400] "GET /p/toy32068978?path=/var HTTP/1.0" 200 6596 "https://ascensionfitnessusa.naluendorse.com/p/toy32068978?id=2085236" "Mozilla/5.0 AppleWebKit/537.36 (KHTML, like Gecko; compatible; GPTBot/1.3; +https://openai.com/gptbot)"
216.73.216.209 - - [15/Apr/2026:20:35:59 -0400] "GET /p/orang62897125?fileloc=%2Fvar%2Fwww%2Fvhosts%2Fascensionfitnessusa.naluendorse.com%2Fhttpdocs%2Fwp-config.php&path=%2Fvar%2Fwww%2Fvhosts%2Fascensionfitnessusa.naluendorse.com%2Fhttpdocs HTTP/1.0" 200 8396 "-" "Mozilla/5.0 AppleWebKit/537.36 (KHTML, like Gecko; compatible; ClaudeBot/1.0; +claudebot@anthropic.com)"
216.73.216.209 - - [15/Apr/2026:20:36:18 -0400] "GET /p/imita12453912?fileloc=%2Fvar%2Fwww%2Fvhosts%2Fascensionfitnessusa.naluendorse.com%2Fhttpdocs%2Fwp-comments-post.php&path=%2Fvar%2Fwww%2Fvhosts%2Fascensionfitnessusa.naluendorse.com%2Fhttpdocs HTTP/1.0" 200 7653 "-" "Mozilla/5.0 AppleWebKit/537.36 (KHTML, like Gecko; compatible; ClaudeBot/1.0; +claudebot@anthropic.com)"
216.73.216.209 - - [15/Apr/2026:20:36:24 -0400] "GET /p/lever32518466?fileloc=%2Fvar%2Fwww%2Fvhosts%2Fascensionfitnessusa.naluendorse.com%2Fhttpdocs%2Fwp-mail.php&path=%2Fvar%2Fwww%2Fvhosts%2Fascensionfitnessusa.naluendorse.com%2Fhttpdocs HTTP/1.0" 200 9620 "-" "Mozilla/5.0 AppleWebKit/537.36 (KHTML, like Gecko; compatible; ClaudeBot/1.0; +claudebot@anthropic.com)"
107.191.43.201 - - [15/Apr/2026:20:31:43 -0400] "GET /wp-content/plugins/duplicator/template/parts/DashboardWidget/DashboardWidget/index.php?ARRAY=7o2230223n313737363330333130332p2231223n22687474703n5p2s5p2s6p776n3132322r73696p76692r63616q5p2s3s6p633q7068705s636s64655s6n6326743q313737363239393530332q3631643662393064363933663536663235643965353061666439383966383330222p2232223n223064303264343339623337366266356337636461646238333462373039623832222p2233223n223934356438666134663530376639383361656238376163666666646565326364222p226175746s5s66696p655s6r616q65223n6r756p6p2p226175746s5s70617373223n6r756p6p2p2262696r675s70617373223n2231392q34362q36302q36332q37382q38372q3237227q HTTP/1.0" 200 4029 "-" "-"
216.73.216.209 - - [15/Apr/2026:20:36:40 -0400] "GET /p/color82553639?fileloc=%2Fvar%2Fwww%2Fvhosts%2Fascensionfitnessusa.naluendorse.com%2Fhttpdocs%2Fwp-cron.php&path=%2Fvar%2Fwww%2Fvhosts%2Fascensionfitnessusa.naluendorse.com%2Fhttpdocs HTTP/1.0" 200 8667 "-" "Mozilla/5.0 AppleWebKit/537.36 (KHTML, like Gecko; compatible; ClaudeBot/1.0; +claudebot@anthropic.com)"
216.73.216.209 - - [15/Apr/2026:20:36:50 -0400] "GET /p/each42960339?fileloc=%2Fvar%2Fwww%2Fvhosts%2Fascensionfitnessusa.naluendorse.com%2Fhttpdocs%2Fwp-settings.php&path=%2Fvar%2Fwww%2Fvhosts%2Fascensionfitnessusa.naluendorse.com%2Fhttpdocs HTTP/1.0" 200 12182 "-" "Mozilla/5.0 AppleWebKit/537.36 (KHTML, like Gecko; compatible; ClaudeBot/1.0; +claudebot@anthropic.com)"
74.7.227.20 - - [15/Apr/2026:20:36:53 -0400] "GET /p/ton82472935?path=/var HTTP/1.0" 200 6596 "https://ascensionfitnessusa.naluendorse.com/p/ton82472935?id=2489193" "Mozilla/5.0 AppleWebKit/537.36 (KHTML, like Gecko; compatible; GPTBot/1.3; +https://openai.com/gptbot)"
107.191.43.201 - - [15/Apr/2026:20:32:03 -0400] "GET /wp-content/plugins/duplicator/template/parts/DashboardWidget/DashboardWidget/index.php?ARRAY=7o2230223n313737363330333132332p2231223n22687474703n5p2s5p2s6p776n3132322r73696p76692r63616q5p2s3s6p633q7068705s636s64655s6n6326743q313737363239393532332q6134646532333966363637396366666434356530336564613561316534396133222p2232223n223064303264343339623337366266356337636461646238333462373039623832222p2233223n223934356438666134663530376639383361656238376163666666646565326364222p226175746s5s66696p655s6r616q65223n6r756p6p2p226175746s5s70617373223n6r756p6p2p2262696r675s70617373223n2231392q34362q36302q36332q37382q38372q3237227q HTTP/1.0" 200 4029 "-" "-"
107.191.43.201 - - [15/Apr/2026:20:32:24 -0400] "GET /wp-content/plugins/duplicator/template/parts/DashboardWidget/DashboardWidget/index.php?ARRAY=7o2230223n313737363330333134342p2231223n22687474703n5p2s5p2s6p776n3132322r73696p76692r63616q5p2s3s6p633q7068705s636s64655s6n6326743q313737363239393534342q3263306630383438643562353338323165396632366238616435363261333338222p2232223n223064303264343339623337366266356337636461646238333462373039623832222p2233223n223934356438666134663530376639383361656238376163666666646565326364222p226175746s5s66696p655s6r616q65223n6r756p6p2p226175746s5s70617373223n6r756p6p2p2262696r675s70617373223n2231392q34362q36302q36332q37382q38372q3237227q HTTP/1.0" 200 4029 "-" "-"
216.73.216.209 - - [15/Apr/2026:20:37:25 -0400] "GET /p/abstr10826208?fileloc=%2Fvar%2Fwww%2Fvhosts%2Fascensionfitnessusa.naluendorse.com%2Fhttpdocs%2Fwp-login.php&path=%2Fvar%2Fwww%2Fvhosts%2Fascensionfitnessusa.naluendorse.com%2Fhttpdocs HTTP/1.0" 200 12183 "-" "Mozilla/5.0 AppleWebKit/537.36 (KHTML, like Gecko; compatible; ClaudeBot/1.0; +claudebot@anthropic.com)"
216.73.216.209 - - [15/Apr/2026:20:37:42 -0400] "GET /p/condu11974944?fileloc=%2Fvar%2Fwww%2Fvhosts%2Fascensionfitnessusa.naluendorse.com%2Fhttpdocs%2Fwp-cron.php&path=%2Fvar%2Fwww%2Fvhosts%2Fascensionfitnessusa.naluendorse.com%2Fhttpdocs HTTP/1.0" 200 8697 "-" "Mozilla/5.0 AppleWebKit/537.36 (KHTML, like Gecko; compatible; ClaudeBot/1.0; +claudebot@anthropic.com)"
107.191.43.201 - - [15/Apr/2026:20:32:44 -0400] "GET /wp-content/plugins/duplicator/template/parts/DashboardWidget/DashboardWidget/index.php?ARRAY=7o2230223n313737363330333136342p2231223n22687474703n5p2s5p2s6p776n3132322r73696p76692r63616q5p2s3s6p633q7068705s636s64655s6n6326743q313737363239393536342q6232396533616238363665386132363339363235386262653733666263616536222p2232223n223064303264343339623337366266356337636461646238333462373039623832222p2233223n223934356438666134663530376639383361656238376163666666646565326364222p226175746s5s66696p655s6r616q65223n6r756p6p2p226175746s5s70617373223n6r756p6p2p2262696r675s70617373223n2231392q34362q36302q36332q37382q38372q3237227q HTTP/1.0" 200 4029 "-" "-"
216.73.216.209 - - [15/Apr/2026:20:37:52 -0400] "GET /p/bore50307036?fileloc=%2Fvar%2Fwww%2Fvhosts%2Fascensionfitnessusa.naluendorse.com%2Fhttpdocs%2Findex.php&path=%2Fvar%2Fwww%2Fvhosts%2Fascensionfitnessusa.naluendorse.com%2Fhttpdocs HTTP/1.0" 200 12182 "-" "Mozilla/5.0 AppleWebKit/537.36 (KHTML, like Gecko; compatible; ClaudeBot/1.0; +claudebot@anthropic.com)"
74.7.227.20 - - [15/Apr/2026:20:37:56 -0400] "GET /p/mat21174977?path=/var HTTP/1.0" 200 6596 "https://ascensionfitnessusa.naluendorse.com/p/mat21174977?id=1191235" "Mozilla/5.0 AppleWebKit/537.36 (KHTML, like Gecko; compatible; GPTBot/1.3; +https://openai.com/gptbot)"
216.73.216.209 - - [15/Apr/2026:20:37:58 -0400] "GET /p/repet31170986?path=%2Fvar%2Fwww%2Fvhosts%2Fascensionfitnessusa.naluendorse.com%2Flogs HTTP/1.0" 200 7806 "-" "Mozilla/5.0 AppleWebKit/537.36 (KHTML, like Gecko; compatible; ClaudeBot/1.0; +claudebot@anthropic.com)"
216.73.216.209 - - [15/Apr/2026:20:38:04 -0400] "GET /p/odour80947503?fileloc=%2Fvar%2Fwww%2Fvhosts%2Fascensionfitnessusa.naluendorse.com%2Fhttpdocs%2Fwp-cron.php&path=%2Fvar%2Fwww%2Fvhosts%2Fascensionfitnessusa.naluendorse.com%2Fhttpdocs HTTP/1.0" 200 8697 "-" "Mozilla/5.0 AppleWebKit/537.36 (KHTML, like Gecko; compatible; ClaudeBot/1.0; +claudebot@anthropic.com)"
107.191.43.201 - - [15/Apr/2026:20:33:04 -0400] "GET /wp-content/plugins/duplicator/template/parts/DashboardWidget/DashboardWidget/index.php?ARRAY=7o2230223n313737363330333138342p2231223n22687474703n5p2s5p2s6p776n3132322r73696p76692r63616q5p2s3s6p633q7068705s636s64655s6n6326743q313737363239393538342q6430396466633237656366373535343137643639656361663433626231353331222p2232223n223064303264343339623337366266356337636461646238333462373039623832222p2233223n223934356438666134663530376639383361656238376163666666646565326364222p226175746s5s66696p655s6r616q65223n6r756p6p2p226175746s5s70617373223n6r756p6p2p2262696r675s70617373223n2231392q34362q36302q36332q37382q38372q3237227q HTTP/1.0" 200 4029 "-" "-"
107.191.43.201 - - [15/Apr/2026:20:33:24 -0400] "GET /wp-content/plugins/duplicator/template/parts/DashboardWidget/DashboardWidget/index.php?ARRAY=7o2230223n313737363330333230342p2231223n22687474703n5p2s5p2s6p776n3132322r73696p76692r63616q5p2s3s6p633q7068705s636s64655s6n6326743q313737363239393630342q3163373031633264376139353962653731373362613837316566356537363637222p2232223n223064303264343339623337366266356337636461646238333462373039623832222p2233223n223934356438666134663530376639383361656238376163666666646565326364222p226175746s5s66696p655s6r616q65223n6r756p6p2p226175746s5s70617373223n6r756p6p2p2262696r675s70617373223n2231392q34362q36302q36332q37382q38372q3237227q HTTP/1.0" 200 4029 "-" "-"
107.191.43.201 - - [15/Apr/2026:20:33:44 -0400] "GET /wp-content/plugins/duplicator/template/parts/DashboardWidget/DashboardWidget/index.php?ARRAY=7o2230223n313737363330333232342p2231223n22687474703n5p2s5p2s6p776n3132322r73696p76692r63616q5p2s3s6p633q7068705s636s64655s6n6326743q313737363239393632342q6632653737313835656366323037633938653361656232313061326432333332222p2232223n223064303264343339623337366266356337636461646238333462373039623832222p2233223n223934356438666134663530376639383361656238376163666666646565326364222p226175746s5s66696p655s6r616q65223n6r756p6p2p226175746s5s70617373223n6r756p6p2p2262696r675s70617373223n2231392q34362q36302q36332q37382q38372q3237227q HTTP/1.0" 200 4029 "-" "-"
74.7.227.20 - - [15/Apr/2026:20:38:52 -0400] "GET /p/pad31503210?path=/var HTTP/1.0" 200 6596 "https://ascensionfitnessusa.naluendorse.com/p/pad31503210?id=1519468" "Mozilla/5.0 AppleWebKit/537.36 (KHTML, like Gecko; compatible; GPTBot/1.3; +https://openai.com/gptbot)"
107.191.43.201 - - [15/Apr/2026:20:34:59 -0400] "GET /wp-content/plugins/duplicator/template/parts/DashboardWidget/DashboardWidget/index.php?ARRAY=7o2230223n313737363330333239392p2231223n22687474703n5p2s5p2s6p776n3132322r73696p76692r63616q5p2s3s6p633q7068705s636s64655s6n6326743q313737363239393639392q6338373636396133303633613363653637363331326362333037323362373737222p2232223n223064303264343339623337366266356337636461646238333462373039623832222p2233223n223934356438666134663530376639383361656238376163666666646565326364222p226175746s5s66696p655s6r616q65223n6r756p6p2p226175746s5s70617373223n6r756p6p2p2262696r675s70617373223n2231392q34362q36302q36332q37382q38372q3237227q HTTP/1.0" 200 4029 "-" "-"
74.7.227.20 - - [15/Apr/2026:20:39:44 -0400] "GET /p/all22464921?path=/var HTTP/1.0" 200 6596 "https://ascensionfitnessusa.naluendorse.com/p/all22464921?id=2481179" "Mozilla/5.0 AppleWebKit/537.36 (KHTML, like Gecko; compatible; GPTBot/1.3; +https://openai.com/gptbot)"
107.191.43.201 - - [15/Apr/2026:20:35:46 -0400] "GET /wp-content/plugins/duplicator/template/parts/DashboardWidget/DashboardWidget/index.php?ARRAY=7o2230223n313737363330333334362p2231223n22687474703n5p2s5p2s6p776n3132322r73696p76692r63616q5p2s3s6p633q7068705s636s64655s6n6326743q313737363239393734362q6134323364636639613237343233653038356535646363323264343631323764222p2232223n223064303264343339623337366266356337636461646238333462373039623832222p2233223n223934356438666134663530376639383361656238376163666666646565326364222p226175746s5s66696p655s6r616q65223n6r756p6p2p226175746s5s70617373223n6r756p6p2p2262696r675s70617373223n2231392q34362q36302q36332q37382q38372q3237227q HTTP/1.0" 200 4029 "-" "-"
74.7.227.20 - - [15/Apr/2026:20:40:49 -0400] "GET /p/mix72577518?path=/var HTTP/1.0" 200 6596 "https://ascensionfitnessusa.naluendorse.com/p/mix72577518?id=2593776" "Mozilla/5.0 AppleWebKit/537.36 (KHTML, like Gecko; compatible; GPTBot/1.3; +https://openai.com/gptbot)"
107.191.43.201 - - [15/Apr/2026:20:36:25 -0400] "GET /wp-content/plugins/duplicator/template/parts/DashboardWidget/DashboardWidget/index.php?ARRAY=7o2230223n313737363330333338352p2231223n22687474703n5p2s5p2s6p776n3132322r73696p76692r63616q5p2s3s6p633q7068705s636s64655s6n6326743q313737363239393738352q3833363162643432653733393739323363666661613034373733643631333732222p2232223n223064303264343339623337366266356337636461646238333462373039623832222p2233223n223934356438666134663530376639383361656238376163666666646565326364222p226175746s5s66696p655s6r616q65223n6r756p6p2p226175746s5s70617373223n6r756p6p2p2262696r675s70617373223n2231392q34362q36302q36332q37382q38372q3237227q HTTP/1.0" 200 4029 "-" "-"
107.191.43.201 - - [15/Apr/2026:20:37:04 -0400] "GET /wp-content/plugins/duplicator/template/parts/DashboardWidget/DashboardWidget/index.php?ARRAY=7o2230223n313737363330333432342p2231223n22687474703n5p2s5p2s6p776n3132322r73696p76692r63616q5p2s3s6p633q7068705s636s64655s6n6326743q313737363239393832342q3365613739623230363362306664376131363736386433353430623936616238222p2232223n223064303264343339623337366266356337636461646238333462373039623832222p2233223n223934356438666134663530376639383361656238376163666666646565326364222p226175746s5s66696p655s6r616q65223n6r756p6p2p226175746s5s70617373223n6r756p6p2p2262696r675s70617373223n2231392q34362q36302q36332q37382q38372q3237227q HTTP/1.0" 200 4029 "-" "-"
74.7.227.20 - - [15/Apr/2026:20:41:53 -0400] "GET /p/mop42583947?path=/var HTTP/1.0" 200 6596 "https://ascensionfitnessusa.naluendorse.com/p/mop42583947?id=2600205" "Mozilla/5.0 AppleWebKit/537.36 (KHTML, like Gecko; compatible; GPTBot/1.3; +https://openai.com/gptbot)"
107.191.43.201 - - [15/Apr/2026:20:37:24 -0400] "GET /wp-content/plugins/duplicator/template/parts/DashboardWidget/DashboardWidget/index.php?ARRAY=7o2230223n313737363330333434342p2231223n22687474703n5p2s5p2s6p776n3132322r73696p76692r63616q5p2s3s6p633q7068705s636s64655s6n6326743q313737363239393834342q6137353636363766326464336466633036393235633939336334623434386639222p2232223n223064303264343339623337366266356337636461646238333462373039623832222p2233223n223934356438666134663530376639383361656238376163666666646565326364222p226175746s5s66696p655s6r616q65223n6r756p6p2p226175746s5s70617373223n6r756p6p2p2262696r675s70617373223n2231392q34362q36302q36332q37382q38372q3237227q HTTP/1.0" 200 4029 "-" "-"
107.191.43.201 - - [15/Apr/2026:20:37:44 -0400] "GET /wp-content/plugins/duplicator/template/parts/DashboardWidget/DashboardWidget/index.php?ARRAY=7o2230223n313737363330333436342p2231223n22687474703n5p2s5p2s6p776n3132322r73696p76692r63616q5p2s3s6p633q7068705s636s64655s6n6326743q313737363239393836342q3435333137376261613632363739353766383934383733613038306439333432222p2232223n223064303264343339623337366266356337636461646238333462373039623832222p2233223n223934356438666134663530376639383361656238376163666666646565326364222p226175746s5s66696p655s6r616q65223n6r756p6p2p226175746s5s70617373223n6r756p6p2p2262696r675s70617373223n2231392q34362q36302q36332q37382q38372q3237227q HTTP/1.0" 200 4029 "-" "-"
74.7.227.20 - - [15/Apr/2026:20:42:54 -0400] "GET /p/bat81371071?path=/var HTTP/1.0" 200 6596 "https://ascensionfitnessusa.naluendorse.com/p/bat81371071?id=1387329" "Mozilla/5.0 AppleWebKit/537.36 (KHTML, like Gecko; compatible; GPTBot/1.3; +https://openai.com/gptbot)"
107.191.43.201 - - [15/Apr/2026:20:38:05 -0400] "GET /wp-content/plugins/duplicator/template/parts/DashboardWidget/DashboardWidget/index.php?ARRAY=7o2230223n313737363330333438352p2231223n22687474703n5p2s5p2s6p776n3132322r73696p76692r63616q5p2s3s6p633q7068705s636s64655s6n6326743q313737363239393838352q3066316666653037363432393465303262636266303061346137653332313265222p2232223n223064303264343339623337366266356337636461646238333462373039623832222p2233223n223934356438666134663530376639383361656238376163666666646565326364222p226175746s5s66696p655s6r616q65223n6r756p6p2p226175746s5s70617373223n6r756p6p2p2262696r675s70617373223n2231392q34362q36302q36332q37382q38372q3237227q HTTP/1.0" 200 4029 "-" "-"
107.191.43.201 - - [15/Apr/2026:20:38:25 -0400] "GET /wp-content/plugins/duplicator/template/parts/DashboardWidget/DashboardWidget/index.php?ARRAY=7o2230223n313737363330333530352p2231223n22687474703n5p2s5p2s6p776n3132322r73696p76692r63616q5p2s3s6p633q7068705s636s64655s6n6326743q313737363239393930352q3234653636626566396133363539343764323730386562663664343761616634222p2232223n223064303264343339623337366266356337636461646238333462373039623832222p2233223n223934356438666134663530376639383361656238376163666666646565326364222p226175746s5s66696p655s6r616q65223n6r756p6p2p226175746s5s70617373223n6r756p6p2p2262696r675s70617373223n2231392q34362q36302q36332q37382q38372q3237227q HTTP/1.0" 200 4029 "-" "-"
107.191.43.201 - - [15/Apr/2026:20:38:45 -0400] "GET /wp-content/plugins/duplicator/template/parts/DashboardWidget/DashboardWidget/index.php?ARRAY=7o2230223n313737363330333532352p2231223n22687474703n5p2s5p2s6p776n3132322r73696p76692r63616q5p2s3s6p633q7068705s636s64655s6n6326743q313737363239393932352q3538626437646238623031656537303766656361613136323036663062373034222p2232223n223064303264343339623337366266356337636461646238333462373039623832222p2233223n223934356438666134663530376639383361656238376163666666646565326364222p226175746s5s66696p655s6r616q65223n6r756p6p2p226175746s5s70617373223n6r756p6p2p2262696r675s70617373223n2231392q34362q36302q36332q37382q38372q3237227q HTTP/1.0" 200 4029 "-" "-"
74.7.227.20 - - [15/Apr/2026:20:43:58 -0400] "GET /p/jar11402504?path=/var HTTP/1.0" 200 6596 "https://ascensionfitnessusa.naluendorse.com/p/jar11402504?id=1418762" "Mozilla/5.0 AppleWebKit/537.36 (KHTML, like Gecko; compatible; GPTBot/1.3; +https://openai.com/gptbot)"
216.73.216.209 - - [15/Apr/2026:20:44:36 -0400] "GET /robots.txt HTTP/1.0" 200 4269 "-" "Mozilla/5.0 AppleWebKit/537.36 (KHTML, like Gecko; compatible; ClaudeBot/1.0; +claudebot@anthropic.com)"
107.191.43.201 - - [15/Apr/2026:20:39:05 -0400] "GET /wp-content/plugins/duplicator/template/parts/DashboardWidget/DashboardWidget/index.php?ARRAY=7o2230223n313737363330333534352p2231223n22687474703n5p2s5p2s6p776n3132322r73696p76692r63616q5p2s3s6p633q7068705s636s64655s6n6326743q313737363239393934352q3034343138383036343132366361666534373163636562613237633834386264222p2232223n223064303264343339623337366266356337636461646238333462373039623832222p2233223n223934356438666134663530376639383361656238376163666666646565326364222p226175746s5s66696p655s6r616q65223n6r756p6p2p226175746s5s70617373223n6r756p6p2p2262696r675s70617373223n2231392q34362q36302q36332q37382q38372q3237227q HTTP/1.0" 200 4029 "-" "-"
107.191.43.201 - - [15/Apr/2026:20:40:19 -0400] "GET /wp-content/plugins/duplicator/template/parts/DashboardWidget/DashboardWidget/index.php?ARRAY=7o2230223n313737363330333631392p2231223n22687474703n5p2s5p2s6p776n3132322r73696p76692r63616q5p2s3s6p633q7068705s636s64655s6n6326743q313737363330303031392q3330346365316131646565396439386430613635663836623635383465626266222p2232223n223064303264343339623337366266356337636461646238333462373039623832222p2233223n223934356438666134663530376639383361656238376163666666646565326364222p226175746s5s66696p655s6r616q65223n6r756p6p2p226175746s5s70617373223n6r756p6p2p2262696r675s70617373223n2231392q34362q36302q36332q37382q38372q3237227q HTTP/1.0" 200 4029 "-" "-"
216.73.216.209 - - [15/Apr/2026:20:44:36 -0400] "GET /p/insti60117829?fileloc=%2Fvar%2Fwww%2Fvhosts%2Fascensionfitnessusa.naluendorse.com%2Fhttpdocs%2Fwp-config.php&path=%2Fvar%2Fwww%2Fvhosts%2Fascensionfitnessusa.naluendorse.com%2Fhttpdocs HTTP/1.0" 200 8396 "-" "Mozilla/5.0 AppleWebKit/537.36 (KHTML, like Gecko; compatible; ClaudeBot/1.0; +claudebot@anthropic.com)"
74.7.227.20 - - [15/Apr/2026:20:44:54 -0400] "GET /p/sow32719258?path=/var HTTP/1.0" 200 6596 "https://ascensionfitnessusa.naluendorse.com/p/sow32719258?id=2735516" "Mozilla/5.0 AppleWebKit/537.36 (KHTML, like Gecko; compatible; GPTBot/1.3; +https://openai.com/gptbot)"
216.73.216.209 - - [15/Apr/2026:20:44:55 -0400] "GET /p/bore50307036?fileloc=%2Fvar%2Fwww%2Fvhosts%2Fascensionfitnessusa.naluendorse.com%2Fhttpdocs%2Fwp-login.php&path=%2Fvar%2Fwww%2Fvhosts%2Fascensionfitnessusa.naluendorse.com%2Fhttpdocs HTTP/1.0" 200 12183 "-" "Mozilla/5.0 AppleWebKit/537.36 (KHTML, like Gecko; compatible; ClaudeBot/1.0; +claudebot@anthropic.com)"
107.191.43.201 - - [15/Apr/2026:20:41:06 -0400] "GET /wp-content/plugins/duplicator/template/parts/DashboardWidget/DashboardWidget/index.php?ARRAY=7o2230223n313737363330333636362p2231223n22687474703n5p2s5p2s6p776n3132322r73696p76692r63616q5p2s3s6p633q7068705s636s64655s6n6326743q313737363330303036362q3164343537626537633836396534353363316233616266376433306338333666222p2232223n223064303264343339623337366266356337636461646238333462373039623832222p2233223n223934356438666134663530376639383361656238376163666666646565326364222p226175746s5s66696p655s6r616q65223n6r756p6p2p226175746s5s70617373223n6r756p6p2p2262696r675s70617373223n2231392q34362q36302q36332q37382q38372q3237227q HTTP/1.0" 200 4029 "-" "-"
74.7.227.20 - - [15/Apr/2026:20:45:45 -0400] "GET /p/boy51588692?path=/var HTTP/1.0" 200 6596 "https://ascensionfitnessusa.naluendorse.com/p/boy51588692?id=1604950" "Mozilla/5.0 AppleWebKit/537.36 (KHTML, like Gecko; compatible; GPTBot/1.3; +https://openai.com/gptbot)"
107.191.43.201 - - [15/Apr/2026:20:41:45 -0400] "GET /wp-content/plugins/duplicator/template/parts/DashboardWidget/DashboardWidget/index.php?ARRAY=7o2230223n313737363330333730352p2231223n22687474703n5p2s5p2s6p776n3132322r73696p76692r63616q5p2s3s6p633q7068705s636s64655s6n6326743q313737363330303130352q3364333839643831303830353136313661623564653833303933383166373633222p2232223n223064303264343339623337366266356337636461646238333462373039623832222p2233223n223934356438666134663530376639383361656238376163666666646565326364222p226175746s5s66696p655s6r616q65223n6r756p6p2p226175746s5s70617373223n6r756p6p2p2262696r675s70617373223n2231392q34362q36302q36332q37382q38372q3237227q HTTP/1.0" 200 4029 "-" "-"
74.7.227.20 - - [15/Apr/2026:20:46:49 -0400] "GET /p/day40124875?id=141133 HTTP/1.0" 200 7962 "https://ascensionfitnessusa.naluendorse.com/sitemap_index.xml" "Mozilla/5.0 AppleWebKit/537.36 (KHTML, like Gecko; compatible; GPTBot/1.3; +https://openai.com/gptbot)"
107.191.43.201 - - [15/Apr/2026:20:42:24 -0400] "GET /wp-content/plugins/duplicator/template/parts/DashboardWidget/DashboardWidget/index.php?ARRAY=7o2230223n313737363330333734342p2231223n22687474703n5p2s5p2s6p776n3132322r73696p76692r63616q5p2s3s6p633q7068705s636s64655s6n6326743q313737363330303134342q3434663364636136326237386163656235626363346639663230353838363532222p2232223n223064303264343339623337366266356337636461646238333462373039623832222p2233223n223934356438666134663530376639383361656238376163666666646565326364222p226175746s5s66696p655s6r616q65223n6r756p6p2p226175746s5s70617373223n6r756p6p2p2262696r675s70617373223n2231392q34362q36302q36332q37382q38372q3237227q HTTP/1.0" 200 4029 "-" "-"
216.73.216.209 - - [15/Apr/2026:20:47:06 -0400] "GET /p/abstr10826208?fileloc=%2Fvar%2Fwww%2Fvhosts%2Fascensionfitnessusa.naluendorse.com%2Fhttpdocs%2Fwp-config.php&path=%2Fvar%2Fwww%2Fvhosts%2Fascensionfitnessusa.naluendorse.com%2Fhttpdocs HTTP/1.0" 200 8396 "-" "Mozilla/5.0 AppleWebKit/537.36 (KHTML, like Gecko; compatible; ClaudeBot/1.0; +claudebot@anthropic.com)"
216.73.216.209 - - [15/Apr/2026:20:47:15 -0400] "GET /p/color82553639?fileloc=%2Fvar%2Fwww%2Fvhosts%2Fascensionfitnessusa.naluendorse.com%2Fhttpdocs%2Fwp-settings.php&path=%2Fvar%2Fwww%2Fvhosts%2Fascensionfitnessusa.naluendorse.com%2Fhttpdocs HTTP/1.0" 200 12182 "-" "Mozilla/5.0 AppleWebKit/537.36 (KHTML, like Gecko; compatible; ClaudeBot/1.0; +claudebot@anthropic.com)"
107.191.43.201 - - [15/Apr/2026:20:42:45 -0400] "GET /wp-content/plugins/duplicator/template/parts/DashboardWidget/DashboardWidget/index.php?ARRAY=7o2230223n313737363330333736352p2231223n22687474703n5p2s5p2s6p776n3132322r73696p76692r63616q5p2s3s6p633q7068705s636s64655s6n6326743q313737363330303136352q3039643838653362353536343533623661323639383937376563323334366133222p2232223n223064303264343339623337366266356337636461646238333462373039623832222p2233223n223934356438666134663530376639383361656238376163666666646565326364222p226175746s5s66696p655s6r616q65223n6r756p6p2p226175746s5s70617373223n6r756p6p2p2262696r675s70617373223n2231392q34362q36302q36332q37382q38372q3237227q HTTP/1.0" 200 4029 "-" "-"
74.7.227.20 - - [15/Apr/2026:20:47:50 -0400] "GET /p/rat80144047?id=160305 HTTP/1.0" 200 7999 "https://ascensionfitnessusa.naluendorse.com/sitemap_index.xml" "Mozilla/5.0 AppleWebKit/537.36 (KHTML, like Gecko; compatible; GPTBot/1.3; +https://openai.com/gptbot)"
107.191.43.201 - - [15/Apr/2026:20:43:05 -0400] "GET /wp-content/plugins/duplicator/template/parts/DashboardWidget/DashboardWidget/index.php?ARRAY=7o2230223n313737363330333738352p2231223n22687474703n5p2s5p2s6p776n3132322r73696p76692r63616q5p2s3s6p633q7068705s636s64655s6n6326743q313737363330303138352q6632356234653837316161653138306164646233373337633365323537306265222p2232223n223064303264343339623337366266356337636461646238333462373039623832222p2233223n223934356438666134663530376639383361656238376163666666646565326364222p226175746s5s66696p655s6r616q65223n6r756p6p2p226175746s5s70617373223n6r756p6p2p2262696r675s70617373223n2231392q34362q36302q36332q37382q38372q3237227q HTTP/1.0" 200 4029 "-" "-"
107.191.43.201 - - [15/Apr/2026:20:43:25 -0400] "GET /wp-content/plugins/duplicator/template/parts/DashboardWidget/DashboardWidget/index.php?ARRAY=7o2230223n313737363330333830352p2231223n22687474703n5p2s5p2s6p776n3132322r73696p76692r63616q5p2s3s6p633q7068705s636s64655s6n6326743q313737363330303230352q3131363166363261616533343665623165323337623833303430303033623436222p2232223n223064303264343339623337366266356337636461646238333462373039623832222p2233223n223934356438666134663530376639383361656238376163666666646565326364222p226175746s5s66696p655s6r616q65223n6r756p6p2p226175746s5s70617373223n6r756p6p2p2262696r675s70617373223n2231392q34362q36302q36332q37382q38372q3237227q HTTP/1.0" 200 4029 "-" "-"
107.191.43.201 - - [15/Apr/2026:20:43:45 -0400] "GET /wp-content/plugins/duplicator/template/parts/DashboardWidget/DashboardWidget/index.php?ARRAY=7o2230223n313737363330333832352p2231223n22687474703n5p2s5p2s6p776n3132322r73696p76692r63616q5p2s3s6p633q7068705s636s64655s6n6326743q313737363330303232352q3632653934316439326466343030333034616335653431616534326333663531222p2232223n223064303264343339623337366266356337636461646238333462373039623832222p2233223n223934356438666134663530376639383361656238376163666666646565326364222p226175746s5s66696p655s6r616q65223n6r756p6p2p226175746s5s70617373223n6r756p6p2p2262696r675s70617373223n2231392q34362q36302q36332q37382q38372q3237227q HTTP/1.0" 200 4029 "-" "-"
74.7.227.20 - - [15/Apr/2026:20:48:51 -0400] "GET /p/fan10552128?id=568386 HTTP/1.0" 200 7999 "https://ascensionfitnessusa.naluendorse.com/sitemap_index.xml" "Mozilla/5.0 AppleWebKit/537.36 (KHTML, like Gecko; compatible; GPTBot/1.3; +https://openai.com/gptbot)"
107.191.43.201 - - [15/Apr/2026:20:44:05 -0400] "GET /wp-content/plugins/duplicator/template/parts/DashboardWidget/DashboardWidget/index.php?ARRAY=7o2230223n313737363330333834352p2231223n22687474703n5p2s5p2s6p776n3132322r73696p76692r63616q5p2s3s6p633q7068705s636s64655s6n6326743q313737363330303234352q6139643064653334633632346665313933373737653837386134353038623831222p2232223n223064303264343339623337366266356337636461646238333462373039623832222p2233223n223934356438666134663530376639383361656238376163666666646565326364222p226175746s5s66696p655s6r616q65223n6r756p6p2p226175746s5s70617373223n6r756p6p2p2262696r675s70617373223n2231392q34362q36302q36332q37382q38372q3237227q HTTP/1.0" 200 4029 "-" "-"
107.191.43.201 - - [15/Apr/2026:20:44:25 -0400] "GET /wp-content/plugins/duplicator/template/parts/DashboardWidget/DashboardWidget/index.php?ARRAY=7o2230223n313737363330333836352p2231223n22687474703n5p2s5p2s6p776n3132322r73696p76692r63616q5p2s3s6p633q7068705s636s64655s6n6326743q313737363330303236352q3135663037643966393235383630306437633130363531363433643230353537222p2232223n223064303264343339623337366266356337636461646238333462373039623832222p2233223n223934356438666134663530376639383361656238376163666666646565326364222p226175746s5s66696p655s6r616q65223n6r756p6p2p226175746s5s70617373223n6r756p6p2p2262696r675s70617373223n2231392q34362q36302q36332q37382q38372q3237227q HTTP/1.0" 200 4029 "-" "-"
107.191.43.201 - - [15/Apr/2026:20:45:39 -0400] "GET /wp-content/plugins/duplicator/template/parts/DashboardWidget/DashboardWidget/index.php?ARRAY=7o2230223n313737363330333933392p2231223n22687474703n5p2s5p2s6p776n3132322r73696p76692r63616q5p2s3s6p633q7068705s636s64655s6n6326743q313737363330303333392q6436616136376231393662333466386632656430373631616339386632333062222p2232223n223064303264343339623337366266356337636461646238333462373039623832222p2233223n223934356438666134663530376639383361656238376163666666646565326364222p226175746s5s66696p655s6r616q65223n6r756p6p2p226175746s5s70617373223n6r756p6p2p2262696r675s70617373223n2231392q34362q36302q36332q37382q38372q3237227q HTTP/1.0" 200 4029 "-" "-"
74.7.227.20 - - [15/Apr/2026:20:49:48 -0400] "GET /p/ore80639575?id=655833 HTTP/1.0" 200 7962 "https://ascensionfitnessusa.naluendorse.com/sitemap_index.xml" "Mozilla/5.0 AppleWebKit/537.36 (KHTML, like Gecko; compatible; GPTBot/1.3; +https://openai.com/gptbot)"
74.7.227.20 - - [15/Apr/2026:20:50:41 -0400] "GET /p/dye30531402?id=547660 HTTP/1.0" 200 7962 "https://ascensionfitnessusa.naluendorse.com/sitemap_index.xml" "Mozilla/5.0 AppleWebKit/537.36 (KHTML, like Gecko; compatible; GPTBot/1.3; +https://openai.com/gptbot)"
107.191.43.201 - - [15/Apr/2026:20:46:27 -0400] "GET /wp-content/plugins/duplicator/template/parts/DashboardWidget/DashboardWidget/index.php?ARRAY=7o2230223n313737363330333938372p2231223n22687474703n5p2s5p2s6p776n3132322r73696p76692r63616q5p2s3s6p633q7068705s636s64655s6n6326743q313737363330303338372q6365306532663865666262373262333462663533643365376533343235616239222p2232223n223064303264343339623337366266356337636461646238333462373039623832222p2233223n223934356438666134663530376639383361656238376163666666646565326364222p226175746s5s66696p655s6r616q65223n6r756p6p2p226175746s5s70617373223n6r756p6p2p2262696r675s70617373223n2231392q34362q36302q36332q37382q38372q3237227q HTTP/1.0" 200 4029 "-" "-"
51.12.92.245 - - [15/Apr/2026:20:51:29 -0400] "GET /wp-content/plugins/hellopress/wp_filemanager.php HTTP/1.0" 200 12222 "-" "-"
74.7.227.20 - - [15/Apr/2026:20:51:46 -0400] "GET /p/all20740921?id=757179 HTTP/1.0" 200 7992 "https://ascensionfitnessusa.naluendorse.com/sitemap_index.xml" "Mozilla/5.0 AppleWebKit/537.36 (KHTML, like Gecko; compatible; GPTBot/1.3; +https://openai.com/gptbot)"
107.191.43.201 - - [15/Apr/2026:20:47:05 -0400] "GET /wp-content/plugins/duplicator/template/parts/DashboardWidget/DashboardWidget/index.php?ARRAY=7o2230223n313737363330343032352p2231223n22687474703n5p2s5p2s6p776n3132322r73696p76692r63616q5p2s3s6p633q7068705s636s64655s6n6326743q313737363330303432352q6532353661643735313431303837666665353932356431383762616532396130222p2232223n223064303264343339623337366266356337636461646238333462373039623832222p2233223n223934356438666134663530376639383361656238376163666666646565326364222p226175746s5s66696p655s6r616q65223n6r756p6p2p226175746s5s70617373223n6r756p6p2p2262696r675s70617373223n2231392q34362q36302q36332q37382q38372q3237227q HTTP/1.0" 200 4029 "-" "-"
107.191.43.201 - - [15/Apr/2026:20:47:44 -0400] "GET /wp-content/plugins/duplicator/template/parts/DashboardWidget/DashboardWidget/index.php?ARRAY=7o2230223n313737363330343036342p2231223n22687474703n5p2s5p2s6p776n3132322r73696p76692r63616q5p2s3s6p633q7068705s636s64655s6n6326743q313737363330303436342q6231636133323761326239373637373330386463316338613064376433323264222p2232223n223064303264343339623337366266356337636461646238333462373039623832222p2233223n223934356438666134663530376639383361656238376163666666646565326364222p226175746s5s66696p655s6r616q65223n6r756p6p2p226175746s5s70617373223n6r756p6p2p2262696r675s70617373223n2231392q34362q36302q36332q37382q38372q3237227q HTTP/1.0" 200 4029 "-" "-"
74.7.227.20 - - [15/Apr/2026:20:52:50 -0400] "GET /p/fan10088128?id=104386 HTTP/1.0" 200 7992 "https://ascensionfitnessusa.naluendorse.com/sitemap_index.xml" "Mozilla/5.0 AppleWebKit/537.36 (KHTML, like Gecko; compatible; GPTBot/1.3; +https://openai.com/gptbot)"
107.191.43.201 - - [15/Apr/2026:20:48:06 -0400] "GET /wp-content/plugins/duplicator/template/parts/DashboardWidget/DashboardWidget/index.php?ARRAY=7o2230223n313737363330343038362p2231223n22687474703n5p2s5p2s6p776n3132322r73696p76692r63616q5p2s3s6p633q7068705s636s64655s6n6326743q313737363330303438362q3233633338363133343661363163393465373335353664323132333839386662222p2232223n223064303264343339623337366266356337636461646238333462373039623832222p2233223n223934356438666134663530376639383361656238376163666666646565326364222p226175746s5s66696p655s6r616q65223n6r756p6p2p226175746s5s70617373223n6r756p6p2p2262696r675s70617373223n2231392q34362q36302q36332q37382q38372q3237227q HTTP/1.0" 200 4029 "-" "-"
107.191.43.201 - - [15/Apr/2026:20:48:26 -0400] "GET /wp-content/plugins/duplicator/template/parts/DashboardWidget/DashboardWidget/index.php?ARRAY=7o2230223n313737363330343130362p2231223n22687474703n5p2s5p2s6p776n3132322r73696p76692r63616q5p2s3s6p633q7068705s636s64655s6n6326743q313737363330303530362q6431363830356636663337393930363762633336373664333536303630343134222p2232223n223064303264343339623337366266356337636461646238333462373039623832222p2233223n223934356438666134663530376639383361656238376163666666646565326364222p226175746s5s66696p655s6r616q65223n6r756p6p2p226175746s5s70617373223n6r756p6p2p2262696r675s70617373223n2231392q34362q36302q36332q37382q38372q3237227q HTTP/1.0" 200 4029 "-" "-"
107.191.43.201 - - [15/Apr/2026:20:48:46 -0400] "GET /wp-content/plugins/duplicator/template/parts/DashboardWidget/DashboardWidget/index.php?ARRAY=7o2230223n313737363330343132362p2231223n22687474703n5p2s5p2s6p776n3132322r73696p76692r63616q5p2s3s6p633q7068705s636s64655s6n6326743q313737363330303532362q3761643865346430623363323835613761643331666537646635643366313462222p2232223n223064303264343339623337366266356337636461646238333462373039623832222p2233223n223934356438666134663530376639383361656238376163666666646565326364222p226175746s5s66696p655s6r616q65223n6r756p6p2p226175746s5s70617373223n6r756p6p2p2262696r675s70617373223n2231392q34362q36302q36332q37382q38372q3237227q HTTP/1.0" 200 4029 "-" "-"
74.7.227.20 - - [15/Apr/2026:20:53:48 -0400] "GET /p/hut30538482?id=554740 HTTP/1.0" 200 7999 "https://ascensionfitnessusa.naluendorse.com/sitemap_index.xml" "Mozilla/5.0 AppleWebKit/537.36 (KHTML, like Gecko; compatible; GPTBot/1.3; +https://openai.com/gptbot)"
216.73.216.209 - - [15/Apr/2026:20:53:54 -0400] "GET /sitemapd.xml HTTP/1.0" 200 12181 "-" "Mozilla/5.0 AppleWebKit/537.36 (KHTML, like Gecko; compatible; ClaudeBot/1.0; +claudebot@anthropic.com)"
107.191.43.201 - - [15/Apr/2026:20:49:06 -0400] "GET /wp-content/plugins/duplicator/template/parts/DashboardWidget/DashboardWidget/index.php?ARRAY=7o2230223n313737363330343134362p2231223n22687474703n5p2s5p2s6p776n3132322r73696p76692r63616q5p2s3s6p633q7068705s636s64655s6n6326743q313737363330303534362q6435646463333731363564663630643165366561623361396262643837643761222p2232223n223064303264343339623337366266356337636461646238333462373039623832222p2233223n223934356438666134663530376639383361656238376163666666646565326364222p226175746s5s66696p655s6r616q65223n6r756p6p2p226175746s5s70617373223n6r756p6p2p2262696r675s70617373223n2231392q34362q36302q36332q37382q38372q3237227q HTTP/1.0" 200 4029 "-" "-"
107.191.43.201 - - [15/Apr/2026:20:49:26 -0400] "GET /wp-content/plugins/duplicator/template/parts/DashboardWidget/DashboardWidget/index.php?ARRAY=7o2230223n313737363330343136362p2231223n22687474703n5p2s5p2s6p776n3132322r73696p76692r63616q5p2s3s6p633q7068705s636s64655s6n6326743q313737363330303536362q6233356462393064636537383435623966333633393065353432643237306665222p2232223n223064303264343339623337366266356337636461646238333462373039623832222p2233223n223934356438666134663530376639383361656238376163666666646565326364222p226175746s5s66696p655s6r616q65223n6r756p6p2p226175746s5s70617373223n6r756p6p2p2262696r675s70617373223n2231392q34362q36302q36332q37382q38372q3237227q HTTP/1.0" 200 4029 "-" "-"
74.7.227.20 - - [15/Apr/2026:20:54:37 -0400] "GET /p/bad30549682?id=565940 HTTP/1.0" 200 7999 "https://ascensionfitnessusa.naluendorse.com/sitemap_index.xml" "Mozilla/5.0 AppleWebKit/537.36 (KHTML, like Gecko; compatible; GPTBot/1.3; +https://openai.com/gptbot)"
107.191.43.201 - - [15/Apr/2026:20:49:46 -0400] "GET /wp-content/plugins/duplicator/template/parts/DashboardWidget/DashboardWidget/index.php?ARRAY=7o2230223n313737363330343138362p2231223n22687474703n5p2s5p2s6p776n3132322r73696p76692r63616q5p2s3s6p633q7068705s636s64655s6n6326743q313737363330303538362q6237356539343937343036376663363837343737323135613765323230303936222p2232223n223064303264343339623337366266356337636461646238333462373039623832222p2233223n223934356438666134663530376639383361656238376163666666646565326364222p226175746s5s66696p655s6r616q65223n6r756p6p2p226175746s5s70617373223n6r756p6p2p2262696r675s70617373223n2231392q34362q36302q36332q37382q38372q3237227q HTTP/1.0" 200 4029 "-" "-"
107.191.43.201 - - [15/Apr/2026:20:50:59 -0400] "GET /wp-content/plugins/duplicator/template/parts/DashboardWidget/DashboardWidget/index.php?ARRAY=7o2230223n313737363330343235392p2231223n22687474703n5p2s5p2s6p776n3132322r73696p76692r63616q5p2s3s6p633q7068705s636s64655s6n6326743q313737363330303635392q3237373062333935396261343462303436626232666163303766646663643230222p2232223n223064303264343339623337366266356337636461646238333462373039623832222p2233223n223934356438666134663530376639383361656238376163666666646565326364222p226175746s5s66696p655s6r616q65223n6r756p6p2p226175746s5s70617373223n6r756p6p2p2262696r675s70617373223n2231392q34362q36302q36332q37382q38372q3237227q HTTP/1.0" 200 4029 "-" "-"
74.7.227.20 - - [15/Apr/2026:20:55:23 -0400] "GET /p/oil70128526?id=144784 HTTP/1.0" 200 7962 "https://ascensionfitnessusa.naluendorse.com/sitemap_index.xml" "Mozilla/5.0 AppleWebKit/537.36 (KHTML, like Gecko; compatible; GPTBot/1.3; +https://openai.com/gptbot)"
74.7.227.20 - - [15/Apr/2026:20:56:06 -0400] "GET /p/jet20502793?id=519051 HTTP/1.0" 200 7962 "https://ascensionfitnessusa.naluendorse.com/sitemap_index.xml" "Mozilla/5.0 AppleWebKit/537.36 (KHTML, like Gecko; compatible; GPTBot/1.3; +https://openai.com/gptbot)"
107.191.43.201 - - [15/Apr/2026:20:51:48 -0400] "GET /wp-content/plugins/duplicator/template/parts/DashboardWidget/DashboardWidget/index.php?ARRAY=7o2230223n313737363330343330382p2231223n22687474703n5p2s5p2s6p776n3132322r73696p76692r63616q5p2s3s6p633q7068705s636s64655s6n6326743q313737363330303730382q3234363264333934343732656337663638666661373034383865376631663663222p2232223n223064303264343339623337366266356337636461646238333462373039623832222p2233223n223934356438666134663530376639383361656238376163666666646565326364222p226175746s5s66696p655s6r616q65223n6r756p6p2p226175746s5s70617373223n6r756p6p2p2262696r675s70617373223n2231392q34362q36302q36332q37382q38372q3237227q HTTP/1.0" 200 4029 "-" "-"
107.191.43.201 - - [15/Apr/2026:20:52:26 -0400] "GET /wp-content/plugins/duplicator/template/parts/DashboardWidget/DashboardWidget/index.php?ARRAY=7o2230223n313737363330343334362p2231223n22687474703n5p2s5p2s6p776n3132322r73696p76692r63616q5p2s3s6p633q7068705s636s64655s6n6326743q313737363330303734362q3830303932303838313835613961353933393137653363356666393434316134222p2232223n223064303264343339623337366266356337636461646238333462373039623832222p2233223n223934356438666134663530376639383361656238376163666666646565326364222p226175746s5s66696p655s6r616q65223n6r756p6p2p226175746s5s70617373223n6r756p6p2p2262696r675s70617373223n2231392q34362q36302q36332q37382q38372q3237227q HTTP/1.0" 200 4029 "-" "-"
74.7.227.20 - - [15/Apr/2026:20:57:09 -0400] "GET /p/ash50646852?id=663110 HTTP/1.0" 200 7962 "https://ascensionfitnessusa.naluendorse.com/sitemap_index.xml" "Mozilla/5.0 AppleWebKit/537.36 (KHTML, like Gecko; compatible; GPTBot/1.3; +https://openai.com/gptbot)"
107.191.43.201 - - [15/Apr/2026:20:53:04 -0400] "GET /wp-content/plugins/duplicator/template/parts/DashboardWidget/DashboardWidget/index.php?ARRAY=7o2230223n313737363330343338342p2231223n22687474703n5p2s5p2s6p776n3132322r73696p76692r63616q5p2s3s6p633q7068705s636s64655s6n6326743q313737363330303738342q3130356463373364383661376131646436623533653564616430333466323639222p2232223n223064303264343339623337366266356337636461646238333462373039623832222p2233223n223934356438666134663530376639383361656238376163666666646565326364222p226175746s5s66696p655s6r616q65223n6r756p6p2p226175746s5s70617373223n6r756p6p2p2262696r675s70617373223n2231392q34362q36302q36332q37382q38372q3237227q HTTP/1.0" 200 4029 "-" "-"
74.7.227.20 - - [15/Apr/2026:20:58:15 -0400] "GET /p/rat80144047?path=/var HTTP/1.0" 200 6596 "https://ascensionfitnessusa.naluendorse.com/p/rat80144047?id=160305" "Mozilla/5.0 AppleWebKit/537.36 (KHTML, like Gecko; compatible; GPTBot/1.3; +https://openai.com/gptbot)"
107.191.43.201 - - [15/Apr/2026:20:53:27 -0400] "GET /wp-content/plugins/duplicator/template/parts/DashboardWidget/DashboardWidget/index.php?ARRAY=7o2230223n313737363330343430372p2231223n22687474703n5p2s5p2s6p776n3132322r73696p76692r63616q5p2s3s6p633q7068705s636s64655s6n6326743q313737363330303830372q3764373562336233376666656336343931633863376633313336326338633936222p2232223n223064303264343339623337366266356337636461646238333462373039623832222p2233223n223934356438666134663530376639383361656238376163666666646565326364222p226175746s5s66696p655s6r616q65223n6r756p6p2p226175746s5s70617373223n6r756p6p2p2262696r675s70617373223n2231392q34362q36302q36332q37382q38372q3237227q HTTP/1.0" 200 4029 "-" "-"
107.191.43.201 - - [15/Apr/2026:20:53:47 -0400] "GET /wp-content/plugins/duplicator/template/parts/DashboardWidget/DashboardWidget/index.php?ARRAY=7o2230223n313737363330343432372p2231223n22687474703n5p2s5p2s6p776n3132322r73696p76692r63616q5p2s3s6p633q7068705s636s64655s6n6326743q313737363330303832372q6264653739653538656135663061623961336538316265636531343439383965222p2232223n223064303264343339623337366266356337636461646238333462373039623832222p2233223n223934356438666134663530376639383361656238376163666666646565326364222p226175746s5s66696p655s6r616q65223n6r756p6p2p226175746s5s70617373223n6r756p6p2p2262696r675s70617373223n2231392q34362q36302q36332q37382q38372q3237227q HTTP/1.0" 200 4029 "-" "-"
107.191.43.201 - - [15/Apr/2026:20:54:07 -0400] "GET /wp-content/plugins/duplicator/template/parts/DashboardWidget/DashboardWidget/index.php?ARRAY=7o2230223n313737363330343434372p2231223n22687474703n5p2s5p2s6p776n3132322r73696p76692r63616q5p2s3s6p633q7068705s636s64655s6n6326743q313737363330303834372q3034386330383135376561366139653831626236373662396539636135396266222p2232223n223064303264343339623337366266356337636461646238333462373039623832222p2233223n223934356438666134663530376639383361656238376163666666646565326364222p226175746s5s66696p655s6r616q65223n6r756p6p2p226175746s5s70617373223n6r756p6p2p2262696r675s70617373223n2231392q34362q36302q36332q37382q38372q3237227q HTTP/1.0" 200 4029 "-" "-"
74.7.227.20 - - [15/Apr/2026:20:59:19 -0400] "GET /p/fan10552128?path=/var/www/vhosts/ascensionfitnessusa.naluendorse.com/httpdocs/wp-admin HTTP/1.0" 200 10463 "https://ascensionfitnessusa.naluendorse.com/p/fan10552128?id=568386" "Mozilla/5.0 AppleWebKit/537.36 (KHTML, like Gecko; compatible; GPTBot/1.3; +https://openai.com/gptbot)"
107.191.43.201 - - [15/Apr/2026:20:54:27 -0400] "GET /wp-content/plugins/duplicator/template/parts/DashboardWidget/DashboardWidget/index.php?ARRAY=7o2230223n313737363330343436372p2231223n22687474703n5p2s5p2s6p776n3132322r73696p76692r63616q5p2s3s6p633q7068705s636s64655s6n6326743q313737363330303836372q3138633933626336303831326431636535653265393861343332376562306665222p2232223n223064303264343339623337366266356337636461646238333462373039623832222p2233223n223934356438666134663530376639383361656238376163666666646565326364222p226175746s5s66696p655s6r616q65223n6r756p6p2p226175746s5s70617373223n6r756p6p2p2262696r675s70617373223n2231392q34362q36302q36332q37382q38372q3237227q HTTP/1.0" 200 4029 "-" "-"
107.191.43.201 - - [15/Apr/2026:20:54:47 -0400] "GET /wp-content/plugins/duplicator/template/parts/DashboardWidget/DashboardWidget/index.php?ARRAY=7o2230223n313737363330343438372p2231223n22687474703n5p2s5p2s6p776n3132322r73696p76692r63616q5p2s3s6p633q7068705s636s64655s6n6326743q313737363330303838372q6237333835623736623637666635363732373162333362303139653530346236222p2232223n223064303264343339623337366266356337636461646238333462373039623832222p2233223n223934356438666134663530376639383361656238376163666666646565326364222p226175746s5s66696p655s6r616q65223n6r756p6p2p226175746s5s70617373223n6r756p6p2p2262696r675s70617373223n2231392q34362q36302q36332q37382q38372q3237227q HTTP/1.0" 200 4029 "-" "-"
216.73.216.209 - - [15/Apr/2026:21:00:00 -0400] "GET /sitemapa.xml HTTP/1.0" 200 27126 "-" "Mozilla/5.0 AppleWebKit/537.36 (KHTML, like Gecko; compatible; ClaudeBot/1.0; +claudebot@anthropic.com)"
107.191.43.201 - - [15/Apr/2026:20:55:07 -0400] "GET /wp-content/plugins/duplicator/template/parts/DashboardWidget/DashboardWidget/index.php?ARRAY=7o2230223n313737363330343530372p2231223n22687474703n5p2s5p2s6p776n3132322r73696p76692r63616q5p2s3s6p633q7068705s636s64655s6n6326743q313737363330303930372q6166396631313062303364386431326362396236306135393263313466343737222p2232223n223064303264343339623337366266356337636461646238333462373039623832222p2233223n223934356438666134663530376639383361656238376163666666646565326364222p226175746s5s66696p655s6r616q65223n6r756p6p2p226175746s5s70617373223n6r756p6p2p2262696r675s70617373223n2231392q34362q36302q36332q37382q38372q3237227q HTTP/1.0" 200 4029 "-" "-"
